This is the mail archive of the
gcc-testresults@gcc.gnu.org
mailing list for the GCC project.
Results for 4.1.1 20060414 (prerelease) gcc testsuite on mips-unknown-elf
- From: mstein at phenix dot rootshell dot be (mstein)
- To: gcc-testresults at gcc dot gnu dot org
- Date: Sun, 16 Apr 2006 07:01:06 +0200 (CEST)
- Subject: Results for 4.1.1 20060414 (prerelease) gcc testsuite on mips-unknown-elf
Ubuntu 5 on pentium3-smp
cross tool versions:
GNU assembler 2.16.91 20060408
GNU gdb 6.4.50.20060408-cvs
GNU ld version 2.16.91 20060408
GNU Make 3.80
expect version 5.42.1
host gcc version: gcc (GCC) 4.2.0 20060413 (experimental)
LAST_UPDATED: Fri Apr 14 23:24:34 UTC 2006 (revision 112960M)
Target is mips-unknown-elf
Host is i686-pc-linux-gnu
=== gcc tests ===
Running target mips-sim
FAIL: gcc.dg/attr-weakref-1.c (test for excess errors)
WARNING: gcc.dg/attr-weakref-1.c compilation failed to produce executable
FAIL: gcc.dg/intmax_t-1.c (test for errors, line )
FAIL: gcc.dg/tls/alias-1.c (test for excess errors)
XPASS: gcc.dg/tree-ssa/20040204-1.c scan-tree-dump-times link_error 0
=== gcc Summary ===
# of expected passes 37199
# of unexpected failures 3
# of unexpected successes 1
# of expected failures 76
# of untested testcases 28
# of unsupported tests 306
/home/mstein/sim/mips-elf/build/gcc/xgcc version 4.1.1 20060414 (prerelease)
Compiler version: 4.1.1 20060414 (prerelease) gcc
Platform: mips-unknown-elf
configure flags: --target=mips-elf --prefix=/n/07/mstein/cross-local --disable-nls --disable-build-warnings --with-ld=/n/07/mstein/cross-local/bin/mips-elf-ld --with-as=/n/07/mstein/cross-local/bin/mips-elf-as --disable-libssp --enable-languages=c