This is the mail archive of the
gcc-testresults@gcc.gnu.org
mailing list for the GCC project.
Results for 4.1.0 testsuite on powerpc-apple-darwin8.5.0
- From: rlschie at sandia dot gov
- To: gcc-testresults at gcc dot gnu dot org
- Date: Thu, 6 Apr 2006 13:36:30 -0600 (MDT)
- Subject: Results for 4.1.0 testsuite on powerpc-apple-darwin8.5.0
gcc and g++ testing went well. libstdc++ testing hung and had to be killed.
LAST_UPDATED: Obtained from SVN: tags/gcc_4_1_0_release revision 111560
Native configuration is powerpc-apple-darwin8.5.0
=== g++ tests ===
Running target unix
XPASS: g++.dg/tree-ssa/pr14814.C scan-tree-dump-times &this 0
FAIL: g++.dg/warn/huge-val1.C (test for excess errors)
FAIL: g++.dg/warn/weak1.C (test for excess errors)
WARNING: g++.dg/warn/weak1.C compilation failed to produce executable
FAIL: g++.dg/special/conpr-3.C execution test
=== g++ Summary ===
# of expected passes 11848
# of unexpected failures 3
# of unexpected successes 1
# of expected failures 67
# of unsupported tests 151
/Users/rlschie/src/gcc4.1.0/gcc-4.1.0Build/gcc/testsuite/../g++ version 4.1.0
=== gcc tests ===
Running target unix
WARNING: program timed out.
FAIL: gcc.c-torture/compile/20001226-1.c -O3 -fomit-frame-pointer (test for excess errors)
WARNING: program timed out.
FAIL: gcc.c-torture/compile/20001226-1.c -O3 -g (test for excess errors)
WARNING: program timed out.
FAIL: gcc.c-torture/compile/20001226-1.c -Os (test for excess errors)
FAIL: tmpdir-gcc.dg-struct-layout-1/t001 c_compat_x_tst.o-c_compat_y_tst.o execute
FAIL: tmpdir-gcc.dg-struct-layout-1/t024 c_compat_x_tst.o-c_compat_y_tst.o execute
FAIL: tmpdir-gcc.dg-struct-layout-1/t025 c_compat_x_tst.o-c_compat_y_tst.o execute
FAIL: tmpdir-gcc.dg-struct-layout-1/t026 c_compat_x_tst.o-c_compat_y_tst.o execute
FAIL: tmpdir-gcc.dg-struct-layout-1/t027 c_compat_x_tst.o-c_compat_y_tst.o execute
FAIL: tmpdir-gcc.dg-struct-layout-1/t028 c_compat_x_tst.o-c_compat_y_tst.o execute
FAIL: gcc.dg/attr-weakref-1.c (test for excess errors)
WARNING: gcc.dg/attr-weakref-1.c compilation failed to produce executable
FAIL: gcc.target/powerpc/pr18096-1.c stack frame too large (test for warnings, line 11)
FAIL: gcc.target/powerpc/pr18096-1.c (test for excess errors)
FAIL: gcc.target/powerpc/stabs-attrib-vect-darwin.c scan-assembler .stabs.*vi:\\\\(0,16\\\\)=@V
=== gcc Summary ===
# of expected passes 38623
# of unexpected failures 13
# of expected failures 98
# of untested testcases 28
# of unsupported tests 405
/Users/rlschie/src/gcc4.1.0/gcc-4.1.0Build/gcc/xgcc version 4.1.0
=== gfortran tests ===
Running target unix
FAIL: gfortran.dg/large_real_kind_2.F90 -O0 execution test
FAIL: gfortran.dg/large_real_kind_2.F90 -O1 execution test
FAIL: gfortran.dg/large_real_kind_2.F90 -O2 execution test
FAIL: gfortran.dg/large_real_kind_2.F90 -O3 -fomit-frame-pointer execution test
FAIL: gfortran.dg/large_real_kind_2.F90 -O3 -fomit-frame-pointer -funroll-loops execution test
FAIL: gfortran.dg/large_real_kind_2.F90 -O3 -fomit-frame-pointer -funroll-all-loops -finline-functions execution test
FAIL: gfortran.dg/large_real_kind_2.F90 -O3 -g execution test
FAIL: gfortran.dg/large_real_kind_2.F90 -Os execution test
FAIL: gfortran.dg/large_real_kind_form_io_2.f90 -O0 execution test
FAIL: gfortran.dg/large_real_kind_form_io_2.f90 -O1 execution test
FAIL: gfortran.dg/large_real_kind_form_io_2.f90 -O2 execution test
FAIL: gfortran.dg/large_real_kind_form_io_2.f90 -O3 -fomit-frame-pointer execution test
FAIL: gfortran.dg/large_real_kind_form_io_2.f90 -O3 -fomit-frame-pointer -funroll-loops execution test
FAIL: gfortran.dg/large_real_kind_form_io_2.f90 -O3 -fomit-frame-pointer -funroll-all-loops -finline-functions execution test
FAIL: gfortran.dg/large_real_kind_form_io_2.f90 -O3 -g execution test
FAIL: gfortran.dg/large_real_kind_form_io_2.f90 -Os execution test
=== gfortran Summary ===
# of expected passes 11593
# of unexpected failures 16
# of expected failures 7
# of unsupported tests 42
/Users/rlschie/src/gcc4.1.0/gcc-4.1.0Build/gcc/testsuite/../gfortran version 4.1.0
=== objc tests ===
Running target unix
=== objc Summary ===
# of expected passes 2904
# of unsupported tests 1
/Users/rlschie/src/gcc4.1.0/gcc-4.1.0Build/gcc/xgcc version 4.1.0
=== libstdc++ tests ===
Running target unix
Compiler version: 4.1.0
Platform: powerpc-apple-darwin8.5.0
configure flags: --prefix=/usr/local/gcc-4.1.0 --with-gmp=/usr/local/gmp-4.2 --with-mpfr=/usr/local/gmp-4.2 --enable-languages=c,c++,fortran,java,objc