This is the mail archive of the gcc-testresults@gcc.gnu.org mailing list for the GCC project.


Index Nav: [Date Index] [Subject Index] [Author Index] [Thread Index]
Message Nav: [Date Prev] [Date Next] [Thread Prev] [Thread Next]
Other format: [Raw text]

Results for 4.2.0 20060228 (experimental) testsuite on x86_64-redhat-linux-gnu


LAST_UPDATED: Tue Feb 28 06:46:48 UTC 2006 (revision 111511)

Native configuration is x86_64-redhat-linux-gnu

=== gcc tests ===


Running target unix
WARNING: gcc.dg/torture/fp-int-convert-float128-timode.c -O0 compilation failed to produce executable
WARNING: gcc.dg/torture/fp-int-convert-float128-timode.c -O1 compilation failed to produce executable
WARNING: gcc.dg/torture/fp-int-convert-float128-timode.c -O2 compilation failed to produce executable
WARNING: gcc.dg/torture/fp-int-convert-float128-timode.c -O3 -fomit-frame-pointer compilation failed to produce executable
WARNING: gcc.dg/torture/fp-int-convert-float128-timode.c -O3 -g compilation failed to produce executable
WARNING: gcc.dg/torture/fp-int-convert-float128-timode.c -Os compilation failed to produce executable
WARNING: gcc.dg/torture/fp-int-convert-float128.c -O0 compilation failed to produce executable
WARNING: gcc.dg/torture/fp-int-convert-float128.c -O1 compilation failed to produce executable
WARNING: gcc.dg/torture/fp-int-convert-float128.c -O2 compilation failed to produce executable
WARNING: gcc.dg/torture/fp-int-convert-float128.c -O3 -fomit-frame-pointer compilation failed to produce executable
WARNING: gcc.dg/torture/fp-int-convert-float128.c -O3 -g compilation failed to produce executable
WARNING: gcc.dg/torture/fp-int-convert-float128.c -Os compilation failed to produce executable
FAIL: gcc.dg/tree-ssa/20030730-1.c scan-tree-dump-times if 0
FAIL: gcc.dg/tree-ssa/20030730-2.c scan-tree-dump-times if 0
FAIL: gcc.dg/tree-ssa/20030807-2.c scan-tree-dump-times if 0
FAIL: gcc.dg/tree-ssa/pr26421.c scan-tree-dump-times V_MAY_DEF 1

=== gcc Summary ===

# of expected passes 38922
# of unexpected failures 4
# of expected failures 121
# of untested testcases 28
# of unsupported tests 378
/home/testbot/bootstrap/000892/bld/gcc/xgcc version 4.2.0 20060228 (experimental)

=== gfortran tests ===


Running target unix

=== gfortran Summary ===

# of expected passes 12106
# of expected failures 18
# of unsupported tests 16
/home/testbot/bootstrap/000892/bld/gcc/testsuite/gfortran/../../gfortran version 4.2.0 20060228 (experimental)

=== g++ tests ===


Running target unix
FAIL: g++.dg/init/ctor4.C (test for excess errors)
FAIL: g++.dg/parse/register1.C (test for excess errors)
FAIL: g++.old-deja/g++.brendan/warnings4.C (test for excess errors)
FAIL: g++.old-deja/g++.jason/overload34.C (test for excess errors)
FAIL: g++.old-deja/g++.mike/p11110.C (test for excess errors)
XPASS: g++.old-deja/g++.other/init5.C execution test

=== g++ Summary ===

# of expected passes 11981
# of unexpected failures 5
# of unexpected successes 1
# of expected failures 65
# of unsupported tests 97
/home/testbot/bootstrap/000892/bld/gcc/testsuite/g++/../../g++ version 4.2.0 20060228 (experimental)

=== objc tests ===


Running target unix

=== objc Summary ===

# of expected passes 1747
# of expected failures 7
# of unsupported tests 23
/home/testbot/bootstrap/000892/bld/gcc/xgcc version 4.2.0 20060228 (experimental)

=== libffi tests ===


Running target unix

=== libffi Summary ===

# of expected passes 266
# of unsupported tests 2
=== libgomp tests ===


Running target unix

=== libgomp Summary ===

# of expected passes 1071
=== libjava tests ===


Running target unix

=== libjava Summary ===

# of expected passes 4047
# of expected failures 10
# of untested testcases 8
=== libmudflap tests ===


Running target unix

=== libmudflap Summary ===

# of expected passes 1789
=== libstdc++ tests ===


Running target unix
XPASS: 26_numerics/cmath/c99_classification_macros_c.cc (test for excess errors)
XPASS: 27_io/fpos/14320-1.cc execution test

=== libstdc++ Summary ===

# of expected passes 4141
# of unexpected successes 2
# of expected failures 11

Compiler version: 4.2.0 20060228 (experimental)
Platform: x86_64-redhat-linux-gnu
configure flags: --prefix=/home/testbot/bootstrap/000892/usr --program-suffix=-42 -enable-shared --enable-threads=posix --enable-checking --with-system-zlib --enable-__cxa_atexit --host=x86_64-redhat-linux --enable-languages=c,c++,fortran,java,objc


Index Nav: [Date Index] [Subject Index] [Author Index] [Thread Index]
Message Nav: [Date Prev] [Date Next] [Thread Prev] [Thread Next]