This is the mail archive of the gcc-testresults@gcc.gnu.org mailing list for the GCC project.


Index Nav: [Date Index] [Subject Index] [Author Index] [Thread Index]
Message Nav: [Date Prev] [Date Next] [Thread Prev] [Thread Next]
Other format: [Raw text]

Results for 4.2.0 20060227 (experimental) testsuite on sparc-sun-solaris2.10


LAST_UPDATED: 
Native configuration is sparc-sun-solaris2.10

		=== g++ tests ===


Running target unix/-m64
FAIL: g++.dg/init/ctor4.C (test for excess errors)
WARNING: g++.dg/other/ucnid-1.C compilation failed to produce executable
FAIL: g++.dg/parse/register1.C (test for excess errors)
FAIL: g++.old-deja/g++.brendan/warnings4.C (test for excess errors)
FAIL: g++.old-deja/g++.jason/overload34.C (test for excess errors)
FAIL: g++.old-deja/g++.mike/p11110.C (test for excess errors)

		=== g++ Summary for unix/-m64 ===

# of expected passes		11894
# of unexpected failures	5
# of expected failures		67
# of unsupported tests		137

Running target unix/-fPIC
FAIL: g++.dg/init/ctor4.C (test for excess errors)
WARNING: g++.dg/other/ucnid-1.C compilation failed to produce executable
FAIL: g++.dg/parse/register1.C (test for excess errors)
FAIL: g++.old-deja/g++.brendan/warnings4.C (test for excess errors)
FAIL: g++.old-deja/g++.jason/overload34.C (test for excess errors)
FAIL: g++.old-deja/g++.mike/p11110.C (test for excess errors)

		=== g++ Summary for unix/-fPIC ===

# of expected passes		11926
# of unexpected failures	5
# of expected failures		67
# of unsupported tests		135

Running target unix/-fpic
FAIL: tmpdir-g++.dg-struct-layout-1/t002 cp_compat_x_tst.o-cp_compat_y_tst.o link
UNRESOLVED: tmpdir-g++.dg-struct-layout-1/t002 cp_compat_x_tst.o-cp_compat_y_tst.o execute 
FAIL: g++.dg/init/ctor4.C (test for excess errors)
WARNING: g++.dg/other/ucnid-1.C compilation failed to produce executable
FAIL: g++.dg/parse/register1.C (test for excess errors)
FAIL: g++.old-deja/g++.brendan/warnings4.C (test for excess errors)
FAIL: g++.old-deja/g++.jason/overload34.C (test for excess errors)
FAIL: g++.old-deja/g++.mike/p11110.C (test for excess errors)

		=== g++ Summary for unix/-fpic ===

# of expected passes		11924
# of unexpected failures	6
# of expected failures		67
# of unresolved testcases	1
# of unsupported tests		135

Running target unix
FAIL: g++.dg/init/ctor4.C (test for excess errors)
WARNING: g++.dg/other/ucnid-1.C compilation failed to produce executable
FAIL: g++.dg/parse/register1.C (test for excess errors)
FAIL: g++.old-deja/g++.brendan/warnings4.C (test for excess errors)
FAIL: g++.old-deja/g++.jason/overload34.C (test for excess errors)
FAIL: g++.old-deja/g++.mike/p11110.C (test for excess errors)

		=== g++ Summary for unix ===

# of expected passes		11926
# of unexpected failures	5
# of expected failures		67
# of unsupported tests		135

		=== g++ Summary ===

# of expected passes		47670
# of unexpected failures	21
# of expected failures		268
# of unresolved testcases	1
# of unsupported tests		542
/caip/u12/kishgcc/gcc-testing/gcc-testing/42/build/gcc/testsuite/g++/../../g++  version 4.2.0 20060227 (experimental)

		=== gcc tests ===


Running target unix/-m64
FAIL: gcc.dg/single-precision-constant.c (test for excess errors)
WARNING: gcc.dg/single-precision-constant.c compilation failed to produce executable
WARNING: gcc.dg/ucnid-2.c compilation failed to produce executable
WARNING: gcc.dg/ucnid-3.c compilation failed to produce executable
WARNING: gcc.dg/ucnid-4.c compilation failed to produce executable
FAIL: gcc.dg/tree-ssa/20030730-1.c scan-tree-dump-times if  0
FAIL: gcc.dg/tree-ssa/20030730-2.c scan-tree-dump-times if  0
FAIL: gcc.dg/tree-ssa/20030807-2.c scan-tree-dump-times if  0
FAIL: gcc.dg/tree-ssa/pr26421.c scan-tree-dump-times V_MAY_DEF 1
XPASS: gcc.dg/vect/pr20122.c scan-tree-dump-times vectorized 1 loops 2
XPASS: gcc.dg/vect/vect-105.c scan-tree-dump-times vectorized 1 loops 1
XPASS: gcc.dg/vect/vect-75.c scan-tree-dump-times vectorized 1 loops 1

		=== gcc Summary for unix/-m64 ===

# of expected passes		38181
# of unexpected failures	5
# of unexpected successes	3
# of expected failures		122
# of untested testcases		28
# of unsupported tests		419

Running target unix/-fPIC
FAIL: gcc.c-torture/execute/builtins/sprintf-chk.c execution,  -O1 
FAIL: gcc.c-torture/execute/builtins/sprintf-chk.c execution,  -O2 
FAIL: gcc.c-torture/execute/builtins/sprintf-chk.c execution,  -O3 -fomit-frame-pointer 
FAIL: gcc.c-torture/execute/builtins/sprintf-chk.c execution,  -O3 -fomit-frame-pointer -funroll-loops 
FAIL: gcc.c-torture/execute/builtins/sprintf-chk.c execution,  -O3 -fomit-frame-pointer -funroll-all-loops -finline-functions 
FAIL: gcc.c-torture/execute/builtins/sprintf-chk.c execution,  -O3 -g 
FAIL: gcc.c-torture/execute/builtins/sprintf-chk.c execution,  -Os 
FAIL: gcc.c-torture/execute/builtins/stpcpy-chk.c execution,  -O1 
FAIL: gcc.c-torture/execute/builtins/stpcpy-chk.c execution,  -O2 
FAIL: gcc.c-torture/execute/builtins/stpcpy-chk.c execution,  -O3 -fomit-frame-pointer 
FAIL: gcc.c-torture/execute/builtins/stpcpy-chk.c execution,  -O3 -fomit-frame-pointer -funroll-loops 
FAIL: gcc.c-torture/execute/builtins/stpcpy-chk.c execution,  -O3 -fomit-frame-pointer -funroll-all-loops -finline-functions 
FAIL: gcc.c-torture/execute/builtins/stpcpy-chk.c execution,  -O3 -g 
FAIL: gcc.c-torture/execute/builtins/stpcpy-chk.c execution,  -Os 
FAIL: gcc.c-torture/execute/builtins/strcpy-chk.c execution,  -O1 
FAIL: gcc.c-torture/execute/builtins/strcpy-chk.c execution,  -O2 
FAIL: gcc.c-torture/execute/builtins/strcpy-chk.c execution,  -O3 -fomit-frame-pointer 
FAIL: gcc.c-torture/execute/builtins/strcpy-chk.c execution,  -O3 -fomit-frame-pointer -funroll-loops 
FAIL: gcc.c-torture/execute/builtins/strcpy-chk.c execution,  -O3 -fomit-frame-pointer -funroll-all-loops -finline-functions 
FAIL: gcc.c-torture/execute/builtins/strcpy-chk.c execution,  -O3 -g 
FAIL: gcc.c-torture/execute/builtins/strcpy-chk.c execution,  -Os 
FAIL: gcc.dg/assign-warn-3.c  (test for warnings, line 9)
FAIL: gcc.dg/assign-warn-3.c  (test for warnings, line 13)
FAIL: gcc.dg/single-precision-constant.c (test for excess errors)
WARNING: gcc.dg/single-precision-constant.c compilation failed to produce executable
WARNING: gcc.dg/ucnid-2.c compilation failed to produce executable
WARNING: gcc.dg/ucnid-3.c compilation failed to produce executable
WARNING: gcc.dg/ucnid-4.c compilation failed to produce executable
FAIL: gcc.dg/torture/asm-subreg-1.c  -O1  (test for excess errors)
FAIL: gcc.dg/torture/asm-subreg-1.c  -O2  (test for excess errors)
FAIL: gcc.dg/torture/asm-subreg-1.c  -O3 -fomit-frame-pointer  (test for excess errors)
FAIL: gcc.dg/torture/asm-subreg-1.c  -O3 -g  (test for excess errors)
FAIL: gcc.dg/torture/asm-subreg-1.c  -Os  (test for excess errors)
FAIL: gcc.dg/tree-ssa/20030730-1.c scan-tree-dump-times if  0
FAIL: gcc.dg/tree-ssa/20030730-2.c scan-tree-dump-times if  0
FAIL: gcc.dg/tree-ssa/20030807-2.c scan-tree-dump-times if  0
FAIL: gcc.dg/tree-ssa/pr26421.c scan-tree-dump-times V_MAY_DEF 1
FAIL: gcc.dg/tree-ssa/wholeprogram-1.c scan-tree-dump-not large_function
XPASS: gcc.dg/vect/pr20122.c scan-tree-dump-times vectorized 1 loops 2
XPASS: gcc.dg/vect/vect-105.c scan-tree-dump-times vectorized 1 loops 1
XPASS: gcc.dg/vect/vect-75.c scan-tree-dump-times vectorized 1 loops 1

		=== gcc Summary for unix/-fPIC ===

# of expected passes		38143
# of unexpected failures	34
# of unexpected successes	3
# of expected failures		122
# of untested testcases		28
# of unsupported tests		421

Running target unix/-fpic
FAIL: gcc.c-torture/execute/builtins/sprintf-chk.c execution,  -O1 
FAIL: gcc.c-torture/execute/builtins/sprintf-chk.c execution,  -O2 
FAIL: gcc.c-torture/execute/builtins/sprintf-chk.c execution,  -O3 -fomit-frame-pointer 
FAIL: gcc.c-torture/execute/builtins/sprintf-chk.c execution,  -O3 -fomit-frame-pointer -funroll-loops 
FAIL: gcc.c-torture/execute/builtins/sprintf-chk.c execution,  -O3 -fomit-frame-pointer -funroll-all-loops -finline-functions 
FAIL: gcc.c-torture/execute/builtins/sprintf-chk.c execution,  -O3 -g 
FAIL: gcc.c-torture/execute/builtins/sprintf-chk.c execution,  -Os 
FAIL: gcc.c-torture/execute/builtins/stpcpy-chk.c execution,  -O1 
FAIL: gcc.c-torture/execute/builtins/stpcpy-chk.c execution,  -O2 
FAIL: gcc.c-torture/execute/builtins/stpcpy-chk.c execution,  -O3 -fomit-frame-pointer 
FAIL: gcc.c-torture/execute/builtins/stpcpy-chk.c execution,  -O3 -fomit-frame-pointer -funroll-loops 
FAIL: gcc.c-torture/execute/builtins/stpcpy-chk.c execution,  -O3 -fomit-frame-pointer -funroll-all-loops -finline-functions 
FAIL: gcc.c-torture/execute/builtins/stpcpy-chk.c execution,  -O3 -g 
FAIL: gcc.c-torture/execute/builtins/stpcpy-chk.c execution,  -Os 
FAIL: gcc.c-torture/execute/builtins/strcpy-chk.c execution,  -O1 
FAIL: gcc.c-torture/execute/builtins/strcpy-chk.c execution,  -O2 
FAIL: gcc.c-torture/execute/builtins/strcpy-chk.c execution,  -O3 -fomit-frame-pointer 
FAIL: gcc.c-torture/execute/builtins/strcpy-chk.c execution,  -O3 -fomit-frame-pointer -funroll-loops 
FAIL: gcc.c-torture/execute/builtins/strcpy-chk.c execution,  -O3 -fomit-frame-pointer -funroll-all-loops -finline-functions 
FAIL: gcc.c-torture/execute/builtins/strcpy-chk.c execution,  -O3 -g 
FAIL: gcc.c-torture/execute/builtins/strcpy-chk.c execution,  -Os 
FAIL: tmpdir-gcc.dg-struct-layout-1/t002 c_compat_x_tst.o-c_compat_y_tst.o link
UNRESOLVED: tmpdir-gcc.dg-struct-layout-1/t002 c_compat_x_tst.o-c_compat_y_tst.o execute 
FAIL: gcc.dg/assign-warn-3.c  (test for warnings, line 9)
FAIL: gcc.dg/assign-warn-3.c  (test for warnings, line 13)
FAIL: gcc.dg/single-precision-constant.c (test for excess errors)
WARNING: gcc.dg/single-precision-constant.c compilation failed to produce executable
WARNING: gcc.dg/ucnid-2.c compilation failed to produce executable
WARNING: gcc.dg/ucnid-3.c compilation failed to produce executable
WARNING: gcc.dg/ucnid-4.c compilation failed to produce executable
FAIL: gcc.dg/tree-ssa/20030730-1.c scan-tree-dump-times if  0
FAIL: gcc.dg/tree-ssa/20030730-2.c scan-tree-dump-times if  0
FAIL: gcc.dg/tree-ssa/20030807-2.c scan-tree-dump-times if  0
FAIL: gcc.dg/tree-ssa/pr26421.c scan-tree-dump-times V_MAY_DEF 1
FAIL: gcc.dg/tree-ssa/wholeprogram-1.c scan-tree-dump-not large_function
XPASS: gcc.dg/vect/pr20122.c scan-tree-dump-times vectorized 1 loops 2
XPASS: gcc.dg/vect/vect-105.c scan-tree-dump-times vectorized 1 loops 1
XPASS: gcc.dg/vect/vect-75.c scan-tree-dump-times vectorized 1 loops 1

		=== gcc Summary for unix/-fpic ===

# of expected passes		38146
# of unexpected failures	30
# of unexpected successes	3
# of expected failures		122
# of unresolved testcases	1
# of untested testcases		28
# of unsupported tests		421

Running target unix
FAIL: gcc.dg/single-precision-constant.c (test for excess errors)
WARNING: gcc.dg/single-precision-constant.c compilation failed to produce executable
WARNING: gcc.dg/ucnid-2.c compilation failed to produce executable
WARNING: gcc.dg/ucnid-3.c compilation failed to produce executable
WARNING: gcc.dg/ucnid-4.c compilation failed to produce executable
FAIL: gcc.dg/tree-ssa/20030730-1.c scan-tree-dump-times if  0
FAIL: gcc.dg/tree-ssa/20030730-2.c scan-tree-dump-times if  0
FAIL: gcc.dg/tree-ssa/20030807-2.c scan-tree-dump-times if  0
FAIL: gcc.dg/tree-ssa/pr26421.c scan-tree-dump-times V_MAY_DEF 1
XPASS: gcc.dg/vect/pr20122.c scan-tree-dump-times vectorized 1 loops 2
XPASS: gcc.dg/vect/vect-105.c scan-tree-dump-times vectorized 1 loops 1
XPASS: gcc.dg/vect/vect-75.c scan-tree-dump-times vectorized 1 loops 1

		=== gcc Summary for unix ===

# of expected passes		38187
# of unexpected failures	5
# of unexpected successes	3
# of expected failures		122
# of untested testcases		28
# of unsupported tests		416

		=== gcc Summary ===

# of expected passes		152657
# of unexpected failures	74
# of unexpected successes	12
# of expected failures		488
# of unresolved testcases	1
# of untested testcases		112
# of unsupported tests		1677
/caip/u12/kishgcc/gcc-testing/gcc-testing/42/build/gcc/xgcc  version 4.2.0 20060227 (experimental)

		=== gfortran tests ===


Running target unix/-m64
FAIL: gfortran.dg/large_real_kind_form_io_2.f90  -O0  execution test
FAIL: gfortran.dg/large_real_kind_form_io_2.f90  -O1  execution test
FAIL: gfortran.dg/large_real_kind_form_io_2.f90  -O2  execution test
FAIL: gfortran.dg/large_real_kind_form_io_2.f90  -O3 -fomit-frame-pointer  execution test
FAIL: gfortran.dg/large_real_kind_form_io_2.f90  -O3 -fomit-frame-pointer -funroll-loops  execution test
FAIL: gfortran.dg/large_real_kind_form_io_2.f90  -O3 -fomit-frame-pointer -funroll-all-loops -finline-functions  execution test
FAIL: gfortran.dg/large_real_kind_form_io_2.f90  -O3 -g  execution test
FAIL: gfortran.dg/large_real_kind_form_io_2.f90  -Os  execution test

		=== gfortran Summary for unix/-m64 ===

# of expected passes		12037
# of unexpected failures	8
# of expected failures		9
# of unsupported tests		31

Running target unix/-fPIC
FAIL: gfortran.dg/large_real_kind_form_io_2.f90  -O0  execution test
FAIL: gfortran.dg/large_real_kind_form_io_2.f90  -O1  execution test
FAIL: gfortran.dg/large_real_kind_form_io_2.f90  -O2  execution test
FAIL: gfortran.dg/large_real_kind_form_io_2.f90  -O3 -fomit-frame-pointer  execution test
FAIL: gfortran.dg/large_real_kind_form_io_2.f90  -O3 -fomit-frame-pointer -funroll-loops  execution test
FAIL: gfortran.dg/large_real_kind_form_io_2.f90  -O3 -fomit-frame-pointer -funroll-all-loops -finline-functions  execution test
FAIL: gfortran.dg/large_real_kind_form_io_2.f90  -O3 -g  execution test
FAIL: gfortran.dg/large_real_kind_form_io_2.f90  -Os  execution test

		=== gfortran Summary for unix/-fPIC ===

# of expected passes		12007
# of unexpected failures	8
# of expected failures		8
# of unsupported tests		47

Running target unix/-fpic
FAIL: gfortran.dg/large_real_kind_form_io_2.f90  -O0  execution test
FAIL: gfortran.dg/large_real_kind_form_io_2.f90  -O1  execution test
FAIL: gfortran.dg/large_real_kind_form_io_2.f90  -O2  execution test
FAIL: gfortran.dg/large_real_kind_form_io_2.f90  -O3 -fomit-frame-pointer  execution test
FAIL: gfortran.dg/large_real_kind_form_io_2.f90  -O3 -fomit-frame-pointer -funroll-loops  execution test
FAIL: gfortran.dg/large_real_kind_form_io_2.f90  -O3 -fomit-frame-pointer -funroll-all-loops -finline-functions  execution test
FAIL: gfortran.dg/large_real_kind_form_io_2.f90  -O3 -g  execution test
FAIL: gfortran.dg/large_real_kind_form_io_2.f90  -Os  execution test

		=== gfortran Summary for unix/-fpic ===

# of expected passes		12007
# of unexpected failures	8
# of expected failures		8
# of unsupported tests		47

Running target unix
FAIL: gfortran.dg/large_real_kind_form_io_2.f90  -O0  execution test
FAIL: gfortran.dg/large_real_kind_form_io_2.f90  -O1  execution test
FAIL: gfortran.dg/large_real_kind_form_io_2.f90  -O2  execution test
FAIL: gfortran.dg/large_real_kind_form_io_2.f90  -O3 -fomit-frame-pointer  execution test
FAIL: gfortran.dg/large_real_kind_form_io_2.f90  -O3 -fomit-frame-pointer -funroll-loops  execution test
FAIL: gfortran.dg/large_real_kind_form_io_2.f90  -O3 -fomit-frame-pointer -funroll-all-loops -finline-functions  execution test
FAIL: gfortran.dg/large_real_kind_form_io_2.f90  -O3 -g  execution test
FAIL: gfortran.dg/large_real_kind_form_io_2.f90  -Os  execution test

		=== gfortran Summary for unix ===

# of expected passes		12007
# of unexpected failures	8
# of expected failures		8
# of unsupported tests		47

		=== gfortran Summary ===

# of expected passes		48058
# of unexpected failures	32
# of expected failures		33
# of unsupported tests		172
/caip/u12/kishgcc/gcc-testing/gcc-testing/42/build/gcc/testsuite/gfortran/../../gfortran  version 4.2.0 20060227 (experimental)

		=== obj-c++ tests ===


Running target unix/-m64
FAIL: obj-c++.dg/bitfield-1.mm (test for excess errors)
FAIL: obj-c++.dg/bitfield-4.mm (test for excess errors)
FAIL: obj-c++.dg/comp-types-10.mm (test for excess errors)
FAIL: obj-c++.dg/cxx-ivars-2.mm execution test
FAIL: obj-c++.dg/encode-3.mm (test for excess errors)
FAIL: obj-c++.dg/encode-3.mm execution test
FAIL: obj-c++.dg/encode-8.mm execution test
FAIL: obj-c++.dg/isa-field-1.mm (test for excess errors)
FAIL: obj-c++.dg/layout-1.mm (test for excess errors)
FAIL: obj-c++.dg/lookup-2.mm (test for excess errors)
WARNING: obj-c++.dg/lookup-2.mm compilation failed to produce executable
FAIL: obj-c++.dg/try-catch-2.mm (test for excess errors)
WARNING: obj-c++.dg/try-catch-2.mm compilation failed to produce executable
FAIL: obj-c++.dg/try-catch-9.mm (test for excess errors)
WARNING: obj-c++.dg/try-catch-9.mm compilation failed to produce executable

		=== obj-c++ Summary for unix/-m64 ===

# of expected passes		417
# of unexpected failures	12
# of unsupported tests		13

Running target unix/-fPIC
FAIL: obj-c++.dg/comp-types-10.mm (test for excess errors)
FAIL: obj-c++.dg/cxx-ivars-2.mm execution test
FAIL: obj-c++.dg/encode-3.mm (test for excess errors)
FAIL: obj-c++.dg/encode-8.mm execution test
FAIL: obj-c++.dg/isa-field-1.mm (test for excess errors)
FAIL: obj-c++.dg/lookup-2.mm (test for excess errors)
WARNING: obj-c++.dg/lookup-2.mm compilation failed to produce executable
FAIL: obj-c++.dg/try-catch-2.mm (test for excess errors)
WARNING: obj-c++.dg/try-catch-2.mm compilation failed to produce executable
FAIL: obj-c++.dg/try-catch-9.mm (test for excess errors)
WARNING: obj-c++.dg/try-catch-9.mm compilation failed to produce executable

		=== obj-c++ Summary for unix/-fPIC ===

# of expected passes		421
# of unexpected failures	8
# of unsupported tests		13

Running target unix/-fpic
FAIL: obj-c++.dg/comp-types-10.mm (test for excess errors)
FAIL: obj-c++.dg/cxx-ivars-2.mm execution test
FAIL: obj-c++.dg/encode-3.mm (test for excess errors)
FAIL: obj-c++.dg/encode-8.mm execution test
FAIL: obj-c++.dg/isa-field-1.mm (test for excess errors)
FAIL: obj-c++.dg/lookup-2.mm (test for excess errors)
WARNING: obj-c++.dg/lookup-2.mm compilation failed to produce executable
FAIL: obj-c++.dg/try-catch-2.mm (test for excess errors)
WARNING: obj-c++.dg/try-catch-2.mm compilation failed to produce executable
FAIL: obj-c++.dg/try-catch-9.mm (test for excess errors)
WARNING: obj-c++.dg/try-catch-9.mm compilation failed to produce executable

		=== obj-c++ Summary for unix/-fpic ===

# of expected passes		421
# of unexpected failures	8
# of unsupported tests		13

Running target unix
FAIL: obj-c++.dg/comp-types-10.mm (test for excess errors)
FAIL: obj-c++.dg/cxx-ivars-2.mm execution test
FAIL: obj-c++.dg/encode-3.mm (test for excess errors)
FAIL: obj-c++.dg/encode-8.mm execution test
FAIL: obj-c++.dg/isa-field-1.mm (test for excess errors)
FAIL: obj-c++.dg/lookup-2.mm (test for excess errors)
WARNING: obj-c++.dg/lookup-2.mm compilation failed to produce executable
FAIL: obj-c++.dg/try-catch-2.mm (test for excess errors)
WARNING: obj-c++.dg/try-catch-2.mm compilation failed to produce executable
FAIL: obj-c++.dg/try-catch-9.mm (test for excess errors)
WARNING: obj-c++.dg/try-catch-9.mm compilation failed to produce executable

		=== obj-c++ Summary for unix ===

# of expected passes		421
# of unexpected failures	8
# of unsupported tests		13

		=== obj-c++ Summary ===

# of expected passes		1680
# of unexpected failures	36
# of unsupported tests		52
/caip/u12/kishgcc/gcc-testing/gcc-testing/42/build/gcc/testsuite/obj-c++/../../g++  version 4.2.0 20060227 (experimental)

		=== objc tests ===


Running target unix/-m64

		=== objc Summary for unix/-m64 ===

# of expected passes		1747
# of expected failures		7
# of unsupported tests		23

Running target unix/-fPIC

		=== objc Summary for unix/-fPIC ===

# of expected passes		1747
# of expected failures		7
# of unsupported tests		23

Running target unix/-fpic

		=== objc Summary for unix/-fpic ===

# of expected passes		1747
# of expected failures		7
# of unsupported tests		23

Running target unix

		=== objc Summary for unix ===

# of expected passes		1747
# of expected failures		7
# of unsupported tests		23

		=== objc Summary ===

# of expected passes		6988
# of expected failures		28
# of unsupported tests		92
/caip/u12/kishgcc/gcc-testing/gcc-testing/42/build/gcc/xgcc  version 4.2.0 20060227 (experimental)

		=== treelang tests ===


Running target unix/-m64

		=== treelang Summary for unix/-m64 ===

# of expected passes		50

Running target unix/-fPIC

		=== treelang Summary for unix/-fPIC ===

# of expected passes		50

Running target unix/-fpic

		=== treelang Summary for unix/-fpic ===

# of expected passes		50

Running target unix

		=== treelang Summary for unix ===

# of expected passes		50

		=== treelang Summary ===

# of expected passes		200
		=== libffi tests ===


Running target unix/-m64

		=== libffi Summary for unix/-m64 ===

# of expected passes		266
# of unsupported tests		2

Running target unix/-fPIC

		=== libffi Summary for unix/-fPIC ===

# of expected passes		266
# of unsupported tests		2

Running target unix/-fpic

		=== libffi Summary for unix/-fpic ===

# of expected passes		266
# of unsupported tests		2

Running target unix

		=== libffi Summary for unix ===

# of expected passes		266
# of unsupported tests		2

		=== libffi Summary ===

# of expected passes		1064
# of unsupported tests		8
		=== libgomp tests ===


Running target unix/-m64
FAIL: libgomp.fortran/appendix-a/a.22.7.f90  -O0  (test for excess errors)
WARNING: libgomp.fortran/appendix-a/a.22.7.f90  -O0  compilation failed to produce executable
FAIL: libgomp.fortran/appendix-a/a.22.7.f90  -O1  (test for excess errors)
WARNING: libgomp.fortran/appendix-a/a.22.7.f90  -O1  compilation failed to produce executable
FAIL: libgomp.fortran/appendix-a/a.22.7.f90  -O2  (test for excess errors)
WARNING: libgomp.fortran/appendix-a/a.22.7.f90  -O2  compilation failed to produce executable
FAIL: libgomp.fortran/appendix-a/a.22.7.f90  -O3 -fomit-frame-pointer  (test for excess errors)
WARNING: libgomp.fortran/appendix-a/a.22.7.f90  -O3 -fomit-frame-pointer  compilation failed to produce executable
FAIL: libgomp.fortran/appendix-a/a.22.7.f90  -O3 -fomit-frame-pointer -funroll-loops  (test for excess errors)
WARNING: libgomp.fortran/appendix-a/a.22.7.f90  -O3 -fomit-frame-pointer -funroll-loops  compilation failed to produce executable
FAIL: libgomp.fortran/appendix-a/a.22.7.f90  -O3 -fomit-frame-pointer -funroll-all-loops -finline-functions  (test for excess errors)
WARNING: libgomp.fortran/appendix-a/a.22.7.f90  -O3 -fomit-frame-pointer -funroll-all-loops -finline-functions  compilation failed to produce executable
FAIL: libgomp.fortran/appendix-a/a.22.7.f90  -O3 -g  (test for excess errors)
WARNING: libgomp.fortran/appendix-a/a.22.7.f90  -O3 -g  compilation failed to produce executable
FAIL: libgomp.fortran/appendix-a/a.22.7.f90  -Os  (test for excess errors)
WARNING: libgomp.fortran/appendix-a/a.22.7.f90  -Os  compilation failed to produce executable
FAIL: libgomp.fortran/omp_parse2.f90  -O0  execution test
FAIL: libgomp.fortran/omp_parse2.f90  -O1  execution test
FAIL: libgomp.fortran/omp_parse2.f90  -O2  execution test
FAIL: libgomp.fortran/omp_parse2.f90  -O3 -fomit-frame-pointer  execution test
FAIL: libgomp.fortran/omp_parse2.f90  -O3 -fomit-frame-pointer -funroll-loops  execution test
FAIL: libgomp.fortran/omp_parse2.f90  -O3 -fomit-frame-pointer -funroll-all-loops -finline-functions  execution test
FAIL: libgomp.fortran/omp_parse2.f90  -O3 -g  execution test
FAIL: libgomp.fortran/omp_parse2.f90  -Os  execution test
FAIL: libgomp.fortran/omp_parse3.f90  -O0  (test for excess errors)
WARNING: libgomp.fortran/omp_parse3.f90  -O0  compilation failed to produce executable
FAIL: libgomp.fortran/omp_parse3.f90  -O1  (test for excess errors)
WARNING: libgomp.fortran/omp_parse3.f90  -O1  compilation failed to produce executable
FAIL: libgomp.fortran/omp_parse3.f90  -O2  (test for excess errors)
WARNING: libgomp.fortran/omp_parse3.f90  -O2  compilation failed to produce executable
FAIL: libgomp.fortran/omp_parse3.f90  -O3 -fomit-frame-pointer  (test for excess errors)
WARNING: libgomp.fortran/omp_parse3.f90  -O3 -fomit-frame-pointer  compilation failed to produce executable
FAIL: libgomp.fortran/omp_parse3.f90  -O3 -fomit-frame-pointer -funroll-loops  (test for excess errors)
WARNING: libgomp.fortran/omp_parse3.f90  -O3 -fomit-frame-pointer -funroll-loops  compilation failed to produce executable
FAIL: libgomp.fortran/omp_parse3.f90  -O3 -fomit-frame-pointer -funroll-all-loops -finline-functions  (test for excess errors)
WARNING: libgomp.fortran/omp_parse3.f90  -O3 -fomit-frame-pointer -funroll-all-loops -finline-functions  compilation failed to produce executable
FAIL: libgomp.fortran/omp_parse3.f90  -O3 -g  (test for excess errors)
WARNING: libgomp.fortran/omp_parse3.f90  -O3 -g  compilation failed to produce executable
FAIL: libgomp.fortran/omp_parse3.f90  -Os  (test for excess errors)
WARNING: libgomp.fortran/omp_parse3.f90  -Os  compilation failed to produce executable
FAIL: libgomp.fortran/omp_parse4.f90  -O0  execution test
FAIL: libgomp.fortran/omp_parse4.f90  -O1  execution test
FAIL: libgomp.fortran/omp_parse4.f90  -O2  execution test
FAIL: libgomp.fortran/omp_parse4.f90  -O3 -fomit-frame-pointer  execution test
FAIL: libgomp.fortran/omp_parse4.f90  -O3 -fomit-frame-pointer -funroll-loops  execution test
FAIL: libgomp.fortran/omp_parse4.f90  -O3 -fomit-frame-pointer -funroll-all-loops -finline-functions  execution test
FAIL: libgomp.fortran/omp_parse4.f90  -O3 -g  execution test
FAIL: libgomp.fortran/omp_parse4.f90  -Os  execution test
FAIL: libgomp.fortran/threadprivate2.f90  -O0  (test for excess errors)
WARNING: libgomp.fortran/threadprivate2.f90  -O0  compilation failed to produce executable
FAIL: libgomp.fortran/threadprivate2.f90  -O1  (test for excess errors)
WARNING: libgomp.fortran/threadprivate2.f90  -O1  compilation failed to produce executable
FAIL: libgomp.fortran/threadprivate2.f90  -O2  (test for excess errors)
WARNING: libgomp.fortran/threadprivate2.f90  -O2  compilation failed to produce executable
FAIL: libgomp.fortran/threadprivate2.f90  -O3 -fomit-frame-pointer  (test for excess errors)
WARNING: libgomp.fortran/threadprivate2.f90  -O3 -fomit-frame-pointer  compilation failed to produce executable
FAIL: libgomp.fortran/threadprivate2.f90  -O3 -fomit-frame-pointer -funroll-loops  (test for excess errors)
WARNING: libgomp.fortran/threadprivate2.f90  -O3 -fomit-frame-pointer -funroll-loops  compilation failed to produce executable
FAIL: libgomp.fortran/threadprivate2.f90  -O3 -fomit-frame-pointer -funroll-all-loops -finline-functions  (test for excess errors)
WARNING: libgomp.fortran/threadprivate2.f90  -O3 -fomit-frame-pointer -funroll-all-loops -finline-functions  compilation failed to produce executable
FAIL: libgomp.fortran/threadprivate2.f90  -O3 -g  (test for excess errors)
WARNING: libgomp.fortran/threadprivate2.f90  -O3 -g  compilation failed to produce executable
FAIL: libgomp.fortran/threadprivate2.f90  -Os  (test for excess errors)
WARNING: libgomp.fortran/threadprivate2.f90  -Os  compilation failed to produce executable
FAIL: libgomp.fortran/threadprivate3.f90  -O0  (test for excess errors)
WARNING: libgomp.fortran/threadprivate3.f90  -O0  compilation failed to produce executable
FAIL: libgomp.fortran/threadprivate3.f90  -O1  (test for excess errors)
WARNING: libgomp.fortran/threadprivate3.f90  -O1  compilation failed to produce executable
FAIL: libgomp.fortran/threadprivate3.f90  -O2  (test for excess errors)
WARNING: libgomp.fortran/threadprivate3.f90  -O2  compilation failed to produce executable
FAIL: libgomp.fortran/threadprivate3.f90  -O3 -fomit-frame-pointer  (test for excess errors)
WARNING: libgomp.fortran/threadprivate3.f90  -O3 -fomit-frame-pointer  compilation failed to produce executable
FAIL: libgomp.fortran/threadprivate3.f90  -O3 -fomit-frame-pointer -funroll-loops  (test for excess errors)
WARNING: libgomp.fortran/threadprivate3.f90  -O3 -fomit-frame-pointer -funroll-loops  compilation failed to produce executable
FAIL: libgomp.fortran/threadprivate3.f90  -O3 -fomit-frame-pointer -funroll-all-loops -finline-functions  (test for excess errors)
WARNING: libgomp.fortran/threadprivate3.f90  -O3 -fomit-frame-pointer -funroll-all-loops -finline-functions  compilation failed to produce executable
FAIL: libgomp.fortran/threadprivate3.f90  -O3 -g  (test for excess errors)
WARNING: libgomp.fortran/threadprivate3.f90  -O3 -g  compilation failed to produce executable
FAIL: libgomp.fortran/threadprivate3.f90  -Os  (test for excess errors)
WARNING: libgomp.fortran/threadprivate3.f90  -Os  compilation failed to produce executable

		=== libgomp Summary for unix/-m64 ===

# of expected passes		991
# of unexpected failures	48

Running target unix/-fPIC
FAIL: libgomp.fortran/appendix-a/a.22.7.f90  -O3 -fomit-frame-pointer -funroll-loops  execution test
FAIL: libgomp.fortran/appendix-a/a.22.7.f90  -O3 -fomit-frame-pointer -funroll-all-loops -finline-functions  execution test
FAIL: libgomp.fortran/pr25162.f  -O2  (test for excess errors)
WARNING: libgomp.fortran/pr25162.f  -O2  compilation failed to produce executable
FAIL: libgomp.fortran/pr25162.f  -O3 -fomit-frame-pointer  (test for excess errors)
WARNING: libgomp.fortran/pr25162.f  -O3 -fomit-frame-pointer  compilation failed to produce executable
FAIL: libgomp.fortran/pr25162.f  -O3 -fomit-frame-pointer -funroll-loops  (test for excess errors)
WARNING: libgomp.fortran/pr25162.f  -O3 -fomit-frame-pointer -funroll-loops  compilation failed to produce executable
FAIL: libgomp.fortran/pr25162.f  -O3 -fomit-frame-pointer -funroll-all-loops -finline-functions  (test for excess errors)
WARNING: libgomp.fortran/pr25162.f  -O3 -fomit-frame-pointer -funroll-all-loops -finline-functions  compilation failed to produce executable
FAIL: libgomp.fortran/pr25162.f  -O3 -g  (test for excess errors)
WARNING: libgomp.fortran/pr25162.f  -O3 -g  compilation failed to produce executable
FAIL: libgomp.fortran/pr25162.f  -Os  (test for excess errors)
WARNING: libgomp.fortran/pr25162.f  -Os  compilation failed to produce executable

		=== libgomp Summary for unix/-fPIC ===

# of expected passes		1057
# of unexpected failures	8

Running target unix/-fpic
FAIL: libgomp.fortran/pr25162.f  -O2  (test for excess errors)
WARNING: libgomp.fortran/pr25162.f  -O2  compilation failed to produce executable
FAIL: libgomp.fortran/pr25162.f  -O3 -fomit-frame-pointer  (test for excess errors)
WARNING: libgomp.fortran/pr25162.f  -O3 -fomit-frame-pointer  compilation failed to produce executable
FAIL: libgomp.fortran/pr25162.f  -O3 -fomit-frame-pointer -funroll-loops  (test for excess errors)
WARNING: libgomp.fortran/pr25162.f  -O3 -fomit-frame-pointer -funroll-loops  compilation failed to produce executable
FAIL: libgomp.fortran/pr25162.f  -O3 -fomit-frame-pointer -funroll-all-loops -finline-functions  (test for excess errors)
WARNING: libgomp.fortran/pr25162.f  -O3 -fomit-frame-pointer -funroll-all-loops -finline-functions  compilation failed to produce executable
FAIL: libgomp.fortran/pr25162.f  -O3 -g  (test for excess errors)
WARNING: libgomp.fortran/pr25162.f  -O3 -g  compilation failed to produce executable
FAIL: libgomp.fortran/pr25162.f  -Os  (test for excess errors)
WARNING: libgomp.fortran/pr25162.f  -Os  compilation failed to produce executable

		=== libgomp Summary for unix/-fpic ===

# of expected passes		1059
# of unexpected failures	6

Running target unix
FAIL: libgomp.fortran/appendix-a/a.22.7.f90  -O0  (test for excess errors)
WARNING: libgomp.fortran/appendix-a/a.22.7.f90  -O0  compilation failed to produce executable
FAIL: libgomp.fortran/appendix-a/a.22.7.f90  -O1  (test for excess errors)
WARNING: libgomp.fortran/appendix-a/a.22.7.f90  -O1  compilation failed to produce executable
FAIL: libgomp.fortran/appendix-a/a.22.7.f90  -O2  (test for excess errors)
WARNING: libgomp.fortran/appendix-a/a.22.7.f90  -O2  compilation failed to produce executable
FAIL: libgomp.fortran/appendix-a/a.22.7.f90  -O3 -fomit-frame-pointer  (test for excess errors)
WARNING: libgomp.fortran/appendix-a/a.22.7.f90  -O3 -fomit-frame-pointer  compilation failed to produce executable
FAIL: libgomp.fortran/appendix-a/a.22.7.f90  -O3 -fomit-frame-pointer -funroll-loops  (test for excess errors)
WARNING: libgomp.fortran/appendix-a/a.22.7.f90  -O3 -fomit-frame-pointer -funroll-loops  compilation failed to produce executable
FAIL: libgomp.fortran/appendix-a/a.22.7.f90  -O3 -fomit-frame-pointer -funroll-all-loops -finline-functions  (test for excess errors)
WARNING: libgomp.fortran/appendix-a/a.22.7.f90  -O3 -fomit-frame-pointer -funroll-all-loops -finline-functions  compilation failed to produce executable
FAIL: libgomp.fortran/appendix-a/a.22.7.f90  -O3 -g  (test for excess errors)
WARNING: libgomp.fortran/appendix-a/a.22.7.f90  -O3 -g  compilation failed to produce executable
FAIL: libgomp.fortran/appendix-a/a.22.7.f90  -Os  (test for excess errors)
WARNING: libgomp.fortran/appendix-a/a.22.7.f90  -Os  compilation failed to produce executable
FAIL: libgomp.fortran/omp_parse3.f90  -O0  (test for excess errors)
WARNING: libgomp.fortran/omp_parse3.f90  -O0  compilation failed to produce executable
FAIL: libgomp.fortran/omp_parse3.f90  -O1  (test for excess errors)
WARNING: libgomp.fortran/omp_parse3.f90  -O1  compilation failed to produce executable
FAIL: libgomp.fortran/omp_parse3.f90  -O2  (test for excess errors)
WARNING: libgomp.fortran/omp_parse3.f90  -O2  compilation failed to produce executable
FAIL: libgomp.fortran/omp_parse3.f90  -O3 -fomit-frame-pointer  (test for excess errors)
WARNING: libgomp.fortran/omp_parse3.f90  -O3 -fomit-frame-pointer  compilation failed to produce executable
FAIL: libgomp.fortran/omp_parse3.f90  -O3 -fomit-frame-pointer -funroll-loops  (test for excess errors)
WARNING: libgomp.fortran/omp_parse3.f90  -O3 -fomit-frame-pointer -funroll-loops  compilation failed to produce executable
FAIL: libgomp.fortran/omp_parse3.f90  -O3 -fomit-frame-pointer -funroll-all-loops -finline-functions  (test for excess errors)
WARNING: libgomp.fortran/omp_parse3.f90  -O3 -fomit-frame-pointer -funroll-all-loops -finline-functions  compilation failed to produce executable
FAIL: libgomp.fortran/omp_parse3.f90  -O3 -g  (test for excess errors)
WARNING: libgomp.fortran/omp_parse3.f90  -O3 -g  compilation failed to produce executable
FAIL: libgomp.fortran/omp_parse3.f90  -Os  (test for excess errors)
WARNING: libgomp.fortran/omp_parse3.f90  -Os  compilation failed to produce executable
FAIL: libgomp.fortran/threadprivate2.f90  -O0  (test for excess errors)
WARNING: libgomp.fortran/threadprivate2.f90  -O0  compilation failed to produce executable
FAIL: libgomp.fortran/threadprivate2.f90  -O1  (test for excess errors)
WARNING: libgomp.fortran/threadprivate2.f90  -O1  compilation failed to produce executable
FAIL: libgomp.fortran/threadprivate2.f90  -O2  (test for excess errors)
WARNING: libgomp.fortran/threadprivate2.f90  -O2  compilation failed to produce executable
FAIL: libgomp.fortran/threadprivate2.f90  -O3 -fomit-frame-pointer  (test for excess errors)
WARNING: libgomp.fortran/threadprivate2.f90  -O3 -fomit-frame-pointer  compilation failed to produce executable
FAIL: libgomp.fortran/threadprivate2.f90  -O3 -fomit-frame-pointer -funroll-loops  (test for excess errors)
WARNING: libgomp.fortran/threadprivate2.f90  -O3 -fomit-frame-pointer -funroll-loops  compilation failed to produce executable
FAIL: libgomp.fortran/threadprivate2.f90  -O3 -fomit-frame-pointer -funroll-all-loops -finline-functions  (test for excess errors)
WARNING: libgomp.fortran/threadprivate2.f90  -O3 -fomit-frame-pointer -funroll-all-loops -finline-functions  compilation failed to produce executable
FAIL: libgomp.fortran/threadprivate2.f90  -O3 -g  (test for excess errors)
WARNING: libgomp.fortran/threadprivate2.f90  -O3 -g  compilation failed to produce executable
FAIL: libgomp.fortran/threadprivate2.f90  -Os  (test for excess errors)
WARNING: libgomp.fortran/threadprivate2.f90  -Os  compilation failed to produce executable
FAIL: libgomp.fortran/threadprivate3.f90  -O0  (test for excess errors)
WARNING: libgomp.fortran/threadprivate3.f90  -O0  compilation failed to produce executable
FAIL: libgomp.fortran/threadprivate3.f90  -O1  (test for excess errors)
WARNING: libgomp.fortran/threadprivate3.f90  -O1  compilation failed to produce executable
FAIL: libgomp.fortran/threadprivate3.f90  -O2  (test for excess errors)
WARNING: libgomp.fortran/threadprivate3.f90  -O2  compilation failed to produce executable
FAIL: libgomp.fortran/threadprivate3.f90  -O3 -fomit-frame-pointer  (test for excess errors)
WARNING: libgomp.fortran/threadprivate3.f90  -O3 -fomit-frame-pointer  compilation failed to produce executable
FAIL: libgomp.fortran/threadprivate3.f90  -O3 -fomit-frame-pointer -funroll-loops  (test for excess errors)
WARNING: libgomp.fortran/threadprivate3.f90  -O3 -fomit-frame-pointer -funroll-loops  compilation failed to produce executable
FAIL: libgomp.fortran/threadprivate3.f90  -O3 -fomit-frame-pointer -funroll-all-loops -finline-functions  (test for excess errors)
WARNING: libgomp.fortran/threadprivate3.f90  -O3 -fomit-frame-pointer -funroll-all-loops -finline-functions  compilation failed to produce executable
FAIL: libgomp.fortran/threadprivate3.f90  -O3 -g  (test for excess errors)
WARNING: libgomp.fortran/threadprivate3.f90  -O3 -g  compilation failed to produce executable
FAIL: libgomp.fortran/threadprivate3.f90  -Os  (test for excess errors)
WARNING: libgomp.fortran/threadprivate3.f90  -Os  compilation failed to produce executable

		=== libgomp Summary for unix ===

# of expected passes		1007
# of unexpected failures	32

		=== libgomp Summary ===

# of expected passes		4114
# of unexpected failures	94
		=== libjava tests ===


Running target unix/-m64
FAIL: Array_3 execution - gij test
FAIL: Array_3 execution - gij test
FAIL: Class_1 execution - source compiled test
FAIL: Class_1 execution - bytecode->native test
FAIL: Class_1 -O3 execution - source compiled test
FAIL: Class_1 -O3 execution - bytecode->native test
FAIL: ExtraClassLoader output - source compiled test
FAIL: ExtraClassLoader output - gij test
FAIL: ExtraClassLoader output - bytecode->native test
FAIL: ExtraClassLoader -O3 output - source compiled test
FAIL: ExtraClassLoader output - gij test
FAIL: ExtraClassLoader -O3 output - bytecode->native test
FAIL: FileHandleGcTest execution - source compiled test
FAIL: FileHandleGcTest execution - gij test
FAIL: FileHandleGcTest execution - bytecode->native test
FAIL: FileHandleGcTest -O3 execution - source compiled test
FAIL: FileHandleGcTest execution - gij test
FAIL: FileHandleGcTest -O3 execution - bytecode->native test
FAIL: InvokeInterface execution - bytecode->native test
FAIL: InvokeInterface -O3 execution - bytecode->native test
FAIL: PR12416 execution - bytecode->native test
FAIL: PR12416 -O3 execution - bytecode->native test
FAIL: PR260 execution - bytecode->native test
FAIL: PR260 -O3 execution - bytecode->native test
FAIL: SyncTest execution - bytecode->native test
FAIL: SyncTest -O3 execution - bytecode->native test
FAIL: Throw_2 execution - source compiled test
FAIL: Throw_2 execution - bytecode->native test
FAIL: Throw_2 -O3 execution - source compiled test
FAIL: Throw_2 -O3 execution - bytecode->native test
FAIL: invokethrow execution - bytecode->native test
FAIL: invokethrow -O3 execution - bytecode->native test
FAIL: pr179 execution - bytecode->native test
FAIL: pr179 -O3 execution - bytecode->native test
FAIL: pr8415 execution - bytecode->native test
FAIL: pr8415 -O3 execution - bytecode->native test
FAIL: stringconst2 output - source compiled test
FAIL: stringconst2 output - bytecode->native test
FAIL: stringconst2 -O3 output - source compiled test
FAIL: stringconst2 -O3 output - bytecode->native test
FAIL: pr21115 run

		=== libjava Summary for unix/-m64 ===

# of expected passes		3976
# of unexpected failures	41
# of expected failures		10
# of untested testcases		39

Running target unix/-fPIC
FAIL: Array_3 execution - gij test
FAIL: Array_3 execution - gij test
FAIL: Class_1 execution - source compiled test
FAIL: Class_1 execution - bytecode->native test
FAIL: Class_1 -O3 execution - source compiled test
FAIL: Class_1 -O3 execution - bytecode->native test
FAIL: ExtraClassLoader output - source compiled test
FAIL: ExtraClassLoader output - gij test
FAIL: ExtraClassLoader output - bytecode->native test
FAIL: ExtraClassLoader -O3 output - source compiled test
FAIL: ExtraClassLoader output - gij test
FAIL: ExtraClassLoader -O3 output - bytecode->native test
FAIL: FileHandleGcTest execution - source compiled test
FAIL: FileHandleGcTest execution - gij test
FAIL: FileHandleGcTest execution - bytecode->native test
FAIL: FileHandleGcTest -O3 execution - source compiled test
FAIL: FileHandleGcTest execution - gij test
FAIL: FileHandleGcTest -O3 execution - bytecode->native test
FAIL: InvokeInterface execution - bytecode->native test
FAIL: InvokeInterface -O3 execution - bytecode->native test
FAIL: PR12416 execution - bytecode->native test
FAIL: PR12416 -O3 execution - bytecode->native test
FAIL: PR260 execution - bytecode->native test
FAIL: PR260 -O3 execution - bytecode->native test
FAIL: SyncTest execution - bytecode->native test
FAIL: SyncTest -O3 execution - bytecode->native test
FAIL: invokethrow execution - bytecode->native test
FAIL: invokethrow -O3 execution - bytecode->native test
FAIL: pr179 execution - bytecode->native test
FAIL: pr179 -O3 execution - bytecode->native test
FAIL: pr8415 execution - bytecode->native test
FAIL: pr8415 -O3 execution - bytecode->native test
FAIL: stringconst2 output - source compiled test
FAIL: stringconst2 output - bytecode->native test
FAIL: stringconst2 -O3 output - source compiled test
FAIL: stringconst2 -O3 output - bytecode->native test
FAIL: pr21115 run

		=== libjava Summary for unix/-fPIC ===

# of expected passes		3984
# of unexpected failures	37
# of expected failures		10
# of untested testcases		35

Running target unix/-fpic
FAIL: Array_3 execution - gij test
FAIL: Array_3 execution - gij test
FAIL: Class_1 execution - source compiled test
FAIL: Class_1 execution - bytecode->native test
FAIL: Class_1 -O3 execution - source compiled test
FAIL: Class_1 -O3 execution - bytecode->native test
FAIL: ExtraClassLoader output - source compiled test
FAIL: ExtraClassLoader output - gij test
FAIL: ExtraClassLoader output - bytecode->native test
FAIL: ExtraClassLoader -O3 output - source compiled test
FAIL: ExtraClassLoader output - gij test
FAIL: ExtraClassLoader -O3 output - bytecode->native test
FAIL: FileHandleGcTest execution - source compiled test
FAIL: FileHandleGcTest execution - gij test
FAIL: FileHandleGcTest execution - bytecode->native test
FAIL: FileHandleGcTest -O3 execution - source compiled test
FAIL: FileHandleGcTest execution - gij test
FAIL: FileHandleGcTest -O3 execution - bytecode->native test
FAIL: InvokeInterface execution - bytecode->native test
FAIL: InvokeInterface -O3 execution - bytecode->native test
FAIL: PR12416 execution - bytecode->native test
FAIL: PR12416 -O3 execution - bytecode->native test
FAIL: PR260 execution - bytecode->native test
FAIL: PR260 -O3 execution - bytecode->native test
FAIL: SyncTest execution - bytecode->native test
FAIL: SyncTest -O3 execution - bytecode->native test
FAIL: invokethrow execution - bytecode->native test
FAIL: invokethrow -O3 execution - bytecode->native test
FAIL: pr179 execution - bytecode->native test
FAIL: pr179 -O3 execution - bytecode->native test
FAIL: pr8415 execution - bytecode->native test
FAIL: pr8415 -O3 execution - bytecode->native test
FAIL: stringconst2 output - source compiled test
FAIL: stringconst2 output - bytecode->native test
FAIL: stringconst2 -O3 output - source compiled test
FAIL: stringconst2 -O3 output - bytecode->native test
FAIL: pr21115 run

		=== libjava Summary for unix/-fpic ===

# of expected passes		3984
# of unexpected failures	37
# of expected failures		10
# of untested testcases		35

Running target unix
FAIL: Array_3 execution - gij test
FAIL: Array_3 execution - gij test
FAIL: Class_1 execution - source compiled test
FAIL: Class_1 execution - bytecode->native test
FAIL: Class_1 -O3 execution - source compiled test
FAIL: Class_1 -O3 execution - bytecode->native test
FAIL: ExtraClassLoader output - source compiled test
FAIL: ExtraClassLoader output - gij test
FAIL: ExtraClassLoader output - bytecode->native test
FAIL: ExtraClassLoader -O3 output - source compiled test
FAIL: ExtraClassLoader output - gij test
FAIL: ExtraClassLoader -O3 output - bytecode->native test
FAIL: FileHandleGcTest execution - source compiled test
FAIL: FileHandleGcTest execution - gij test
FAIL: FileHandleGcTest execution - bytecode->native test
FAIL: FileHandleGcTest -O3 execution - source compiled test
FAIL: FileHandleGcTest execution - gij test
FAIL: FileHandleGcTest -O3 execution - bytecode->native test
FAIL: InvokeInterface execution - bytecode->native test
FAIL: InvokeInterface -O3 execution - bytecode->native test
FAIL: PR12416 execution - bytecode->native test
FAIL: PR12416 -O3 execution - bytecode->native test
FAIL: PR260 execution - bytecode->native test
FAIL: PR260 -O3 execution - bytecode->native test
FAIL: SyncTest execution - bytecode->native test
FAIL: SyncTest -O3 execution - bytecode->native test
FAIL: invokethrow execution - bytecode->native test
FAIL: invokethrow -O3 execution - bytecode->native test
FAIL: pr179 execution - bytecode->native test
FAIL: pr179 -O3 execution - bytecode->native test
FAIL: pr8415 execution - bytecode->native test
FAIL: pr8415 -O3 execution - bytecode->native test
FAIL: stringconst2 output - source compiled test
FAIL: stringconst2 output - bytecode->native test
FAIL: stringconst2 -O3 output - source compiled test
FAIL: stringconst2 -O3 output - bytecode->native test
FAIL: pr21115 run

		=== libjava Summary for unix ===

# of expected passes		3984
# of unexpected failures	37
# of expected failures		10
# of untested testcases		35

		=== libjava Summary ===

# of expected passes		15928
# of unexpected failures	152
# of expected failures		40
# of untested testcases		144
		=== libstdc++ tests ===


Running target unix/-m64
XPASS: 27_io/basic_istream/extractors_arithmetic/char/12.cc execution test
XPASS: 27_io/basic_istream/extractors_arithmetic/wchar_t/12.cc execution test
XPASS: 27_io/fpos/14320-1.cc execution test

		=== libstdc++ Summary for unix/-m64 ===

# of expected passes		3497
# of unexpected successes	3
# of expected failures		11
# of unsupported tests		321

Running target unix/-fPIC
XPASS: 27_io/basic_istream/extractors_arithmetic/char/12.cc execution test
XPASS: 27_io/basic_istream/extractors_arithmetic/wchar_t/12.cc execution test

		=== libstdc++ Summary for unix/-fPIC ===

# of expected passes		3497
# of unexpected successes	2
# of expected failures		12
# of unsupported tests		321

Running target unix/-fpic
XPASS: 27_io/basic_istream/extractors_arithmetic/char/12.cc execution test
XPASS: 27_io/basic_istream/extractors_arithmetic/wchar_t/12.cc execution test

		=== libstdc++ Summary for unix/-fpic ===

# of expected passes		3497
# of unexpected successes	2
# of expected failures		12
# of unsupported tests		321

Running target unix
XPASS: 27_io/basic_istream/extractors_arithmetic/char/12.cc execution test
XPASS: 27_io/basic_istream/extractors_arithmetic/wchar_t/12.cc execution test

		=== libstdc++ Summary for unix ===

# of expected passes		3497
# of unexpected successes	2
# of expected failures		12
# of unsupported tests		321

		=== libstdc++ Summary ===

# of expected passes		13988
# of unexpected successes	9
# of expected failures		47
# of unsupported tests		1284

Compiler version: 4.2.0 20060227 (experimental) 
Platform: sparc-sun-solaris2.10
configure flags: --verbose --with-local-prefix=/tmp/local --without-libiconv-prefix --with-mpfr=/caip/u12/kishgcc/gcc-testing/_gmp --enable-languages=c,c++,fortran,java,objc,obj-c++,treelang


Index Nav: [Date Index] [Subject Index] [Author Index] [Thread Index]
Message Nav: [Date Prev] [Date Next] [Thread Prev] [Thread Next]