This is the mail archive of the gcc-testresults@gcc.gnu.org mailing list for the GCC project.


Index Nav: [Date Index] [Subject Index] [Author Index] [Thread Index]
Message Nav: [Date Prev] [Date Next] [Thread Prev] [Thread Next]
Other format: [Raw text]

Results for 4.0.3 20060227 (prerelease) testsuite on x86_64-redhat-linux-gnu


LAST_UPDATED: Mon Feb 27 22:36:15 UTC 2006 (revision 111489)

Native configuration is x86_64-redhat-linux-gnu

=== gcc tests ===


Running target unix
XPASS: gcc.dg/vect/vect-22.c scan-tree-dump-times vectorized 3 loops 1

=== gcc Summary ===

# of expected passes 35270
# of unexpected successes 1
# of expected failures 98
# of untested testcases 28
# of unsupported tests 412
/home/testbot/bootstrap/000881/bld/gcc/xgcc version 4.0.3 20060227 (prerelease)

=== gfortran tests ===


Running target unix
FAIL: gfortran.fortran-torture/execute/intrinsic_eoshift.f90 compilation, -O3 -fomit-frame-pointer -funroll-loops
FAIL: gfortran.fortran-torture/execute/intrinsic_eoshift.f90 compilation, -O3 -fomit-frame-pointer -funroll-all-loops -finline-functions

=== gfortran Summary ===

# of expected passes 8822
# of unexpected failures 2
# of expected failures 1
# of untested testcases 2
# of unsupported tests 16
/home/testbot/bootstrap/000881/bld/gcc/testsuite/../gfortran version 4.0.3 20060227 (prerelease)

=== g++ tests ===


Running target unix
XPASS: g++.old-deja/g++.other/init5.C execution test

=== g++ Summary ===

# of expected passes 11374
# of unexpected successes 1
# of expected failures 69
# of unsupported tests 85
/home/testbot/bootstrap/000881/bld/gcc/testsuite/../g++ version 4.0.3 20060227 (prerelease)

=== objc tests ===


Running target unix

=== objc Summary ===

# of expected passes 1554
# of unsupported tests 10
/home/testbot/bootstrap/000881/bld/gcc/xgcc version 4.0.3 20060227 (prerelease)

=== libffi tests ===


Running target unix

=== libffi Summary ===

# of expected passes 219
# of unsupported tests 2
=== libjava tests ===


Running target unix

=== libjava Summary ===

# of expected passes 3899
# of expected failures 10
# of untested testcases 8
=== libmudflap tests ===


Running target unix

=== libmudflap Summary ===

# of expected passes 1288
=== libstdc++ tests ===


Running target unix
XPASS: 22_locale/locale/cons/12658_thread-1.cc execution test
XPASS: 26_numerics/cmath/c99_classification_macros_c.cc (test for excess errors)
XPASS: 27_io/fpos/14320-1.cc execution test

=== libstdc++ Summary ===

# of expected passes 3713
# of unexpected successes 3
# of expected failures 11

Compiler version: 4.0.3 20060227 (prerelease)
Platform: x86_64-redhat-linux-gnu
configure flags: --prefix=/home/testbot/bootstrap/000881/usr --program-suffix=-40 -enable-shared --enable-threads=posix --enable-checking --with-system-zlib --enable-__cxa_atexit --host=x86_64-redhat-linux --enable-languages=c,c++,f95,java,objc


Index Nav: [Date Index] [Subject Index] [Author Index] [Thread Index]
Message Nav: [Date Prev] [Date Next] [Thread Prev] [Thread Next]