This is the mail archive of the gcc-testresults@gcc.gnu.org mailing list for the GCC project.


Index Nav: [Date Index] [Subject Index] [Author Index] [Thread Index]
Message Nav: [Date Prev] [Date Next] [Thread Prev] [Thread Next]
Other format: [Raw text]

Results for 4.2.0 20060227 (experimental) [trunk revision 111486 clean] testsuite on x86_64-unknown-linux-gnu


LAST_UPDATED: Mon Feb 27 17:08:54 UTC 2006 (revision 111486)

Native configuration is x86_64-unknown-linux-gnu

		=== gcc tests ===


Running target unix/-m32
FAIL: gcc.c-torture/compile/pr20539-1.c  -O3 -fomit-frame-pointer  (test for excess errors)
FAIL: gcc.c-torture/compile/pr20539-1.c  -O3 -g  (test for excess errors)
FAIL: gcc.c-torture/execute/20050121-1.c compilation,  -O3 -fomit-frame-pointer 
UNRESOLVED: gcc.c-torture/execute/20050121-1.c execution,  -O3 -fomit-frame-pointer 
FAIL: gcc.c-torture/execute/20050121-1.c compilation,  -O3 -g 
UNRESOLVED: gcc.c-torture/execute/20050121-1.c execution,  -O3 -g 
FAIL: gcc.c-torture/execute/930603-3.c compilation,  -O3 -fomit-frame-pointer 
UNRESOLVED: gcc.c-torture/execute/930603-3.c execution,  -O3 -fomit-frame-pointer 
FAIL: gcc.c-torture/execute/930603-3.c compilation,  -O3 -g 
UNRESOLVED: gcc.c-torture/execute/930603-3.c execution,  -O3 -g 
FAIL: gcc.c-torture/execute/arith-rand-ll.c compilation,  -O3 -fomit-frame-pointer 
UNRESOLVED: gcc.c-torture/execute/arith-rand-ll.c execution,  -O3 -fomit-frame-pointer 
FAIL: gcc.c-torture/execute/arith-rand-ll.c compilation,  -O3 -g 
UNRESOLVED: gcc.c-torture/execute/arith-rand-ll.c execution,  -O3 -g 
FAIL: gcc.c-torture/unsorted/udivmod4.c,  -O3 -fomit-frame-pointer  
FAIL: gcc.c-torture/unsorted/udivmod4.c,  -O3 -g  
FAIL: gcc.dg/tree-ssa/20030730-1.c scan-tree-dump-times if  0
FAIL: gcc.dg/tree-ssa/20030730-2.c scan-tree-dump-times if  0
FAIL: gcc.dg/tree-ssa/20030807-2.c scan-tree-dump-times if  0
FAIL: gcc.dg/tree-ssa/pr26421.c scan-tree-dump-times V_MAY_DEF 1
FAIL: gcc.target/i386/sselibm-2.c (test for excess errors)
ERROR: gcc.target/i386/sselibm-2.c: error executing dg-final: couldn't open "sselibm-2.s": no such file or directory
UNRESOLVED: gcc.target/i386/sselibm-2.c: error executing dg-final: couldn't open "sselibm-2.s": no such file or directory
FAIL: gcc.target/i386/sselibm-3.c (test for excess errors)
ERROR: gcc.target/i386/sselibm-3.c: error executing dg-final: couldn't open "sselibm-3.s": no such file or directory
UNRESOLVED: gcc.target/i386/sselibm-3.c: error executing dg-final: couldn't open "sselibm-3.s": no such file or directory
FAIL: gcc.target/i386/sselibm-4.c (test for excess errors)
ERROR: gcc.target/i386/sselibm-4.c: error executing dg-final: couldn't open "sselibm-4.s": no such file or directory
UNRESOLVED: gcc.target/i386/sselibm-4.c: error executing dg-final: couldn't open "sselibm-4.s": no such file or directory
FAIL: gcc.target/i386/sselibm-5.c (test for excess errors)
ERROR: gcc.target/i386/sselibm-5.c: error executing dg-final: couldn't open "sselibm-5.s": no such file or directory
UNRESOLVED: gcc.target/i386/sselibm-5.c: error executing dg-final: couldn't open "sselibm-5.s": no such file or directory

		=== gcc Summary for unix/-m32 ===

# of expected passes		39027
# of unexpected failures	18
# of expected failures		110
# of unresolved testcases	10
# of untested testcases		28
# of unsupported tests		280

Running target unix
FAIL: gcc.c-torture/compile/950612-1.c  -O3 -fomit-frame-pointer -funroll-loops  (test for excess errors)
FAIL: gcc.c-torture/compile/950612-1.c  -O3 -fomit-frame-pointer -funroll-all-loops -finline-functions  (test for excess errors)
WARNING: gcc.dg/torture/fp-int-convert-float128-timode.c  -O0  compilation failed to produce executable
WARNING: gcc.dg/torture/fp-int-convert-float128-timode.c  -O1  compilation failed to produce executable
WARNING: gcc.dg/torture/fp-int-convert-float128-timode.c  -O2  compilation failed to produce executable
WARNING: gcc.dg/torture/fp-int-convert-float128-timode.c  -O3 -fomit-frame-pointer  compilation failed to produce executable
WARNING: gcc.dg/torture/fp-int-convert-float128-timode.c  -O3 -g  compilation failed to produce executable
WARNING: gcc.dg/torture/fp-int-convert-float128-timode.c  -Os  compilation failed to produce executable
WARNING: gcc.dg/torture/fp-int-convert-float128.c  -O0  compilation failed to produce executable
WARNING: gcc.dg/torture/fp-int-convert-float128.c  -O1  compilation failed to produce executable
WARNING: gcc.dg/torture/fp-int-convert-float128.c  -O2  compilation failed to produce executable
WARNING: gcc.dg/torture/fp-int-convert-float128.c  -O3 -fomit-frame-pointer  compilation failed to produce executable
WARNING: gcc.dg/torture/fp-int-convert-float128.c  -O3 -g  compilation failed to produce executable
WARNING: gcc.dg/torture/fp-int-convert-float128.c  -Os  compilation failed to produce executable
FAIL: gcc.dg/tree-ssa/20030730-1.c scan-tree-dump-times if  0
FAIL: gcc.dg/tree-ssa/20030730-2.c scan-tree-dump-times if  0
FAIL: gcc.dg/tree-ssa/20030807-2.c scan-tree-dump-times if  0
FAIL: gcc.dg/tree-ssa/pr26421.c scan-tree-dump-times V_MAY_DEF 1

		=== gcc Summary for unix ===

# of expected passes		38927
# of unexpected failures	6
# of expected failures		121
# of untested testcases		28
# of unsupported tests		378

		=== gcc Summary ===

# of expected passes		77954
# of unexpected failures	24
# of expected failures		231
# of unresolved testcases	10
# of untested testcases		56
# of unsupported tests		658
/export/build/gnu/gcc/build-x86_64-linux/gcc/xgcc  version 4.2.0 20060227 (experimental) [trunk revision 111486 clean]

		=== gfortran tests ===


Running target unix/-m32
FAIL: gfortran.fortran-torture/execute/entry_3.f90 compilation,  -O3 -fomit-frame-pointer 
FAIL: gfortran.fortran-torture/execute/entry_3.f90 compilation,  -O3 -fomit-frame-pointer -funroll-loops 
FAIL: gfortran.fortran-torture/execute/entry_3.f90 compilation,  -O3 -fomit-frame-pointer -funroll-all-loops -finline-functions 
FAIL: gfortran.fortran-torture/execute/entry_3.f90 compilation,  -O3 -g 

		=== gfortran Summary for unix/-m32 ===

# of expected passes		12069
# of unexpected failures	4
# of expected failures		15
# of untested testcases		4
# of unsupported tests		16

Running target unix
FAIL: gfortran.fortran-torture/execute/entry_3.f90 compilation,  -O3 -fomit-frame-pointer 
FAIL: gfortran.fortran-torture/execute/entry_3.f90 compilation,  -O3 -fomit-frame-pointer -funroll-loops 
FAIL: gfortran.fortran-torture/execute/entry_3.f90 compilation,  -O3 -fomit-frame-pointer -funroll-all-loops -finline-functions 
FAIL: gfortran.fortran-torture/execute/entry_3.f90 compilation,  -O3 -g 

		=== gfortran Summary for unix ===

# of expected passes		12066
# of unexpected failures	4
# of expected failures		18
# of untested testcases		4
# of unsupported tests		16

		=== gfortran Summary ===

# of expected passes		24135
# of unexpected failures	8
# of expected failures		33
# of untested testcases		8
# of unsupported tests		32
/export/build/gnu/gcc/build-x86_64-linux/gcc/testsuite/gfortran/../../gfortran  version 4.2.0 20060227 (experimental) [trunk revision 111486 clean]

		=== g++ tests ===


Running target unix/-m32
FAIL: g++.dg/init/ctor4.C (test for excess errors)
FAIL: g++.dg/parse/register1.C (test for excess errors)
FAIL: g++.old-deja/g++.brendan/warnings4.C (test for excess errors)
FAIL: g++.old-deja/g++.jason/overload34.C (test for excess errors)
FAIL: g++.old-deja/g++.mike/p11110.C (test for excess errors)

		=== g++ Summary for unix/-m32 ===

# of expected passes		12066
# of unexpected failures	5
# of expected failures		66
# of unsupported tests		68

Running target unix
FAIL: g++.dg/init/ctor4.C (test for excess errors)
FAIL: g++.dg/parse/register1.C (test for excess errors)
FAIL: g++.old-deja/g++.brendan/warnings4.C (test for excess errors)
FAIL: g++.old-deja/g++.jason/overload34.C (test for excess errors)
FAIL: g++.old-deja/g++.mike/p11110.C (test for excess errors)

		=== g++ Summary for unix ===

# of expected passes		11981
# of unexpected failures	5
# of expected failures		66
# of unsupported tests		97

		=== g++ Summary ===

# of expected passes		24047
# of unexpected failures	10
# of expected failures		132
# of unsupported tests		165
/export/build/gnu/gcc/build-x86_64-linux/gcc/testsuite/g++/../../g++  version 4.2.0 20060227 (experimental) [trunk revision 111486 clean]

		=== objc tests ===


Running target unix/-m32

		=== objc Summary for unix/-m32 ===

# of expected passes		1747
# of expected failures		7
# of unsupported tests		23

Running target unix

		=== objc Summary for unix ===

# of expected passes		1747
# of expected failures		7
# of unsupported tests		23

		=== objc Summary ===

# of expected passes		3494
# of expected failures		14
# of unsupported tests		46
/export/build/gnu/gcc/build-x86_64-linux/gcc/xgcc  version 4.2.0 20060227 (experimental) [trunk revision 111486 clean]

		=== libffi tests ===


Running target unix/-m32
FAIL: libffi.call/return_fl2.c execution test

		=== libffi Summary for unix/-m32 ===

# of expected passes		265
# of unexpected failures	1
# of unsupported tests		2

Running target unix

		=== libffi Summary for unix ===

# of expected passes		266
# of unsupported tests		2

		=== libffi Summary ===

# of expected passes		531
# of unexpected failures	1
# of unsupported tests		4
		=== libgomp tests ===


Running target unix/-m32
WARNING: libgomp.c/ordered-2.c compilation failed to produce executable
FAIL: libgomp.fortran/reference1.f90  -O3 -fomit-frame-pointer  (test for excess errors)
WARNING: libgomp.fortran/reference1.f90  -O3 -fomit-frame-pointer  compilation failed to produce executable
FAIL: libgomp.fortran/reference1.f90  -O3 -fomit-frame-pointer -funroll-loops  (test for excess errors)
WARNING: libgomp.fortran/reference1.f90  -O3 -fomit-frame-pointer -funroll-loops  compilation failed to produce executable
FAIL: libgomp.fortran/reference1.f90  -O3 -fomit-frame-pointer -funroll-all-loops -finline-functions  (test for excess errors)
WARNING: libgomp.fortran/reference1.f90  -O3 -fomit-frame-pointer -funroll-all-loops -finline-functions  compilation failed to produce executable
FAIL: libgomp.fortran/reference1.f90  -O3 -g  (test for excess errors)
WARNING: libgomp.fortran/reference1.f90  -O3 -g  compilation failed to produce executable
FAIL: libgomp.fortran/threadprivate2.f90  -O3 -fomit-frame-pointer  (test for excess errors)
WARNING: libgomp.fortran/threadprivate2.f90  -O3 -fomit-frame-pointer  compilation failed to produce executable
FAIL: libgomp.fortran/threadprivate2.f90  -O3 -fomit-frame-pointer -funroll-loops  (test for excess errors)
WARNING: libgomp.fortran/threadprivate2.f90  -O3 -fomit-frame-pointer -funroll-loops  compilation failed to produce executable
FAIL: libgomp.fortran/threadprivate2.f90  -O3 -fomit-frame-pointer -funroll-all-loops -finline-functions  (test for excess errors)
WARNING: libgomp.fortran/threadprivate2.f90  -O3 -fomit-frame-pointer -funroll-all-loops -finline-functions  compilation failed to produce executable
FAIL: libgomp.fortran/threadprivate2.f90  -O3 -g  (test for excess errors)
WARNING: libgomp.fortran/threadprivate2.f90  -O3 -g  compilation failed to produce executable
FAIL: libgomp.fortran/vla4.f90  -O3 -fomit-frame-pointer  (test for excess errors)
WARNING: libgomp.fortran/vla4.f90  -O3 -fomit-frame-pointer  compilation failed to produce executable
FAIL: libgomp.fortran/vla4.f90  -O3 -g  (test for excess errors)
WARNING: libgomp.fortran/vla4.f90  -O3 -g  compilation failed to produce executable
FAIL: libgomp.fortran/vla5.f90  -O3 -fomit-frame-pointer  (test for excess errors)
WARNING: libgomp.fortran/vla5.f90  -O3 -fomit-frame-pointer  compilation failed to produce executable
FAIL: libgomp.fortran/vla5.f90  -O3 -g  (test for excess errors)
WARNING: libgomp.fortran/vla5.f90  -O3 -g  compilation failed to produce executable

		=== libgomp Summary for unix/-m32 ===

# of expected passes		1046
# of unexpected failures	12

Running target unix
FAIL: libgomp.fortran/reference1.f90  -O3 -fomit-frame-pointer  (test for excess errors)
WARNING: libgomp.fortran/reference1.f90  -O3 -fomit-frame-pointer  compilation failed to produce executable
FAIL: libgomp.fortran/reference1.f90  -O3 -fomit-frame-pointer -funroll-loops  (test for excess errors)
WARNING: libgomp.fortran/reference1.f90  -O3 -fomit-frame-pointer -funroll-loops  compilation failed to produce executable
FAIL: libgomp.fortran/reference1.f90  -O3 -fomit-frame-pointer -funroll-all-loops -finline-functions  (test for excess errors)
WARNING: libgomp.fortran/reference1.f90  -O3 -fomit-frame-pointer -funroll-all-loops -finline-functions  compilation failed to produce executable
FAIL: libgomp.fortran/reference1.f90  -O3 -g  (test for excess errors)
WARNING: libgomp.fortran/reference1.f90  -O3 -g  compilation failed to produce executable
FAIL: libgomp.fortran/threadprivate2.f90  -O3 -fomit-frame-pointer  (test for excess errors)
WARNING: libgomp.fortran/threadprivate2.f90  -O3 -fomit-frame-pointer  compilation failed to produce executable
FAIL: libgomp.fortran/threadprivate2.f90  -O3 -fomit-frame-pointer -funroll-loops  (test for excess errors)
WARNING: libgomp.fortran/threadprivate2.f90  -O3 -fomit-frame-pointer -funroll-loops  compilation failed to produce executable
FAIL: libgomp.fortran/threadprivate2.f90  -O3 -fomit-frame-pointer -funroll-all-loops -finline-functions  (test for excess errors)
WARNING: libgomp.fortran/threadprivate2.f90  -O3 -fomit-frame-pointer -funroll-all-loops -finline-functions  compilation failed to produce executable
FAIL: libgomp.fortran/threadprivate2.f90  -O3 -g  (test for excess errors)
WARNING: libgomp.fortran/threadprivate2.f90  -O3 -g  compilation failed to produce executable
FAIL: libgomp.fortran/vla4.f90  -O3 -fomit-frame-pointer  (test for excess errors)
WARNING: libgomp.fortran/vla4.f90  -O3 -fomit-frame-pointer  compilation failed to produce executable
FAIL: libgomp.fortran/vla4.f90  -O3 -g  (test for excess errors)
WARNING: libgomp.fortran/vla4.f90  -O3 -g  compilation failed to produce executable
FAIL: libgomp.fortran/vla5.f90  -O3 -fomit-frame-pointer  (test for excess errors)
WARNING: libgomp.fortran/vla5.f90  -O3 -fomit-frame-pointer  compilation failed to produce executable
FAIL: libgomp.fortran/vla5.f90  -O3 -g  (test for excess errors)
WARNING: libgomp.fortran/vla5.f90  -O3 -g  compilation failed to produce executable

		=== libgomp Summary for unix ===

# of expected passes		1047
# of unexpected failures	12

		=== libgomp Summary ===

# of expected passes		2093
# of unexpected failures	24
		=== libjava tests ===


Running target unix/-m32

		=== libjava Summary for unix/-m32 ===

# of expected passes		4047
# of expected failures		10
# of untested testcases		8

Running target unix

		=== libjava Summary for unix ===

# of expected passes		4047
# of expected failures		10
# of untested testcases		8

		=== libjava Summary ===

# of expected passes		8094
# of expected failures		20
# of untested testcases		16
		=== libmudflap tests ===


Running target unix/-m32
FAIL: libmudflap.cth/pass37-frag.c (-static -DSTATIC) execution test
FAIL: libmudflap.cth/pass37-frag.c (-static -DSTATIC) output pattern test
FAIL: libmudflap.cth/pass37-frag.c (-static -DSTATIC) (rerun 1) execution test
FAIL: libmudflap.cth/pass37-frag.c (-static -DSTATIC) (rerun 1) output pattern test
FAIL: libmudflap.cth/pass37-frag.c (-static -DSTATIC) (rerun 2) execution test
FAIL: libmudflap.cth/pass37-frag.c (-static -DSTATIC) (rerun 2) output pattern test
FAIL: libmudflap.cth/pass37-frag.c (-static -DSTATIC) (rerun 3) execution test
FAIL: libmudflap.cth/pass37-frag.c (-static -DSTATIC) (rerun 3) output pattern test
FAIL: libmudflap.cth/pass37-frag.c (-static -DSTATIC) (rerun 4) execution test
FAIL: libmudflap.cth/pass37-frag.c (-static -DSTATIC) (rerun 4) output pattern test
FAIL: libmudflap.cth/pass37-frag.c (-static -DSTATIC) (rerun 5) execution test
FAIL: libmudflap.cth/pass37-frag.c (-static -DSTATIC) (rerun 5) output pattern test
FAIL: libmudflap.cth/pass37-frag.c (-static -DSTATIC) (rerun 6) execution test
FAIL: libmudflap.cth/pass37-frag.c (-static -DSTATIC) (rerun 6) output pattern test
FAIL: libmudflap.cth/pass37-frag.c (-static -DSTATIC) (rerun 7) execution test
FAIL: libmudflap.cth/pass37-frag.c (-static -DSTATIC) (rerun 7) output pattern test
FAIL: libmudflap.cth/pass37-frag.c (-static -DSTATIC) (rerun 8) execution test
FAIL: libmudflap.cth/pass37-frag.c (-static -DSTATIC) (rerun 8) output pattern test
FAIL: libmudflap.cth/pass37-frag.c (-static -DSTATIC) (rerun 9) execution test
FAIL: libmudflap.cth/pass37-frag.c (-static -DSTATIC) (rerun 9) output pattern test
FAIL: libmudflap.cth/pass37-frag.c (-static -DSTATIC) (rerun 10) execution test
FAIL: libmudflap.cth/pass37-frag.c (-static -DSTATIC) (rerun 10) output pattern test
FAIL: libmudflap.cth/pass37-frag.c (-static -DSTATIC) (rerun 11) execution test
FAIL: libmudflap.cth/pass37-frag.c (-static -DSTATIC) (rerun 11) output pattern test
FAIL: libmudflap.cth/pass37-frag.c (-static -DSTATIC) (rerun 12) execution test
FAIL: libmudflap.cth/pass37-frag.c (-static -DSTATIC) (rerun 12) output pattern test
FAIL: libmudflap.cth/pass37-frag.c (-static -DSTATIC) (rerun 13) execution test
FAIL: libmudflap.cth/pass37-frag.c (-static -DSTATIC) (rerun 13) output pattern test
FAIL: libmudflap.cth/pass37-frag.c (-static -DSTATIC) (rerun 14) execution test
FAIL: libmudflap.cth/pass37-frag.c (-static -DSTATIC) (rerun 14) output pattern test
FAIL: libmudflap.cth/pass37-frag.c (-static -DSTATIC) (rerun 15) execution test
FAIL: libmudflap.cth/pass37-frag.c (-static -DSTATIC) (rerun 15) output pattern test
FAIL: libmudflap.cth/pass37-frag.c (-static -DSTATIC) (rerun 16) execution test
FAIL: libmudflap.cth/pass37-frag.c (-static -DSTATIC) (rerun 16) output pattern test
FAIL: libmudflap.cth/pass37-frag.c (-static -DSTATIC) (rerun 17) execution test
FAIL: libmudflap.cth/pass37-frag.c (-static -DSTATIC) (rerun 17) output pattern test
FAIL: libmudflap.cth/pass37-frag.c (-static -DSTATIC) (rerun 18) execution test
FAIL: libmudflap.cth/pass37-frag.c (-static -DSTATIC) (rerun 18) output pattern test
FAIL: libmudflap.cth/pass37-frag.c (-static -DSTATIC) (rerun 19) execution test
FAIL: libmudflap.cth/pass37-frag.c (-static -DSTATIC) (rerun 19) output pattern test
FAIL: libmudflap.cth/pass39-frag.c (-static -DSTATIC) execution test
FAIL: libmudflap.cth/pass39-frag.c (-static -DSTATIC) output pattern test
FAIL: libmudflap.cth/pass39-frag.c (-static -DSTATIC) (rerun 1) execution test
FAIL: libmudflap.cth/pass39-frag.c (-static -DSTATIC) (rerun 1) output pattern test
FAIL: libmudflap.cth/pass39-frag.c (-static -DSTATIC) (rerun 2) execution test
FAIL: libmudflap.cth/pass39-frag.c (-static -DSTATIC) (rerun 2) output pattern test
FAIL: libmudflap.cth/pass39-frag.c (-static -DSTATIC) (rerun 3) execution test
FAIL: libmudflap.cth/pass39-frag.c (-static -DSTATIC) (rerun 3) output pattern test
FAIL: libmudflap.cth/pass39-frag.c (-static -DSTATIC) (rerun 4) execution test
FAIL: libmudflap.cth/pass39-frag.c (-static -DSTATIC) (rerun 4) output pattern test
FAIL: libmudflap.cth/pass39-frag.c (-static -DSTATIC) (rerun 5) execution test
FAIL: libmudflap.cth/pass39-frag.c (-static -DSTATIC) (rerun 5) output pattern test
FAIL: libmudflap.cth/pass39-frag.c (-static -DSTATIC) (rerun 6) execution test
FAIL: libmudflap.cth/pass39-frag.c (-static -DSTATIC) (rerun 6) output pattern test
FAIL: libmudflap.cth/pass39-frag.c (-static -DSTATIC) (rerun 7) execution test
FAIL: libmudflap.cth/pass39-frag.c (-static -DSTATIC) (rerun 7) output pattern test
FAIL: libmudflap.cth/pass39-frag.c (-static -DSTATIC) (rerun 8) execution test
FAIL: libmudflap.cth/pass39-frag.c (-static -DSTATIC) (rerun 8) output pattern test
FAIL: libmudflap.cth/pass39-frag.c (-static -DSTATIC) (rerun 9) execution test
FAIL: libmudflap.cth/pass39-frag.c (-static -DSTATIC) (rerun 9) output pattern test
FAIL: libmudflap.cth/pass39-frag.c (-static -DSTATIC) (rerun 10) execution test
FAIL: libmudflap.cth/pass39-frag.c (-static -DSTATIC) (rerun 10) output pattern test
FAIL: libmudflap.cth/pass39-frag.c (-static -DSTATIC) (rerun 11) execution test
FAIL: libmudflap.cth/pass39-frag.c (-static -DSTATIC) (rerun 11) output pattern test
FAIL: libmudflap.cth/pass39-frag.c (-static -DSTATIC) (rerun 12) execution test
FAIL: libmudflap.cth/pass39-frag.c (-static -DSTATIC) (rerun 12) output pattern test
FAIL: libmudflap.cth/pass39-frag.c (-static -DSTATIC) (rerun 13) execution test
FAIL: libmudflap.cth/pass39-frag.c (-static -DSTATIC) (rerun 13) output pattern test
FAIL: libmudflap.cth/pass39-frag.c (-static -DSTATIC) (rerun 14) execution test
FAIL: libmudflap.cth/pass39-frag.c (-static -DSTATIC) (rerun 14) output pattern test
FAIL: libmudflap.cth/pass39-frag.c (-static -DSTATIC) (rerun 15) execution test
FAIL: libmudflap.cth/pass39-frag.c (-static -DSTATIC) (rerun 15) output pattern test
FAIL: libmudflap.cth/pass39-frag.c (-static -DSTATIC) (rerun 16) execution test
FAIL: libmudflap.cth/pass39-frag.c (-static -DSTATIC) (rerun 16) output pattern test
FAIL: libmudflap.cth/pass39-frag.c (-static -DSTATIC) (rerun 17) execution test
FAIL: libmudflap.cth/pass39-frag.c (-static -DSTATIC) (rerun 17) output pattern test
FAIL: libmudflap.cth/pass39-frag.c (-static -DSTATIC) (rerun 18) execution test
FAIL: libmudflap.cth/pass39-frag.c (-static -DSTATIC) (rerun 18) output pattern test
FAIL: libmudflap.cth/pass39-frag.c (-static -DSTATIC) (rerun 19) execution test
FAIL: libmudflap.cth/pass39-frag.c (-static -DSTATIC) (rerun 19) output pattern test
FAIL: libmudflap.cth/pass40-frag.c (-static -DSTATIC) execution test
FAIL: libmudflap.cth/pass40-frag.c (-static -DSTATIC) output pattern test

		=== libmudflap Summary for unix/-m32 ===

# of expected passes		1707
# of unexpected failures	82

Running target unix

		=== libmudflap Summary for unix ===

# of expected passes		1789

		=== libmudflap Summary ===

# of expected passes		3496
# of unexpected failures	82
		=== libstdc++ tests ===


Running target unix/-m32
FAIL: 22_locale/messages/members/char/1.cc execution test
FAIL: 22_locale/messages/members/char/2.cc execution test
FAIL: 22_locale/messages/members/char/wrapped_env.cc execution test
FAIL: 22_locale/messages/members/char/wrapped_locale.cc execution test
FAIL: 22_locale/messages_byname/named_equivalence.cc execution test
XPASS: 26_numerics/cmath/c99_classification_macros_c.cc (test for excess errors)

		=== libstdc++ Summary for unix/-m32 ===

# of expected passes		4128
# of unexpected failures	5
# of unexpected successes	1
# of expected failures		12
# of unsupported tests		4

Running target unix
XPASS: 26_numerics/cmath/c99_classification_macros_c.cc (test for excess errors)
XPASS: 27_io/fpos/14320-1.cc execution test

		=== libstdc++ Summary for unix ===

# of expected passes		4133
# of unexpected successes	2
# of expected failures		11
# of unsupported tests		4

		=== libstdc++ Summary ===

# of expected passes		8261
# of unexpected failures	5
# of unexpected successes	3
# of expected failures		23
# of unsupported tests		8

Compiler version: 4.2.0 20060227 (experimental) [trunk revision 111486 clean] 
Platform: x86_64-unknown-linux-gnu
configure flags: --enable-clocale=gnu --with-system-zlib --with-demangler-in-ld --enable-shared --enable-threads=posix --enable-haifa --disable-checking --prefix=/usr/gcc-4.2 --with-local-prefix=/usr/local --enable-languages=c,c++,fortran,java,objc


Index Nav: [Date Index] [Subject Index] [Author Index] [Thread Index]
Message Nav: [Date Prev] [Date Next] [Thread Prev] [Thread Next]