This is the mail archive of the gcc-testresults@gcc.gnu.org mailing list for the GCC project.


Index Nav: [Date Index] [Subject Index] [Author Index] [Thread Index]
Message Nav: [Date Prev] [Date Next] [Thread Prev] [Thread Next]
Other format: [Raw text]

Results for 4.2.0 20060227 (experimental) testsuite on powerpc-apple-darwin8.3.0


This build run by an automatic regression tester.
See <http://gcc.gnu.org/regtest/HEAD/> for more information.

Date: 2006-02-27T09:45:45Z
Revision: 111472
URL: svn://gcc.gnu.org/svn/gcc/trunk
Status: regress-12
Prev-Endtime: 2006-02-27T07:05:48Z

LAST_UPDATED: 
Native configuration is powerpc-apple-darwin8.3.0

		=== g++ tests ===


Running target unix
FAIL: g++.dg/abi/thunk4.C scan-assembler .weak[ \\t]_?_ZThn._N7Derived3FooEv
FAIL: g++.dg/init/ctor4.C (test for excess errors)
FAIL: g++.dg/parse/register1.C (test for excess errors)
FAIL: g++.dg/warn/huge-val1.C (test for excess errors)
FAIL: g++.dg/warn/weak1.C (test for excess errors)
WARNING: g++.dg/warn/weak1.C compilation failed to produce executable
FAIL: g++.dg/special/conpr-3.C execution test
FAIL: g++.old-deja/g++.brendan/warnings4.C (test for excess errors)
FAIL: g++.old-deja/g++.jason/overload34.C (test for excess errors)
FAIL: g++.old-deja/g++.mike/p11110.C (test for excess errors)

		=== g++ Summary ===

# of expected passes		11948
# of unexpected failures	9
# of expected failures		66
# of unsupported tests		118
/Users/regress/tbox/native/build/gcc/testsuite/g++/../../g++  version 4.2.0 20060227 (experimental)

		=== gcc tests ===


Running target unix
FAIL: tmpdir-gcc.dg-struct-layout-1/t001 c_compat_x_tst.o-c_compat_y_tst.o execute 
FAIL: tmpdir-gcc.dg-struct-layout-1/t024 c_compat_x_tst.o-c_compat_y_tst.o execute 
FAIL: tmpdir-gcc.dg-struct-layout-1/t025 c_compat_x_tst.o-c_compat_y_tst.o execute 
FAIL: tmpdir-gcc.dg-struct-layout-1/t026 c_compat_x_tst.o-c_compat_y_tst.o execute 
FAIL: tmpdir-gcc.dg-struct-layout-1/t027 c_compat_x_tst.o-c_compat_y_tst.o execute 
FAIL: tmpdir-gcc.dg-struct-layout-1/t028 c_compat_x_tst.o-c_compat_y_tst.o execute 
FAIL: gcc.dg/tree-ssa/20030730-1.c scan-tree-dump-times if  0
FAIL: gcc.dg/tree-ssa/20030730-2.c scan-tree-dump-times if  0
FAIL: gcc.dg/tree-ssa/20030807-2.c scan-tree-dump-times if  0
FAIL: gcc.dg/tree-ssa/pr26421.c scan-tree-dump-times V_MAY_DEF 1
FAIL: gcc.target/powerpc/pr18096-1.c stack frame too large (test for warnings, line 11)
FAIL: gcc.target/powerpc/pr18096-1.c (test for excess errors)
FAIL: gcc.target/powerpc/stabs-attrib-vect-darwin.c scan-assembler .stabs.*vi:\\\\(0,16\\\\)=@V

		=== gcc Summary ===

# of expected passes		39618
# of unexpected failures	13
# of expected failures		114
# of untested testcases		28
# of unsupported tests		423
/Users/regress/tbox/native/build/gcc/xgcc  version 4.2.0 20060227 (experimental)

		=== objc tests ===


Running target unix
FAIL: objc.dg-struct-layout-encoding-1/t002_main.m execution test
FAIL: objc.dg-struct-layout-encoding-1/t003_main.m execution test
FAIL: objc.dg-struct-layout-encoding-1/t004_main.m execution test
FAIL: objc.dg-struct-layout-encoding-1/t006_main.m execution test
FAIL: objc.dg-struct-layout-encoding-1/t007_main.m execution test
FAIL: objc.dg-struct-layout-encoding-1/t008_main.m execution test
FAIL: objc.dg-struct-layout-encoding-1/t011_main.m execution test
FAIL: objc.dg-struct-layout-encoding-1/t012_main.m execution test
FAIL: objc.dg-struct-layout-encoding-1/t015_main.m execution test
FAIL: objc.dg-struct-layout-encoding-1/t022_main.m execution test

		=== objc Summary ===

# of expected passes		2958
# of unexpected failures	10
# of expected failures		7
# of unsupported tests		1
/Users/regress/tbox/native/build/gcc/xgcc  version 4.2.0 20060227 (experimental)

		=== libffi tests ===


Running target unix

		=== libffi Summary ===

# of expected passes		262
# of expected failures		2
# of unsupported tests		2
		=== libgomp tests ===


Running target unix

		=== libgomp Summary ===

# of expected passes		122
# of unsupported tests		5
		=== libjava tests ===


Running target unix
FAIL: Thread_Sleep output - source compiled test

		=== libjava Summary ===

# of expected passes		4046
# of unexpected failures	1
# of expected failures		10
# of untested testcases		8
		=== libstdc++ tests ===


Running target unix
FAIL: 25_algorithms/prev_permutation/1.cc execution test
FAIL: 26_numerics/complex/13450.cc execution test
FAIL: 27_io/objects/char/6.cc execution test
FAIL: 27_io/objects/wchar_t/6.cc execution test

		=== libstdc++ Summary ===

# of expected passes		3490
# of unexpected failures	4
# of expected failures		13
# of unsupported tests		323

Compiler version: 4.2.0 20060227 (experimental) 
Platform: powerpc-apple-darwin8.3.0
configure flags: --prefix=/Users/regress/tbox/objs --target=powerpc-apple-darwin8.3.0 --enable-languages=c,c++,java,objc


Index Nav: [Date Index] [Subject Index] [Author Index] [Thread Index]
Message Nav: [Date Prev] [Date Next] [Thread Prev] [Thread Next]