This is the mail archive of the gcc-testresults@gcc.gnu.org mailing list for the GCC project.


Index Nav: [Date Index] [Subject Index] [Author Index] [Thread Index]
Message Nav: [Date Prev] [Date Next] [Thread Prev] [Thread Next]
Other format: [Raw text]

Results for 4.0.0 20050210 (experimental) testsuite on i686-pc-linux-gnu


LAST_UPDATED: 
Native configuration is i686-pc-linux-gnu

		=== g++ tests ===


Running target unix

		=== g++ Summary ===

# of expected passes		10692
# of expected failures		70
# of unsupported tests		56
/home/builder/nightly-build/build/i686/obj/tco/gcc/gcc/testsuite/../g++  version 4.0.0 20050210 (experimental)

		=== gcc tests ===


Running target unix
WARNING: program timed out.
FAIL: gcc.c-torture/compile/pr14692.c  -Os  (test for excess errors)
FAIL: gcc.dg/cleanup-10.c execution test
FAIL: gcc.dg/cleanup-11.c execution test
FAIL: gcc.dg/cleanup-8.c execution test
FAIL: gcc.dg/cleanup-9.c execution test
WARNING: program timed out.
FAIL: ./import-2.h -O0 -g (test for excess errors)
FAIL: ./import-2.h  -O0  (test for excess errors)
FAIL: ./import-2.h  -O1  (test for excess errors)
FAIL: ./import-2.h  -O2  (test for excess errors)
FAIL: ./import-2.h  -O3 -fomit-frame-pointer  (test for excess errors)
FAIL: ./import-2.h  -O3 -g  (test for excess errors)
FAIL: ./import-2.h  -Os  (test for excess errors)
XPASS: gcc.dg/vect/vect-22.c scan-tree-dump-times vectorized 3 loops 1

		=== gcc Summary ===

# of expected passes		32960
# of unexpected failures	12
# of unexpected successes	1
# of expected failures		89
# of untested testcases		42
# of unsupported tests		307
/home/builder/nightly-build/build/i686/obj/tco/gcc/gcc/xgcc  version 4.0.0 20050210 (experimental)

		=== libstdc++ tests ===


Running target unix
XPASS: 22_locale/locale/cons/12658_thread-1.cc execution test
XPASS: 26_numerics/cmath/c99_classification_macros_c.cc (test for excess errors)

		=== libstdc++ Summary ===

# of expected passes		3478
# of unexpected successes	2
# of expected failures		5

Compiler version: 4.0.0 20050210 (experimental) 
Platform: i686-pc-linux-gnu
configure flags: --prefix=/opt/toolchain/tco-20060227 --with-system-zlib --enable-nls --without-included-gettext --enable-languages=c,c++
Counting all warnings,
there are 0 warnings in stage3 of this bootstrap.

Number of warnings per file:

Number of warning types:


Index Nav: [Date Index] [Subject Index] [Author Index] [Thread Index]
Message Nav: [Date Prev] [Date Next] [Thread Prev] [Thread Next]