This is the mail archive of the gcc-testresults@gcc.gnu.org mailing list for the GCC project.


Index Nav: [Date Index] [Subject Index] [Author Index] [Thread Index]
Message Nav: [Date Prev] [Date Next] [Thread Prev] [Thread Next]
Other format: [Raw text]

Results for 4.2.0 20060226 (experimental) testsuite on i386-unknown-netbsdelf2.1


LAST_UPDATED: Sun Feb 26 17:55:16 UTC 2006 (revision 111454)

Native configuration is i386-unknown-netbsdelf2.1

		=== g++ tests ===


Running target unix
FAIL: g++.dg/init/ctor4.C (test for excess errors)
FAIL: g++.dg/parse/register1.C (test for excess errors)
FAIL: g++.old-deja/g++.brendan/warnings4.C (test for excess errors)
FAIL: g++.old-deja/g++.jason/overload34.C (test for excess errors)
FAIL: g++.old-deja/g++.mike/p11110.C (test for excess errors)
XPASS: g++.old-deja/g++.other/init5.C execution test

		=== g++ Summary ===

# of expected passes		12026
# of unexpected failures	5
# of unexpected successes	1
# of expected failures		65
# of unsupported tests		88
/gcctmp/gcc060226/build/gcc/testsuite/g++/../../g++  version 4.2.0 20060226 (experimental)

		=== gcc tests ===


Running target unix
FAIL: gcc.c-torture/execute/conversion.c execution,  -O0 
FAIL: gcc.c-torture/execute/conversion.c execution,  -O1 
FAIL: gcc.c-torture/execute/conversion.c execution,  -O2 
FAIL: gcc.c-torture/execute/ieee/rbug.c execution,  -O0 
FAIL: gcc.c-torture/execute/ieee/rbug.c execution,  -O1 
FAIL: gcc.c-torture/execute/ieee/rbug.c execution,  -O2 
FAIL: gcc.dg/builtins-20.c (test for excess errors)
FAIL: largefile.c -O0 -g (test for excess errors)
FAIL: largefile.c  -O0  (test for excess errors)
FAIL: largefile.c  -O1  (test for excess errors)
FAIL: largefile.c  -O2  (test for excess errors)
FAIL: largefile.c  -O3 -fomit-frame-pointer  (test for excess errors)
FAIL: largefile.c  -O3 -g  (test for excess errors)
FAIL: largefile.c  -Os  (test for excess errors)
FAIL: gcc.dg/special/gcsec-1.c execution test
FAIL: gcc.dg/torture/builtin-convert-1.c  -O1  (test for excess errors)
FAIL: gcc.dg/torture/builtin-convert-1.c  -O2  (test for excess errors)
FAIL: gcc.dg/torture/builtin-convert-1.c  -O3 -fomit-frame-pointer  (test for excess errors)
FAIL: gcc.dg/torture/builtin-convert-1.c  -O3 -g  (test for excess errors)
FAIL: gcc.dg/torture/builtin-convert-1.c  -Os  (test for excess errors)
FAIL: gcc.dg/torture/builtin-convert-2.c  -O1  (test for excess errors)
FAIL: gcc.dg/torture/builtin-convert-2.c  -O2  (test for excess errors)
FAIL: gcc.dg/torture/builtin-convert-2.c  -O3 -fomit-frame-pointer  (test for excess errors)
FAIL: gcc.dg/torture/builtin-convert-2.c  -O3 -g  (test for excess errors)
FAIL: gcc.dg/torture/builtin-convert-2.c  -Os  (test for excess errors)
FAIL: gcc.dg/torture/builtin-convert-3.c  -O1  (test for excess errors)
FAIL: gcc.dg/torture/builtin-convert-3.c  -O2  (test for excess errors)
FAIL: gcc.dg/torture/builtin-convert-3.c  -O3 -fomit-frame-pointer  (test for excess errors)
FAIL: gcc.dg/torture/builtin-convert-3.c  -O3 -g  (test for excess errors)
FAIL: gcc.dg/torture/builtin-convert-3.c  -Os  (test for excess errors)
FAIL: gcc.dg/torture/builtin-power-1.c  -O0  (test for excess errors)
FAIL: gcc.dg/torture/builtin-power-1.c  -O1  (test for excess errors)
FAIL: gcc.dg/torture/builtin-power-1.c  -O2  (test for excess errors)
FAIL: gcc.dg/torture/builtin-power-1.c  -O3 -fomit-frame-pointer  (test for excess errors)
FAIL: gcc.dg/torture/builtin-power-1.c  -O3 -g  (test for excess errors)
FAIL: gcc.dg/torture/builtin-power-1.c  -Os  (test for excess errors)
FAIL: gcc.dg/torture/fp-int-convert-float.c  -O0  execution test
FAIL: gcc.dg/torture/fp-int-convert-float.c  -O1  execution test
FAIL: gcc.dg/torture/fp-int-convert-float.c  -O2  execution test
FAIL: gcc.dg/torture/fp-int-convert-float.c  -O3 -fomit-frame-pointer  execution test
FAIL: gcc.dg/torture/fp-int-convert-float.c  -O3 -g  execution test
FAIL: gcc.dg/torture/fp-int-convert-float.c  -Os  execution test
FAIL: gcc.dg/torture/fp-int-convert-float80.c  -O0  execution test
FAIL: gcc.dg/torture/fp-int-convert-float80.c  -O1  execution test
FAIL: gcc.dg/torture/fp-int-convert-float80.c  -O2  execution test
FAIL: gcc.dg/torture/fp-int-convert-float80.c  -O3 -fomit-frame-pointer  execution test
FAIL: gcc.dg/torture/fp-int-convert-float80.c  -O3 -g  execution test
FAIL: gcc.dg/torture/fp-int-convert-float80.c  -Os  execution test
FAIL: gcc.dg/torture/fp-int-convert-long-double.c  -O0  execution test
FAIL: gcc.dg/torture/fp-int-convert-long-double.c  -O1  execution test
FAIL: gcc.dg/torture/fp-int-convert-long-double.c  -O2  execution test
FAIL: gcc.dg/torture/fp-int-convert-long-double.c  -O3 -fomit-frame-pointer  execution test
FAIL: gcc.dg/torture/fp-int-convert-long-double.c  -O3 -g  execution test
FAIL: gcc.dg/torture/fp-int-convert-long-double.c  -Os  execution test
FAIL: gcc.dg/tree-ssa/20030730-1.c scan-tree-dump-times if  0
FAIL: gcc.dg/tree-ssa/20030730-2.c scan-tree-dump-times if  0
FAIL: gcc.dg/tree-ssa/20030807-2.c scan-tree-dump-times if  0
XPASS: gcc.dg/tree-ssa/20040204-1.c scan-tree-dump-times link_error 0
FAIL: gcc.dg/vect/pr23831.c (test for excess errors)

		=== gcc Summary ===

# of expected passes		38909
# of unexpected failures	58
# of unexpected successes	1
# of expected failures		109
# of untested testcases		35
# of unsupported tests		300
/gcctmp/gcc060226/build/gcc/xgcc  version 4.2.0 20060226 (experimental)

		=== gfortran tests ===


Running target unix
FAIL: gfortran.fortran-torture/execute/intrinsic_fraction_exponent.f90 execution,  -O0 
FAIL: gfortran.fortran-torture/execute/intrinsic_fraction_exponent.f90 execution,  -O1 
FAIL: gfortran.fortran-torture/execute/intrinsic_fraction_exponent.f90 execution,  -O2 
FAIL: gfortran.fortran-torture/execute/intrinsic_fraction_exponent.f90 execution,  -O3 -fomit-frame-pointer 
FAIL: gfortran.fortran-torture/execute/intrinsic_fraction_exponent.f90 execution,  -O3 -fomit-frame-pointer -funroll-loops 
FAIL: gfortran.fortran-torture/execute/intrinsic_fraction_exponent.f90 execution,  -O3 -fomit-frame-pointer -funroll-all-loops -finline-functions 
FAIL: gfortran.fortran-torture/execute/intrinsic_fraction_exponent.f90 execution,  -O3 -g 
FAIL: gfortran.fortran-torture/execute/intrinsic_fraction_exponent.f90 execution,  -Os 
FAIL: gfortran.fortran-torture/execute/intrinsic_set_exponent.f90 execution,  -O0 
FAIL: gfortran.fortran-torture/execute/intrinsic_set_exponent.f90 execution,  -O1 
FAIL: gfortran.fortran-torture/execute/intrinsic_set_exponent.f90 execution,  -O2 
FAIL: gfortran.fortran-torture/execute/intrinsic_set_exponent.f90 execution,  -O3 -fomit-frame-pointer 
FAIL: gfortran.fortran-torture/execute/intrinsic_set_exponent.f90 execution,  -O3 -fomit-frame-pointer -funroll-loops 
FAIL: gfortran.fortran-torture/execute/intrinsic_set_exponent.f90 execution,  -O3 -fomit-frame-pointer -funroll-all-loops -finline-functions 
FAIL: gfortran.fortran-torture/execute/intrinsic_set_exponent.f90 execution,  -O3 -g 
FAIL: gfortran.fortran-torture/execute/intrinsic_set_exponent.f90 execution,  -Os 

		=== gfortran Summary ===

# of expected passes		11973
# of unexpected failures	16
# of expected failures		7
# of unsupported tests		64
/gcctmp/gcc060226/build/gcc/testsuite/gfortran/../../gfortran  version 4.2.0 20060226 (experimental)

		=== obj-c++ tests ===


Running target unix
FAIL: obj-c++.dg/comp-types-10.mm (test for excess errors)
FAIL: obj-c++.dg/cxx-ivars-2.mm execution test
FAIL: obj-c++.dg/encode-3.mm (test for excess errors)
FAIL: obj-c++.dg/encode-8.mm execution test
FAIL: obj-c++.dg/isa-field-1.mm (test for excess errors)
FAIL: obj-c++.dg/lookup-2.mm (test for excess errors)
WARNING: obj-c++.dg/lookup-2.mm compilation failed to produce executable
FAIL: obj-c++.dg/try-catch-2.mm (test for excess errors)
WARNING: obj-c++.dg/try-catch-2.mm compilation failed to produce executable
FAIL: obj-c++.dg/try-catch-9.mm (test for excess errors)
WARNING: obj-c++.dg/try-catch-9.mm compilation failed to produce executable

		=== obj-c++ Summary ===

# of expected passes		421
# of unexpected failures	8
# of unsupported tests		13
/gcctmp/gcc060226/build/gcc/testsuite/obj-c++/../../g++  version 4.2.0 20060226 (experimental)

		=== objc tests ===


Running target unix

		=== objc Summary ===

# of expected passes		1747
# of expected failures		7
# of unsupported tests		23
/gcctmp/gcc060226/build/gcc/xgcc  version 4.2.0 20060226 (experimental)

		=== treelang tests ===


Running target unix

		=== treelang Summary ===

# of expected passes		50
		=== libffi tests ===


Running target unix
FAIL: libffi.call/return_fl2.c execution test

		=== libffi Summary ===

# of expected passes		265
# of unexpected failures	1
# of unsupported tests		2
		=== libgomp tests ===


Running target unix
FAIL: libgomp.c/appendix-a/a.15.1.c execution test
FAIL: libgomp.c/appendix-a/a.16.1.c execution test
FAIL: libgomp.c/appendix-a/a.18.1.c execution test
FAIL: libgomp.c/appendix-a/a.19.1.c execution test
FAIL: libgomp.c/appendix-a/a.2.1.c execution test
FAIL: libgomp.c/appendix-a/a.21.1.c execution test
FAIL: libgomp.c/appendix-a/a.26.1.c execution test
FAIL: libgomp.c/appendix-a/a.29.1.c execution test
FAIL: libgomp.c/appendix-a/a.3.1.c execution test
FAIL: libgomp.c/appendix-a/a.36.1.c execution test
FAIL: libgomp.c/appendix-a/a.39.1.c execution test
FAIL: libgomp.c/appendix-a/a.4.1.c execution test
FAIL: libgomp.c/appendix-a/a.5.1.c execution test
FAIL: libgomp.c/atomic-1.c execution test
FAIL: libgomp.c/atomic-10.c execution test
FAIL: libgomp.c/atomic-2.c execution test
FAIL: libgomp.c/barrier-1.c execution test
FAIL: libgomp.c/critical-1.c execution test
FAIL: libgomp.c/critical-2.c execution test
FAIL: libgomp.c/lib-1.c execution test
FAIL: libgomp.c/loop-1.c execution test
FAIL: libgomp.c/loop-2.c execution test
FAIL: libgomp.c/loop-3.c execution test
FAIL: libgomp.c/nested-1.c execution test
FAIL: libgomp.c/nested-2.c execution test
FAIL: libgomp.c/nestedfn-1.c execution test
FAIL: libgomp.c/nestedfn-2.c execution test
FAIL: libgomp.c/nestedfn-3.c execution test
FAIL: libgomp.c/omp-loop01.c execution test
FAIL: libgomp.c/omp-loop02.c execution test
FAIL: libgomp.c/omp-loop03.c execution test
FAIL: libgomp.c/omp-nested-1.c execution test
FAIL: libgomp.c/omp-parallel-for.c execution test
FAIL: libgomp.c/omp-parallel-if.c execution test
FAIL: libgomp.c/omp-single-1.c execution test
FAIL: libgomp.c/omp-single-2.c execution test
FAIL: libgomp.c/omp-single-3.c execution test
FAIL: libgomp.c/omp_hello.c execution test
FAIL: libgomp.c/omp_matvec.c execution test
FAIL: libgomp.c/omp_orphan.c execution test
FAIL: libgomp.c/omp_reduction.c execution test
FAIL: libgomp.c/omp_workshare1.c execution test
FAIL: libgomp.c/omp_workshare2.c execution test
FAIL: libgomp.c/omp_workshare4.c execution test
FAIL: libgomp.c/ordered-1.c execution test
FAIL: libgomp.c/ordered-2.c execution test
FAIL: libgomp.c/ordered-3.c execution test
FAIL: libgomp.c/parallel-1.c execution test
FAIL: libgomp.c/reduction-1.c execution test
FAIL: libgomp.c/reduction-2.c execution test
FAIL: libgomp.c/reduction-3.c execution test
FAIL: libgomp.c/reduction-4.c execution test
FAIL: libgomp.c/sections-1.c execution test
FAIL: libgomp.c/shared-1.c execution test
FAIL: libgomp.c/shared-2.c execution test
FAIL: libgomp.c/shared-3.c execution test
FAIL: libgomp.c/single-1.c execution test
FAIL: libgomp.c/single-2.c execution test
FAIL: libgomp.c/vla-1.c execution test
FAIL: libgomp.fortran/appendix-a/a.16.1.f90  -O0  (test for excess errors)
WARNING: libgomp.fortran/appendix-a/a.16.1.f90  -O0  compilation failed to produce executable
FAIL: libgomp.fortran/appendix-a/a.16.1.f90  -O1  (test for excess errors)
WARNING: libgomp.fortran/appendix-a/a.16.1.f90  -O1  compilation failed to produce executable
FAIL: libgomp.fortran/appendix-a/a.16.1.f90  -O2  (test for excess errors)
WARNING: libgomp.fortran/appendix-a/a.16.1.f90  -O2  compilation failed to produce executable
FAIL: libgomp.fortran/appendix-a/a.16.1.f90  -O3 -fomit-frame-pointer  (test for excess errors)
WARNING: libgomp.fortran/appendix-a/a.16.1.f90  -O3 -fomit-frame-pointer  compilation failed to produce executable
FAIL: libgomp.fortran/appendix-a/a.16.1.f90  -O3 -fomit-frame-pointer -funroll-loops  (test for excess errors)
WARNING: libgomp.fortran/appendix-a/a.16.1.f90  -O3 -fomit-frame-pointer -funroll-loops  compilation failed to produce executable
FAIL: libgomp.fortran/appendix-a/a.16.1.f90  -O3 -fomit-frame-pointer -funroll-all-loops -finline-functions  (test for excess errors)
WARNING: libgomp.fortran/appendix-a/a.16.1.f90  -O3 -fomit-frame-pointer -funroll-all-loops -finline-functions  compilation failed to produce executable
FAIL: libgomp.fortran/appendix-a/a.16.1.f90  -O3 -g  (test for excess errors)
WARNING: libgomp.fortran/appendix-a/a.16.1.f90  -O3 -g  compilation failed to produce executable
FAIL: libgomp.fortran/appendix-a/a.16.1.f90  -Os  (test for excess errors)
WARNING: libgomp.fortran/appendix-a/a.16.1.f90  -Os  compilation failed to produce executable
FAIL: libgomp.fortran/appendix-a/a.18.1.f90  -O0  (test for excess errors)
WARNING: libgomp.fortran/appendix-a/a.18.1.f90  -O0  compilation failed to produce executable
FAIL: libgomp.fortran/appendix-a/a.18.1.f90  -O1  (test for excess errors)
WARNING: libgomp.fortran/appendix-a/a.18.1.f90  -O1  compilation failed to produce executable
FAIL: libgomp.fortran/appendix-a/a.18.1.f90  -O2  (test for excess errors)
WARNING: libgomp.fortran/appendix-a/a.18.1.f90  -O2  compilation failed to produce executable
FAIL: libgomp.fortran/appendix-a/a.18.1.f90  -O3 -fomit-frame-pointer  (test for excess errors)
WARNING: libgomp.fortran/appendix-a/a.18.1.f90  -O3 -fomit-frame-pointer  compilation failed to produce executable
FAIL: libgomp.fortran/appendix-a/a.18.1.f90  -O3 -fomit-frame-pointer -funroll-loops  (test for excess errors)
WARNING: libgomp.fortran/appendix-a/a.18.1.f90  -O3 -fomit-frame-pointer -funroll-loops  compilation failed to produce executable
FAIL: libgomp.fortran/appendix-a/a.18.1.f90  -O3 -fomit-frame-pointer -funroll-all-loops -finline-functions  (test for excess errors)
WARNING: libgomp.fortran/appendix-a/a.18.1.f90  -O3 -fomit-frame-pointer -funroll-all-loops -finline-functions  compilation failed to produce executable
FAIL: libgomp.fortran/appendix-a/a.18.1.f90  -O3 -g  (test for excess errors)
WARNING: libgomp.fortran/appendix-a/a.18.1.f90  -O3 -g  compilation failed to produce executable
FAIL: libgomp.fortran/appendix-a/a.18.1.f90  -Os  (test for excess errors)
WARNING: libgomp.fortran/appendix-a/a.18.1.f90  -Os  compilation failed to produce executable
FAIL: libgomp.fortran/appendix-a/a.19.1.f90  -O0  (test for excess errors)
WARNING: libgomp.fortran/appendix-a/a.19.1.f90  -O0  compilation failed to produce executable
FAIL: libgomp.fortran/appendix-a/a.19.1.f90  -O1  (test for excess errors)
WARNING: libgomp.fortran/appendix-a/a.19.1.f90  -O1  compilation failed to produce executable
FAIL: libgomp.fortran/appendix-a/a.19.1.f90  -O2  (test for excess errors)
WARNING: libgomp.fortran/appendix-a/a.19.1.f90  -O2  compilation failed to produce executable
FAIL: libgomp.fortran/appendix-a/a.19.1.f90  -O3 -fomit-frame-pointer  (test for excess errors)
WARNING: libgomp.fortran/appendix-a/a.19.1.f90  -O3 -fomit-frame-pointer  compilation failed to produce executable
FAIL: libgomp.fortran/appendix-a/a.19.1.f90  -O3 -fomit-frame-pointer -funroll-loops  (test for excess errors)
WARNING: libgomp.fortran/appendix-a/a.19.1.f90  -O3 -fomit-frame-pointer -funroll-loops  compilation failed to produce executable
FAIL: libgomp.fortran/appendix-a/a.19.1.f90  -O3 -fomit-frame-pointer -funroll-all-loops -finline-functions  (test for excess errors)
WARNING: libgomp.fortran/appendix-a/a.19.1.f90  -O3 -fomit-frame-pointer -funroll-all-loops -finline-functions  compilation failed to produce executable
FAIL: libgomp.fortran/appendix-a/a.19.1.f90  -O3 -g  (test for excess errors)
WARNING: libgomp.fortran/appendix-a/a.19.1.f90  -O3 -g  compilation failed to produce executable
FAIL: libgomp.fortran/appendix-a/a.19.1.f90  -Os  (test for excess errors)
WARNING: libgomp.fortran/appendix-a/a.19.1.f90  -Os  compilation failed to produce executable
FAIL: libgomp.fortran/appendix-a/a.2.1.f90  -O0  (test for excess errors)
WARNING: libgomp.fortran/appendix-a/a.2.1.f90  -O0  compilation failed to produce executable
FAIL: libgomp.fortran/appendix-a/a.2.1.f90  -O1  (test for excess errors)
WARNING: libgomp.fortran/appendix-a/a.2.1.f90  -O1  compilation failed to produce executable
FAIL: libgomp.fortran/appendix-a/a.2.1.f90  -O2  (test for excess errors)
WARNING: libgomp.fortran/appendix-a/a.2.1.f90  -O2  compilation failed to produce executable
FAIL: libgomp.fortran/appendix-a/a.2.1.f90  -O3 -fomit-frame-pointer  (test for excess errors)
WARNING: libgomp.fortran/appendix-a/a.2.1.f90  -O3 -fomit-frame-pointer  compilation failed to produce executable
FAIL: libgomp.fortran/appendix-a/a.2.1.f90  -O3 -fomit-frame-pointer -funroll-loops  (test for excess errors)
WARNING: libgomp.fortran/appendix-a/a.2.1.f90  -O3 -fomit-frame-pointer -funroll-loops  compilation failed to produce executable
FAIL: libgomp.fortran/appendix-a/a.2.1.f90  -O3 -fomit-frame-pointer -funroll-all-loops -finline-functions  (test for excess errors)
WARNING: libgomp.fortran/appendix-a/a.2.1.f90  -O3 -fomit-frame-pointer -funroll-all-loops -finline-functions  compilation failed to produce executable
FAIL: libgomp.fortran/appendix-a/a.2.1.f90  -O3 -g  (test for excess errors)
WARNING: libgomp.fortran/appendix-a/a.2.1.f90  -O3 -g  compilation failed to produce executable
FAIL: libgomp.fortran/appendix-a/a.2.1.f90  -Os  (test for excess errors)
WARNING: libgomp.fortran/appendix-a/a.2.1.f90  -Os  compilation failed to produce executable
FAIL: libgomp.fortran/appendix-a/a.26.1.f90  -O0  (test for excess errors)
WARNING: libgomp.fortran/appendix-a/a.26.1.f90  -O0  compilation failed to produce executable
FAIL: libgomp.fortran/appendix-a/a.26.1.f90  -O1  (test for excess errors)
WARNING: libgomp.fortran/appendix-a/a.26.1.f90  -O1  compilation failed to produce executable
FAIL: libgomp.fortran/appendix-a/a.26.1.f90  -O2  (test for excess errors)
WARNING: libgomp.fortran/appendix-a/a.26.1.f90  -O2  compilation failed to produce executable
FAIL: libgomp.fortran/appendix-a/a.26.1.f90  -O3 -fomit-frame-pointer  (test for excess errors)
WARNING: libgomp.fortran/appendix-a/a.26.1.f90  -O3 -fomit-frame-pointer  compilation failed to produce executable
FAIL: libgomp.fortran/appendix-a/a.26.1.f90  -O3 -fomit-frame-pointer -funroll-loops  (test for excess errors)
WARNING: libgomp.fortran/appendix-a/a.26.1.f90  -O3 -fomit-frame-pointer -funroll-loops  compilation failed to produce executable
FAIL: libgomp.fortran/appendix-a/a.26.1.f90  -O3 -fomit-frame-pointer -funroll-all-loops -finline-functions  (test for excess errors)
WARNING: libgomp.fortran/appendix-a/a.26.1.f90  -O3 -fomit-frame-pointer -funroll-all-loops -finline-functions  compilation failed to produce executable
FAIL: libgomp.fortran/appendix-a/a.26.1.f90  -O3 -g  (test for excess errors)
WARNING: libgomp.fortran/appendix-a/a.26.1.f90  -O3 -g  compilation failed to produce executable
FAIL: libgomp.fortran/appendix-a/a.26.1.f90  -Os  (test for excess errors)
WARNING: libgomp.fortran/appendix-a/a.26.1.f90  -Os  compilation failed to produce executable
FAIL: libgomp.fortran/appendix-a/a.28.1.f90  -O0  (test for excess errors)
WARNING: libgomp.fortran/appendix-a/a.28.1.f90  -O0  compilation failed to produce executable
FAIL: libgomp.fortran/appendix-a/a.28.1.f90  -O1  (test for excess errors)
WARNING: libgomp.fortran/appendix-a/a.28.1.f90  -O1  compilation failed to produce executable
FAIL: libgomp.fortran/appendix-a/a.28.1.f90  -O2  (test for excess errors)
WARNING: libgomp.fortran/appendix-a/a.28.1.f90  -O2  compilation failed to produce executable
FAIL: libgomp.fortran/appendix-a/a.28.1.f90  -O3 -fomit-frame-pointer  (test for excess errors)
WARNING: libgomp.fortran/appendix-a/a.28.1.f90  -O3 -fomit-frame-pointer  compilation failed to produce executable
FAIL: libgomp.fortran/appendix-a/a.28.1.f90  -O3 -fomit-frame-pointer -funroll-loops  (test for excess errors)
WARNING: libgomp.fortran/appendix-a/a.28.1.f90  -O3 -fomit-frame-pointer -funroll-loops  compilation failed to produce executable
FAIL: libgomp.fortran/appendix-a/a.28.1.f90  -O3 -fomit-frame-pointer -funroll-all-loops -finline-functions  (test for excess errors)
WARNING: libgomp.fortran/appendix-a/a.28.1.f90  -O3 -fomit-frame-pointer -funroll-all-loops -finline-functions  compilation failed to produce executable
FAIL: libgomp.fortran/appendix-a/a.28.1.f90  -O3 -g  (test for excess errors)
WARNING: libgomp.fortran/appendix-a/a.28.1.f90  -O3 -g  compilation failed to produce executable
FAIL: libgomp.fortran/appendix-a/a.28.1.f90  -Os  (test for excess errors)
WARNING: libgomp.fortran/appendix-a/a.28.1.f90  -Os  compilation failed to produce executable
FAIL: libgomp.fortran/appendix-a/a.28.2.f90  -O0  (test for excess errors)
WARNING: libgomp.fortran/appendix-a/a.28.2.f90  -O0  compilation failed to produce executable
FAIL: libgomp.fortran/appendix-a/a.28.2.f90  -O1  (test for excess errors)
WARNING: libgomp.fortran/appendix-a/a.28.2.f90  -O1  compilation failed to produce executable
FAIL: libgomp.fortran/appendix-a/a.28.2.f90  -O2  (test for excess errors)
WARNING: libgomp.fortran/appendix-a/a.28.2.f90  -O2  compilation failed to produce executable
FAIL: libgomp.fortran/appendix-a/a.28.2.f90  -O3 -fomit-frame-pointer  (test for excess errors)
WARNING: libgomp.fortran/appendix-a/a.28.2.f90  -O3 -fomit-frame-pointer  compilation failed to produce executable
FAIL: libgomp.fortran/appendix-a/a.28.2.f90  -O3 -fomit-frame-pointer -funroll-loops  (test for excess errors)
WARNING: libgomp.fortran/appendix-a/a.28.2.f90  -O3 -fomit-frame-pointer -funroll-loops  compilation failed to produce executable
FAIL: libgomp.fortran/appendix-a/a.28.2.f90  -O3 -fomit-frame-pointer -funroll-all-loops -finline-functions  (test for excess errors)
WARNING: libgomp.fortran/appendix-a/a.28.2.f90  -O3 -fomit-frame-pointer -funroll-all-loops -finline-functions  compilation failed to produce executable
FAIL: libgomp.fortran/appendix-a/a.28.2.f90  -O3 -g  (test for excess errors)
WARNING: libgomp.fortran/appendix-a/a.28.2.f90  -O3 -g  compilation failed to produce executable
FAIL: libgomp.fortran/appendix-a/a.28.2.f90  -Os  (test for excess errors)
WARNING: libgomp.fortran/appendix-a/a.28.2.f90  -Os  compilation failed to produce executable
FAIL: libgomp.fortran/appendix-a/a.28.3.f90  -O0  (test for excess errors)
WARNING: libgomp.fortran/appendix-a/a.28.3.f90  -O0  compilation failed to produce executable
FAIL: libgomp.fortran/appendix-a/a.28.3.f90  -O1  (test for excess errors)
WARNING: libgomp.fortran/appendix-a/a.28.3.f90  -O1  compilation failed to produce executable
FAIL: libgomp.fortran/appendix-a/a.28.3.f90  -O2  (test for excess errors)
WARNING: libgomp.fortran/appendix-a/a.28.3.f90  -O2  compilation failed to produce executable
FAIL: libgomp.fortran/appendix-a/a.28.3.f90  -O3 -fomit-frame-pointer  (test for excess errors)
WARNING: libgomp.fortran/appendix-a/a.28.3.f90  -O3 -fomit-frame-pointer  compilation failed to produce executable
FAIL: libgomp.fortran/appendix-a/a.28.3.f90  -O3 -fomit-frame-pointer -funroll-loops  (test for excess errors)
WARNING: libgomp.fortran/appendix-a/a.28.3.f90  -O3 -fomit-frame-pointer -funroll-loops  compilation failed to produce executable
FAIL: libgomp.fortran/appendix-a/a.28.3.f90  -O3 -fomit-frame-pointer -funroll-all-loops -finline-functions  (test for excess errors)
WARNING: libgomp.fortran/appendix-a/a.28.3.f90  -O3 -fomit-frame-pointer -funroll-all-loops -finline-functions  compilation failed to produce executable
FAIL: libgomp.fortran/appendix-a/a.28.3.f90  -O3 -g  (test for excess errors)
WARNING: libgomp.fortran/appendix-a/a.28.3.f90  -O3 -g  compilation failed to produce executable
FAIL: libgomp.fortran/appendix-a/a.28.3.f90  -Os  (test for excess errors)
WARNING: libgomp.fortran/appendix-a/a.28.3.f90  -Os  compilation failed to produce executable
FAIL: libgomp.fortran/appendix-a/a.28.4.f90  -O0  (test for excess errors)
WARNING: libgomp.fortran/appendix-a/a.28.4.f90  -O0  compilation failed to produce executable
FAIL: libgomp.fortran/appendix-a/a.28.4.f90  -O1  (test for excess errors)
WARNING: libgomp.fortran/appendix-a/a.28.4.f90  -O1  compilation failed to produce executable
FAIL: libgomp.fortran/appendix-a/a.28.4.f90  -O2  (test for excess errors)
WARNING: libgomp.fortran/appendix-a/a.28.4.f90  -O2  compilation failed to produce executable
FAIL: libgomp.fortran/appendix-a/a.28.4.f90  -O3 -fomit-frame-pointer  (test for excess errors)
WARNING: libgomp.fortran/appendix-a/a.28.4.f90  -O3 -fomit-frame-pointer  compilation failed to produce executable
FAIL: libgomp.fortran/appendix-a/a.28.4.f90  -O3 -fomit-frame-pointer -funroll-loops  (test for excess errors)
WARNING: libgomp.fortran/appendix-a/a.28.4.f90  -O3 -fomit-frame-pointer -funroll-loops  compilation failed to produce executable
FAIL: libgomp.fortran/appendix-a/a.28.4.f90  -O3 -fomit-frame-pointer -funroll-all-loops -finline-functions  (test for excess errors)
WARNING: libgomp.fortran/appendix-a/a.28.4.f90  -O3 -fomit-frame-pointer -funroll-all-loops -finline-functions  compilation failed to produce executable
FAIL: libgomp.fortran/appendix-a/a.28.4.f90  -O3 -g  (test for excess errors)
WARNING: libgomp.fortran/appendix-a/a.28.4.f90  -O3 -g  compilation failed to produce executable
FAIL: libgomp.fortran/appendix-a/a.28.4.f90  -Os  (test for excess errors)
WARNING: libgomp.fortran/appendix-a/a.28.4.f90  -Os  compilation failed to produce executable
FAIL: libgomp.fortran/appendix-a/a.3.1.f90  -O0  (test for excess errors)
WARNING: libgomp.fortran/appendix-a/a.3.1.f90  -O0  compilation failed to produce executable
FAIL: libgomp.fortran/appendix-a/a.3.1.f90  -O1  (test for excess errors)
WARNING: libgomp.fortran/appendix-a/a.3.1.f90  -O1  compilation failed to produce executable
FAIL: libgomp.fortran/appendix-a/a.3.1.f90  -O2  (test for excess errors)
WARNING: libgomp.fortran/appendix-a/a.3.1.f90  -O2  compilation failed to produce executable
FAIL: libgomp.fortran/appendix-a/a.3.1.f90  -O3 -fomit-frame-pointer  (test for excess errors)
WARNING: libgomp.fortran/appendix-a/a.3.1.f90  -O3 -fomit-frame-pointer  compilation failed to produce executable
FAIL: libgomp.fortran/appendix-a/a.3.1.f90  -O3 -fomit-frame-pointer -funroll-loops  (test for excess errors)
WARNING: libgomp.fortran/appendix-a/a.3.1.f90  -O3 -fomit-frame-pointer -funroll-loops  compilation failed to produce executable
FAIL: libgomp.fortran/appendix-a/a.3.1.f90  -O3 -fomit-frame-pointer -funroll-all-loops -finline-functions  (test for excess errors)
WARNING: libgomp.fortran/appendix-a/a.3.1.f90  -O3 -fomit-frame-pointer -funroll-all-loops -finline-functions  compilation failed to produce executable
FAIL: libgomp.fortran/appendix-a/a.3.1.f90  -O3 -g  (test for excess errors)
WARNING: libgomp.fortran/appendix-a/a.3.1.f90  -O3 -g  compilation failed to produce executable
FAIL: libgomp.fortran/appendix-a/a.3.1.f90  -Os  (test for excess errors)
WARNING: libgomp.fortran/appendix-a/a.3.1.f90  -Os  compilation failed to produce executable
FAIL: libgomp.fortran/appendix-a/a.31.4.f90  -O0  (test for excess errors)
WARNING: libgomp.fortran/appendix-a/a.31.4.f90  -O0  compilation failed to produce executable
FAIL: libgomp.fortran/appendix-a/a.31.4.f90  -O1  (test for excess errors)
WARNING: libgomp.fortran/appendix-a/a.31.4.f90  -O1  compilation failed to produce executable
FAIL: libgomp.fortran/appendix-a/a.31.4.f90  -O2  (test for excess errors)
WARNING: libgomp.fortran/appendix-a/a.31.4.f90  -O2  compilation failed to produce executable
FAIL: libgomp.fortran/appendix-a/a.31.4.f90  -O3 -fomit-frame-pointer  (test for excess errors)
WARNING: libgomp.fortran/appendix-a/a.31.4.f90  -O3 -fomit-frame-pointer  compilation failed to produce executable
FAIL: libgomp.fortran/appendix-a/a.31.4.f90  -O3 -fomit-frame-pointer -funroll-loops  (test for excess errors)
WARNING: libgomp.fortran/appendix-a/a.31.4.f90  -O3 -fomit-frame-pointer -funroll-loops  compilation failed to produce executable
FAIL: libgomp.fortran/appendix-a/a.31.4.f90  -O3 -fomit-frame-pointer -funroll-all-loops -finline-functions  (test for excess errors)
WARNING: libgomp.fortran/appendix-a/a.31.4.f90  -O3 -fomit-frame-pointer -funroll-all-loops -finline-functions  compilation failed to produce executable
FAIL: libgomp.fortran/appendix-a/a.31.4.f90  -O3 -g  (test for excess errors)
WARNING: libgomp.fortran/appendix-a/a.31.4.f90  -O3 -g  compilation failed to produce executable
FAIL: libgomp.fortran/appendix-a/a.31.4.f90  -Os  (test for excess errors)
WARNING: libgomp.fortran/appendix-a/a.31.4.f90  -Os  compilation failed to produce executable
FAIL: libgomp.fortran/appendix-a/a.31.5.f90  -O0  (test for excess errors)
WARNING: libgomp.fortran/appendix-a/a.31.5.f90  -O0  compilation failed to produce executable
FAIL: libgomp.fortran/appendix-a/a.31.5.f90  -O1  (test for excess errors)
WARNING: libgomp.fortran/appendix-a/a.31.5.f90  -O1  compilation failed to produce executable
FAIL: libgomp.fortran/appendix-a/a.31.5.f90  -O2  (test for excess errors)
WARNING: libgomp.fortran/appendix-a/a.31.5.f90  -O2  compilation failed to produce executable
FAIL: libgomp.fortran/appendix-a/a.31.5.f90  -O3 -fomit-frame-pointer  (test for excess errors)
WARNING: libgomp.fortran/appendix-a/a.31.5.f90  -O3 -fomit-frame-pointer  compilation failed to produce executable
FAIL: libgomp.fortran/appendix-a/a.31.5.f90  -O3 -fomit-frame-pointer -funroll-loops  (test for excess errors)
WARNING: libgomp.fortran/appendix-a/a.31.5.f90  -O3 -fomit-frame-pointer -funroll-loops  compilation failed to produce executable
FAIL: libgomp.fortran/appendix-a/a.31.5.f90  -O3 -fomit-frame-pointer -funroll-all-loops -finline-functions  (test for excess errors)
WARNING: libgomp.fortran/appendix-a/a.31.5.f90  -O3 -fomit-frame-pointer -funroll-all-loops -finline-functions  compilation failed to produce executable
FAIL: libgomp.fortran/appendix-a/a.31.5.f90  -O3 -g  (test for excess errors)
WARNING: libgomp.fortran/appendix-a/a.31.5.f90  -O3 -g  compilation failed to produce executable
FAIL: libgomp.fortran/appendix-a/a.31.5.f90  -Os  (test for excess errors)
WARNING: libgomp.fortran/appendix-a/a.31.5.f90  -Os  compilation failed to produce executable
FAIL: libgomp.fortran/appendix-a/a.39.1.f90  -O0  (test for excess errors)
WARNING: libgomp.fortran/appendix-a/a.39.1.f90  -O0  compilation failed to produce executable
FAIL: libgomp.fortran/appendix-a/a.39.1.f90  -O1  (test for excess errors)
WARNING: libgomp.fortran/appendix-a/a.39.1.f90  -O1  compilation failed to produce executable
FAIL: libgomp.fortran/appendix-a/a.39.1.f90  -O2  (test for excess errors)
WARNING: libgomp.fortran/appendix-a/a.39.1.f90  -O2  compilation failed to produce executable
FAIL: libgomp.fortran/appendix-a/a.39.1.f90  -O3 -fomit-frame-pointer  (test for excess errors)
WARNING: libgomp.fortran/appendix-a/a.39.1.f90  -O3 -fomit-frame-pointer  compilation failed to produce executable
FAIL: libgomp.fortran/appendix-a/a.39.1.f90  -O3 -fomit-frame-pointer -funroll-loops  (test for excess errors)
WARNING: libgomp.fortran/appendix-a/a.39.1.f90  -O3 -fomit-frame-pointer -funroll-loops  compilation failed to produce executable
FAIL: libgomp.fortran/appendix-a/a.39.1.f90  -O3 -fomit-frame-pointer -funroll-all-loops -finline-functions  (test for excess errors)
WARNING: libgomp.fortran/appendix-a/a.39.1.f90  -O3 -fomit-frame-pointer -funroll-all-loops -finline-functions  compilation failed to produce executable
FAIL: libgomp.fortran/appendix-a/a.39.1.f90  -O3 -g  (test for excess errors)
WARNING: libgomp.fortran/appendix-a/a.39.1.f90  -O3 -g  compilation failed to produce executable
FAIL: libgomp.fortran/appendix-a/a.39.1.f90  -Os  (test for excess errors)
WARNING: libgomp.fortran/appendix-a/a.39.1.f90  -Os  compilation failed to produce executable
FAIL: libgomp.fortran/appendix-a/a.4.1.f90  -O0  (test for excess errors)
WARNING: libgomp.fortran/appendix-a/a.4.1.f90  -O0  compilation failed to produce executable
FAIL: libgomp.fortran/appendix-a/a.4.1.f90  -O1  (test for excess errors)
WARNING: libgomp.fortran/appendix-a/a.4.1.f90  -O1  compilation failed to produce executable
FAIL: libgomp.fortran/appendix-a/a.4.1.f90  -O2  (test for excess errors)
WARNING: libgomp.fortran/appendix-a/a.4.1.f90  -O2  compilation failed to produce executable
FAIL: libgomp.fortran/appendix-a/a.4.1.f90  -O3 -fomit-frame-pointer  (test for excess errors)
WARNING: libgomp.fortran/appendix-a/a.4.1.f90  -O3 -fomit-frame-pointer  compilation failed to produce executable
FAIL: libgomp.fortran/appendix-a/a.4.1.f90  -O3 -fomit-frame-pointer -funroll-loops  (test for excess errors)
WARNING: libgomp.fortran/appendix-a/a.4.1.f90  -O3 -fomit-frame-pointer -funroll-loops  compilation failed to produce executable
FAIL: libgomp.fortran/appendix-a/a.4.1.f90  -O3 -fomit-frame-pointer -funroll-all-loops -finline-functions  (test for excess errors)
WARNING: libgomp.fortran/appendix-a/a.4.1.f90  -O3 -fomit-frame-pointer -funroll-all-loops -finline-functions  compilation failed to produce executable
FAIL: libgomp.fortran/appendix-a/a.4.1.f90  -O3 -g  (test for excess errors)
WARNING: libgomp.fortran/appendix-a/a.4.1.f90  -O3 -g  compilation failed to produce executable
FAIL: libgomp.fortran/appendix-a/a.4.1.f90  -Os  (test for excess errors)
WARNING: libgomp.fortran/appendix-a/a.4.1.f90  -Os  compilation failed to produce executable
FAIL: libgomp.fortran/appendix-a/a.5.1.f90  -O0  (test for excess errors)
WARNING: libgomp.fortran/appendix-a/a.5.1.f90  -O0  compilation failed to produce executable
FAIL: libgomp.fortran/appendix-a/a.5.1.f90  -O1  (test for excess errors)
WARNING: libgomp.fortran/appendix-a/a.5.1.f90  -O1  compilation failed to produce executable
FAIL: libgomp.fortran/appendix-a/a.5.1.f90  -O2  (test for excess errors)
WARNING: libgomp.fortran/appendix-a/a.5.1.f90  -O2  compilation failed to produce executable
FAIL: libgomp.fortran/appendix-a/a.5.1.f90  -O3 -fomit-frame-pointer  (test for excess errors)
WARNING: libgomp.fortran/appendix-a/a.5.1.f90  -O3 -fomit-frame-pointer  compilation failed to produce executable
FAIL: libgomp.fortran/appendix-a/a.5.1.f90  -O3 -fomit-frame-pointer -funroll-loops  (test for excess errors)
WARNING: libgomp.fortran/appendix-a/a.5.1.f90  -O3 -fomit-frame-pointer -funroll-loops  compilation failed to produce executable
FAIL: libgomp.fortran/appendix-a/a.5.1.f90  -O3 -fomit-frame-pointer -funroll-all-loops -finline-functions  (test for excess errors)
WARNING: libgomp.fortran/appendix-a/a.5.1.f90  -O3 -fomit-frame-pointer -funroll-all-loops -finline-functions  compilation failed to produce executable
FAIL: libgomp.fortran/appendix-a/a.5.1.f90  -O3 -g  (test for excess errors)
WARNING: libgomp.fortran/appendix-a/a.5.1.f90  -O3 -g  compilation failed to produce executable
FAIL: libgomp.fortran/appendix-a/a.5.1.f90  -Os  (test for excess errors)
WARNING: libgomp.fortran/appendix-a/a.5.1.f90  -Os  compilation failed to produce executable
FAIL: libgomp.fortran/appendix-a/a10.1.f90  -O0  (test for excess errors)
WARNING: libgomp.fortran/appendix-a/a10.1.f90  -O0  compilation failed to produce executable
FAIL: libgomp.fortran/appendix-a/a10.1.f90  -O1  (test for excess errors)
WARNING: libgomp.fortran/appendix-a/a10.1.f90  -O1  compilation failed to produce executable
FAIL: libgomp.fortran/appendix-a/a10.1.f90  -O2  (test for excess errors)
WARNING: libgomp.fortran/appendix-a/a10.1.f90  -O2  compilation failed to produce executable
FAIL: libgomp.fortran/appendix-a/a10.1.f90  -O3 -fomit-frame-pointer  (test for excess errors)
WARNING: libgomp.fortran/appendix-a/a10.1.f90  -O3 -fomit-frame-pointer  compilation failed to produce executable
FAIL: libgomp.fortran/appendix-a/a10.1.f90  -O3 -fomit-frame-pointer -funroll-loops  (test for excess errors)
WARNING: libgomp.fortran/appendix-a/a10.1.f90  -O3 -fomit-frame-pointer -funroll-loops  compilation failed to produce executable
FAIL: libgomp.fortran/appendix-a/a10.1.f90  -O3 -fomit-frame-pointer -funroll-all-loops -finline-functions  (test for excess errors)
WARNING: libgomp.fortran/appendix-a/a10.1.f90  -O3 -fomit-frame-pointer -funroll-all-loops -finline-functions  compilation failed to produce executable
FAIL: libgomp.fortran/appendix-a/a10.1.f90  -O3 -g  (test for excess errors)
WARNING: libgomp.fortran/appendix-a/a10.1.f90  -O3 -g  compilation failed to produce executable
FAIL: libgomp.fortran/appendix-a/a10.1.f90  -Os  (test for excess errors)
WARNING: libgomp.fortran/appendix-a/a10.1.f90  -Os  compilation failed to produce executable
FAIL: libgomp.fortran/character1.f90  -O0  (test for excess errors)
WARNING: libgomp.fortran/character1.f90  -O0  compilation failed to produce executable
FAIL: libgomp.fortran/character1.f90  -O1  (test for excess errors)
WARNING: libgomp.fortran/character1.f90  -O1  compilation failed to produce executable
FAIL: libgomp.fortran/character1.f90  -O2  (test for excess errors)
WARNING: libgomp.fortran/character1.f90  -O2  compilation failed to produce executable
FAIL: libgomp.fortran/character1.f90  -O3 -fomit-frame-pointer  (test for excess errors)
WARNING: libgomp.fortran/character1.f90  -O3 -fomit-frame-pointer  compilation failed to produce executable
FAIL: libgomp.fortran/character1.f90  -O3 -fomit-frame-pointer -funroll-loops  (test for excess errors)
WARNING: libgomp.fortran/character1.f90  -O3 -fomit-frame-pointer -funroll-loops  compilation failed to produce executable
FAIL: libgomp.fortran/character1.f90  -O3 -fomit-frame-pointer -funroll-all-loops -finline-functions  (test for excess errors)
WARNING: libgomp.fortran/character1.f90  -O3 -fomit-frame-pointer -funroll-all-loops -finline-functions  compilation failed to produce executable
FAIL: libgomp.fortran/character1.f90  -O3 -g  (test for excess errors)
WARNING: libgomp.fortran/character1.f90  -O3 -g  compilation failed to produce executable
FAIL: libgomp.fortran/character1.f90  -Os  (test for excess errors)
WARNING: libgomp.fortran/character1.f90  -Os  compilation failed to produce executable
FAIL: libgomp.fortran/character2.f90  -O0  (test for excess errors)
WARNING: libgomp.fortran/character2.f90  -O0  compilation failed to produce executable
FAIL: libgomp.fortran/character2.f90  -O1  (test for excess errors)
WARNING: libgomp.fortran/character2.f90  -O1  compilation failed to produce executable
FAIL: libgomp.fortran/character2.f90  -O2  (test for excess errors)
WARNING: libgomp.fortran/character2.f90  -O2  compilation failed to produce executable
FAIL: libgomp.fortran/character2.f90  -O3 -fomit-frame-pointer  (test for excess errors)
WARNING: libgomp.fortran/character2.f90  -O3 -fomit-frame-pointer  compilation failed to produce executable
FAIL: libgomp.fortran/character2.f90  -O3 -fomit-frame-pointer -funroll-loops  (test for excess errors)
WARNING: libgomp.fortran/character2.f90  -O3 -fomit-frame-pointer -funroll-loops  compilation failed to produce executable
FAIL: libgomp.fortran/character2.f90  -O3 -fomit-frame-pointer -funroll-all-loops -finline-functions  (test for excess errors)
WARNING: libgomp.fortran/character2.f90  -O3 -fomit-frame-pointer -funroll-all-loops -finline-functions  compilation failed to produce executable
FAIL: libgomp.fortran/character2.f90  -O3 -g  (test for excess errors)
WARNING: libgomp.fortran/character2.f90  -O3 -g  compilation failed to produce executable
FAIL: libgomp.fortran/character2.f90  -Os  (test for excess errors)
WARNING: libgomp.fortran/character2.f90  -Os  compilation failed to produce executable
FAIL: libgomp.fortran/crayptr1.f90  -O0  (test for excess errors)
WARNING: libgomp.fortran/crayptr1.f90  -O0  compilation failed to produce executable
FAIL: libgomp.fortran/crayptr1.f90  -O1  (test for excess errors)
WARNING: libgomp.fortran/crayptr1.f90  -O1  compilation failed to produce executable
FAIL: libgomp.fortran/crayptr1.f90  -O2  (test for excess errors)
WARNING: libgomp.fortran/crayptr1.f90  -O2  compilation failed to produce executable
FAIL: libgomp.fortran/crayptr1.f90  -O3 -fomit-frame-pointer  (test for excess errors)
WARNING: libgomp.fortran/crayptr1.f90  -O3 -fomit-frame-pointer  compilation failed to produce executable
FAIL: libgomp.fortran/crayptr1.f90  -O3 -fomit-frame-pointer -funroll-loops  (test for excess errors)
WARNING: libgomp.fortran/crayptr1.f90  -O3 -fomit-frame-pointer -funroll-loops  compilation failed to produce executable
FAIL: libgomp.fortran/crayptr1.f90  -O3 -fomit-frame-pointer -funroll-all-loops -finline-functions  (test for excess errors)
WARNING: libgomp.fortran/crayptr1.f90  -O3 -fomit-frame-pointer -funroll-all-loops -finline-functions  compilation failed to produce executable
FAIL: libgomp.fortran/crayptr1.f90  -O3 -g  (test for excess errors)
WARNING: libgomp.fortran/crayptr1.f90  -O3 -g  compilation failed to produce executable
FAIL: libgomp.fortran/crayptr1.f90  -Os  (test for excess errors)
WARNING: libgomp.fortran/crayptr1.f90  -Os  compilation failed to produce executable
FAIL: libgomp.fortran/do1.f90  -O0  (test for excess errors)
WARNING: libgomp.fortran/do1.f90  -O0  compilation failed to produce executable
FAIL: libgomp.fortran/do1.f90  -O1  (test for excess errors)
WARNING: libgomp.fortran/do1.f90  -O1  compilation failed to produce executable
FAIL: libgomp.fortran/do1.f90  -O2  (test for excess errors)
WARNING: libgomp.fortran/do1.f90  -O2  compilation failed to produce executable
FAIL: libgomp.fortran/do1.f90  -O3 -fomit-frame-pointer  (test for excess errors)
WARNING: libgomp.fortran/do1.f90  -O3 -fomit-frame-pointer  compilation failed to produce executable
FAIL: libgomp.fortran/do1.f90  -O3 -fomit-frame-pointer -funroll-loops  (test for excess errors)
WARNING: libgomp.fortran/do1.f90  -O3 -fomit-frame-pointer -funroll-loops  compilation failed to produce executable
FAIL: libgomp.fortran/do1.f90  -O3 -fomit-frame-pointer -funroll-all-loops -finline-functions  (test for excess errors)
WARNING: libgomp.fortran/do1.f90  -O3 -fomit-frame-pointer -funroll-all-loops -finline-functions  compilation failed to produce executable
FAIL: libgomp.fortran/do1.f90  -O3 -g  (test for excess errors)
WARNING: libgomp.fortran/do1.f90  -O3 -g  compilation failed to produce executable
FAIL: libgomp.fortran/do1.f90  -Os  (test for excess errors)
WARNING: libgomp.fortran/do1.f90  -Os  compilation failed to produce executable
FAIL: libgomp.fortran/do2.f90  -O0  (test for excess errors)
WARNING: libgomp.fortran/do2.f90  -O0  compilation failed to produce executable
FAIL: libgomp.fortran/do2.f90  -O1  (test for excess errors)
WARNING: libgomp.fortran/do2.f90  -O1  compilation failed to produce executable
FAIL: libgomp.fortran/do2.f90  -O2  (test for excess errors)
WARNING: libgomp.fortran/do2.f90  -O2  compilation failed to produce executable
FAIL: libgomp.fortran/do2.f90  -O3 -fomit-frame-pointer  (test for excess errors)
WARNING: libgomp.fortran/do2.f90  -O3 -fomit-frame-pointer  compilation failed to produce executable
FAIL: libgomp.fortran/do2.f90  -O3 -fomit-frame-pointer -funroll-loops  (test for excess errors)
WARNING: libgomp.fortran/do2.f90  -O3 -fomit-frame-pointer -funroll-loops  compilation failed to produce executable
FAIL: libgomp.fortran/do2.f90  -O3 -fomit-frame-pointer -funroll-all-loops -finline-functions  (test for excess errors)
WARNING: libgomp.fortran/do2.f90  -O3 -fomit-frame-pointer -funroll-all-loops -finline-functions  compilation failed to produce executable
FAIL: libgomp.fortran/do2.f90  -O3 -g  (test for excess errors)
WARNING: libgomp.fortran/do2.f90  -O3 -g  compilation failed to produce executable
FAIL: libgomp.fortran/do2.f90  -Os  (test for excess errors)
WARNING: libgomp.fortran/do2.f90  -Os  compilation failed to produce executable
FAIL: libgomp.fortran/jacobi.f  -O0  (test for excess errors)
WARNING: libgomp.fortran/jacobi.f  -O0  compilation failed to produce executable
FAIL: libgomp.fortran/jacobi.f  -O1  (test for excess errors)
WARNING: libgomp.fortran/jacobi.f  -O1  compilation failed to produce executable
FAIL: libgomp.fortran/jacobi.f  -O2  (test for excess errors)
WARNING: libgomp.fortran/jacobi.f  -O2  compilation failed to produce executable
FAIL: libgomp.fortran/jacobi.f  -O3 -fomit-frame-pointer  (test for excess errors)
WARNING: libgomp.fortran/jacobi.f  -O3 -fomit-frame-pointer  compilation failed to produce executable
FAIL: libgomp.fortran/jacobi.f  -O3 -fomit-frame-pointer -funroll-loops  (test for excess errors)
WARNING: libgomp.fortran/jacobi.f  -O3 -fomit-frame-pointer -funroll-loops  compilation failed to produce executable
FAIL: libgomp.fortran/jacobi.f  -O3 -fomit-frame-pointer -funroll-all-loops -finline-functions  (test for excess errors)
WARNING: libgomp.fortran/jacobi.f  -O3 -fomit-frame-pointer -funroll-all-loops -finline-functions  compilation failed to produce executable
FAIL: libgomp.fortran/jacobi.f  -O3 -g  (test for excess errors)
WARNING: libgomp.fortran/jacobi.f  -O3 -g  compilation failed to produce executable
FAIL: libgomp.fortran/jacobi.f  -Os  (test for excess errors)
WARNING: libgomp.fortran/jacobi.f  -Os  compilation failed to produce executable
FAIL: libgomp.fortran/lib1.f90  -O0  (test for excess errors)
WARNING: libgomp.fortran/lib1.f90  -O0  compilation failed to produce executable
FAIL: libgomp.fortran/lib1.f90  -O1  (test for excess errors)
WARNING: libgomp.fortran/lib1.f90  -O1  compilation failed to produce executable
FAIL: libgomp.fortran/lib1.f90  -O2  (test for excess errors)
WARNING: libgomp.fortran/lib1.f90  -O2  compilation failed to produce executable
FAIL: libgomp.fortran/lib1.f90  -O3 -fomit-frame-pointer  (test for excess errors)
WARNING: libgomp.fortran/lib1.f90  -O3 -fomit-frame-pointer  compilation failed to produce executable
FAIL: libgomp.fortran/lib1.f90  -O3 -fomit-frame-pointer -funroll-loops  (test for excess errors)
WARNING: libgomp.fortran/lib1.f90  -O3 -fomit-frame-pointer -funroll-loops  compilation failed to produce executable
FAIL: libgomp.fortran/lib1.f90  -O3 -fomit-frame-pointer -funroll-all-loops -finline-functions  (test for excess errors)
WARNING: libgomp.fortran/lib1.f90  -O3 -fomit-frame-pointer -funroll-all-loops -finline-functions  compilation failed to produce executable
FAIL: libgomp.fortran/lib1.f90  -O3 -g  (test for excess errors)
WARNING: libgomp.fortran/lib1.f90  -O3 -g  compilation failed to produce executable
FAIL: libgomp.fortran/lib1.f90  -Os  (test for excess errors)
WARNING: libgomp.fortran/lib1.f90  -Os  compilation failed to produce executable
FAIL: libgomp.fortran/lib2.f  -O0  (test for excess errors)
WARNING: libgomp.fortran/lib2.f  -O0  compilation failed to produce executable
FAIL: libgomp.fortran/lib2.f  -O1  (test for excess errors)
WARNING: libgomp.fortran/lib2.f  -O1  compilation failed to produce executable
FAIL: libgomp.fortran/lib2.f  -O2  (test for excess errors)
WARNING: libgomp.fortran/lib2.f  -O2  compilation failed to produce executable
FAIL: libgomp.fortran/lib2.f  -O3 -fomit-frame-pointer  (test for excess errors)
WARNING: libgomp.fortran/lib2.f  -O3 -fomit-frame-pointer  compilation failed to produce executable
FAIL: libgomp.fortran/lib2.f  -O3 -fomit-frame-pointer -funroll-loops  (test for excess errors)
WARNING: libgomp.fortran/lib2.f  -O3 -fomit-frame-pointer -funroll-loops  compilation failed to produce executable
FAIL: libgomp.fortran/lib2.f  -O3 -fomit-frame-pointer -funroll-all-loops -finline-functions  (test for excess errors)
WARNING: libgomp.fortran/lib2.f  -O3 -fomit-frame-pointer -funroll-all-loops -finline-functions  compilation failed to produce executable
FAIL: libgomp.fortran/lib2.f  -O3 -g  (test for excess errors)
WARNING: libgomp.fortran/lib2.f  -O3 -g  compilation failed to produce executable
FAIL: libgomp.fortran/lib2.f  -Os  (test for excess errors)
WARNING: libgomp.fortran/lib2.f  -Os  compilation failed to produce executable
FAIL: libgomp.fortran/lib3.f  -O0  (test for excess errors)
WARNING: libgomp.fortran/lib3.f  -O0  compilation failed to produce executable
FAIL: libgomp.fortran/lib3.f  -O1  (test for excess errors)
WARNING: libgomp.fortran/lib3.f  -O1  compilation failed to produce executable
FAIL: libgomp.fortran/lib3.f  -O2  (test for excess errors)
WARNING: libgomp.fortran/lib3.f  -O2  compilation failed to produce executable
FAIL: libgomp.fortran/lib3.f  -O3 -fomit-frame-pointer  (test for excess errors)
WARNING: libgomp.fortran/lib3.f  -O3 -fomit-frame-pointer  compilation failed to produce executable
FAIL: libgomp.fortran/lib3.f  -O3 -fomit-frame-pointer -funroll-loops  (test for excess errors)
WARNING: libgomp.fortran/lib3.f  -O3 -fomit-frame-pointer -funroll-loops  compilation failed to produce executable
FAIL: libgomp.fortran/lib3.f  -O3 -fomit-frame-pointer -funroll-all-loops -finline-functions  (test for excess errors)
WARNING: libgomp.fortran/lib3.f  -O3 -fomit-frame-pointer -funroll-all-loops -finline-functions  compilation failed to produce executable
FAIL: libgomp.fortran/lib3.f  -O3 -g  (test for excess errors)
WARNING: libgomp.fortran/lib3.f  -O3 -g  compilation failed to produce executable
FAIL: libgomp.fortran/lib3.f  -Os  (test for excess errors)
WARNING: libgomp.fortran/lib3.f  -Os  compilation failed to produce executable
FAIL: libgomp.fortran/nestedfn1.f90  -O0  (test for excess errors)
WARNING: libgomp.fortran/nestedfn1.f90  -O0  compilation failed to produce executable
FAIL: libgomp.fortran/nestedfn1.f90  -O1  (test for excess errors)
WARNING: libgomp.fortran/nestedfn1.f90  -O1  compilation failed to produce executable
FAIL: libgomp.fortran/nestedfn1.f90  -O2  (test for excess errors)
WARNING: libgomp.fortran/nestedfn1.f90  -O2  compilation failed to produce executable
FAIL: libgomp.fortran/nestedfn1.f90  -O3 -fomit-frame-pointer  (test for excess errors)
WARNING: libgomp.fortran/nestedfn1.f90  -O3 -fomit-frame-pointer  compilation failed to produce executable
FAIL: libgomp.fortran/nestedfn1.f90  -O3 -fomit-frame-pointer -funroll-loops  (test for excess errors)
WARNING: libgomp.fortran/nestedfn1.f90  -O3 -fomit-frame-pointer -funroll-loops  compilation failed to produce executable
FAIL: libgomp.fortran/nestedfn1.f90  -O3 -fomit-frame-pointer -funroll-all-loops -finline-functions  (test for excess errors)
WARNING: libgomp.fortran/nestedfn1.f90  -O3 -fomit-frame-pointer -funroll-all-loops -finline-functions  compilation failed to produce executable
FAIL: libgomp.fortran/nestedfn1.f90  -O3 -g  (test for excess errors)
WARNING: libgomp.fortran/nestedfn1.f90  -O3 -g  compilation failed to produce executable
FAIL: libgomp.fortran/nestedfn1.f90  -Os  (test for excess errors)
WARNING: libgomp.fortran/nestedfn1.f90  -Os  compilation failed to produce executable
FAIL: libgomp.fortran/nestedfn2.f90  -O0  (test for excess errors)
WARNING: libgomp.fortran/nestedfn2.f90  -O0  compilation failed to produce executable
FAIL: libgomp.fortran/nestedfn2.f90  -O1  (test for excess errors)
WARNING: libgomp.fortran/nestedfn2.f90  -O1  compilation failed to produce executable
FAIL: libgomp.fortran/nestedfn2.f90  -O2  (test for excess errors)
WARNING: libgomp.fortran/nestedfn2.f90  -O2  compilation failed to produce executable
FAIL: libgomp.fortran/nestedfn2.f90  -O3 -fomit-frame-pointer  (test for excess errors)
WARNING: libgomp.fortran/nestedfn2.f90  -O3 -fomit-frame-pointer  compilation failed to produce executable
FAIL: libgomp.fortran/nestedfn2.f90  -O3 -fomit-frame-pointer -funroll-loops  (test for excess errors)
WARNING: libgomp.fortran/nestedfn2.f90  -O3 -fomit-frame-pointer -funroll-loops  compilation failed to produce executable
FAIL: libgomp.fortran/nestedfn2.f90  -O3 -fomit-frame-pointer -funroll-all-loops -finline-functions  (test for excess errors)
WARNING: libgomp.fortran/nestedfn2.f90  -O3 -fomit-frame-pointer -funroll-all-loops -finline-functions  compilation failed to produce executable
FAIL: libgomp.fortran/nestedfn2.f90  -O3 -g  (test for excess errors)
WARNING: libgomp.fortran/nestedfn2.f90  -O3 -g  compilation failed to produce executable
FAIL: libgomp.fortran/nestedfn2.f90  -Os  (test for excess errors)
WARNING: libgomp.fortran/nestedfn2.f90  -Os  compilation failed to produce executable
FAIL: libgomp.fortran/omp_atomic1.f90  -O0  (test for excess errors)
WARNING: libgomp.fortran/omp_atomic1.f90  -O0  compilation failed to produce executable
FAIL: libgomp.fortran/omp_atomic1.f90  -O1  (test for excess errors)
WARNING: libgomp.fortran/omp_atomic1.f90  -O1  compilation failed to produce executable
FAIL: libgomp.fortran/omp_atomic1.f90  -O2  (test for excess errors)
WARNING: libgomp.fortran/omp_atomic1.f90  -O2  compilation failed to produce executable
FAIL: libgomp.fortran/omp_atomic1.f90  -O3 -fomit-frame-pointer  (test for excess errors)
WARNING: libgomp.fortran/omp_atomic1.f90  -O3 -fomit-frame-pointer  compilation failed to produce executable
FAIL: libgomp.fortran/omp_atomic1.f90  -O3 -fomit-frame-pointer -funroll-loops  (test for excess errors)
WARNING: libgomp.fortran/omp_atomic1.f90  -O3 -fomit-frame-pointer -funroll-loops  compilation failed to produce executable
FAIL: libgomp.fortran/omp_atomic1.f90  -O3 -fomit-frame-pointer -funroll-all-loops -finline-functions  (test for excess errors)
WARNING: libgomp.fortran/omp_atomic1.f90  -O3 -fomit-frame-pointer -funroll-all-loops -finline-functions  compilation failed to produce executable
FAIL: libgomp.fortran/omp_atomic1.f90  -O3 -g  (test for excess errors)
WARNING: libgomp.fortran/omp_atomic1.f90  -O3 -g  compilation failed to produce executable
FAIL: libgomp.fortran/omp_atomic1.f90  -Os  (test for excess errors)
WARNING: libgomp.fortran/omp_atomic1.f90  -Os  compilation failed to produce executable
FAIL: libgomp.fortran/omp_atomic2.f90  -O0  (test for excess errors)
WARNING: libgomp.fortran/omp_atomic2.f90  -O0  compilation failed to produce executable
FAIL: libgomp.fortran/omp_atomic2.f90  -O1  (test for excess errors)
WARNING: libgomp.fortran/omp_atomic2.f90  -O1  compilation failed to produce executable
FAIL: libgomp.fortran/omp_atomic2.f90  -O2  (test for excess errors)
WARNING: libgomp.fortran/omp_atomic2.f90  -O2  compilation failed to produce executable
FAIL: libgomp.fortran/omp_atomic2.f90  -O3 -fomit-frame-pointer  (test for excess errors)
WARNING: libgomp.fortran/omp_atomic2.f90  -O3 -fomit-frame-pointer  compilation failed to produce executable
FAIL: libgomp.fortran/omp_atomic2.f90  -O3 -fomit-frame-pointer -funroll-loops  (test for excess errors)
WARNING: libgomp.fortran/omp_atomic2.f90  -O3 -fomit-frame-pointer -funroll-loops  compilation failed to produce executable
FAIL: libgomp.fortran/omp_atomic2.f90  -O3 -fomit-frame-pointer -funroll-all-loops -finline-functions  (test for excess errors)
WARNING: libgomp.fortran/omp_atomic2.f90  -O3 -fomit-frame-pointer -funroll-all-loops -finline-functions  compilation failed to produce executable
FAIL: libgomp.fortran/omp_atomic2.f90  -O3 -g  (test for excess errors)
WARNING: libgomp.fortran/omp_atomic2.f90  -O3 -g  compilation failed to produce executable
FAIL: libgomp.fortran/omp_atomic2.f90  -Os  (test for excess errors)
WARNING: libgomp.fortran/omp_atomic2.f90  -Os  compilation failed to produce executable
FAIL: libgomp.fortran/omp_cond1.f  -O  (test for excess errors)
WARNING: libgomp.fortran/omp_cond1.f  -O  compilation failed to produce executable
FAIL: libgomp.fortran/omp_cond2.f  -O  (test for excess errors)
WARNING: libgomp.fortran/omp_cond2.f  -O  compilation failed to produce executable
FAIL: libgomp.fortran/omp_cond3.F90  -O  (test for excess errors)
WARNING: libgomp.fortran/omp_cond3.F90  -O  compilation failed to produce executable
FAIL: libgomp.fortran/omp_cond4.F90  -O  (test for excess errors)
WARNING: libgomp.fortran/omp_cond4.F90  -O  compilation failed to produce executable
FAIL: libgomp.fortran/omp_hello.f  -O  (test for excess errors)
WARNING: libgomp.fortran/omp_hello.f  -O  compilation failed to produce executable
FAIL: libgomp.fortran/omp_orphan.f  -O  (test for excess errors)
WARNING: libgomp.fortran/omp_orphan.f  -O  compilation failed to produce executable
FAIL: libgomp.fortran/omp_parse1.f90  -O0  (test for excess errors)
WARNING: libgomp.fortran/omp_parse1.f90  -O0  compilation failed to produce executable
FAIL: libgomp.fortran/omp_parse1.f90  -O1  (test for excess errors)
WARNING: libgomp.fortran/omp_parse1.f90  -O1  compilation failed to produce executable
FAIL: libgomp.fortran/omp_parse1.f90  -O2  (test for excess errors)
WARNING: libgomp.fortran/omp_parse1.f90  -O2  compilation failed to produce executable
FAIL: libgomp.fortran/omp_parse1.f90  -O3 -fomit-frame-pointer  (test for excess errors)
WARNING: libgomp.fortran/omp_parse1.f90  -O3 -fomit-frame-pointer  compilation failed to produce executable
FAIL: libgomp.fortran/omp_parse1.f90  -O3 -fomit-frame-pointer -funroll-loops  (test for excess errors)
WARNING: libgomp.fortran/omp_parse1.f90  -O3 -fomit-frame-pointer -funroll-loops  compilation failed to produce executable
FAIL: libgomp.fortran/omp_parse1.f90  -O3 -fomit-frame-pointer -funroll-all-loops -finline-functions  (test for excess errors)
WARNING: libgomp.fortran/omp_parse1.f90  -O3 -fomit-frame-pointer -funroll-all-loops -finline-functions  compilation failed to produce executable
FAIL: libgomp.fortran/omp_parse1.f90  -O3 -g  (test for excess errors)
WARNING: libgomp.fortran/omp_parse1.f90  -O3 -g  compilation failed to produce executable
FAIL: libgomp.fortran/omp_parse1.f90  -Os  (test for excess errors)
WARNING: libgomp.fortran/omp_parse1.f90  -Os  compilation failed to produce executable
FAIL: libgomp.fortran/omp_parse2.f90  -O0  (test for excess errors)
WARNING: libgomp.fortran/omp_parse2.f90  -O0  compilation failed to produce executable
FAIL: libgomp.fortran/omp_parse2.f90  -O1  (test for excess errors)
WARNING: libgomp.fortran/omp_parse2.f90  -O1  compilation failed to produce executable
FAIL: libgomp.fortran/omp_parse2.f90  -O2  (test for excess errors)
WARNING: libgomp.fortran/omp_parse2.f90  -O2  compilation failed to produce executable
FAIL: libgomp.fortran/omp_parse2.f90  -O3 -fomit-frame-pointer  (test for excess errors)
WARNING: libgomp.fortran/omp_parse2.f90  -O3 -fomit-frame-pointer  compilation failed to produce executable
FAIL: libgomp.fortran/omp_parse2.f90  -O3 -fomit-frame-pointer -funroll-loops  (test for excess errors)
WARNING: libgomp.fortran/omp_parse2.f90  -O3 -fomit-frame-pointer -funroll-loops  compilation failed to produce executable
FAIL: libgomp.fortran/omp_parse2.f90  -O3 -fomit-frame-pointer -funroll-all-loops -finline-functions  (test for excess errors)
WARNING: libgomp.fortran/omp_parse2.f90  -O3 -fomit-frame-pointer -funroll-all-loops -finline-functions  compilation failed to produce executable
FAIL: libgomp.fortran/omp_parse2.f90  -O3 -g  (test for excess errors)
WARNING: libgomp.fortran/omp_parse2.f90  -O3 -g  compilation failed to produce executable
FAIL: libgomp.fortran/omp_parse2.f90  -Os  (test for excess errors)
WARNING: libgomp.fortran/omp_parse2.f90  -Os  compilation failed to produce executable
FAIL: libgomp.fortran/omp_parse4.f90  -O0  (test for excess errors)
WARNING: libgomp.fortran/omp_parse4.f90  -O0  compilation failed to produce executable
FAIL: libgomp.fortran/omp_parse4.f90  -O1  (test for excess errors)
WARNING: libgomp.fortran/omp_parse4.f90  -O1  compilation failed to produce executable
FAIL: libgomp.fortran/omp_parse4.f90  -O2  (test for excess errors)
WARNING: libgomp.fortran/omp_parse4.f90  -O2  compilation failed to produce executable
FAIL: libgomp.fortran/omp_parse4.f90  -O3 -fomit-frame-pointer  (test for excess errors)
WARNING: libgomp.fortran/omp_parse4.f90  -O3 -fomit-frame-pointer  compilation failed to produce executable
FAIL: libgomp.fortran/omp_parse4.f90  -O3 -fomit-frame-pointer -funroll-loops  (test for excess errors)
WARNING: libgomp.fortran/omp_parse4.f90  -O3 -fomit-frame-pointer -funroll-loops  compilation failed to produce executable
FAIL: libgomp.fortran/omp_parse4.f90  -O3 -fomit-frame-pointer -funroll-all-loops -finline-functions  (test for excess errors)
WARNING: libgomp.fortran/omp_parse4.f90  -O3 -fomit-frame-pointer -funroll-all-loops -finline-functions  compilation failed to produce executable
FAIL: libgomp.fortran/omp_parse4.f90  -O3 -g  (test for excess errors)
WARNING: libgomp.fortran/omp_parse4.f90  -O3 -g  compilation failed to produce executable
FAIL: libgomp.fortran/omp_parse4.f90  -Os  (test for excess errors)
WARNING: libgomp.fortran/omp_parse4.f90  -Os  compilation failed to produce executable
FAIL: libgomp.fortran/omp_reduction.f  -O  (test for excess errors)
WARNING: libgomp.fortran/omp_reduction.f  -O  compilation failed to produce executable
FAIL: libgomp.fortran/omp_workshare1.f  -O  (test for excess errors)
WARNING: libgomp.fortran/omp_workshare1.f  -O  compilation failed to produce executable
FAIL: libgomp.fortran/omp_workshare2.f  -O  (test for excess errors)
WARNING: libgomp.fortran/omp_workshare2.f  -O  compilation failed to produce executable
FAIL: libgomp.fortran/pr25219.f90  -O  (test for excess errors)
WARNING: libgomp.fortran/pr25219.f90  -O  compilation failed to produce executable
FAIL: libgomp.fortran/reduction1.f90  -O0  (test for excess errors)
WARNING: libgomp.fortran/reduction1.f90  -O0  compilation failed to produce executable
FAIL: libgomp.fortran/reduction1.f90  -O1  (test for excess errors)
WARNING: libgomp.fortran/reduction1.f90  -O1  compilation failed to produce executable
FAIL: libgomp.fortran/reduction1.f90  -O2  (test for excess errors)
WARNING: libgomp.fortran/reduction1.f90  -O2  compilation failed to produce executable
FAIL: libgomp.fortran/reduction1.f90  -O3 -fomit-frame-pointer  (test for excess errors)
WARNING: libgomp.fortran/reduction1.f90  -O3 -fomit-frame-pointer  compilation failed to produce executable
FAIL: libgomp.fortran/reduction1.f90  -O3 -fomit-frame-pointer -funroll-loops  (test for excess errors)
WARNING: libgomp.fortran/reduction1.f90  -O3 -fomit-frame-pointer -funroll-loops  compilation failed to produce executable
FAIL: libgomp.fortran/reduction1.f90  -O3 -fomit-frame-pointer -funroll-all-loops -finline-functions  (test for excess errors)
WARNING: libgomp.fortran/reduction1.f90  -O3 -fomit-frame-pointer -funroll-all-loops -finline-functions  compilation failed to produce executable
FAIL: libgomp.fortran/reduction1.f90  -O3 -g  (test for excess errors)
WARNING: libgomp.fortran/reduction1.f90  -O3 -g  compilation failed to produce executable
FAIL: libgomp.fortran/reduction1.f90  -Os  (test for excess errors)
WARNING: libgomp.fortran/reduction1.f90  -Os  compilation failed to produce executable
FAIL: libgomp.fortran/reduction2.f90  -O0  (test for excess errors)
WARNING: libgomp.fortran/reduction2.f90  -O0  compilation failed to produce executable
FAIL: libgomp.fortran/reduction2.f90  -O1  (test for excess errors)
WARNING: libgomp.fortran/reduction2.f90  -O1  compilation failed to produce executable
FAIL: libgomp.fortran/reduction2.f90  -O2  (test for excess errors)
WARNING: libgomp.fortran/reduction2.f90  -O2  compilation failed to produce executable
FAIL: libgomp.fortran/reduction2.f90  -O3 -fomit-frame-pointer  (test for excess errors)
WARNING: libgomp.fortran/reduction2.f90  -O3 -fomit-frame-pointer  compilation failed to produce executable
FAIL: libgomp.fortran/reduction2.f90  -O3 -fomit-frame-pointer -funroll-loops  (test for excess errors)
WARNING: libgomp.fortran/reduction2.f90  -O3 -fomit-frame-pointer -funroll-loops  compilation failed to produce executable
FAIL: libgomp.fortran/reduction2.f90  -O3 -fomit-frame-pointer -funroll-all-loops -finline-functions  (test for excess errors)
WARNING: libgomp.fortran/reduction2.f90  -O3 -fomit-frame-pointer -funroll-all-loops -finline-functions  compilation failed to produce executable
FAIL: libgomp.fortran/reduction2.f90  -O3 -g  (test for excess errors)
WARNING: libgomp.fortran/reduction2.f90  -O3 -g  compilation failed to produce executable
FAIL: libgomp.fortran/reduction2.f90  -Os  (test for excess errors)
WARNING: libgomp.fortran/reduction2.f90  -Os  compilation failed to produce executable
FAIL: libgomp.fortran/reduction3.f90  -O0  (test for excess errors)
WARNING: libgomp.fortran/reduction3.f90  -O0  compilation failed to produce executable
FAIL: libgomp.fortran/reduction3.f90  -O1  (test for excess errors)
WARNING: libgomp.fortran/reduction3.f90  -O1  compilation failed to produce executable
FAIL: libgomp.fortran/reduction3.f90  -O2  (test for excess errors)
WARNING: libgomp.fortran/reduction3.f90  -O2  compilation failed to produce executable
FAIL: libgomp.fortran/reduction3.f90  -O3 -fomit-frame-pointer  (test for excess errors)
WARNING: libgomp.fortran/reduction3.f90  -O3 -fomit-frame-pointer  compilation failed to produce executable
FAIL: libgomp.fortran/reduction3.f90  -O3 -fomit-frame-pointer -funroll-loops  (test for excess errors)
WARNING: libgomp.fortran/reduction3.f90  -O3 -fomit-frame-pointer -funroll-loops  compilation failed to produce executable
FAIL: libgomp.fortran/reduction3.f90  -O3 -fomit-frame-pointer -funroll-all-loops -finline-functions  (test for excess errors)
WARNING: libgomp.fortran/reduction3.f90  -O3 -fomit-frame-pointer -funroll-all-loops -finline-functions  compilation failed to produce executable
FAIL: libgomp.fortran/reduction3.f90  -O3 -g  (test for excess errors)
WARNING: libgomp.fortran/reduction3.f90  -O3 -g  compilation failed to produce executable
FAIL: libgomp.fortran/reduction3.f90  -Os  (test for excess errors)
WARNING: libgomp.fortran/reduction3.f90  -Os  compilation failed to produce executable
FAIL: libgomp.fortran/reduction4.f90  -O0  (test for excess errors)
WARNING: libgomp.fortran/reduction4.f90  -O0  compilation failed to produce executable
FAIL: libgomp.fortran/reduction4.f90  -O1  (test for excess errors)
WARNING: libgomp.fortran/reduction4.f90  -O1  compilation failed to produce executable
FAIL: libgomp.fortran/reduction4.f90  -O2  (test for excess errors)
WARNING: libgomp.fortran/reduction4.f90  -O2  compilation failed to produce executable
FAIL: libgomp.fortran/reduction4.f90  -O3 -fomit-frame-pointer  (test for excess errors)
WARNING: libgomp.fortran/reduction4.f90  -O3 -fomit-frame-pointer  compilation failed to produce executable
FAIL: libgomp.fortran/reduction4.f90  -O3 -fomit-frame-pointer -funroll-loops  (test for excess errors)
WARNING: libgomp.fortran/reduction4.f90  -O3 -fomit-frame-pointer -funroll-loops  compilation failed to produce executable
FAIL: libgomp.fortran/reduction4.f90  -O3 -fomit-frame-pointer -funroll-all-loops -finline-functions  (test for excess errors)
WARNING: libgomp.fortran/reduction4.f90  -O3 -fomit-frame-pointer -funroll-all-loops -finline-functions  compilation failed to produce executable
FAIL: libgomp.fortran/reduction4.f90  -O3 -g  (test for excess errors)
WARNING: libgomp.fortran/reduction4.f90  -O3 -g  compilation failed to produce executable
FAIL: libgomp.fortran/reduction4.f90  -Os  (test for excess errors)
WARNING: libgomp.fortran/reduction4.f90  -Os  compilation failed to produce executable
FAIL: libgomp.fortran/reduction5.f90  -O0  (test for excess errors)
WARNING: libgomp.fortran/reduction5.f90  -O0  compilation failed to produce executable
FAIL: libgomp.fortran/reduction5.f90  -O1  (test for excess errors)
WARNING: libgomp.fortran/reduction5.f90  -O1  compilation failed to produce executable
FAIL: libgomp.fortran/reduction5.f90  -O2  (test for excess errors)
WARNING: libgomp.fortran/reduction5.f90  -O2  compilation failed to produce executable
FAIL: libgomp.fortran/reduction5.f90  -O3 -fomit-frame-pointer  (test for excess errors)
WARNING: libgomp.fortran/reduction5.f90  -O3 -fomit-frame-pointer  compilation failed to produce executable
FAIL: libgomp.fortran/reduction5.f90  -O3 -fomit-frame-pointer -funroll-loops  (test for excess errors)
WARNING: libgomp.fortran/reduction5.f90  -O3 -fomit-frame-pointer -funroll-loops  compilation failed to produce executable
FAIL: libgomp.fortran/reduction5.f90  -O3 -fomit-frame-pointer -funroll-all-loops -finline-functions  (test for excess errors)
WARNING: libgomp.fortran/reduction5.f90  -O3 -fomit-frame-pointer -funroll-all-loops -finline-functions  compilation failed to produce executable
FAIL: libgomp.fortran/reduction5.f90  -O3 -g  (test for excess errors)
WARNING: libgomp.fortran/reduction5.f90  -O3 -g  compilation failed to produce executable
FAIL: libgomp.fortran/reduction5.f90  -Os  (test for excess errors)
WARNING: libgomp.fortran/reduction5.f90  -Os  compilation failed to produce executable
FAIL: libgomp.fortran/reduction6.f90  -O0  (test for excess errors)
WARNING: libgomp.fortran/reduction6.f90  -O0  compilation failed to produce executable
FAIL: libgomp.fortran/reduction6.f90  -O1  (test for excess errors)
WARNING: libgomp.fortran/reduction6.f90  -O1  compilation failed to produce executable
FAIL: libgomp.fortran/reduction6.f90  -O2  (test for excess errors)
WARNING: libgomp.fortran/reduction6.f90  -O2  compilation failed to produce executable
FAIL: libgomp.fortran/reduction6.f90  -O3 -fomit-frame-pointer  (test for excess errors)
WARNING: libgomp.fortran/reduction6.f90  -O3 -fomit-frame-pointer  compilation failed to produce executable
FAIL: libgomp.fortran/reduction6.f90  -O3 -fomit-frame-pointer -funroll-loops  (test for excess errors)
WARNING: libgomp.fortran/reduction6.f90  -O3 -fomit-frame-pointer -funroll-loops  compilation failed to produce executable
FAIL: libgomp.fortran/reduction6.f90  -O3 -fomit-frame-pointer -funroll-all-loops -finline-functions  (test for excess errors)
WARNING: libgomp.fortran/reduction6.f90  -O3 -fomit-frame-pointer -funroll-all-loops -finline-functions  compilation failed to produce executable
FAIL: libgomp.fortran/reduction6.f90  -O3 -g  (test for excess errors)
WARNING: libgomp.fortran/reduction6.f90  -O3 -g  compilation failed to produce executable
FAIL: libgomp.fortran/reduction6.f90  -Os  (test for excess errors)
WARNING: libgomp.fortran/reduction6.f90  -Os  compilation failed to produce executable
FAIL: libgomp.fortran/reference1.f90  -O0  (test for excess errors)
WARNING: libgomp.fortran/reference1.f90  -O0  compilation failed to produce executable
FAIL: libgomp.fortran/reference1.f90  -O1  (test for excess errors)
WARNING: libgomp.fortran/reference1.f90  -O1  compilation failed to produce executable
FAIL: libgomp.fortran/reference1.f90  -O2  (test for excess errors)
WARNING: libgomp.fortran/reference1.f90  -O2  compilation failed to produce executable
FAIL: libgomp.fortran/reference1.f90  -O3 -fomit-frame-pointer  (test for excess errors)
WARNING: libgomp.fortran/reference1.f90  -O3 -fomit-frame-pointer  compilation failed to produce executable
FAIL: libgomp.fortran/reference1.f90  -O3 -fomit-frame-pointer -funroll-loops  (test for excess errors)
WARNING: libgomp.fortran/reference1.f90  -O3 -fomit-frame-pointer -funroll-loops  compilation failed to produce executable
FAIL: libgomp.fortran/reference1.f90  -O3 -fomit-frame-pointer -funroll-all-loops -finline-functions  (test for excess errors)
WARNING: libgomp.fortran/reference1.f90  -O3 -fomit-frame-pointer -funroll-all-loops -finline-functions  compilation failed to produce executable
FAIL: libgomp.fortran/reference1.f90  -O3 -g  (test for excess errors)
WARNING: libgomp.fortran/reference1.f90  -O3 -g  compilation failed to produce executable
FAIL: libgomp.fortran/reference1.f90  -Os  (test for excess errors)
WARNING: libgomp.fortran/reference1.f90  -Os  compilation failed to produce executable
FAIL: libgomp.fortran/reference2.f90  -O0  (test for excess errors)
WARNING: libgomp.fortran/reference2.f90  -O0  compilation failed to produce executable
FAIL: libgomp.fortran/reference2.f90  -O1  (test for excess errors)
WARNING: libgomp.fortran/reference2.f90  -O1  compilation failed to produce executable
FAIL: libgomp.fortran/reference2.f90  -O2  (test for excess errors)
WARNING: libgomp.fortran/reference2.f90  -O2  compilation failed to produce executable
FAIL: libgomp.fortran/reference2.f90  -O3 -fomit-frame-pointer  (test for excess errors)
WARNING: libgomp.fortran/reference2.f90  -O3 -fomit-frame-pointer  compilation failed to produce executable
FAIL: libgomp.fortran/reference2.f90  -O3 -fomit-frame-pointer -funroll-loops  (test for excess errors)
WARNING: libgomp.fortran/reference2.f90  -O3 -fomit-frame-pointer -funroll-loops  compilation failed to produce executable
FAIL: libgomp.fortran/reference2.f90  -O3 -fomit-frame-pointer -funroll-all-loops -finline-functions  (test for excess errors)
WARNING: libgomp.fortran/reference2.f90  -O3 -fomit-frame-pointer -funroll-all-loops -finline-functions  compilation failed to produce executable
FAIL: libgomp.fortran/reference2.f90  -O3 -g  (test for excess errors)
WARNING: libgomp.fortran/reference2.f90  -O3 -g  compilation failed to produce executable
FAIL: libgomp.fortran/reference2.f90  -Os  (test for excess errors)
WARNING: libgomp.fortran/reference2.f90  -Os  compilation failed to produce executable
FAIL: libgomp.fortran/retval1.f90  -O0  (test for excess errors)
WARNING: libgomp.fortran/retval1.f90  -O0  compilation failed to produce executable
FAIL: libgomp.fortran/retval1.f90  -O1  (test for excess errors)
WARNING: libgomp.fortran/retval1.f90  -O1  compilation failed to produce executable
FAIL: libgomp.fortran/retval1.f90  -O2  (test for excess errors)
WARNING: libgomp.fortran/retval1.f90  -O2  compilation failed to produce executable
FAIL: libgomp.fortran/retval1.f90  -O3 -fomit-frame-pointer  (test for excess errors)
WARNING: libgomp.fortran/retval1.f90  -O3 -fomit-frame-pointer  compilation failed to produce executable
FAIL: libgomp.fortran/retval1.f90  -O3 -fomit-frame-pointer -funroll-loops  (test for excess errors)
WARNING: libgomp.fortran/retval1.f90  -O3 -fomit-frame-pointer -funroll-loops  compilation failed to produce executable
FAIL: libgomp.fortran/retval1.f90  -O3 -fomit-frame-pointer -funroll-all-loops -finline-functions  (test for excess errors)
WARNING: libgomp.fortran/retval1.f90  -O3 -fomit-frame-pointer -funroll-all-loops -finline-functions  compilation failed to produce executable
FAIL: libgomp.fortran/retval1.f90  -O3 -g  (test for excess errors)
WARNING: libgomp.fortran/retval1.f90  -O3 -g  compilation failed to produce executable
FAIL: libgomp.fortran/retval1.f90  -Os  (test for excess errors)
WARNING: libgomp.fortran/retval1.f90  -Os  compilation failed to produce executable
FAIL: libgomp.fortran/sharing1.f90  -O0  (test for excess errors)
WARNING: libgomp.fortran/sharing1.f90  -O0  compilation failed to produce executable
FAIL: libgomp.fortran/sharing1.f90  -O1  (test for excess errors)
WARNING: libgomp.fortran/sharing1.f90  -O1  compilation failed to produce executable
FAIL: libgomp.fortran/sharing1.f90  -O2  (test for excess errors)
WARNING: libgomp.fortran/sharing1.f90  -O2  compilation failed to produce executable
FAIL: libgomp.fortran/sharing1.f90  -O3 -fomit-frame-pointer  (test for excess errors)
WARNING: libgomp.fortran/sharing1.f90  -O3 -fomit-frame-pointer  compilation failed to produce executable
FAIL: libgomp.fortran/sharing1.f90  -O3 -fomit-frame-pointer -funroll-loops  (test for excess errors)
WARNING: libgomp.fortran/sharing1.f90  -O3 -fomit-frame-pointer -funroll-loops  compilation failed to produce executable
FAIL: libgomp.fortran/sharing1.f90  -O3 -fomit-frame-pointer -funroll-all-loops -finline-functions  (test for excess errors)
WARNING: libgomp.fortran/sharing1.f90  -O3 -fomit-frame-pointer -funroll-all-loops -finline-functions  compilation failed to produce executable
FAIL: libgomp.fortran/sharing1.f90  -O3 -g  (test for excess errors)
WARNING: libgomp.fortran/sharing1.f90  -O3 -g  compilation failed to produce executable
FAIL: libgomp.fortran/sharing1.f90  -Os  (test for excess errors)
WARNING: libgomp.fortran/sharing1.f90  -Os  compilation failed to produce executable
FAIL: libgomp.fortran/sharing2.f90  -O0  (test for excess errors)
WARNING: libgomp.fortran/sharing2.f90  -O0  compilation failed to produce executable
FAIL: libgomp.fortran/sharing2.f90  -O1  (test for excess errors)
WARNING: libgomp.fortran/sharing2.f90  -O1  compilation failed to produce executable
FAIL: libgomp.fortran/sharing2.f90  -O2  (test for excess errors)
WARNING: libgomp.fortran/sharing2.f90  -O2  compilation failed to produce executable
FAIL: libgomp.fortran/sharing2.f90  -O3 -fomit-frame-pointer  (test for excess errors)
WARNING: libgomp.fortran/sharing2.f90  -O3 -fomit-frame-pointer  compilation failed to produce executable
FAIL: libgomp.fortran/sharing2.f90  -O3 -fomit-frame-pointer -funroll-loops  (test for excess errors)
WARNING: libgomp.fortran/sharing2.f90  -O3 -fomit-frame-pointer -funroll-loops  compilation failed to produce executable
FAIL: libgomp.fortran/sharing2.f90  -O3 -fomit-frame-pointer -funroll-all-loops -finline-functions  (test for excess errors)
WARNING: libgomp.fortran/sharing2.f90  -O3 -fomit-frame-pointer -funroll-all-loops -finline-functions  compilation failed to produce executable
FAIL: libgomp.fortran/sharing2.f90  -O3 -g  (test for excess errors)
WARNING: libgomp.fortran/sharing2.f90  -O3 -g  compilation failed to produce executable
FAIL: libgomp.fortran/sharing2.f90  -Os  (test for excess errors)
WARNING: libgomp.fortran/sharing2.f90  -Os  compilation failed to produce executable
FAIL: libgomp.fortran/vla1.f90  -O0  (test for excess errors)
WARNING: libgomp.fortran/vla1.f90  -O0  compilation failed to produce executable
FAIL: libgomp.fortran/vla1.f90  -O1  (test for excess errors)
WARNING: libgomp.fortran/vla1.f90  -O1  compilation failed to produce executable
FAIL: libgomp.fortran/vla1.f90  -O2  (test for excess errors)
WARNING: libgomp.fortran/vla1.f90  -O2  compilation failed to produce executable
FAIL: libgomp.fortran/vla1.f90  -O3 -fomit-frame-pointer  (test for excess errors)
WARNING: libgomp.fortran/vla1.f90  -O3 -fomit-frame-pointer  compilation failed to produce executable
FAIL: libgomp.fortran/vla1.f90  -O3 -fomit-frame-pointer -funroll-loops  (test for excess errors)
WARNING: libgomp.fortran/vla1.f90  -O3 -fomit-frame-pointer -funroll-loops  compilation failed to produce executable
FAIL: libgomp.fortran/vla1.f90  -O3 -fomit-frame-pointer -funroll-all-loops -finline-functions  (test for excess errors)
WARNING: libgomp.fortran/vla1.f90  -O3 -fomit-frame-pointer -funroll-all-loops -finline-functions  compilation failed to produce executable
FAIL: libgomp.fortran/vla1.f90  -O3 -g  (test for excess errors)
WARNING: libgomp.fortran/vla1.f90  -O3 -g  compilation failed to produce executable
FAIL: libgomp.fortran/vla1.f90  -Os  (test for excess errors)
WARNING: libgomp.fortran/vla1.f90  -Os  compilation failed to produce executable
FAIL: libgomp.fortran/vla2.f90  -O0  (test for excess errors)
WARNING: libgomp.fortran/vla2.f90  -O0  compilation failed to produce executable
FAIL: libgomp.fortran/vla2.f90  -O1  (test for excess errors)
WARNING: libgomp.fortran/vla2.f90  -O1  compilation failed to produce executable
FAIL: libgomp.fortran/vla2.f90  -O2  (test for excess errors)
WARNING: libgomp.fortran/vla2.f90  -O2  compilation failed to produce executable
FAIL: libgomp.fortran/vla2.f90  -O3 -fomit-frame-pointer  (test for excess errors)
WARNING: libgomp.fortran/vla2.f90  -O3 -fomit-frame-pointer  compilation failed to produce executable
FAIL: libgomp.fortran/vla2.f90  -O3 -fomit-frame-pointer -funroll-loops  (test for excess errors)
WARNING: libgomp.fortran/vla2.f90  -O3 -fomit-frame-pointer -funroll-loops  compilation failed to produce executable
FAIL: libgomp.fortran/vla2.f90  -O3 -fomit-frame-pointer -funroll-all-loops -finline-functions  (test for excess errors)
WARNING: libgomp.fortran/vla2.f90  -O3 -fomit-frame-pointer -funroll-all-loops -finline-functions  compilation failed to produce executable
FAIL: libgomp.fortran/vla2.f90  -O3 -g  (test for excess errors)
WARNING: libgomp.fortran/vla2.f90  -O3 -g  compilation failed to produce executable
FAIL: libgomp.fortran/vla2.f90  -Os  (test for excess errors)
WARNING: libgomp.fortran/vla2.f90  -Os  compilation failed to produce executable
FAIL: libgomp.fortran/vla3.f90  -O0  (test for excess errors)
WARNING: libgomp.fortran/vla3.f90  -O0  compilation failed to produce executable
FAIL: libgomp.fortran/vla3.f90  -O1  (test for excess errors)
WARNING: libgomp.fortran/vla3.f90  -O1  compilation failed to produce executable
FAIL: libgomp.fortran/vla3.f90  -O2  (test for excess errors)
WARNING: libgomp.fortran/vla3.f90  -O2  compilation failed to produce executable
FAIL: libgomp.fortran/vla3.f90  -O3 -fomit-frame-pointer  (test for excess errors)
WARNING: libgomp.fortran/vla3.f90  -O3 -fomit-frame-pointer  compilation failed to produce executable
FAIL: libgomp.fortran/vla3.f90  -O3 -fomit-frame-pointer -funroll-loops  (test for excess errors)
WARNING: libgomp.fortran/vla3.f90  -O3 -fomit-frame-pointer -funroll-loops  compilation failed to produce executable
FAIL: libgomp.fortran/vla3.f90  -O3 -fomit-frame-pointer -funroll-all-loops -finline-functions  (test for excess errors)
WARNING: libgomp.fortran/vla3.f90  -O3 -fomit-frame-pointer -funroll-all-loops -finline-functions  compilation failed to produce executable
FAIL: libgomp.fortran/vla3.f90  -O3 -g  (test for excess errors)
WARNING: libgomp.fortran/vla3.f90  -O3 -g  compilation failed to produce executable
FAIL: libgomp.fortran/vla3.f90  -Os  (test for excess errors)
WARNING: libgomp.fortran/vla3.f90  -Os  compilation failed to produce executable
FAIL: libgomp.fortran/vla4.f90  -O0  (test for excess errors)
WARNING: libgomp.fortran/vla4.f90  -O0  compilation failed to produce executable
FAIL: libgomp.fortran/vla4.f90  -O1  (test for excess errors)
WARNING: libgomp.fortran/vla4.f90  -O1  compilation failed to produce executable
FAIL: libgomp.fortran/vla4.f90  -O2  (test for excess errors)
WARNING: libgomp.fortran/vla4.f90  -O2  compilation failed to produce executable
FAIL: libgomp.fortran/vla4.f90  -O3 -fomit-frame-pointer  (test for excess errors)
WARNING: libgomp.fortran/vla4.f90  -O3 -fomit-frame-pointer  compilation failed to produce executable
FAIL: libgomp.fortran/vla4.f90  -O3 -fomit-frame-pointer -funroll-loops  (test for excess errors)
WARNING: libgomp.fortran/vla4.f90  -O3 -fomit-frame-pointer -funroll-loops  compilation failed to produce executable
FAIL: libgomp.fortran/vla4.f90  -O3 -fomit-frame-pointer -funroll-all-loops -finline-functions  (test for excess errors)
WARNING: libgomp.fortran/vla4.f90  -O3 -fomit-frame-pointer -funroll-all-loops -finline-functions  compilation failed to produce executable
FAIL: libgomp.fortran/vla4.f90  -O3 -g  (test for excess errors)
WARNING: libgomp.fortran/vla4.f90  -O3 -g  compilation failed to produce executable
FAIL: libgomp.fortran/vla4.f90  -Os  (test for excess errors)
WARNING: libgomp.fortran/vla4.f90  -Os  compilation failed to produce executable
FAIL: libgomp.fortran/vla5.f90  -O0  (test for excess errors)
WARNING: libgomp.fortran/vla5.f90  -O0  compilation failed to produce executable
FAIL: libgomp.fortran/vla5.f90  -O1  (test for excess errors)
WARNING: libgomp.fortran/vla5.f90  -O1  compilation failed to produce executable
FAIL: libgomp.fortran/vla5.f90  -O2  (test for excess errors)
WARNING: libgomp.fortran/vla5.f90  -O2  compilation failed to produce executable
FAIL: libgomp.fortran/vla5.f90  -O3 -fomit-frame-pointer  (test for excess errors)
WARNING: libgomp.fortran/vla5.f90  -O3 -fomit-frame-pointer  compilation failed to produce executable
FAIL: libgomp.fortran/vla5.f90  -O3 -fomit-frame-pointer -funroll-loops  (test for excess errors)
WARNING: libgomp.fortran/vla5.f90  -O3 -fomit-frame-pointer -funroll-loops  compilation failed to produce executable
FAIL: libgomp.fortran/vla5.f90  -O3 -fomit-frame-pointer -funroll-all-loops -finline-functions  (test for excess errors)
WARNING: libgomp.fortran/vla5.f90  -O3 -fomit-frame-pointer -funroll-all-loops -finline-functions  compilation failed to produce executable
FAIL: libgomp.fortran/vla5.f90  -O3 -g  (test for excess errors)
WARNING: libgomp.fortran/vla5.f90  -O3 -g  compilation failed to produce executable
FAIL: libgomp.fortran/vla5.f90  -Os  (test for excess errors)
WARNING: libgomp.fortran/vla5.f90  -Os  compilation failed to produce executable
FAIL: libgomp.fortran/vla6.f90  -O0  (test for excess errors)
WARNING: libgomp.fortran/vla6.f90  -O0  compilation failed to produce executable
FAIL: libgomp.fortran/vla6.f90  -O1  (test for excess errors)
WARNING: libgomp.fortran/vla6.f90  -O1  compilation failed to produce executable
FAIL: libgomp.fortran/vla6.f90  -O2  (test for excess errors)
WARNING: libgomp.fortran/vla6.f90  -O2  compilation failed to produce executable
FAIL: libgomp.fortran/vla6.f90  -O3 -fomit-frame-pointer  (test for excess errors)
WARNING: libgomp.fortran/vla6.f90  -O3 -fomit-frame-pointer  compilation failed to produce executable
FAIL: libgomp.fortran/vla6.f90  -O3 -fomit-frame-pointer -funroll-loops  (test for excess errors)
WARNING: libgomp.fortran/vla6.f90  -O3 -fomit-frame-pointer -funroll-loops  compilation failed to produce executable
FAIL: libgomp.fortran/vla6.f90  -O3 -fomit-frame-pointer -funroll-all-loops -finline-functions  (test for excess errors)
WARNING: libgomp.fortran/vla6.f90  -O3 -fomit-frame-pointer -funroll-all-loops -finline-functions  compilation failed to produce executable
FAIL: libgomp.fortran/vla6.f90  -O3 -g  (test for excess errors)
WARNING: libgomp.fortran/vla6.f90  -O3 -g  compilation failed to produce executable
FAIL: libgomp.fortran/vla6.f90  -Os  (test for excess errors)
WARNING: libgomp.fortran/vla6.f90  -Os  compilation failed to produce executable
FAIL: libgomp.fortran/vla7.f90  -O0  (test for excess errors)
WARNING: libgomp.fortran/vla7.f90  -O0  compilation failed to produce executable
FAIL: libgomp.fortran/vla7.f90  -O1  (test for excess errors)
WARNING: libgomp.fortran/vla7.f90  -O1  compilation failed to produce executable
FAIL: libgomp.fortran/vla7.f90  -O2  (test for excess errors)
WARNING: libgomp.fortran/vla7.f90  -O2  compilation failed to produce executable
FAIL: libgomp.fortran/vla7.f90  -O3 -fomit-frame-pointer  (test for excess errors)
WARNING: libgomp.fortran/vla7.f90  -O3 -fomit-frame-pointer  compilation failed to produce executable
FAIL: libgomp.fortran/vla7.f90  -O3 -fomit-frame-pointer -funroll-loops  (test for excess errors)
WARNING: libgomp.fortran/vla7.f90  -O3 -fomit-frame-pointer -funroll-loops  compilation failed to produce executable
FAIL: libgomp.fortran/vla7.f90  -O3 -fomit-frame-pointer -funroll-all-loops -finline-functions  (test for excess errors)
WARNING: libgomp.fortran/vla7.f90  -O3 -fomit-frame-pointer -funroll-all-loops -finline-functions  compilation failed to produce executable
FAIL: libgomp.fortran/vla7.f90  -O3 -g  (test for excess errors)
WARNING: libgomp.fortran/vla7.f90  -O3 -g  compilation failed to produce executable
FAIL: libgomp.fortran/vla7.f90  -Os  (test for excess errors)
WARNING: libgomp.fortran/vla7.f90  -Os  compilation failed to produce executable
FAIL: libgomp.fortran/workshare1.f90  -O  (test for excess errors)
WARNING: libgomp.fortran/workshare1.f90  -O  compilation failed to produce executable

		=== libgomp Summary ===

# of expected passes		70
# of unexpected failures	470
# of unsupported tests		60
		=== libjava tests ===


Running target unix
FAIL: PR16923.c compilation
FAIL: PR18699 execution - source compiled test
FAIL: PR18699 execution - gij test
FAIL: PR18699 execution - bytecode->native test
FAIL: PR18699 -O3 execution - source compiled test
FAIL: PR18699 execution - gij test
FAIL: PR18699 -O3 execution - bytecode->native test
FAIL: Process_3 execution - source compiled test
FAIL: Process_3 execution - bytecode->native test
FAIL: Process_3 -O3 execution - source compiled test
FAIL: Process_3 -O3 execution - bytecode->native test
FAIL: Thread_Wait_2 execution - source compiled test
FAIL: Thread_Wait_2 -O3 execution - source compiled test
FAIL: Thread_Wait_2 -O3 execution - bytecode->native test
FAIL: Throw_2 execution - source compiled test
FAIL: Throw_2 execution - gij test
FAIL: Throw_2 execution - bytecode->native test
FAIL: Throw_2 -O3 execution - source compiled test
FAIL: Throw_2 execution - gij test
FAIL: Throw_2 -O3 execution - bytecode->native test
FAIL: /gcctmp/gcc060226/build/i386-unknown-netbsdelf2.1/libjava/testsuite/TestEarlyGC.exe execution - /gcctmp/gcc060226/build/i386-unknown-netbsdelf2.1/libjava/testsuite/TestEarlyGC.exe

		=== libjava Summary ===

# of expected passes		4005
# of unexpected failures	21
# of expected failures		10
# of untested testcases		28
		=== libstdc++ tests ===


Running target unix
FAIL: 26_numerics/cmath/c99_classification_macros_c++.cc (test for excess errors)
FAIL: 26_numerics/cmath/c99_classification_macros_c.cc (test for excess errors)

		=== libstdc++ Summary ===

# of expected passes		2748
# of unexpected failures	2
# of expected failures		10
# of unsupported tests		147

Compiler version: 4.2.0 20060226 (experimental) 
Platform: i386-unknown-netbsdelf2.1
configure flags: --with-gmp=/usr/local --enable-languages=c,c++,fortran,java,objc,obj-c++,treelang


Index Nav: [Date Index] [Subject Index] [Author Index] [Thread Index]
Message Nav: [Date Prev] [Date Next] [Thread Prev] [Thread Next]