This is the mail archive of the gcc-testresults@gcc.gnu.org mailing list for the GCC project.


Index Nav: [Date Index] [Subject Index] [Author Index] [Thread Index]
Message Nav: [Date Prev] [Date Next] [Thread Prev] [Thread Next]
Other format: [Raw text]

Results for 4.0.0 20050210 (experimental) testsuite on x86_64-unknown-linux-gnu


LAST_UPDATED: 
Native configuration is x86_64-unknown-linux-gnu

		=== g++ tests ===


Running target unix
WARNING: program timed out.

		=== g++ Summary ===

# of expected passes		10595
# of expected failures		70
# of unsupported tests		90
/opt/toolchain/build/amd64/obj/tco/gcc-3.4/gcc/testsuite/../g++  version 4.0.0 20050210 (experimental)

		=== gcc tests ===


Running target unix
WARNING: program timed out.
FAIL: gcc.c-torture/compile/20000606-1.c  -O3 -g  (test for excess errors)
WARNING: program timed out.
FAIL: gcc.c-torture/compile/20031227-1.c  -O0  (test for excess errors)
WARNING: program timed out.
FAIL: gcc.c-torture/compile/20040726-1.c  -O0  (test for excess errors)
WARNING: program timed out.
FAIL: gcc.c-torture/compile/920301-1.c  -O0  (test for excess errors)
WARNING: program timed out.
FAIL: gcc.c-torture/compile/930513-2.c  -O2  (test for excess errors)
WARNING: program timed out.
FAIL: gcc.c-torture/compile/960704-1.c  -O2  (test for excess errors)
WARNING: program timed out.
FAIL: gcc.c-torture/compile/961031-1.c  -O0  (test for excess errors)
WARNING: program timed out.
FAIL: gcc.c-torture/compile/991229-3.c  -O3 -fomit-frame-pointer -funroll-loops  (test for excess errors)
WARNING: program timed out.
FAIL: gcc.c-torture/compile/cpp-2.c  -O2  (test for excess errors)
WARNING: program timed out.
FAIL: gcc.c-torture/compile/simd-2.c  -O0  (test for excess errors)
WARNING: program timed out.
FAIL: gcc.c-torture/compile/simd-3.c  -O2  (test for excess errors)
WARNING: program timed out.
FAIL: gcc.c-torture/compile/structs.c  -O0  (test for excess errors)
WARNING: program timed out.
FAIL: gcc.c-torture/execute/20021113-1.c compilation,  -O1 
UNRESOLVED: gcc.c-torture/execute/20021113-1.c execution,  -O1 
WARNING: program timed out.
FAIL: gcc.c-torture/execute/20030307-1.c compilation,  -Os 
UNRESOLVED: gcc.c-torture/execute/20030307-1.c execution,  -Os 
WARNING: program timed out.
FAIL: gcc.c-torture/execute/930622-1.c compilation,  -O0 
UNRESOLVED: gcc.c-torture/execute/930622-1.c execution,  -O0 
WARNING: program timed out.
FAIL: gcc.c-torture/execute/991016-1.c compilation,  -O2 
UNRESOLVED: gcc.c-torture/execute/991016-1.c execution,  -O2 
WARNING: program timed out.
FAIL: gcc.c-torture/execute/991216-1.c compilation,  -O0 
UNRESOLVED: gcc.c-torture/execute/991216-1.c execution,  -O0 
WARNING: program timed out.
FAIL: gcc.dg/setjmp-2.c (test for excess errors)
WARNING: gcc.dg/setjmp-2.c compilation failed to produce executable
FAIL: gcc.dg/short-compare-1.c (test for excess errors)
WARNING: gcc.dg/short-compare-1.c compilation failed to produce executable
FAIL: gcc.dg/short-compare-2.c (test for excess errors)
WARNING: gcc.dg/short-compare-2.c compilation failed to produce executable
WARNING: program timed out.
FAIL: ./decl-5.h  -Os  (test for excess errors)
FAIL: ./import-2.h -O0 -g (test for excess errors)
FAIL: ./import-2.h  -O0  (test for excess errors)
FAIL: ./import-2.h  -O1  (test for excess errors)
FAIL: ./import-2.h  -O2  (test for excess errors)
FAIL: ./import-2.h  -O3 -fomit-frame-pointer  (test for excess errors)
FAIL: ./import-2.h  -O3 -g  (test for excess errors)
FAIL: ./import-2.h  -Os  (test for excess errors)
XPASS: gcc.dg/vect/vect-22.c scan-tree-dump-times vectorized 3 loops 1
WARNING: program timed out.
FAIL: gcc.dg/vect/vect-85.c (test for excess errors)

		=== gcc Summary ===

# of expected passes		32627
# of unexpected failures	29
# of unexpected successes	1
# of expected failures		93
# of unresolved testcases	5
# of untested testcases		42
# of unsupported tests		418
/opt/toolchain/build/amd64/obj/tco/gcc-3.4/gcc/xgcc  version 4.0.0 20050210 (experimental)

		=== libstdc++ tests ===


Running target unix
XPASS: 22_locale/locale/cons/12658_thread-1.cc execution test
XPASS: 26_numerics/cmath/c99_classification_macros_c.cc (test for excess errors)
XPASS: 27_io/fpos/14320-1.cc execution test

		=== libstdc++ Summary ===

# of expected passes		3478
# of unexpected successes	3
# of expected failures		4

Compiler version: 4.0.0 20050210 (experimental) 
Platform: x86_64-unknown-linux-gnu
configure flags: --prefix=/opt/toolchain/tco-20060226 --program-suffix=-3.4 --with-system-zlib --enable-nls --without-included-gettext --disable-multilib --enable-languages=c,c++
Counting all warnings,
there are 0 warnings in stage3 of this bootstrap.

Number of warnings per file:

Number of warning types:


Index Nav: [Date Index] [Subject Index] [Author Index] [Thread Index]
Message Nav: [Date Prev] [Date Next] [Thread Prev] [Thread Next]