This is the mail archive of the gcc-testresults@gcc.gnu.org mailing list for the GCC project.


Index Nav: [Date Index] [Subject Index] [Author Index] [Thread Index]
Message Nav: [Date Prev] [Date Next] [Thread Prev] [Thread Next]
Other format: [Raw text]

Results for 4.1.0 20060201 (prerelease) (CodeSourcery ARM) testsuite on arm-none-eabi


LAST_UPDATED: Sat Feb 25 08:08:40 UTC 2006 (revision 111437)

Target is arm-none-eabi
Host   is i686-pc-linux-gnu

		=== g++ tests ===


Running target arm-sim
FAIL: g++.dg/abi/local1.C execution test
WARNING: program timed out.
FAIL: g++.dg/init/array15.C execution test
WARNING: program timed out.
FAIL: g++.dg/init/array16.C execution test
FAIL: g++.dg/opt/switch4.C (test for excess errors)
XPASS: g++.dg/other/packed1.C execution test
XPASS: g++.dg/tree-ssa/pr14814.C scan-tree-dump-times &this 0
XPASS: g++.old-deja/g++.other/init5.C execution test

		=== g++ Summary for arm-sim ===

# of expected passes		11853
# of unexpected failures	4
# of unexpected successes	3
# of expected failures		67
# of unsupported tests		121

Running target arm-sim/-mthumb
WARNING: program timed out.
FAIL: g++.dg/compat/eh/ctor1 cp_compat_x_tst.o-cp_compat_y_tst.o execute 
WARNING: program timed out.
FAIL: g++.dg/compat/eh/ctor2 cp_compat_x_tst.o-cp_compat_y_tst.o execute 
WARNING: program timed out.
FAIL: g++.dg/compat/eh/dtor1 cp_compat_x_tst.o-cp_compat_y_tst.o execute 
WARNING: program timed out.
FAIL: g++.dg/compat/eh/filter1 cp_compat_x_tst.o-cp_compat_y_tst.o execute 
FAIL: g++.dg/compat/eh/filter2 cp_compat_x_tst.o-cp_compat_y_tst.o execute 
FAIL: g++.dg/compat/eh/new1 cp_compat_x_tst.o-cp_compat_y_tst.o execute 
WARNING: program timed out.
FAIL: g++.dg/compat/eh/nrv1 cp_compat_x_tst.o-cp_compat_y_tst.o execute 
WARNING: program timed out.
FAIL: g++.dg/compat/eh/spec3 cp_compat_x_tst.o-cp_compat_y_tst.o execute 
WARNING: program timed out.
FAIL: g++.dg/compat/eh/template1 cp_compat_x_tst.o-cp_compat_y_tst.o execute 
FAIL: g++.dg/compat/eh/unexpected1 cp_compat_x_tst.o-cp_compat_y_tst.o execute 
FAIL: g++.dg/compat/init/array5 cp_compat_x_tst.o-cp_compat_y_tst.o execute 
FAIL: g++.dg/abi/covariant4.C execution test
FAIL: g++.dg/abi/local1.C execution test
FAIL: g++.dg/eh/cond1.C execution test
WARNING: program timed out.
FAIL: g++.dg/eh/crossjump1.C execution test
WARNING: program timed out.
FAIL: g++.dg/eh/ctor1.C execution test
WARNING: program timed out.
FAIL: g++.dg/eh/ctor2.C execution test
WARNING: program timed out.
FAIL: g++.dg/eh/delayslot1.C execution test
WARNING: program timed out.
FAIL: g++.dg/eh/dtor1.C execution test
WARNING: program timed out.
FAIL: g++.dg/eh/elide1.C execution test
FAIL: g++.dg/eh/elide2.C execution test
WARNING: program timed out.
FAIL: g++.dg/eh/filter1.C execution test
FAIL: g++.dg/eh/filter2.C execution test
FAIL: g++.dg/eh/forced1.C execution test
FAIL: g++.dg/eh/forced2.C execution test
FAIL: g++.dg/eh/forced3.C execution test
WARNING: program timed out.
FAIL: g++.dg/eh/forced4.C execution test
WARNING: program timed out.
FAIL: g++.dg/eh/fp-regs.C execution test
WARNING: program timed out.
FAIL: g++.dg/eh/loop1.C execution test
WARNING: program timed out.
FAIL: g++.dg/eh/loop2.C execution test
FAIL: g++.dg/eh/new1.C execution test
FAIL: g++.dg/eh/omit-frame-pointer.C execution test
WARNING: program timed out.
FAIL: g++.dg/eh/omit-frame-pointer2.C execution test
FAIL: g++.dg/eh/registers1.C execution test
WARNING: program timed out.
FAIL: g++.dg/eh/simd-1.C execution test
WARNING: program timed out.
FAIL: g++.dg/eh/simd-2.C execution test
WARNING: program timed out.
FAIL: g++.dg/eh/spec3.C execution test
WARNING: program timed out.
FAIL: g++.dg/eh/spec7.C execution test
WARNING: program timed out.
FAIL: g++.dg/eh/synth2.C execution test
WARNING: program timed out.
FAIL: g++.dg/eh/template1.C execution test
FAIL: g++.dg/eh/uncaught1.C execution test
FAIL: g++.dg/eh/unexpected1.C execution test
FAIL: g++.dg/expr/cast4.C execution test
FAIL: g++.dg/inherit/covariant1.C execution test
FAIL: g++.dg/init/aggr2.C execution test
WARNING: program timed out.
FAIL: g++.dg/init/array15.C execution test
WARNING: program timed out.
FAIL: g++.dg/init/array16.C execution test
FAIL: g++.dg/init/array5.C execution test
WARNING: program timed out.
FAIL: g++.dg/init/ctor1.C execution test
FAIL: g++.dg/init/ctor2.C execution test
FAIL: g++.dg/init/dtor3.C execution test
FAIL: g++.dg/init/new11.C execution test
FAIL: g++.dg/init/placement2.C execution test
FAIL: g++.dg/init/ref9.C execution test
WARNING: program timed out.
FAIL: g++.dg/opt/alias2.C execution test
FAIL: g++.dg/opt/cleanup1.C execution test
FAIL: g++.dg/opt/const1.C execution test
FAIL: g++.dg/opt/covariant1.C execution test
WARNING: program timed out.
FAIL: g++.dg/opt/eh2.C execution test
WARNING: program timed out.
FAIL: g++.dg/opt/eh3.C execution test
FAIL: g++.dg/opt/pr15054.C execution test
WARNING: program timed out.
FAIL: g++.dg/opt/pr15551.C execution test
FAIL: g++.dg/opt/pr23478.C execution test
FAIL: g++.dg/opt/reg-stack.C execution test
WARNING: program timed out.
FAIL: g++.dg/opt/stack1.C execution test
FAIL: g++.dg/opt/switch4.C (test for excess errors)
FAIL: g++.dg/opt/thunk2.C execution test
FAIL: g++.dg/opt/unroll1.C execution test
XPASS: g++.dg/other/packed1.C execution test
FAIL: g++.dg/other/profile1.C execution test
FAIL: g++.dg/rtti/typeid4.C execution test
WARNING: program timed out.
FAIL: g++.dg/template/friend10.C execution test
WARNING: program timed out.
FAIL: g++.dg/template/new1.C execution test
FAIL: g++.dg/template/overload7.C execution test
FAIL: g++.dg/tree-ssa/20040317-1.C execution test
XPASS: g++.dg/tree-ssa/pr14814.C scan-tree-dump-times &this 0
FAIL: g++.dg/tree-ssa/pr19786.C execution test
FAIL: g++.dg/tree-ssa/pr20458.C execution test
WARNING: program timed out.
FAIL: g++.dg/tree-ssa/pr21407.C execution test
FAIL: g++.old-deja/g++.abi/cxa_vec.C execution test
FAIL: g++.old-deja/g++.abi/ptrflags.C execution test
FAIL: g++.old-deja/g++.abi/vbase2.C execution test
FAIL: g++.old-deja/g++.abi/vmihint.C execution test
FAIL: g++.old-deja/g++.abi/vtable3a.C execution test
FAIL: g++.old-deja/g++.abi/vtable3b.C execution test
FAIL: g++.old-deja/g++.abi/vtable3c.C execution test
FAIL: g++.old-deja/g++.abi/vtable3d.C execution test
FAIL: g++.old-deja/g++.abi/vtable3e.C execution test
FAIL: g++.old-deja/g++.abi/vtable3f.C execution test
FAIL: g++.old-deja/g++.abi/vtable3g.C execution test
FAIL: g++.old-deja/g++.abi/vtable3h.C execution test
FAIL: g++.old-deja/g++.abi/vtable3i.C execution test
FAIL: g++.old-deja/g++.abi/vtable3j.C execution test
FAIL: g++.old-deja/g++.benjamin/15071.C execution test
FAIL: g++.old-deja/g++.brendan/copy9.C execution test
FAIL: g++.old-deja/g++.brendan/dtors2.C execution test
FAIL: g++.old-deja/g++.brendan/dtors3.C execution test
WARNING: program timed out.
FAIL: g++.old-deja/g++.brendan/eh1.C execution test
WARNING: program timed out.
FAIL: g++.old-deja/g++.brendan/groff1.C execution test
FAIL: g++.old-deja/g++.brendan/nest21.C execution test
FAIL: g++.old-deja/g++.brendan/ptolemy2.C execution test
FAIL: g++.old-deja/g++.brendan/vtables1.C execution test
WARNING: program timed out.
FAIL: g++.old-deja/g++.bugs/900321_02.C execution test
WARNING: program timed out.
FAIL: g++.old-deja/g++.eh/badalloc1.C execution test
FAIL: g++.old-deja/g++.eh/catch11.C execution test
FAIL: g++.old-deja/g++.eh/catch12.C execution test
WARNING: program timed out.
FAIL: g++.old-deja/g++.eh/catch3.C execution test
FAIL: g++.old-deja/g++.eh/catch3p.C execution test
FAIL: g++.old-deja/g++.eh/catch4.C execution test
FAIL: g++.old-deja/g++.eh/catch4p.C execution test
WARNING: program timed out.
FAIL: g++.old-deja/g++.eh/catch5.C execution test
WARNING: program timed out.
FAIL: g++.old-deja/g++.eh/catch5p.C execution test
FAIL: g++.old-deja/g++.eh/catch6.C execution test
WARNING: program timed out.
FAIL: g++.old-deja/g++.eh/catch6p.C execution test
WARNING: program timed out.
FAIL: g++.old-deja/g++.eh/catch7.C execution test
WARNING: program timed out.
FAIL: g++.old-deja/g++.eh/catch7p.C execution test
WARNING: program timed out.
FAIL: g++.old-deja/g++.eh/catch8.C execution test
FAIL: g++.old-deja/g++.eh/catch8p.C execution test
WARNING: program timed out.
FAIL: g++.old-deja/g++.eh/catch9.C execution test
WARNING: program timed out.
FAIL: g++.old-deja/g++.eh/catch9p.C execution test
WARNING: program timed out.
FAIL: g++.old-deja/g++.eh/catchptr1.C execution test
FAIL: g++.old-deja/g++.eh/cleanup1.C execution test
FAIL: g++.old-deja/g++.eh/cleanup2.C execution test
WARNING: program timed out.
FAIL: g++.old-deja/g++.eh/flow1.C execution test
WARNING: program timed out.
FAIL: g++.old-deja/g++.eh/fntry1.C execution test
FAIL: g++.old-deja/g++.eh/ia64-1.C execution test
WARNING: program timed out.
FAIL: g++.old-deja/g++.eh/inline2.C execution test
WARNING: program timed out.
FAIL: g++.old-deja/g++.eh/new1.C execution test
WARNING: program timed out.
FAIL: g++.old-deja/g++.eh/new2.C execution test
FAIL: g++.old-deja/g++.eh/pdel1.C execution test
FAIL: g++.old-deja/g++.eh/pdel2.C execution test
FAIL: g++.old-deja/g++.eh/ptr1.C execution test
FAIL: g++.old-deja/g++.eh/ptrmem1.C execution test
WARNING: program timed out.
FAIL: g++.old-deja/g++.eh/rethrow1.C execution test
WARNING: program timed out.
FAIL: g++.old-deja/g++.eh/rethrow2.C execution test
FAIL: g++.old-deja/g++.eh/rethrow3.C execution test
WARNING: program timed out.
FAIL: g++.old-deja/g++.eh/rethrow4.C execution test
WARNING: program timed out.
FAIL: g++.old-deja/g++.eh/rethrow5.C execution test
FAIL: g++.old-deja/g++.eh/rethrow6.C execution test
FAIL: g++.old-deja/g++.eh/spec1.C execution test
FAIL: g++.old-deja/g++.eh/spec2.C execution test
FAIL: g++.old-deja/g++.eh/spec3.C execution test
FAIL: g++.old-deja/g++.eh/spec4.C execution test
FAIL: g++.old-deja/g++.eh/terminate1.C execution test
FAIL: g++.old-deja/g++.eh/terminate2.C execution test
FAIL: g++.old-deja/g++.eh/tmpl1.C execution test
WARNING: program timed out.
FAIL: g++.old-deja/g++.eh/unwind1.C execution test
WARNING: program timed out.
FAIL: g++.old-deja/g++.eh/vbase1.C execution test
FAIL: g++.old-deja/g++.eh/vbase2.C execution test
FAIL: g++.old-deja/g++.eh/vbase4.C execution test
WARNING: program timed out.
FAIL: g++.old-deja/g++.jason/2371.C execution test
FAIL: g++.old-deja/g++.jason/dcast3.C execution test
WARNING: program timed out.
FAIL: g++.old-deja/g++.jason/dtor5.C execution test
FAIL: g++.old-deja/g++.jason/init3.C execution test
FAIL: g++.old-deja/g++.jason/mi.C execution test
FAIL: g++.old-deja/g++.jason/new2.C execution test
FAIL: g++.old-deja/g++.jason/new4.C execution test
FAIL: g++.old-deja/g++.jason/new5.C execution test
WARNING: program timed out.
FAIL: g++.old-deja/g++.jason/parse12.C execution test
WARNING: program timed out.
FAIL: g++.old-deja/g++.jason/ref10.C execution test
WARNING: program timed out.
FAIL: g++.old-deja/g++.jason/ref11.C execution test
FAIL: g++.old-deja/g++.jason/ref7.C execution test
WARNING: program timed out.
FAIL: g++.old-deja/g++.jason/ref9.C execution test
WARNING: program timed out.
FAIL: g++.old-deja/g++.jason/rvalue1.C execution test
WARNING: program timed out.
FAIL: g++.old-deja/g++.jason/static1.C execution test
FAIL: g++.old-deja/g++.jason/template24.C execution test
WARNING: program timed out.
FAIL: g++.old-deja/g++.jason/template31.C execution test
FAIL: g++.old-deja/g++.jason/template40.C execution test
FAIL: g++.old-deja/g++.jason/vecdel.C execution test
FAIL: g++.old-deja/g++.jason/virtual2.C execution test
FAIL: g++.old-deja/g++.law/arg8.C execution test
WARNING: program timed out.
FAIL: g++.old-deja/g++.law/array1.C execution test
FAIL: g++.old-deja/g++.law/code-gen5.C execution test
FAIL: g++.old-deja/g++.law/ctors12.C execution test
WARNING: program timed out.
FAIL: g++.old-deja/g++.law/ctors15.C execution test
WARNING: program timed out.
FAIL: g++.old-deja/g++.law/ctors8.C execution test
FAIL: g++.old-deja/g++.law/cvt2.C execution test
FAIL: g++.old-deja/g++.law/operators15.C execution test
FAIL: g++.old-deja/g++.law/operators23.C execution test
FAIL: g++.old-deja/g++.law/operators8.C execution test
FAIL: g++.old-deja/g++.law/scope2.C execution test
FAIL: g++.old-deja/g++.law/virtual3.C execution test
FAIL: g++.old-deja/g++.law/virtual4.C execution test
FAIL: g++.old-deja/g++.martin/eval1.C execution test
WARNING: program timed out.
FAIL: g++.old-deja/g++.martin/new1.C execution test
FAIL: g++.old-deja/g++.martin/pmf1.C execution test
FAIL: g++.old-deja/g++.mike/align1.C execution test
FAIL: g++.old-deja/g++.mike/dyncast1.C execution test
WARNING: program timed out.
FAIL: g++.old-deja/g++.mike/dyncast2.C execution test
FAIL: g++.old-deja/g++.mike/dyncast3.C execution test
FAIL: g++.old-deja/g++.mike/dyncast5.C execution test
WARNING: program timed out.
FAIL: g++.old-deja/g++.mike/dyncast7.C execution test
WARNING: program timed out.
FAIL: g++.old-deja/g++.mike/dyncast8.C execution test
FAIL: g++.old-deja/g++.mike/dyncast9.C execution test
WARNING: program timed out.
FAIL: g++.old-deja/g++.mike/eh10.C execution test
FAIL: g++.old-deja/g++.mike/eh12.C execution test
WARNING: program timed out.
FAIL: g++.old-deja/g++.mike/eh14.C execution test
WARNING: program timed out.
FAIL: g++.old-deja/g++.mike/eh16.C execution test
WARNING: program timed out.
FAIL: g++.old-deja/g++.mike/eh17.C execution test
FAIL: g++.old-deja/g++.mike/eh18.C execution test
FAIL: g++.old-deja/g++.mike/eh2.C execution test
FAIL: g++.old-deja/g++.mike/eh21.C execution test
FAIL: g++.old-deja/g++.mike/eh23.C execution test
WARNING: program timed out.
FAIL: g++.old-deja/g++.mike/eh24.C execution test
FAIL: g++.old-deja/g++.mike/eh25.C execution test
WARNING: program timed out.
FAIL: g++.old-deja/g++.mike/eh26.C execution test
WARNING: program timed out.
FAIL: g++.old-deja/g++.mike/eh27.C execution test
FAIL: g++.old-deja/g++.mike/eh28.C execution test
WARNING: program timed out.
FAIL: g++.old-deja/g++.mike/eh29.C execution test
WARNING: program timed out.
FAIL: g++.old-deja/g++.mike/eh3.C execution test
WARNING: program timed out.
FAIL: g++.old-deja/g++.mike/eh31.C execution test
FAIL: g++.old-deja/g++.mike/eh33.C execution test
FAIL: g++.old-deja/g++.mike/eh34.C execution test
WARNING: program timed out.
FAIL: g++.old-deja/g++.mike/eh35.C execution test
FAIL: g++.old-deja/g++.mike/eh36.C execution test
FAIL: g++.old-deja/g++.mike/eh37.C execution test
WARNING: program timed out.
FAIL: g++.old-deja/g++.mike/eh38.C execution test
WARNING: program timed out.
FAIL: g++.old-deja/g++.mike/eh39.C execution test
FAIL: g++.old-deja/g++.mike/eh40.C execution test
WARNING: program timed out.
FAIL: g++.old-deja/g++.mike/eh41.C execution test
WARNING: program timed out.
FAIL: g++.old-deja/g++.mike/eh42.C execution test
FAIL: g++.old-deja/g++.mike/eh44.C execution test
WARNING: program timed out.
FAIL: g++.old-deja/g++.mike/eh47.C execution test
FAIL: g++.old-deja/g++.mike/eh48.C execution test
WARNING: program timed out.
FAIL: g++.old-deja/g++.mike/eh49.C execution test
WARNING: program timed out.
FAIL: g++.old-deja/g++.mike/eh5.C execution test
FAIL: g++.old-deja/g++.mike/eh50.C execution test
FAIL: g++.old-deja/g++.mike/eh51.C execution test
FAIL: g++.old-deja/g++.mike/eh55.C execution test
FAIL: g++.old-deja/g++.mike/eh6.C execution test
FAIL: g++.old-deja/g++.mike/eh8.C execution test
FAIL: g++.old-deja/g++.mike/init1.C execution test
FAIL: g++.old-deja/g++.mike/leak1.C execution test
FAIL: g++.old-deja/g++.mike/mi1.C execution test
FAIL: g++.old-deja/g++.mike/misc13.C execution test
FAIL: g++.old-deja/g++.mike/net15.C execution test
FAIL: g++.old-deja/g++.mike/net21.C execution test
FAIL: g++.old-deja/g++.mike/net34.C execution test
FAIL: g++.old-deja/g++.mike/net40.C execution test
FAIL: g++.old-deja/g++.mike/net46.C execution test
FAIL: g++.old-deja/g++.mike/offset1.C execution test
FAIL: g++.old-deja/g++.mike/p11667.C execution test
FAIL: g++.old-deja/g++.mike/p1567.C execution test
FAIL: g++.old-deja/g++.mike/p16146.C execution test
FAIL: g++.old-deja/g++.mike/p1862.C execution test
FAIL: g++.old-deja/g++.mike/p2736.C execution test
FAIL: g++.old-deja/g++.mike/p3068.C execution test
FAIL: g++.old-deja/g++.mike/p3139.C execution test
FAIL: g++.old-deja/g++.mike/p3708.C execution test
FAIL: g++.old-deja/g++.mike/p3708a.C execution test
WARNING: program timed out.
FAIL: g++.old-deja/g++.mike/p3708b.C execution test
FAIL: g++.old-deja/g++.mike/p4246.C execution test
WARNING: program timed out.
FAIL: g++.old-deja/g++.mike/p4736c.C execution test
FAIL: g++.old-deja/g++.mike/p658.C execution test
WARNING: program timed out.
FAIL: g++.old-deja/g++.mike/p6927.C execution test
FAIL: g++.old-deja/g++.mike/p755a.C execution test
FAIL: g++.old-deja/g++.mike/p783b.C execution test
FAIL: g++.old-deja/g++.mike/p7912.C execution test
FAIL: g++.old-deja/g++.mike/p8018.C execution test
FAIL: g++.old-deja/g++.mike/p9706.C execution test
FAIL: g++.old-deja/g++.mike/p9732b.C execution test
FAIL: g++.old-deja/g++.mike/pmf2.C execution test
FAIL: g++.old-deja/g++.mike/pmf9.C execution test
FAIL: g++.old-deja/g++.mike/ref1.C execution test
FAIL: g++.old-deja/g++.mike/temp.C execution test
FAIL: g++.old-deja/g++.mike/thunk2.C execution test
FAIL: g++.old-deja/g++.mike/thunk3.C execution test
FAIL: g++.old-deja/g++.mike/virt2.C execution test
FAIL: g++.old-deja/g++.mike/virt5.C execution test
FAIL: g++.old-deja/g++.ns/template9.C execution test
FAIL: g++.old-deja/g++.oliva/delete2.C execution test
WARNING: program timed out.
FAIL: g++.old-deja/g++.oliva/delete3.C execution test
FAIL: g++.old-deja/g++.oliva/new1.C execution test
WARNING: program timed out.
FAIL: g++.old-deja/g++.other/array1.C execution test
WARNING: program timed out.
FAIL: g++.old-deja/g++.other/badopt1.C execution test
FAIL: g++.old-deja/g++.other/delete3.C execution test
WARNING: program timed out.
FAIL: g++.old-deja/g++.other/delete7.C execution test
FAIL: g++.old-deja/g++.other/dtor10.C execution test
FAIL: g++.old-deja/g++.other/dtor11.C execution test
FAIL: g++.old-deja/g++.other/dtor12.C execution test
FAIL: g++.old-deja/g++.other/dyncast1.C execution test
FAIL: g++.old-deja/g++.other/dyncast2.C execution test
FAIL: g++.old-deja/g++.other/dyncast3.C execution test
FAIL: g++.old-deja/g++.other/dyncast4.C execution test
FAIL: g++.old-deja/g++.other/dyncast5.C execution test
FAIL: g++.old-deja/g++.other/dyncast6.C execution test
WARNING: program timed out.
FAIL: g++.old-deja/g++.other/eh3.C execution test
FAIL: g++.old-deja/g++.other/headers1.C execution test
FAIL: g++.old-deja/g++.other/init7.C execution test
WARNING: program timed out.
FAIL: g++.old-deja/g++.other/inline7.C execution test
WARNING: program timed out.
FAIL: g++.old-deja/g++.other/inline8.C execution test
FAIL: g++.old-deja/g++.other/new3.C execution test
FAIL: g++.old-deja/g++.other/new5.C execution test
FAIL: g++.old-deja/g++.other/new7.C execution test
FAIL: g++.old-deja/g++.other/optimize2.C execution test
FAIL: g++.old-deja/g++.other/reload1.C execution test
FAIL: g++.old-deja/g++.other/rtti1.C execution test
WARNING: program timed out.
FAIL: g++.old-deja/g++.other/rtti2.C execution test
WARNING: program timed out.
FAIL: g++.old-deja/g++.other/rtti3.C execution test
WARNING: program timed out.
FAIL: g++.old-deja/g++.other/rtti4.C execution test
FAIL: g++.old-deja/g++.other/rttid3.C execution test
FAIL: g++.old-deja/g++.other/rttid4.C execution test
FAIL: g++.old-deja/g++.other/sibcall1.C execution test
WARNING: program timed out.
FAIL: g++.old-deja/g++.other/singleton.C execution test
FAIL: g++.old-deja/g++.other/thunk1.C execution test
FAIL: g++.old-deja/g++.other/unchanging1.C execution test
WARNING: program timed out.
FAIL: g++.old-deja/g++.other/vbase2.C execution test
FAIL: g++.old-deja/g++.other/vbase5.C execution test
FAIL: g++.old-deja/g++.pt/explicit55.C execution test
FAIL: g++.old-deja/g++.pt/explicit56.C execution test
WARNING: program timed out.
FAIL: g++.old-deja/g++.pt/expr1.C execution test
WARNING: program timed out.
FAIL: g++.old-deja/g++.pt/fntry1.C execution test
FAIL: g++.old-deja/g++.pt/local6.C execution test
WARNING: program timed out.
FAIL: g++.old-deja/g++.pt/spec30.C execution test
FAIL: g++.old-deja/g++.pt/virtual4.C execution test
FAIL: g++.old-deja/g++.robertl/eb102.C execution test
FAIL: g++.old-deja/g++.robertl/eb104.C execution test
FAIL: g++.old-deja/g++.robertl/eb114.C execution test
FAIL: g++.old-deja/g++.robertl/eb115.C execution test
FAIL: g++.old-deja/g++.robertl/eb126.C execution test
FAIL: g++.old-deja/g++.robertl/eb17.C execution test
FAIL: g++.old-deja/g++.robertl/eb21.C execution test
FAIL: g++.old-deja/g++.robertl/eb31.C execution test
FAIL: g++.old-deja/g++.robertl/eb41.C execution test
WARNING: program timed out.
FAIL: g++.old-deja/g++.robertl/eb46.C execution test
WARNING: program timed out.
FAIL: g++.old-deja/g++.robertl/eb50.C execution test
FAIL: g++.old-deja/g++.robertl/eb54.C execution test
WARNING: program timed out.
FAIL: g++.old-deja/g++.robertl/eb58.C execution test
WARNING: program timed out.
FAIL: g++.old-deja/g++.robertl/eb63.C execution test
FAIL: g++.old-deja/g++.robertl/eb66.C execution test
WARNING: program timed out.
FAIL: g++.old-deja/g++.robertl/eb73.C execution test
FAIL: g++.old-deja/g++.robertl/eb77.C execution test
WARNING: program timed out.
FAIL: g++.old-deja/g++.robertl/eb88.C execution test
WARNING: program timed out.
FAIL: g++.old-deja/g++.robertl/eh990323-1.C execution test
WARNING: program timed out.
FAIL: g++.old-deja/g++.robertl/eh990323-2.C execution test
WARNING: program timed out.
FAIL: g++.old-deja/g++.robertl/eh990323-3.C execution test
WARNING: program timed out.
FAIL: g++.old-deja/g++.robertl/eh990323-4.C execution test
WARNING: program timed out.
FAIL: g++.old-deja/g++.robertl/eh990323-5.C execution test
WARNING: program timed out.
FAIL: g++.old-deja/g++.robertl/ice990323-2.C execution test

		=== g++ Summary for arm-sim/-mthumb ===

# of expected passes		11520
# of unexpected failures	337
# of unexpected successes	2
# of expected failures		68
# of unsupported tests		121

		=== g++ Summary ===

# of expected passes		23373
# of unexpected failures	341
# of unexpected successes	5
# of expected failures		135
# of unsupported tests		242
/scratch/gcc/nightly-2006-02-25-csl-arm/arm-none-eabi/build_gcc/install/bin/arm-none-eabi-c++  version 4.1.0 20060201 (prerelease) (CodeSourcery ARM)

Host   is i686-pc-linux-gnu

		=== gcc tests ===


Running target arm-sim
FAIL: gcc.c-torture/compile/930210-1.c  -O1  (test for excess errors)
FAIL: gcc.c-torture/compile/930210-1.c  -O2  (test for excess errors)
FAIL: gcc.c-torture/compile/930210-1.c  -O3 -fomit-frame-pointer  (test for excess errors)
FAIL: gcc.c-torture/compile/930210-1.c  -O3 -g  (test for excess errors)
FAIL: gcc.c-torture/compile/930210-1.c  -Os  (test for excess errors)
FAIL: gcc.dg/compat/struct-layout-1 c_compat_x_tst.o compile
FAIL: gcc.dg/compat/struct-layout-1 c_compat_y_tst.o compile
UNRESOLVED: gcc.dg/compat/struct-layout-1 c_compat_x_tst.o-c_compat_y_tst.o link 
UNRESOLVED: gcc.dg/compat/struct-layout-1 c_compat_x_tst.o-c_compat_y_tst.o execute 

		=== gcc Summary for arm-sim ===

# of expected passes		36819
# of unexpected failures	7
# of expected failures		77
# of unresolved testcases	2
# of untested testcases		28
# of unsupported tests		343

Running target arm-sim/-mthumb
XPASS: gcc.c-torture/execute/941014-1.c execution,  -O0 
FAIL: gcc.dg/compat/struct-layout-1 c_compat_x_tst.o compile
FAIL: gcc.dg/compat/struct-layout-1 c_compat_y_tst.o compile
UNRESOLVED: gcc.dg/compat/struct-layout-1 c_compat_x_tst.o-c_compat_y_tst.o link 
UNRESOLVED: gcc.dg/compat/struct-layout-1 c_compat_x_tst.o-c_compat_y_tst.o execute 
FAIL: gcc.dg/sibcall-3.c execution test
FAIL: gcc.dg/sibcall-4.c execution test
XPASS: gcc.dg/tree-ssa/20040204-1.c scan-tree-dump-times link_error 0

		=== gcc Summary for arm-sim/-mthumb ===

# of expected passes		36780
# of unexpected failures	4
# of unexpected successes	2
# of expected failures		76
# of unresolved testcases	2
# of untested testcases		28
# of unsupported tests		347

		=== gcc Summary ===

# of expected passes		73599
# of unexpected failures	11
# of unexpected successes	2
# of expected failures		153
# of unresolved testcases	4
# of untested testcases		56
# of unsupported tests		690
/scratch/gcc/nightly-2006-02-25-csl-arm/arm-none-eabi/build_gcc/install/bin/arm-none-eabi-gcc  version 4.1.0 20060201 (prerelease) (CodeSourcery ARM)

Host   is i686-pc-linux-gnu

		=== libstdc++ tests ===


Running target arm-sim
WARNING: program timed out.
FAIL: 21_strings/basic_string/append/char/3.cc execution test
WARNING: program timed out.
FAIL: 21_strings/basic_string/capacity/char/18654.cc execution test
WARNING: program timed out.
FAIL: 21_strings/basic_string/cons/char/6.cc execution test
WARNING: program timed out.
FAIL: 21_strings/basic_string/inserters_extractors/char/10.cc execution test
WARNING: program timed out.
FAIL: 21_strings/basic_string/inserters_extractors/char/11.cc execution test
FAIL: 23_containers/set/modifiers/16728.cc execution test
FAIL: 26_numerics/cmath/c99_classification_macros_c.cc (test for excess errors)
FAIL: 27_io/basic_istream/extractors_arithmetic/char/12.cc execution test
WARNING: program timed out.
FAIL: 27_io/basic_istream/extractors_character/char/4.cc execution test
WARNING: program timed out.
FAIL: 27_io/basic_istream/getline/char/5.cc execution test
WARNING: program timed out.
FAIL: 27_io/basic_istream/ignore/char/2.cc execution test
WARNING: program timed out.
FAIL: 27_io/basic_stringbuf/overflow/char/1.cc execution test
WARNING: program timed out.
FAIL: 27_io/basic_stringbuf/setbuf/char/4.cc execution test
FAIL: 27_io/ios_base/sync_with_stdio/1.cc execution test
FAIL: 27_io/objects/char/10.cc execution test
FAIL: ext/rope/3.cc execution test
XPASS: ext/stdio_filebuf/char/10063-2.cc execution test
XPASS: ext/stdio_filebuf/char/10063-3.cc execution test
WARNING: program timed out.

		=== libstdc++ Summary for arm-sim ===

# of expected passes		2575
# of unexpected failures	16
# of unexpected successes	2
# of expected failures		15
# of unsupported tests		150

Running target arm-sim/-mthumb
FAIL: 17_intro/header_cassert.cc execution test
FAIL: 17_intro/header_cerrno.cc execution test
FAIL: 17_intro/header_csetjmp.cc execution test
FAIL: 17_intro/header_cstdarg.cc execution test
FAIL: 17_intro/header_cstddef.cc execution test
FAIL: 17_intro/header_cstdio.cc execution test
FAIL: 17_intro/header_cstdlib.cc execution test
FAIL: 17_intro/header_cstring.cc execution test
FAIL: 17_intro/header_ctime.cc execution test
FAIL: 17_intro/header_cwchar.cc execution test
FAIL: 17_intro/header_cwctype.cc execution test
FAIL: 17_intro/header_fstream.cc execution test
FAIL: 17_intro/header_iomanip.cc execution test
FAIL: 17_intro/header_ios.cc execution test
FAIL: 17_intro/header_iosfwd.cc execution test
FAIL: 17_intro/header_iostream.cc execution test
FAIL: 17_intro/header_istream.cc execution test
FAIL: 17_intro/header_ostream.cc execution test
FAIL: 17_intro/header_sstream.cc execution test
FAIL: 17_intro/header_streambuf.cc execution test
FAIL: 17_intro/headers.cc execution test
FAIL: 17_intro/headers_c++.cc execution test
FAIL: 17_intro/headers_c.cc execution test
FAIL: 18_support/14026.cc execution test
FAIL: 18_support/new_delete_placement.cc execution test
FAIL: 18_support/numeric_limits/denorm_min.cc execution test
FAIL: 18_support/numeric_limits/digits10.cc execution test
FAIL: 18_support/numeric_limits/epsilon.cc execution test
FAIL: 18_support/numeric_limits/infinity.cc execution test
FAIL: 18_support/numeric_limits/is_iec559.cc execution test
FAIL: 18_support/numeric_limits/min_max.cc execution test
FAIL: 18_support/numeric_limits/quiet_NaN.cc execution test
FAIL: 18_support/numeric_limits/sign.cc execution test
FAIL: 18_support/numeric_limits/specialization.cc execution test
FAIL: 18_support/numeric_limits/traps.cc execution test
FAIL: 19_diagnostics/stdexceptions.cc execution test
FAIL: 20_util/functional/binders/3113.cc execution test
FAIL: 20_util/functional/comparisons.cc execution test
FAIL: 20_util/memory/allocator/1.cc execution test
FAIL: 20_util/memory/allocator/10378.cc execution test
FAIL: 20_util/memory/allocator/14176.cc execution test
FAIL: 20_util/memory/allocator/8230.cc execution test
FAIL: 20_util/memory/auto_ptr/1.cc execution test
FAIL: 20_util/memory/auto_ptr/2.cc execution test
FAIL: 20_util/memory/auto_ptr/3.cc execution test
FAIL: 20_util/memory/auto_ptr/3946.cc execution test
FAIL: 20_util/memory/auto_ptr/4.cc execution test
FAIL: 20_util/memory/auto_ptr/5.cc execution test
FAIL: 20_util/memory/auto_ptr/6.cc execution test
FAIL: 20_util/memory/auto_ptr/7.cc execution test
FAIL: 20_util/memory/raw_storage_iterator.cc execution test
FAIL: 20_util/memory/temporary_buffer.cc execution test
FAIL: 20_util/utility/pair/1.cc execution test
FAIL: 20_util/utility/pair/2.cc execution test
FAIL: 20_util/utility/pair/3.cc execution test
FAIL: 20_util/utility/pair/4.cc execution test
FAIL: 20_util/utility/rel_ops.cc execution test
FAIL: 21_strings/basic_string/append/char/1.cc execution test
FAIL: 21_strings/basic_string/append/char/2.cc execution test
FAIL: 21_strings/basic_string/append/char/3.cc execution test
FAIL: 21_strings/basic_string/assign/char/1.cc execution test
FAIL: 21_strings/basic_string/assign/char/2.cc execution test
FAIL: 21_strings/basic_string/assign/char/3.cc execution test
FAIL: 21_strings/basic_string/capacity/1.cc execution test
FAIL: 21_strings/basic_string/capacity/char/1.cc execution test
FAIL: 21_strings/basic_string/capacity/char/18654.cc execution test
FAIL: 21_strings/basic_string/capacity/char/2.cc execution test
FAIL: 21_strings/basic_string/compare/char/1.cc execution test
FAIL: 21_strings/basic_string/compare/char/13650.cc execution test
FAIL: 21_strings/basic_string/cons/char/1.cc execution test
FAIL: 21_strings/basic_string/cons/char/2.cc execution test
FAIL: 21_strings/basic_string/cons/char/3.cc execution test
FAIL: 21_strings/basic_string/cons/char/4.cc execution test
FAIL: 21_strings/basic_string/cons/char/5.cc execution test
FAIL: 21_strings/basic_string/cons/char/6.cc execution test
FAIL: 21_strings/basic_string/element_access/char/1.cc execution test
FAIL: 21_strings/basic_string/element_access/char/2.cc execution test
FAIL: 21_strings/basic_string/element_access/char/3.cc execution test
FAIL: 21_strings/basic_string/element_access/char/4.cc execution test
FAIL: 21_strings/basic_string/element_access/char/empty.cc execution test
FAIL: 21_strings/basic_string/find/char/1.cc execution test
FAIL: 21_strings/basic_string/find/char/2.cc execution test
FAIL: 21_strings/basic_string/find/char/3.cc execution test
FAIL: 21_strings/basic_string/insert/char/1.cc execution test
FAIL: 21_strings/basic_string/insert/char/2.cc execution test
FAIL: 21_strings/basic_string/inserters_extractors/char/1.cc execution test
FAIL: 21_strings/basic_string/inserters_extractors/char/10.cc execution test
FAIL: 21_strings/basic_string/inserters_extractors/char/11.cc execution test
FAIL: 21_strings/basic_string/inserters_extractors/char/4.cc execution test
FAIL: 21_strings/basic_string/inserters_extractors/char/5.cc execution test
FAIL: 21_strings/basic_string/inserters_extractors/char/6.cc execution test
FAIL: 21_strings/basic_string/inserters_extractors/char/7.cc execution test
FAIL: 21_strings/basic_string/inserters_extractors/char/8.cc execution test
FAIL: 21_strings/basic_string/inserters_extractors/char/9.cc execution test
FAIL: 21_strings/basic_string/inserters_extractors/pod/10081-in.cc execution test
FAIL: 21_strings/basic_string/inserters_extractors/pod/10081-out.cc execution test
FAIL: 21_strings/basic_string/operations/char/1.cc execution test
FAIL: 21_strings/basic_string/operators/char/1.cc execution test
FAIL: 21_strings/basic_string/operators/char/2.cc execution test
FAIL: 21_strings/basic_string/replace/char/1.cc execution test
FAIL: 21_strings/basic_string/replace/char/2.cc execution test
FAIL: 21_strings/basic_string/replace/char/3.cc execution test
FAIL: 21_strings/basic_string/replace/char/4.cc execution test
FAIL: 21_strings/basic_string/replace/char/5.cc execution test
FAIL: 21_strings/basic_string/replace/char/6.cc execution test
FAIL: 21_strings/basic_string/rfind/char/1.cc execution test
FAIL: 21_strings/basic_string/rfind/char/2.cc execution test
FAIL: 21_strings/basic_string/rfind/char/3.cc execution test
FAIL: 21_strings/basic_string/substr/char/1.cc execution test
FAIL: 21_strings/c_strings/char/1.cc execution test
FAIL: 21_strings/c_strings/char/2.cc execution test
FAIL: 21_strings/char_traits/requirements/char/1.cc execution test
FAIL: 21_strings/char_traits/requirements/short/1.cc execution test
FAIL: 21_strings/char_traits/typedefs/char/1.cc execution test
FAIL: 22_locale/codecvt/always_noconv/char/1.cc execution test
FAIL: 22_locale/codecvt/encoding/char/1.cc execution test
FAIL: 22_locale/codecvt/in/char/1.cc execution test
FAIL: 22_locale/codecvt/length/char/1.cc execution test
FAIL: 22_locale/codecvt/length/char/2.cc execution test
FAIL: 22_locale/codecvt/max_length/char/1.cc execution test
FAIL: 22_locale/codecvt/out/char/1.cc execution test
FAIL: 22_locale/codecvt/unicode/1.cc execution test
FAIL: 22_locale/codecvt/unicode/char.cc execution test
FAIL: 22_locale/codecvt/unshift/char/1.cc execution test
FAIL: 22_locale/collate/hash/char/1.cc execution test
FAIL: 22_locale/ctype/cons/char/1.cc execution test
FAIL: 22_locale/ctype/is/char/1.cc execution test
FAIL: 22_locale/ctype/is/char/3.cc execution test
FAIL: 22_locale/ctype/is/char/9858.cc execution test
FAIL: 22_locale/ctype/narrow/char/1.cc execution test
FAIL: 22_locale/ctype/narrow/char/19955.cc execution test
FAIL: 22_locale/ctype/narrow/char/2.cc execution test
FAIL: 22_locale/ctype/scan/char/1.cc execution test
FAIL: 22_locale/ctype/to/char/1.cc execution test
FAIL: 22_locale/ctype/widen/char/1.cc execution test
FAIL: 22_locale/ctype_base/11844.cc execution test
FAIL: 22_locale/facet/1.cc execution test
FAIL: 22_locale/facet/25421.cc execution test
FAIL: 22_locale/global_templates/1.cc execution test
FAIL: 22_locale/locale/13630.cc execution test
FAIL: 22_locale/locale/cons/1.cc execution test
FAIL: 22_locale/locale/cons/6.cc execution test
FAIL: 22_locale/locale/cons/7222-c.cc execution test
FAIL: 22_locale/locale/cons/8.cc execution test
FAIL: 22_locale/locale/global_locale_objects/1.cc execution test
FAIL: 22_locale/locale/global_locale_objects/3.cc execution test
FAIL: 22_locale/locale/operations/1.cc execution test
FAIL: 22_locale/locale/operations/2.cc execution test
FAIL: 22_locale/money_get/get/char/14.cc execution test
FAIL: 22_locale/money_get/get/char/19.cc execution test
FAIL: 22_locale/money_get/get/char/22131.cc execution test
FAIL: 22_locale/money_get/get/char/5.cc execution test
FAIL: 22_locale/money_get/get/char/6.cc execution test
FAIL: 22_locale/money_get/get/char/7.cc execution test
FAIL: 22_locale/money_get/get/char/8.cc execution test
FAIL: 22_locale/money_get/get/char/9.cc execution test
FAIL: 22_locale/money_put/put/char/12971.cc execution test
FAIL: 22_locale/money_put/put/char/4.cc execution test
FAIL: 22_locale/money_put/put/char/5.cc execution test
FAIL: 22_locale/money_put/put/char/6.cc execution test
FAIL: 22_locale/moneypunct/members/char/1.cc execution test
FAIL: 22_locale/num_get/get/char/10.cc execution test
FAIL: 22_locale/num_get/get/char/11.cc execution test
FAIL: 22_locale/num_get/get/char/12.cc execution test
FAIL: 22_locale/num_get/get/char/13.cc execution test
FAIL: 22_locale/num_get/get/char/14.cc execution test
FAIL: 22_locale/num_get/get/char/15.cc execution test
FAIL: 22_locale/num_get/get/char/16.cc execution test
FAIL: 22_locale/num_get/get/char/2.cc execution test
FAIL: 22_locale/num_get/get/char/22131.cc execution test
FAIL: 22_locale/num_get/get/char/23953.cc execution test
FAIL: 22_locale/num_get/get/char/4.cc execution test
FAIL: 22_locale/num_get/get/char/7.cc execution test
FAIL: 22_locale/num_get/get/char/8.cc execution test
FAIL: 22_locale/num_put/put/char/10.cc execution test
FAIL: 22_locale/num_put/put/char/14220.cc execution test
FAIL: 22_locale/num_put/put/char/15565.cc execution test
FAIL: 22_locale/num_put/put/char/2.cc execution test
FAIL: 22_locale/num_put/put/char/23953.cc execution test
FAIL: 22_locale/num_put/put/char/4.cc execution test
FAIL: 22_locale/num_put/put/char/6.cc execution test
FAIL: 22_locale/num_put/put/char/7.cc execution test
FAIL: 22_locale/num_put/put/char/8.cc execution test
FAIL: 22_locale/num_put/put/char/9.cc execution test
FAIL: 22_locale/numpunct/members/char/1.cc execution test
FAIL: 22_locale/numpunct/members/char/cache_1.cc execution test
FAIL: 22_locale/numpunct/members/char/cache_2.cc execution test
FAIL: 22_locale/numpunct/members/pod/1.cc execution test
FAIL: 22_locale/numpunct/members/pod/2.cc execution test
FAIL: 22_locale/time_get/date_order/char/1.cc execution test
FAIL: 22_locale/time_get/get_date/char/1.cc execution test
FAIL: 22_locale/time_get/get_date/char/12791.cc execution test
FAIL: 22_locale/time_get/get_date/char/3.cc execution test
FAIL: 22_locale/time_get/get_monthname/char/1.cc execution test
FAIL: 22_locale/time_get/get_monthname/char/3.cc execution test
FAIL: 22_locale/time_get/get_monthname/char/4.cc execution test
FAIL: 22_locale/time_get/get_time/char/3.cc execution test
FAIL: 22_locale/time_get/get_time/char/4.cc execution test
FAIL: 22_locale/time_get/get_weekday/char/1.cc execution test
FAIL: 22_locale/time_get/get_weekday/char/3.cc execution test
FAIL: 22_locale/time_get/get_year/char/1.cc execution test
FAIL: 22_locale/time_get/get_year/char/3.cc execution test
FAIL: 22_locale/time_put/put/char/1.cc execution test
FAIL: 22_locale/time_put/put/char/10.cc execution test
FAIL: 22_locale/time_put/put/char/12439_1.cc execution test
FAIL: 22_locale/time_put/put/char/12439_3.cc execution test
FAIL: 22_locale/time_put/put/char/5.cc execution test
FAIL: 22_locale/time_put/put/char/9.cc execution test
FAIL: 23_containers/bitset/cons/1.cc execution test
FAIL: 23_containers/bitset/cons/16020.cc execution test
FAIL: 23_containers/bitset/cons/6282.cc execution test
FAIL: 23_containers/bitset/count/6124.cc execution test
FAIL: 23_containers/bitset/ext/15361.cc execution test
FAIL: 23_containers/bitset/input/1.cc execution test
FAIL: 23_containers/bitset/invalidation/1.cc execution test
FAIL: 23_containers/bitset/operations/1.cc execution test
FAIL: 23_containers/bitset/operations/13838.cc execution test
FAIL: 23_containers/bitset/operations/2.cc execution test
FAIL: 23_containers/bitset/test/1.cc execution test
FAIL: 23_containers/bitset/to_string/1.cc execution test
FAIL: 23_containers/bitset/to_ulong/1.cc execution test
FAIL: 23_containers/deque/check_construct_destroy.cc execution test
FAIL: 23_containers/deque/cons/1.cc execution test
FAIL: 23_containers/deque/cons/2.cc execution test
FAIL: 23_containers/deque/cons/clear_allocator.cc execution test
FAIL: 23_containers/deque/invalidation/1.cc execution test
FAIL: 23_containers/deque/invalidation/2.cc execution test
FAIL: 23_containers/deque/invalidation/3.cc execution test
FAIL: 23_containers/deque/invalidation/4.cc execution test
FAIL: 23_containers/deque/modifiers/swap.cc execution test
FAIL: 23_containers/deque/operators/1.cc execution test
FAIL: 23_containers/list/capacity/1.cc execution test
FAIL: 23_containers/list/check_construct_destroy.cc execution test
FAIL: 23_containers/list/cons/1.cc execution test
FAIL: 23_containers/list/cons/2.cc execution test
FAIL: 23_containers/list/cons/3.cc execution test
FAIL: 23_containers/list/cons/4.cc execution test
FAIL: 23_containers/list/cons/5.cc execution test
FAIL: 23_containers/list/cons/6.cc execution test
FAIL: 23_containers/list/cons/7.cc execution test
FAIL: 23_containers/list/cons/8.cc execution test
FAIL: 23_containers/list/cons/9.cc execution test
FAIL: 23_containers/list/cons/clear_allocator.cc execution test
FAIL: 23_containers/list/invalidation/1.cc execution test
FAIL: 23_containers/list/invalidation/2.cc execution test
FAIL: 23_containers/list/invalidation/3.cc execution test
FAIL: 23_containers/list/invalidation/4.cc execution test
FAIL: 23_containers/list/modifiers/1.cc execution test
FAIL: 23_containers/list/modifiers/2.cc execution test
FAIL: 23_containers/list/modifiers/3.cc execution test
FAIL: 23_containers/list/modifiers/swap.cc execution test
FAIL: 23_containers/list/operators/1.cc execution test
FAIL: 23_containers/list/operators/2.cc execution test
FAIL: 23_containers/list/operators/3.cc execution test
FAIL: 23_containers/list/operators/4.cc execution test
FAIL: 23_containers/map/element_access/1.cc execution test
FAIL: 23_containers/map/insert/1.cc execution test
FAIL: 23_containers/map/insert/16813.cc execution test
FAIL: 23_containers/map/invalidation/1.cc execution test
FAIL: 23_containers/map/invalidation/2.cc execution test
FAIL: 23_containers/map/modifiers/swap.cc execution test
FAIL: 23_containers/map/operators/1.cc execution test
FAIL: 23_containers/multimap/invalidation/1.cc execution test
FAIL: 23_containers/multimap/invalidation/2.cc execution test
FAIL: 23_containers/multimap/modifiers/swap.cc execution test
FAIL: 23_containers/multiset/insert/1.cc execution test
FAIL: 23_containers/multiset/insert/2.cc execution test
FAIL: 23_containers/multiset/invalidation/1.cc execution test
FAIL: 23_containers/multiset/invalidation/2.cc execution test
FAIL: 23_containers/multiset/modifiers/swap.cc execution test
FAIL: 23_containers/priority_queue/members/7161.cc execution test
FAIL: 23_containers/queue/members/7157.cc execution test
FAIL: 23_containers/set/check_construct_destroy.cc execution test
FAIL: 23_containers/set/insert/1.cc execution test
FAIL: 23_containers/set/invalidation/1.cc execution test
FAIL: 23_containers/set/invalidation/2.cc execution test
FAIL: 23_containers/set/modifiers/16728.cc execution test
FAIL: 23_containers/set/modifiers/17948.cc execution test
FAIL: 23_containers/set/modifiers/swap.cc execution test
FAIL: 23_containers/stack/members/7158.cc execution test
FAIL: 23_containers/vector/bool/1.cc execution test
FAIL: 23_containers/vector/bool/6886.cc execution test
FAIL: 23_containers/vector/bool/clear_allocator.cc execution test
FAIL: 23_containers/vector/capacity/1.cc execution test
FAIL: 23_containers/vector/capacity/2.cc execution test
FAIL: 23_containers/vector/capacity/8230.cc execution test
FAIL: 23_containers/vector/check_construct_destroy.cc execution test
FAIL: 23_containers/vector/cons/1.cc execution test
FAIL: 23_containers/vector/cons/2.cc execution test
FAIL: 23_containers/vector/cons/3.cc execution test
FAIL: 23_containers/vector/cons/4.cc execution test
FAIL: 23_containers/vector/cons/6513.cc execution test
FAIL: 23_containers/vector/cons/clear_allocator.cc execution test
FAIL: 23_containers/vector/data_access/1.cc execution test
FAIL: 23_containers/vector/element_access/1.cc execution test
FAIL: 23_containers/vector/invalidation/1.cc execution test
FAIL: 23_containers/vector/invalidation/2.cc execution test
FAIL: 23_containers/vector/invalidation/3.cc execution test
FAIL: 23_containers/vector/invalidation/4.cc execution test
FAIL: 23_containers/vector/modifiers/1.cc execution test
FAIL: 23_containers/vector/modifiers/2.cc execution test
FAIL: 23_containers/vector/modifiers/insert/1.cc execution test
FAIL: 23_containers/vector/modifiers/swap.cc execution test
FAIL: 23_containers/vector/resize/1.cc execution test
FAIL: 24_iterators/back_insert_iterator.cc execution test
FAIL: 24_iterators/front_insert_iterator.cc execution test
FAIL: 24_iterators/insert_iterator.cc execution test
FAIL: 24_iterators/istream_iterator.cc execution test
FAIL: 24_iterators/istreambuf_iterator/2.cc execution test
FAIL: 24_iterators/istreambuf_iterator/2627.cc execution test
FAIL: 24_iterators/iterator.cc execution test
FAIL: 24_iterators/ostream_iterator.cc execution test
FAIL: 24_iterators/ostreambuf_iterator/2.cc execution test
FAIL: 24_iterators/reverse_iterator/11729.cc execution test
FAIL: 24_iterators/reverse_iterator/2.cc execution test
FAIL: 24_iterators/reverse_iterator/3.cc execution test
FAIL: 25_algorithms/adjacent_find/1.cc execution test
FAIL: 25_algorithms/binary_search.cc execution test
FAIL: 25_algorithms/binary_search/1.cc execution test
FAIL: 25_algorithms/copy/1.cc execution test
FAIL: 25_algorithms/copy/2.cc execution test
FAIL: 25_algorithms/copy/3.cc execution test
FAIL: 25_algorithms/copy/4.cc execution test
FAIL: 25_algorithms/count/1.cc execution test
FAIL: 25_algorithms/count_if/1.cc execution test
FAIL: 25_algorithms/equal/1.cc execution test
FAIL: 25_algorithms/equal_range/1.cc execution test
FAIL: 25_algorithms/fill/1.cc execution test
FAIL: 25_algorithms/fill/2.cc execution test
FAIL: 25_algorithms/find/1.cc execution test
FAIL: 25_algorithms/find/17441.cc execution test
FAIL: 25_algorithms/find_end/1.cc execution test
FAIL: 25_algorithms/find_first_of/1.cc execution test
FAIL: 25_algorithms/find_if/1.cc execution test
FAIL: 25_algorithms/heap/heap.cc execution test
FAIL: 25_algorithms/includes/1.cc execution test
FAIL: 25_algorithms/inplace_merge/1.cc execution test
FAIL: 25_algorithms/iter_swap/20577.cc execution test
FAIL: 25_algorithms/lexicographical_compare/1.cc execution test
FAIL: 25_algorithms/lower_bound/1.cc execution test
FAIL: 25_algorithms/max_element/1.cc execution test
FAIL: 25_algorithms/merge/1.cc execution test
FAIL: 25_algorithms/min_element/1.cc execution test
FAIL: 25_algorithms/min_max.cc execution test
FAIL: 25_algorithms/mismatch/1.cc execution test
FAIL: 25_algorithms/next_permutation/1.cc execution test
FAIL: 25_algorithms/nth_element/1.cc execution test
FAIL: 25_algorithms/partial_sort/1.cc execution test
FAIL: 25_algorithms/partial_sort_copy/1.cc execution test
FAIL: 25_algorithms/partition/partition.cc execution test
FAIL: 25_algorithms/prev_permutation/1.cc execution test
FAIL: 25_algorithms/remove/1.cc execution test
FAIL: 25_algorithms/remove_if/1.cc execution test
FAIL: 25_algorithms/replace/1.cc execution test
FAIL: 25_algorithms/replace_copy/1.cc execution test
FAIL: 25_algorithms/replace_copy_if/1.cc execution test
FAIL: 25_algorithms/replace_if/1.cc execution test
FAIL: 25_algorithms/rotate/1.cc execution test
FAIL: 25_algorithms/rotate/rotate.cc execution test
FAIL: 25_algorithms/search/1.cc execution test
FAIL: 25_algorithms/search_n/iterator.cc execution test
FAIL: 25_algorithms/set_difference/1.cc execution test
FAIL: 25_algorithms/set_intersection/1.cc execution test
FAIL: 25_algorithms/set_symmetric_difference/1.cc execution test
FAIL: 25_algorithms/set_union/1.cc execution test
FAIL: 25_algorithms/sort.cc execution test
FAIL: 25_algorithms/stable_sort/1.cc execution test
FAIL: 25_algorithms/swap_ranges/1.cc execution test
FAIL: 25_algorithms/unique/1.cc execution test
FAIL: 25_algorithms/unique/11480.cc execution test
FAIL: 25_algorithms/unique/2.cc execution test
FAIL: 25_algorithms/unique_copy/1.cc execution test
FAIL: 25_algorithms/upper_bound/1.cc execution test
FAIL: 26_numerics/cmath/19322.cc execution test
FAIL: 26_numerics/cmath/c99_classification_macros_c.cc (test for excess errors)
FAIL: 26_numerics/cmath/c_math.cc execution test
FAIL: 26_numerics/cmath/fabs_inline.cc execution test
FAIL: 26_numerics/cmath/overloads.cc execution test
FAIL: 26_numerics/cmath/powi.cc execution test
FAIL: 26_numerics/complex/13450.cc execution test
FAIL: 26_numerics/complex/buggy_complex.cc execution test
FAIL: 26_numerics/complex/complex_inserters_extractors.cc execution test
FAIL: 26_numerics/complex/complex_value.cc execution test
FAIL: 26_numerics/complex/pow.cc execution test
FAIL: 26_numerics/cstdlib/13943.cc execution test
FAIL: 26_numerics/numeric/sum_diff.cc execution test
FAIL: 26_numerics/valarray/binary_closure.cc execution test
FAIL: 26_numerics/valarray/slice.cc execution test
FAIL: 26_numerics/valarray/slice_array_assignment.cc execution test
FAIL: 26_numerics/valarray/valarray.cc execution test
FAIL: 26_numerics/valarray/valarray_const_bracket.cc execution test
FAIL: 26_numerics/valarray/valarray_operators.cc execution test
FAIL: 26_numerics/valarray/valarray_subset_assignment.cc execution test
FAIL: 27_io/basic_filebuf/3.cc execution test
FAIL: 27_io/basic_filebuf/4.cc execution test
FAIL: 27_io/basic_filebuf/close/12790-1.cc execution test
FAIL: 27_io/basic_filebuf/close/char/1.cc execution test
FAIL: 27_io/basic_filebuf/close/char/12790-1.cc execution test
FAIL: 27_io/basic_filebuf/close/char/12790-2.cc execution test
FAIL: 27_io/basic_filebuf/close/char/12790-3.cc execution test
FAIL: 27_io/basic_filebuf/close/char/12790-4.cc execution test
FAIL: 27_io/basic_filebuf/close/char/2.cc execution test
FAIL: 27_io/basic_filebuf/close/char/3.cc execution test
FAIL: 27_io/basic_filebuf/close/char/4.cc execution test
FAIL: 27_io/basic_filebuf/close/char/5.cc execution test
FAIL: 27_io/basic_filebuf/cons/char/1.cc execution test
FAIL: 27_io/basic_filebuf/imbue/12206.cc execution test
FAIL: 27_io/basic_filebuf/imbue/char/1.cc execution test
FAIL: 27_io/basic_filebuf/imbue/char/3.cc execution test
FAIL: 27_io/basic_filebuf/in_avail/char/1.cc execution test
FAIL: 27_io/basic_filebuf/in_avail/char/9701-3.cc execution test
FAIL: 27_io/basic_filebuf/is_open/char/1.cc execution test
FAIL: 27_io/basic_filebuf/open/12790-1.cc execution test
FAIL: 27_io/basic_filebuf/open/char/1.cc execution test
FAIL: 27_io/basic_filebuf/open/char/2.cc execution test
FAIL: 27_io/basic_filebuf/open/char/3.cc execution test
FAIL: 27_io/basic_filebuf/overflow/char/1.cc execution test
FAIL: 27_io/basic_filebuf/overflow/char/13858.cc execution test
FAIL: 27_io/basic_filebuf/overflow/char/2-unbuf.cc execution test
FAIL: 27_io/basic_filebuf/overflow/char/2.cc execution test
FAIL: 27_io/basic_filebuf/overflow/char/3599.cc execution test
FAIL: 27_io/basic_filebuf/overflow/char/9169.cc execution test
FAIL: 27_io/basic_filebuf/overflow/char/9182-2.cc execution test
FAIL: 27_io/basic_filebuf/overflow/char/9988.cc execution test
FAIL: 27_io/basic_filebuf/pbackfail/char/9761.cc execution test
FAIL: 27_io/basic_filebuf/sbumpc/char/1-in.cc execution test
FAIL: 27_io/basic_filebuf/sbumpc/char/1-io.cc execution test
FAIL: 27_io/basic_filebuf/sbumpc/char/1-out.cc execution test
FAIL: 27_io/basic_filebuf/sbumpc/char/2-in.cc execution test
FAIL: 27_io/basic_filebuf/sbumpc/char/2-io.cc execution test
FAIL: 27_io/basic_filebuf/sbumpc/char/2-out.cc execution test
FAIL: 27_io/basic_filebuf/sbumpc/char/9825.cc execution test
FAIL: 27_io/basic_filebuf/seekoff/10132-2.cc execution test
FAIL: 27_io/basic_filebuf/seekoff/12790-1.cc execution test
FAIL: 27_io/basic_filebuf/seekoff/12790-2.cc execution test
FAIL: 27_io/basic_filebuf/seekoff/12790-3.cc execution test
FAIL: 27_io/basic_filebuf/seekoff/12790-4.cc execution test
FAIL: 27_io/basic_filebuf/seekoff/char/1-in.cc execution test
FAIL: 27_io/basic_filebuf/seekoff/char/1-io.cc execution test
FAIL: 27_io/basic_filebuf/seekoff/char/1-out.cc execution test
FAIL: 27_io/basic_filebuf/seekoff/char/11543.cc execution test
FAIL: 27_io/basic_filebuf/seekoff/char/12232.cc execution test
FAIL: 27_io/basic_filebuf/seekoff/char/12790-1.cc execution test
FAIL: 27_io/basic_filebuf/seekoff/char/12790-2.cc execution test
FAIL: 27_io/basic_filebuf/seekoff/char/12790-3.cc execution test
FAIL: 27_io/basic_filebuf/seekoff/char/12790-4.cc execution test
FAIL: 27_io/basic_filebuf/seekoff/char/2-in.cc execution test
FAIL: 27_io/basic_filebuf/seekoff/char/2-io.cc execution test
FAIL: 27_io/basic_filebuf/seekoff/char/2-out.cc execution test
FAIL: 27_io/basic_filebuf/seekoff/char/3-in.cc execution test
FAIL: 27_io/basic_filebuf/seekoff/char/3-io.cc execution test
FAIL: 27_io/basic_filebuf/seekoff/char/3-out.cc execution test
FAIL: 27_io/basic_filebuf/seekpos/10132-3.cc execution test
FAIL: 27_io/basic_filebuf/seekpos/12790-1.cc execution test
FAIL: 27_io/basic_filebuf/seekpos/12790-2.cc execution test
FAIL: 27_io/basic_filebuf/seekpos/12790-3.cc execution test
FAIL: 27_io/basic_filebuf/seekpos/char/1-in.cc execution test
FAIL: 27_io/basic_filebuf/seekpos/char/1-io.cc execution test
FAIL: 27_io/basic_filebuf/seekpos/char/1-out.cc execution test
FAIL: 27_io/basic_filebuf/seekpos/char/12790-1.cc execution test
FAIL: 27_io/basic_filebuf/seekpos/char/12790-2.cc execution test
FAIL: 27_io/basic_filebuf/seekpos/char/12790-3.cc execution test
FAIL: 27_io/basic_filebuf/seekpos/char/12790-4.cc execution test
FAIL: 27_io/basic_filebuf/seekpos/char/2-in.cc execution test
FAIL: 27_io/basic_filebuf/seekpos/char/2-io.cc execution test
FAIL: 27_io/basic_filebuf/seekpos/char/2-out.cc execution test
FAIL: 27_io/basic_filebuf/seekpos/char/3-in.cc execution test
FAIL: 27_io/basic_filebuf/seekpos/char/3-io.cc execution test
FAIL: 27_io/basic_filebuf/seekpos/char/3-out.cc execution test
FAIL: 27_io/basic_filebuf/setbuf/char/1.cc execution test
FAIL: 27_io/basic_filebuf/setbuf/char/12875-1.cc execution test
FAIL: 27_io/basic_filebuf/setbuf/char/12875-2.cc execution test
FAIL: 27_io/basic_filebuf/setbuf/char/2.cc execution test
FAIL: 27_io/basic_filebuf/setbuf/char/3.cc execution test
FAIL: 27_io/basic_filebuf/sgetc/char/1-in.cc execution test
FAIL: 27_io/basic_filebuf/sgetc/char/1-io.cc execution test
FAIL: 27_io/basic_filebuf/sgetc/char/1-out.cc execution test
FAIL: 27_io/basic_filebuf/sgetc/char/2-in.cc execution test
FAIL: 27_io/basic_filebuf/sgetc/char/2-io.cc execution test
FAIL: 27_io/basic_filebuf/sgetc/char/2-out.cc execution test
FAIL: 27_io/basic_filebuf/sgetn/char/1-out.cc execution test
FAIL: 27_io/basic_filebuf/sgetn/char/2-out.cc execution test
FAIL: 27_io/basic_filebuf/sgetn/char/3.cc execution test
FAIL: 27_io/basic_filebuf/showmanyc/char/9533-2.cc execution test
FAIL: 27_io/basic_filebuf/snextc/char/1-in.cc execution test
FAIL: 27_io/basic_filebuf/snextc/char/1-io.cc execution test
FAIL: 27_io/basic_filebuf/snextc/char/1-out.cc execution test
FAIL: 27_io/basic_filebuf/snextc/char/2-in.cc execution test
FAIL: 27_io/basic_filebuf/snextc/char/2-io.cc execution test
FAIL: 27_io/basic_filebuf/snextc/char/2-out.cc execution test
FAIL: 27_io/basic_filebuf/sputbackc/char/1-in.cc execution test
FAIL: 27_io/basic_filebuf/sputbackc/char/1-io.cc execution test
FAIL: 27_io/basic_filebuf/sputbackc/char/1-out.cc execution test
FAIL: 27_io/basic_filebuf/sputbackc/char/2-in.cc execution test
FAIL: 27_io/basic_filebuf/sputbackc/char/2-io.cc execution test
FAIL: 27_io/basic_filebuf/sputbackc/char/2-out.cc execution test
FAIL: 27_io/basic_filebuf/sputbackc/char/9425.cc execution test
FAIL: 27_io/basic_filebuf/sputc/char/1-in.cc execution test
FAIL: 27_io/basic_filebuf/sputc/char/1-io.cc execution test
FAIL: 27_io/basic_filebuf/sputc/char/1-out.cc execution test
FAIL: 27_io/basic_filebuf/sputc/char/1057.cc execution test
FAIL: 27_io/basic_filebuf/sputc/char/2-in.cc execution test
FAIL: 27_io/basic_filebuf/sputc/char/2-io.cc execution test
FAIL: 27_io/basic_filebuf/sputc/char/2-out.cc execution test
FAIL: 27_io/basic_filebuf/sputc/char/9701-2.cc execution test
FAIL: 27_io/basic_filebuf/sputn/char/1-in.cc execution test
FAIL: 27_io/basic_filebuf/sputn/char/1-io.cc execution test
FAIL: 27_io/basic_filebuf/sputn/char/1-out.cc execution test
FAIL: 27_io/basic_filebuf/sputn/char/1057.cc execution test
FAIL: 27_io/basic_filebuf/sputn/char/2-in.cc execution test
FAIL: 27_io/basic_filebuf/sputn/char/2-io.cc execution test
FAIL: 27_io/basic_filebuf/sputn/char/2-out.cc execution test
FAIL: 27_io/basic_filebuf/sputn/char/9339.cc execution test
FAIL: 27_io/basic_filebuf/sputn/char/9701-1.cc execution test
FAIL: 27_io/basic_filebuf/sungetc/char/1-in.cc execution test
FAIL: 27_io/basic_filebuf/sungetc/char/1-io.cc execution test
FAIL: 27_io/basic_filebuf/sungetc/char/1-out.cc execution test
FAIL: 27_io/basic_filebuf/sungetc/char/2-in.cc execution test
FAIL: 27_io/basic_filebuf/sungetc/char/2-io.cc execution test
FAIL: 27_io/basic_filebuf/sungetc/char/2-out.cc execution test
FAIL: 27_io/basic_filebuf/sync/char/1.cc execution test
FAIL: 27_io/basic_filebuf/sync/char/1057.cc execution test
FAIL: 27_io/basic_filebuf/sync/char/9182-1.cc execution test
FAIL: 27_io/basic_filebuf/underflow/10096.cc execution test
FAIL: 27_io/basic_filebuf/underflow/char/1.cc execution test
FAIL: 27_io/basic_filebuf/underflow/char/2.cc execution test
FAIL: 27_io/basic_filebuf/underflow/char/9027.cc execution test
FAIL: 27_io/basic_fstream/3.cc execution test
FAIL: 27_io/basic_fstream/4.cc execution test
FAIL: 27_io/basic_fstream/rdbuf/char/2832.cc execution test
FAIL: 27_io/basic_ifstream/3.cc execution test
FAIL: 27_io/basic_ifstream/4.cc execution test
FAIL: 27_io/basic_ifstream/cons/char/1.cc execution test
FAIL: 27_io/basic_ifstream/open/char/1.cc execution test
FAIL: 27_io/basic_ifstream/rdbuf/char/2832.cc execution test
FAIL: 27_io/basic_ios/3.cc execution test
FAIL: 27_io/basic_ios/4.cc execution test
FAIL: 27_io/basic_ios/clear/char/1.cc execution test
FAIL: 27_io/basic_ios/cons/char/1.cc execution test
FAIL: 27_io/basic_ios/cons/char/2.cc execution test
FAIL: 27_io/basic_ios/cons/char/3.cc execution test
FAIL: 27_io/basic_ios/copyfmt/char/1.cc execution test
FAIL: 27_io/basic_ios/exceptions/char/1.cc execution test
FAIL: 27_io/basic_ios/exceptions/char/2.cc execution test
FAIL: 27_io/basic_ios/imbue/14072.cc execution test
FAIL: 27_io/basic_ios/locales/char/1.cc execution test
FAIL: 27_io/basic_iostream/3.cc execution test
FAIL: 27_io/basic_iostream/4.cc execution test
FAIL: 27_io/basic_istream/3.cc execution test
FAIL: 27_io/basic_istream/4.cc execution test
FAIL: 27_io/basic_istream/exceptions/char/9561.cc execution test
FAIL: 27_io/basic_istream/extractors_arithmetic/char/01.cc execution test
FAIL: 27_io/basic_istream/extractors_arithmetic/char/02.cc execution test
FAIL: 27_io/basic_istream/extractors_arithmetic/char/03.cc execution test
FAIL: 27_io/basic_istream/extractors_arithmetic/char/06.cc execution test
FAIL: 27_io/basic_istream/extractors_arithmetic/char/07.cc execution test
FAIL: 27_io/basic_istream/extractors_arithmetic/char/08.cc execution test
FAIL: 27_io/basic_istream/extractors_arithmetic/char/09.cc execution test
FAIL: 27_io/basic_istream/extractors_arithmetic/char/10.cc execution test
FAIL: 27_io/basic_istream/extractors_arithmetic/char/11.cc execution test
FAIL: 27_io/basic_istream/extractors_arithmetic/char/12.cc execution test
FAIL: 27_io/basic_istream/extractors_arithmetic/char/13.cc execution test
FAIL: 27_io/basic_istream/extractors_arithmetic/char/9555-ia.cc execution test
FAIL: 27_io/basic_istream/extractors_arithmetic/char/exceptions_badbit_throw.cc execution test
FAIL: 27_io/basic_istream/extractors_arithmetic/char/exceptions_failbit.cc execution test
FAIL: 27_io/basic_istream/extractors_arithmetic/char/exceptions_failbit_throw.cc execution test
FAIL: 27_io/basic_istream/extractors_arithmetic/pod/3983-1.cc execution test
FAIL: 27_io/basic_istream/extractors_character/char/1.cc execution test
FAIL: 27_io/basic_istream/extractors_character/char/11095-i.cc execution test
FAIL: 27_io/basic_istream/extractors_character/char/2.cc execution test
FAIL: 27_io/basic_istream/extractors_character/char/3.cc execution test
FAIL: 27_io/basic_istream/extractors_character/char/4.cc execution test
FAIL: 27_io/basic_istream/extractors_character/char/9555-ic.cc execution test
FAIL: 27_io/basic_istream/extractors_character/pod/3983-2.cc execution test
FAIL: 27_io/basic_istream/extractors_other/char/1.cc execution test
FAIL: 27_io/basic_istream/extractors_other/char/2.cc execution test
FAIL: 27_io/basic_istream/extractors_other/char/3.cc execution test
FAIL: 27_io/basic_istream/extractors_other/char/9318-in.cc execution test
FAIL: 27_io/basic_istream/extractors_other/char/9424-in.cc execution test
FAIL: 27_io/basic_istream/extractors_other/char/9555-io.cc execution test
FAIL: 27_io/basic_istream/extractors_other/char/error_failbit.cc execution test
FAIL: 27_io/basic_istream/extractors_other/char/exceptions_badbit_throw.cc execution test
FAIL: 27_io/basic_istream/extractors_other/char/exceptions_failbit_throw.cc execution test
FAIL: 27_io/basic_istream/extractors_other/char/exceptions_null.cc execution test
FAIL: 27_io/basic_istream/extractors_other/pod/3983-3.cc execution test
FAIL: 27_io/basic_istream/get/char/1.cc execution test
FAIL: 27_io/basic_istream/get/char/2.cc execution test
FAIL: 27_io/basic_istream/get/char/3.cc execution test
FAIL: 27_io/basic_istream/getline/char/1.cc execution test
FAIL: 27_io/basic_istream/getline/char/2.cc execution test
FAIL: 27_io/basic_istream/getline/char/3.cc execution test
FAIL: 27_io/basic_istream/getline/char/4.cc execution test
FAIL: 27_io/basic_istream/getline/char/5.cc execution test
FAIL: 27_io/basic_istream/getline/char/6.cc execution test
FAIL: 27_io/basic_istream/ignore/char/1.cc execution test
FAIL: 27_io/basic_istream/ignore/char/2.cc execution test
FAIL: 27_io/basic_istream/ignore/char/3.cc execution test
FAIL: 27_io/basic_istream/ignore/char/6360.cc execution test
FAIL: 27_io/basic_istream/ignore/char/7220.cc execution test
FAIL: 27_io/basic_istream/peek/char/1.cc execution test
FAIL: 27_io/basic_istream/peek/char/12296.cc execution test
FAIL: 27_io/basic_istream/peek/char/6414.cc execution test
FAIL: 27_io/basic_istream/putback/char/1.cc execution test
FAIL: 27_io/basic_istream/read/char/1.cc execution test
FAIL: 27_io/basic_istream/read/char/2.cc execution test
FAIL: 27_io/basic_istream/read/char/3.cc execution test
FAIL: 27_io/basic_istream/readsome/char/6746-1.cc execution test
FAIL: 27_io/basic_istream/readsome/char/8258.cc execution test
FAIL: 27_io/basic_istream/seekg/char/2.cc execution test
FAIL: 27_io/basic_istream/seekg/char/8348-1.cc execution test
FAIL: 27_io/basic_istream/seekg/char/8348-2.cc execution test
FAIL: 27_io/basic_istream/seekg/char/exceptions_badbit_throw.cc execution test
FAIL: 27_io/basic_istream/seekg/char/fstream.cc execution test
FAIL: 27_io/basic_istream/seekg/char/sstream.cc execution test
FAIL: 27_io/basic_istream/sentry/char/1.cc execution test
FAIL: 27_io/basic_istream/sentry/char/12297.cc execution test
FAIL: 27_io/basic_istream/sentry/char/2.cc execution test
FAIL: 27_io/basic_istream/sentry/char/3.cc execution test
FAIL: 27_io/basic_istream/sentry/pod/1.cc execution test
FAIL: 27_io/basic_istream/tellg/char/1.cc execution test
FAIL: 27_io/basic_istream/tellg/char/2.cc execution test
FAIL: 27_io/basic_istream/tellg/char/8348.cc execution test
FAIL: 27_io/basic_istream/tellg/char/exceptions_badbit_throw.cc execution test
FAIL: 27_io/basic_istream/tellg/char/fstream.cc execution test
FAIL: 27_io/basic_istream/tellg/char/sstream.cc execution test
FAIL: 27_io/basic_istream/ws/char/1.cc execution test
FAIL: 27_io/basic_istringstream/3.cc execution test
FAIL: 27_io/basic_istringstream/4.cc execution test
FAIL: 27_io/basic_istringstream/rdbuf/char/2832.cc execution test
FAIL: 27_io/basic_istringstream/str/char/1.cc execution test
FAIL: 27_io/basic_ofstream/3.cc execution test
FAIL: 27_io/basic_ofstream/4.cc execution test
FAIL: 27_io/basic_ofstream/cons/char/2.cc execution test
FAIL: 27_io/basic_ofstream/open/char/1.cc execution test
FAIL: 27_io/basic_ofstream/rdbuf/char/2832.cc execution test
FAIL: 27_io/basic_ostream/3.cc execution test
FAIL: 27_io/basic_ostream/4.cc execution test
FAIL: 27_io/basic_ostream/cons/char/9827.cc execution test
FAIL: 27_io/basic_ostream/endl/char/1.cc execution test
FAIL: 27_io/basic_ostream/ends/char/1.cc execution test
FAIL: 27_io/basic_ostream/ends/char/2.cc execution test
FAIL: 27_io/basic_ostream/exceptions/char/9561.cc execution test
FAIL: 27_io/basic_ostream/flush/char/1.cc execution test
FAIL: 27_io/basic_ostream/flush/char/2.cc execution test
FAIL: 27_io/basic_ostream/flush/char/exceptions_badbit_throw.cc execution test
FAIL: 27_io/basic_ostream/inserters_arithmetic/char/1.cc execution test
FAIL: 27_io/basic_ostream/inserters_arithmetic/char/3.cc execution test
FAIL: 27_io/basic_ostream/inserters_arithmetic/char/4.cc execution test
FAIL: 27_io/basic_ostream/inserters_arithmetic/char/4402.cc execution test
FAIL: 27_io/basic_ostream/inserters_arithmetic/char/5.cc execution test
FAIL: 27_io/basic_ostream/inserters_arithmetic/char/6.cc execution test
FAIL: 27_io/basic_ostream/inserters_arithmetic/char/7.cc execution test
FAIL: 27_io/basic_ostream/inserters_arithmetic/char/9555-oa.cc execution test
FAIL: 27_io/basic_ostream/inserters_arithmetic/char/exceptions_badbit_throw.cc execution test
FAIL: 27_io/basic_ostream/inserters_arithmetic/char/exceptions_failbit_throw.cc execution test
FAIL: 27_io/basic_ostream/inserters_arithmetic/pod/23875.cc execution test
FAIL: 27_io/basic_ostream/inserters_character/char/1.cc execution test
FAIL: 27_io/basic_ostream/inserters_character/char/11095-oa.cc execution test
FAIL: 27_io/basic_ostream/inserters_character/char/11095-ob.cc execution test
FAIL: 27_io/basic_ostream/inserters_character/char/11095-oc.cc execution test
FAIL: 27_io/basic_ostream/inserters_character/char/2.cc execution test
FAIL: 27_io/basic_ostream/inserters_character/char/3.cc execution test
FAIL: 27_io/basic_ostream/inserters_character/char/4.cc execution test
FAIL: 27_io/basic_ostream/inserters_character/char/5.cc execution test
FAIL: 27_io/basic_ostream/inserters_character/char/6.cc execution test
FAIL: 27_io/basic_ostream/inserters_character/char/8.cc execution test
FAIL: 27_io/basic_ostream/inserters_character/char/9555-oc.cc execution test
FAIL: 27_io/basic_ostream/inserters_other/char/1.cc execution test
FAIL: 27_io/basic_ostream/inserters_other/char/2.cc execution test
FAIL: 27_io/basic_ostream/inserters_other/char/3.cc execution test
FAIL: 27_io/basic_ostream/inserters_other/char/4.cc execution test
FAIL: 27_io/basic_ostream/inserters_other/char/5.cc execution test
FAIL: 27_io/basic_ostream/inserters_other/char/9318-out.cc execution test
FAIL: 27_io/basic_ostream/inserters_other/char/9424-out.cc execution test
FAIL: 27_io/basic_ostream/inserters_other/char/9555-oo.cc execution test
FAIL: 27_io/basic_ostream/inserters_other/char/error_failbit.cc execution test
FAIL: 27_io/basic_ostream/inserters_other/char/exceptions_badbit_throw.cc execution test
FAIL: 27_io/basic_ostream/inserters_other/char/exceptions_failbit_throw.cc execution test
FAIL: 27_io/basic_ostream/inserters_other/char/exceptions_null.cc execution test
FAIL: 27_io/basic_ostream/put/char/1.cc execution test
FAIL: 27_io/basic_ostream/seekp/char/2346-fstream.cc execution test
FAIL: 27_io/basic_ostream/seekp/char/2346-sstream.cc execution test
FAIL: 27_io/basic_ostream/seekp/char/exceptions_badbit_throw.cc execution test
FAIL: 27_io/basic_ostream/sentry/char/1.cc execution test
FAIL: 27_io/basic_ostream/sentry/char/2.cc execution test
FAIL: 27_io/basic_ostream/sentry/pod/1.cc execution test
FAIL: 27_io/basic_ostream/tellp/char/1.cc execution test
FAIL: 27_io/basic_ostream/tellp/char/2.cc execution test
FAIL: 27_io/basic_ostream/tellp/char/exceptions_badbit_throw.cc execution test
FAIL: 27_io/basic_ostream/write/char/1.cc execution test
FAIL: 27_io/basic_ostringstream/3.cc execution test
FAIL: 27_io/basic_ostringstream/4.cc execution test
FAIL: 27_io/basic_ostringstream/cons/char/3.cc execution test
FAIL: 27_io/basic_ostringstream/rdbuf/char/2832.cc execution test
FAIL: 27_io/basic_ostringstream/str/char/1.cc execution test
FAIL: 27_io/basic_ostringstream/str/char/2.cc execution test
FAIL: 27_io/basic_streambuf/3.cc execution test
FAIL: 27_io/basic_streambuf/cons/char/1.cc execution test
FAIL: 27_io/basic_streambuf/imbue/char/1.cc execution test
FAIL: 27_io/basic_streambuf/in_avail/char/1.cc execution test
FAIL: 27_io/basic_streambuf/overflow/char/1.cc execution test
FAIL: 27_io/basic_streambuf/overflow/char/2.cc execution test
FAIL: 27_io/basic_streambuf/overflow/char/3599.cc execution test
FAIL: 27_io/basic_streambuf/sgetc/char/1.cc execution test
FAIL: 27_io/basic_streambuf/sgetn/char/1.cc execution test
FAIL: 27_io/basic_streambuf/sputbackc/char/9538.cc execution test
FAIL: 27_io/basic_streambuf/sputc/char/1057.cc execution test
FAIL: 27_io/basic_streambuf/sputn/char/1.cc execution test
FAIL: 27_io/basic_streambuf/sputn/char/1057.cc execution test
FAIL: 27_io/basic_streambuf/sync/char/1057.cc execution test
FAIL: 27_io/basic_stringbuf/3.cc execution test
FAIL: 27_io/basic_stringbuf/5.cc execution test
FAIL: 27_io/basic_stringbuf/cons/char/1.cc execution test
FAIL: 27_io/basic_stringbuf/imbue/char/1.cc execution test
FAIL: 27_io/basic_stringbuf/in_avail/char/1.cc execution test
FAIL: 27_io/basic_stringbuf/in_avail/char/21955.cc execution test
FAIL: 27_io/basic_stringbuf/overflow/char/1.cc execution test
FAIL: 27_io/basic_stringbuf/overflow/char/2.cc execution test
FAIL: 27_io/basic_stringbuf/overflow/char/3599.cc execution test
FAIL: 27_io/basic_stringbuf/overflow/char/9988.cc execution test
FAIL: 27_io/basic_stringbuf/pbackfail/char/1.cc execution test
FAIL: 27_io/basic_stringbuf/pbackfail/char/2.cc execution test
FAIL: 27_io/basic_stringbuf/sbumpc/char/1.cc execution test
FAIL: 27_io/basic_stringbuf/sbumpc/char/9825.cc execution test
FAIL: 27_io/basic_stringbuf/seekoff/char/1.cc execution test
FAIL: 27_io/basic_stringbuf/seekoff/char/10975.cc execution test
FAIL: 27_io/basic_stringbuf/seekoff/char/16956.cc execution test
FAIL: 27_io/basic_stringbuf/seekoff/char/2.cc execution test
FAIL: 27_io/basic_stringbuf/seekpos/char/1.cc execution test
FAIL: 27_io/basic_stringbuf/seekpos/char/2.cc execution test
FAIL: 27_io/basic_stringbuf/seekpos/char/3.cc execution test
FAIL: 27_io/basic_stringbuf/setbuf/char/1.cc execution test
FAIL: 27_io/basic_stringbuf/setbuf/char/2.cc execution test
FAIL: 27_io/basic_stringbuf/setbuf/char/3.cc execution test
FAIL: 27_io/basic_stringbuf/setbuf/char/4.cc execution test
FAIL: 27_io/basic_stringbuf/sgetc/char/1.cc execution test
FAIL: 27_io/basic_stringbuf/sgetn/char/1.cc execution test
FAIL: 27_io/basic_stringbuf/snextc/char/1.cc execution test
FAIL: 27_io/basic_stringbuf/sputbackc/char/1.cc execution test
FAIL: 27_io/basic_stringbuf/sputbackc/char/9425.cc execution test
FAIL: 27_io/basic_stringbuf/sputc/char/1.cc execution test
FAIL: 27_io/basic_stringbuf/sputc/char/1057.cc execution test
FAIL: 27_io/basic_stringbuf/sputc/char/9404-1.cc execution test
FAIL: 27_io/basic_stringbuf/sputn/char/1.cc execution test
FAIL: 27_io/basic_stringbuf/sputn/char/1057.cc execution test
FAIL: 27_io/basic_stringbuf/sputn/char/9404-2.cc execution test
FAIL: 27_io/basic_stringbuf/str/char/1.cc execution test
FAIL: 27_io/basic_stringbuf/str/char/2.cc execution test
FAIL: 27_io/basic_stringbuf/str/char/3.cc execution test
FAIL: 27_io/basic_stringbuf/str/char/3955.cc execution test
FAIL: 27_io/basic_stringbuf/sungetc/char/1.cc execution test
FAIL: 27_io/basic_stringbuf/sync/char/1057.cc execution test
FAIL: 27_io/basic_stringstream/3.cc execution test
FAIL: 27_io/basic_stringstream/4.cc execution test
FAIL: 27_io/basic_stringstream/rdbuf/char/2832.cc execution test
FAIL: 27_io/basic_stringstream/str/char/1.cc execution test
FAIL: 27_io/basic_stringstream/str/char/2.cc execution test
FAIL: 27_io/basic_stringstream/str/char/3.cc execution test
FAIL: 27_io/basic_stringstream/str/char/4.cc execution test
FAIL: 27_io/fpos/11450.cc execution test
FAIL: 27_io/fpos/14252.cc execution test
FAIL: 27_io/fpos/14320-2.cc execution test
FAIL: 27_io/fpos/14320-3.cc execution test
FAIL: 27_io/fpos/14320-4.cc execution test
FAIL: 27_io/fpos/14320-5.cc execution test
FAIL: 27_io/fpos/14775.cc execution test
FAIL: 27_io/fpos/mbstate_t/1.cc execution test
FAIL: 27_io/fpos/mbstate_t/12065.cc execution test
FAIL: 27_io/fpos/mbstate_t/2.cc execution test
FAIL: 27_io/fpos/mbstate_t/3.cc execution test
FAIL: 27_io/ios_base/callbacks/1.cc execution test
FAIL: 27_io/ios_base/state/1.cc execution test
FAIL: 27_io/ios_base/storage/1.cc execution test
FAIL: 27_io/ios_base/storage/11584.cc execution test
FAIL: 27_io/ios_base/storage/2.cc execution test
FAIL: 27_io/ios_base/storage/3.cc execution test
FAIL: 27_io/ios_base/sync_with_stdio/1.cc execution test
FAIL: 27_io/ios_base/sync_with_stdio/16959.cc execution test
FAIL: 27_io/ios_base/sync_with_stdio/2.cc execution test
FAIL: 27_io/ios_base/sync_with_stdio/9523.cc execution test
FAIL: 27_io/manipulators/adjustfield/char/1.cc execution test
FAIL: 27_io/manipulators/adjustfield/char/2.cc execution test
FAIL: 27_io/manipulators/basefield/char/1.cc execution test
FAIL: 27_io/manipulators/standard/char/1.cc execution test
FAIL: 27_io/manipulators/standard/char/2.cc execution test
FAIL: 27_io/objects/char/1.cc execution test
FAIL: 27_io/objects/char/10.cc execution test
FAIL: 27_io/objects/char/12048-1.cc execution test
FAIL: 27_io/objects/char/12048-2.cc execution test
FAIL: 27_io/objects/char/12048-3.cc execution test
FAIL: 27_io/objects/char/12048-4.cc execution test
FAIL: 27_io/objects/char/2.cc execution test
FAIL: 27_io/objects/char/3045.cc execution test
FAIL: 27_io/objects/char/3647.cc execution test
FAIL: 27_io/objects/char/5.cc execution test
FAIL: 27_io/objects/char/5268.cc execution test
FAIL: 27_io/objects/char/6.cc execution test
FAIL: 27_io/objects/char/8.cc execution test
FAIL: 27_io/objects/char/9.cc execution test
FAIL: 27_io/types/1.cc execution test
FAIL: 27_io/types/2.cc execution test
FAIL: 27_io/types/3.cc execution test
FAIL: backward/11460.cc execution test
FAIL: backward/header_deque_h.cc execution test
FAIL: backward/header_hash_map_h.cc execution test
FAIL: backward/header_hash_set_h.cc execution test
FAIL: backward/header_hashtable_h.cc execution test
FAIL: backward/header_iterator_h.cc execution test
FAIL: backward/header_rope_h.cc execution test
FAIL: backward/header_slist_h.cc execution test
FAIL: backward/header_tempbuf_h.cc execution test
FAIL: backward/strstream_members.cc execution test
FAIL: demangle/abi_examples/01.cc execution test
FAIL: demangle/abi_examples/02.cc execution test
FAIL: demangle/abi_examples/03.cc execution test
FAIL: demangle/abi_examples/04.cc execution test
FAIL: demangle/abi_examples/05.cc execution test
FAIL: demangle/abi_examples/06.cc execution test
FAIL: demangle/abi_examples/07.cc execution test
FAIL: demangle/abi_examples/08.cc execution test
FAIL: demangle/abi_examples/09.cc execution test
FAIL: demangle/abi_examples/10.cc execution test
FAIL: demangle/abi_examples/11.cc execution test
FAIL: demangle/abi_examples/12.cc execution test
FAIL: demangle/abi_examples/13.cc execution test
FAIL: demangle/abi_examples/14.cc execution test
FAIL: demangle/abi_examples/15.cc execution test
FAIL: demangle/abi_examples/16.cc execution test
FAIL: demangle/abi_examples/17.cc execution test
FAIL: demangle/abi_examples/18.cc execution test
FAIL: demangle/abi_examples/19.cc execution test
FAIL: demangle/abi_examples/20.cc execution test
FAIL: demangle/abi_examples/21.cc execution test
FAIL: demangle/abi_examples/22.cc execution test
FAIL: demangle/abi_examples/23.cc execution test
FAIL: demangle/abi_examples/24.cc execution test
FAIL: demangle/abi_examples/25.cc execution test
FAIL: demangle/abi_examples/26.cc execution test
FAIL: demangle/abi_text/01.cc execution test
FAIL: demangle/abi_text/02.cc execution test
FAIL: demangle/abi_text/03.cc execution test
FAIL: demangle/abi_text/04.cc execution test
FAIL: demangle/abi_text/05.cc execution test
FAIL: demangle/abi_text/06.cc execution test
FAIL: demangle/abi_text/07.cc execution test
FAIL: demangle/abi_text/08.cc execution test
FAIL: demangle/abi_text/09.cc execution test
FAIL: demangle/abi_text/10.cc execution test
FAIL: demangle/abi_text/11.cc execution test
FAIL: demangle/abi_text/12.cc execution test
FAIL: demangle/abi_text/13.cc execution test
FAIL: demangle/abi_text/14.cc execution test
FAIL: demangle/regression/3111-1.cc execution test
FAIL: demangle/regression/3111-2.cc execution test
FAIL: demangle/regression/7986-01.cc execution test
FAIL: demangle/regression/7986-02.cc execution test
FAIL: demangle/regression/7986-03.cc execution test
FAIL: demangle/regression/7986-04.cc execution test
FAIL: demangle/regression/7986-05.cc execution test
FAIL: demangle/regression/7986-06.cc execution test
FAIL: demangle/regression/7986-07.cc execution test
FAIL: demangle/regression/7986-08.cc execution test
FAIL: demangle/regression/7986-09.cc execution test
FAIL: demangle/regression/7986-10.cc execution test
FAIL: demangle/regression/7986-11.cc execution test
FAIL: demangle/regression/7986-12.cc execution test
FAIL: demangle/regression/7986.cc execution test
FAIL: demangle/regression/8897.cc execution test
FAIL: demangle/regression/cw-01.cc execution test
FAIL: demangle/regression/cw-02.cc execution test
FAIL: demangle/regression/cw-03.cc execution test
FAIL: demangle/regression/cw-04.cc execution test
FAIL: demangle/regression/cw-05.cc execution test
FAIL: demangle/regression/cw-06.cc execution test
FAIL: demangle/regression/cw-07.cc execution test
FAIL: demangle/regression/cw-08.cc execution test
FAIL: demangle/regression/cw-09.cc execution test
FAIL: demangle/regression/cw-10.cc execution test
FAIL: demangle/regression/cw-11.cc execution test
FAIL: demangle/regression/cw-12.cc execution test
FAIL: demangle/regression/cw-13.cc execution test
FAIL: demangle/regression/cw-14.cc execution test
FAIL: demangle/regression/cw-15.cc execution test
FAIL: demangle/regression/cw-16.cc execution test
FAIL: demangle/regression/old.cc execution test
FAIL: ext/array_allocator/1.cc execution test
FAIL: ext/array_allocator/2.cc execution test
FAIL: ext/array_allocator/3.cc execution test
FAIL: ext/array_allocator/check_allocate_max_size.cc execution test
FAIL: ext/array_allocator/check_deallocate_null.cc execution test
FAIL: ext/array_allocator/check_delete.cc execution test
FAIL: ext/array_allocator/check_new.cc execution test
FAIL: ext/bitmap_allocator/check_allocate_max_size.cc execution test
FAIL: ext/bitmap_allocator/check_deallocate_null.cc execution test
FAIL: ext/bitmap_allocator/check_delete.cc execution test
FAIL: ext/bitmap_allocator/check_new.cc execution test
FAIL: ext/concept_checks.cc execution test
FAIL: ext/debug_allocator/check_deallocate_null.cc execution test
FAIL: ext/debug_allocator/check_delete.cc execution test
FAIL: ext/debug_allocator/check_new.cc execution test
FAIL: ext/enc_filebuf/char/13189.cc execution test
FAIL: ext/enc_filebuf/char/13598.cc execution test
FAIL: ext/hash_map/1.cc execution test
FAIL: ext/hash_map/14648.cc execution test
FAIL: ext/hash_set/1.cc execution test
FAIL: ext/hash_set/check_construct_destroy.cc execution test
FAIL: ext/is_heap/1.cc execution test
FAIL: ext/malloc_allocator/check_allocate_max_size.cc execution test
FAIL: ext/malloc_allocator/check_deallocate_null.cc execution test
FAIL: ext/malloc_allocator/check_delete.cc execution test
FAIL: ext/malloc_allocator/check_new.cc execution test
FAIL: ext/malloc_allocator/deallocate_global.cc execution test
FAIL: ext/malloc_allocator/deallocate_local.cc execution test
FAIL: ext/median.cc execution test
FAIL: ext/mt_allocator/check_allocate_big_per_type.cc execution test
FAIL: ext/mt_allocator/check_allocate_max_size.cc execution test
FAIL: ext/mt_allocator/check_deallocate_null.cc execution test
FAIL: ext/mt_allocator/check_delete.cc execution test
FAIL: ext/mt_allocator/check_new.cc execution test
FAIL: ext/mt_allocator/deallocate_global-2.cc execution test
FAIL: ext/mt_allocator/deallocate_global-4.cc execution test
FAIL: ext/mt_allocator/deallocate_local-2.cc execution test
FAIL: ext/mt_allocator/deallocate_local-4.cc execution test
FAIL: ext/mt_allocator/tune-1.cc execution test
FAIL: ext/mt_allocator/tune-2.cc execution test
FAIL: ext/mt_allocator/tune-3.cc execution test
FAIL: ext/mt_allocator/tune-4.cc execution test
FAIL: ext/new_allocator/check_allocate_max_size.cc execution test
FAIL: ext/new_allocator/check_deallocate_null.cc execution test
FAIL: ext/new_allocator/check_delete.cc execution test
FAIL: ext/new_allocator/check_new.cc execution test
FAIL: ext/new_allocator/deallocate_global.cc execution test
FAIL: ext/new_allocator/deallocate_local.cc execution test
FAIL: ext/pb_assoc/example/basic_map.cc execution test
FAIL: ext/pb_assoc/example/basic_multimap.cc execution test
FAIL: ext/pb_assoc/example/basic_set.cc execution test
FAIL: ext/pb_assoc/example/ds_traits.cc execution test
FAIL: ext/pb_assoc/example/erase_if.cc execution test
FAIL: ext/pb_assoc/example/extract_key.cc execution test
FAIL: ext/pb_assoc/example/hash_illegal_resize.cc execution test
FAIL: ext/pb_assoc/example/hash_initial_size.cc execution test
FAIL: ext/pb_assoc/example/hash_load_set_change.cc execution test
FAIL: ext/pb_assoc/example/hash_mod.cc execution test
FAIL: ext/pb_assoc/example/hash_resize.cc execution test
FAIL: ext/pb_assoc/example/hash_shift_mask.cc execution test
FAIL: ext/pb_assoc/example/mapping_level.cc execution test
FAIL: ext/pb_assoc/example/ms_traits.cc execution test
FAIL: ext/pb_assoc/example/ranged_hash.cc execution test
FAIL: ext/pb_assoc/example/store_hash.cc execution test
FAIL: ext/pb_assoc/example/tree_intervals.cc execution test
FAIL: ext/pb_assoc/example/tree_join.cc execution test
FAIL: ext/pb_assoc/example/tree_order_statistics.cc execution test
FAIL: ext/pb_assoc/example/tree_order_statistics_join.cc execution test
FAIL: ext/pb_assoc/example/tree_split.cc execution test
FAIL: ext/pod_char_traits.cc execution test
FAIL: ext/pool_allocator/allocate_chunk.cc execution test
FAIL: ext/pool_allocator/check_allocate_max_size.cc execution test
FAIL: ext/pool_allocator/check_deallocate_null.cc execution test
FAIL: ext/pool_allocator/check_delete.cc execution test
FAIL: ext/pool_allocator/check_new.cc execution test
FAIL: ext/rope/1.cc execution test
FAIL: ext/rope/2.cc execution test
FAIL: ext/rope/3.cc execution test
FAIL: ext/rope/4.cc execution test
FAIL: ext/slist/check_construct_destroy.cc execution test
FAIL: ext/stdio_filebuf/char/10063-1.cc execution test
FAIL: ext/stdio_filebuf/char/2.cc execution test
FAIL: ext/stdio_sync_filebuf/char/1.cc execution test
FAIL: ext/stdio_sync_filebuf/char/12048-1.cc execution test
FAIL: ext/stdio_sync_filebuf/char/12048-2.cc execution test
FAIL: ext/stdio_sync_filebuf/char/12048-3.cc execution test
FAIL: ext/stdio_sync_filebuf/char/12048-4.cc execution test
FAIL: tr1/2_general_utilities/memory/enable_shared_from_this/not_shared.cc execution test
FAIL: tr1/2_general_utilities/memory/enable_shared_from_this/not_shared2.cc execution test
FAIL: tr1/2_general_utilities/memory/enable_shared_from_this/not_shared3.cc execution test
FAIL: tr1/2_general_utilities/memory/enable_shared_from_this/shared.cc execution test
FAIL: tr1/2_general_utilities/memory/enable_shared_from_this/still_shared.cc execution test
FAIL: tr1/2_general_utilities/memory/shared_ptr/assign/assign.cc execution test
FAIL: tr1/2_general_utilities/memory/shared_ptr/assign/auto_ptr.cc execution test
FAIL: tr1/2_general_utilities/memory/shared_ptr/assign/shared_ptr.cc execution test
FAIL: tr1/2_general_utilities/memory/shared_ptr/comparison/cmp.cc execution test
FAIL: tr1/2_general_utilities/memory/shared_ptr/cons/auto_ptr.cc execution test
FAIL: tr1/2_general_utilities/memory/shared_ptr/cons/copy.cc execution test
FAIL: tr1/2_general_utilities/memory/shared_ptr/cons/default.cc execution test
FAIL: tr1/2_general_utilities/memory/shared_ptr/cons/pointer.cc execution test
FAIL: tr1/2_general_utilities/memory/shared_ptr/cons/weak_ptr.cc execution test
FAIL: tr1/2_general_utilities/memory/shared_ptr/dest/dest.cc execution test
FAIL: tr1/2_general_utilities/memory/shared_ptr/misc/24595.cc execution test
FAIL: tr1/2_general_utilities/memory/shared_ptr/misc/io.cc execution test
FAIL: tr1/2_general_utilities/memory/shared_ptr/misc/swap.cc execution test
FAIL: tr1/2_general_utilities/memory/shared_ptr/modifiers/reset.cc execution test
FAIL: tr1/2_general_utilities/memory/shared_ptr/modifiers/swap.cc execution test
FAIL: tr1/2_general_utilities/memory/shared_ptr/observers/bool_conv.cc execution test
FAIL: tr1/2_general_utilities/memory/shared_ptr/observers/get.cc execution test
FAIL: tr1/2_general_utilities/memory/shared_ptr/observers/unique.cc execution test
FAIL: tr1/2_general_utilities/memory/shared_ptr/observers/use_count.cc execution test
FAIL: tr1/3_function_objects/bind/all_bound.cc execution test
FAIL: tr1/3_function_objects/bind/nested.cc execution test
FAIL: tr1/3_function_objects/bind/placeholders.cc execution test
FAIL: tr1/3_function_objects/bind/ref.cc execution test
FAIL: tr1/3_function_objects/function/1.cc execution test
FAIL: tr1/3_function_objects/function/2.cc execution test
FAIL: tr1/3_function_objects/function/3.cc execution test
FAIL: tr1/3_function_objects/function/4.cc execution test
FAIL: tr1/3_function_objects/function/5.cc execution test
FAIL: tr1/3_function_objects/function/6.cc execution test
FAIL: tr1/3_function_objects/function/7.cc execution test
FAIL: tr1/3_function_objects/function/8.cc execution test
FAIL: tr1/3_function_objects/function/9.cc execution test
FAIL: tr1/3_function_objects/mem_fn.cc execution test
FAIL: tr1/3_function_objects/reference_wrapper/invoke.cc execution test
FAIL: tr1/3_function_objects/reference_wrapper/typedefs.cc execution test
FAIL: tr1/3_function_objects/result_of.cc execution test
FAIL: tr1/4_metaprogramming/array_modifications/remove_all_extents.cc execution test
FAIL: tr1/4_metaprogramming/array_modifications/remove_extent.cc execution test
FAIL: tr1/4_metaprogramming/composite_type_traits/is_arithmetic/is_arithmetic.cc execution test
FAIL: tr1/4_metaprogramming/composite_type_traits/is_compound/is_compound.cc execution test
FAIL: tr1/4_metaprogramming/composite_type_traits/is_fundamental/is_fundamental.cc execution test
FAIL: tr1/4_metaprogramming/composite_type_traits/is_member_pointer/is_member_pointer.cc execution test
FAIL: tr1/4_metaprogramming/composite_type_traits/is_object/24808.cc execution test
FAIL: tr1/4_metaprogramming/composite_type_traits/is_object/is_object.cc execution test
FAIL: tr1/4_metaprogramming/composite_type_traits/is_scalar/is_scalar.cc execution test
FAIL: tr1/4_metaprogramming/composite_type_traits/is_union_or_class/is_union_or_class.cc execution test
FAIL: tr1/4_metaprogramming/const_volatile_modifications/add_const.cc execution test
FAIL: tr1/4_metaprogramming/const_volatile_modifications/add_cv.cc execution test
FAIL: tr1/4_metaprogramming/const_volatile_modifications/add_volatile.cc execution test
FAIL: tr1/4_metaprogramming/const_volatile_modifications/remove_const.cc execution test
FAIL: tr1/4_metaprogramming/const_volatile_modifications/remove_cv.cc execution test
FAIL: tr1/4_metaprogramming/const_volatile_modifications/remove_volatile.cc execution test
FAIL: tr1/4_metaprogramming/helper_classes/true_false_type.cc execution test
FAIL: tr1/4_metaprogramming/other_transformations/aligned_storage/aligned_storage.cc execution test
FAIL: tr1/4_metaprogramming/pointer_modifications/add_pointer.cc execution test
FAIL: tr1/4_metaprogramming/pointer_modifications/remove_pointer.cc execution test
FAIL: tr1/4_metaprogramming/primary_type_categories/is_array/is_array.cc execution test
FAIL: tr1/4_metaprogramming/primary_type_categories/is_enum/24808.cc execution test
FAIL: tr1/4_metaprogramming/primary_type_categories/is_enum/is_enum.cc execution test
FAIL: tr1/4_metaprogramming/primary_type_categories/is_floating_point/is_floating_point.cc execution test
FAIL: tr1/4_metaprogramming/primary_type_categories/is_function/24808.cc execution test
FAIL: tr1/4_metaprogramming/primary_type_categories/is_function/is_function.cc execution test
FAIL: tr1/4_metaprogramming/primary_type_categories/is_integral/is_integral.cc execution test
FAIL: tr1/4_metaprogramming/primary_type_categories/is_member_function_pointer/is_member_function_pointer.cc execution test
FAIL: tr1/4_metaprogramming/primary_type_categories/is_member_object_pointer/is_member_object_pointer.cc execution test
FAIL: tr1/4_metaprogramming/primary_type_categories/is_pointer/is_pointer.cc execution test
FAIL: tr1/4_metaprogramming/primary_type_categories/is_reference/is_reference.cc execution test
FAIL: tr1/4_metaprogramming/primary_type_categories/is_void/is_void.cc execution test
FAIL: tr1/4_metaprogramming/reference_modifications/add_reference.cc execution test
FAIL: tr1/4_metaprogramming/reference_modifications/remove_reference.cc execution test
FAIL: tr1/4_metaprogramming/relationships_between_types/is_base_of/is_base_of.cc execution test
FAIL: tr1/4_metaprogramming/relationships_between_types/is_convertible/is_convertible.cc execution test
FAIL: tr1/4_metaprogramming/relationships_between_types/is_same/is_same.cc execution test
FAIL: tr1/4_metaprogramming/type_properties/alignment_of/alignment_of.cc execution test
FAIL: tr1/4_metaprogramming/type_properties/extent/extent.cc execution test
FAIL: tr1/4_metaprogramming/type_properties/has_nothrow_assign/has_nothrow_assign.cc execution test
FAIL: tr1/4_metaprogramming/type_properties/has_nothrow_constructor/has_nothrow_constructor.cc execution test
FAIL: tr1/4_metaprogramming/type_properties/has_nothrow_copy/has_nothrow_copy.cc execution test
FAIL: tr1/4_metaprogramming/type_properties/has_trivial_assign/has_trivial_assign.cc execution test
FAIL: tr1/4_metaprogramming/type_properties/has_trivial_constructor/has_trivial_constructor.cc execution test
FAIL: tr1/4_metaprogramming/type_properties/has_trivial_copy/has_trivial_copy.cc execution test
FAIL: tr1/4_metaprogramming/type_properties/has_trivial_destructor/has_trivial_destructor.cc execution test
FAIL: tr1/4_metaprogramming/type_properties/is_abstract/is_abstract.cc execution test
FAIL: tr1/4_metaprogramming/type_properties/is_const/is_const.cc execution test
FAIL: tr1/4_metaprogramming/type_properties/is_empty/is_empty.cc execution test
FAIL: tr1/4_metaprogramming/type_properties/is_pod/is_pod.cc execution test
FAIL: tr1/4_metaprogramming/type_properties/is_polymorphic/is_polymorphic.cc execution test
FAIL: tr1/4_metaprogramming/type_properties/is_signed/is_signed.cc execution test
FAIL: tr1/4_metaprogramming/type_properties/is_unsigned/is_unsigned.cc execution test
FAIL: tr1/4_metaprogramming/type_properties/is_volatile/is_volatile.cc execution test
FAIL: tr1/4_metaprogramming/type_properties/rank/rank.cc execution test
FAIL: tr1/6_containers/array/capacity/empty.cc execution test
FAIL: tr1/6_containers/array/capacity/max_size.cc execution test
FAIL: tr1/6_containers/array/capacity/size.cc execution test
FAIL: tr1/6_containers/array/comparison_operators/equal.cc execution test
FAIL: tr1/6_containers/array/comparison_operators/greater.cc execution test
FAIL: tr1/6_containers/array/comparison_operators/greater_or_equal.cc execution test
FAIL: tr1/6_containers/array/comparison_operators/less.cc execution test
FAIL: tr1/6_containers/array/comparison_operators/less_or_equal.cc execution test
FAIL: tr1/6_containers/array/comparison_operators/not_equal.cc execution test
FAIL: tr1/6_containers/array/element_access/at_out_of_range.cc execution test
FAIL: tr1/6_containers/array/element_access/back.cc execution test
FAIL: tr1/6_containers/array/element_access/data.cc execution test
FAIL: tr1/6_containers/array/element_access/front.cc execution test
FAIL: tr1/6_containers/array/iterators/end_is_one_past.cc execution test
FAIL: tr1/6_containers/array/requirements/contiguous.cc execution test
FAIL: tr1/6_containers/array/requirements/zero_sized_arrays.cc execution test
FAIL: tr1/6_containers/array/tuple_interface/get.cc execution test
FAIL: tr1/6_containers/array/tuple_interface/tuple_element.cc execution test
FAIL: tr1/6_containers/array/tuple_interface/tuple_size.cc execution test
FAIL: tr1/6_containers/tuple/comparison_operators/comparisons.cc execution test
FAIL: tr1/6_containers/tuple/cons/assignment.cc execution test
FAIL: tr1/6_containers/tuple/cons/big_tuples.cc execution test
FAIL: tr1/6_containers/tuple/cons/constructor.cc execution test
FAIL: tr1/6_containers/tuple/creation_functions/23978.cc execution test
FAIL: tr1/6_containers/tuple/creation_functions/make_tuple.cc execution test
FAIL: tr1/6_containers/tuple/creation_functions/tie.cc execution test
FAIL: tr1/6_containers/tuple/element_access/get.cc execution test
FAIL: tr1/6_containers/tuple/tuple_element.cc execution test
FAIL: tr1/6_containers/tuple/tuple_size.cc execution test
FAIL: tr1/6_containers/unordered/erase/24061-map.cc execution test
FAIL: tr1/6_containers/unordered/erase/24061-multimap.cc execution test
FAIL: tr1/6_containers/unordered/erase/24061-multiset.cc execution test
FAIL: tr1/6_containers/unordered/erase/24061-set.cc execution test
FAIL: tr1/6_containers/unordered/find/map1.cc execution test
FAIL: tr1/6_containers/unordered/find/multimap1.cc execution test
FAIL: tr1/6_containers/unordered/find/multiset1.cc execution test
FAIL: tr1/6_containers/unordered/find/set1.cc execution test
FAIL: tr1/6_containers/unordered/hash/24799.cc execution test
FAIL: tr1/6_containers/unordered/hashtable/23465.cc execution test
FAIL: tr1/6_containers/unordered/hashtable/24054.cc execution test
FAIL: tr1/6_containers/unordered/hashtable/24064.cc execution test
FAIL: tr1/6_containers/unordered/insert/24061-map.cc execution test
FAIL: tr1/6_containers/unordered/insert/24061-multimap.cc execution test
FAIL: tr1/6_containers/unordered/insert/24061-multiset.cc execution test
FAIL: tr1/6_containers/unordered/insert/24061-set.cc execution test
FAIL: tr1/6_containers/unordered/insert/array_syntax.cc execution test
FAIL: tr1/6_containers/unordered/insert/map_range.cc execution test
FAIL: tr1/6_containers/unordered/insert/map_single.cc execution test
FAIL: tr1/6_containers/unordered/insert/multimap_range.cc execution test
FAIL: tr1/6_containers/unordered/insert/multimap_single.cc execution test
FAIL: tr1/6_containers/unordered/insert/multiset_range.cc execution test
FAIL: tr1/6_containers/unordered/insert/multiset_single.cc execution test
FAIL: tr1/6_containers/unordered/insert/set_range.cc execution test
FAIL: tr1/6_containers/unordered/insert/set_single.cc execution test
FAIL: tr1/6_containers/utility/19535.cc execution test
FAIL: tr1/6_containers/utility/pair.cc execution test

		=== libstdc++ Summary for arm-sim/-mthumb ===

# of expected passes		1463
# of unexpected failures	1124
# of expected failures		17
# of unsupported tests		152

		=== libstdc++ Summary ===

# of expected passes		4038
# of unexpected failures	1140
# of unexpected successes	2
# of expected failures		32
# of unsupported tests		302

Compiler version: 4.1.0 20060201 (prerelease) (CodeSourcery ARM) 
Platform: arm-none-eabi
configure flags: --disable-nls --build=i686-pc-linux-gnu --host=i686-pc-linux-gnu --target=arm-none-eabi --enable-shared --enable-threads --disable-libmudflap --disable-libssp --disable-libgomp --disable-libstdcxx-pch --with-gnu-as --with-gnu-ld --prefix=/scratch/gcc/nightly-2006-02-25-csl-arm/arm-none-eabi/build_gcc/install --with-newlib --with-sysroot=/scratch/gcc/nightly-2006-02-25-csl-arm/arm-none-eabi/build_gcc/install/arm-none-eabi --with-build-sysroot=/scratch/gcc/nightly-2006-02-25-csl-arm/arm-none-eabi/build_gcc/install/arm-none-eabi --enable-languages=c,c++


Index Nav: [Date Index] [Subject Index] [Author Index] [Thread Index]
Message Nav: [Date Prev] [Date Next] [Thread Prev] [Thread Next]