This is the mail archive of the gcc-testresults@gcc.gnu.org mailing list for the GCC project.


Index Nav: [Date Index] [Subject Index] [Author Index] [Thread Index]
Message Nav: [Date Prev] [Date Next] [Thread Prev] [Thread Next]
Other format: [Raw text]

Results for 3.4.6 20060226 (prerelease) testsuite on ia64-redhat-linux-gnu


LAST_UPDATED: Sun Feb 26 01:22:41 UTC 2006 (revision 111450)

Native configuration is ia64-redhat-linux-gnu

=== g77 tests ===


Running target unix

=== g77 Summary ===

# of expected passes 1812
# of unsupported tests 6
/home/testbot/bootstrap/000804/bld/gcc/testsuite/../g77 version 3.4.6 20060226 (prerelease)

=== gcc tests ===


Running target unix
FAIL: gcc.dg/compat/scalar-by-value-3 c_compat_x_tst.o compile
UNRESOLVED: gcc.dg/compat/scalar-by-value-3 c_compat_x_tst.o-c_compat_y_tst.o link
UNRESOLVED: gcc.dg/compat/scalar-by-value-3 c_compat_x_tst.o-c_compat_y_tst.o execute
FAIL: gcc.dg/compat/scalar-return-3 c_compat_x_tst.o compile
UNRESOLVED: gcc.dg/compat/scalar-return-3 c_compat_x_tst.o-c_compat_y_tst.o link
UNRESOLVED: gcc.dg/compat/scalar-return-3 c_compat_x_tst.o-c_compat_y_tst.o execute
FAIL: gcc.dg/compat/struct-by-value-18 c_compat_x_tst.o compile
UNRESOLVED: gcc.dg/compat/struct-by-value-18 c_compat_x_tst.o-c_compat_y_tst.o link
UNRESOLVED: gcc.dg/compat/struct-by-value-18 c_compat_x_tst.o-c_compat_y_tst.o execute
FAIL: gcc.dg/compat/struct-by-value-7a c_compat_x_tst.o-c_compat_y_tst.o execute
FAIL: gcc.dg/compat/struct-by-value-7b c_compat_x_tst.o-c_compat_y_tst.o execute
FAIL: gcc.dg/special/gcsec-1.c (test for excess errors)

=== gcc Summary ===

# of expected passes 24552
# of unexpected failures 6
# of expected failures 75
# of unresolved testcases 6
# of untested testcases 7
# of unsupported tests 355
/home/testbot/bootstrap/000804/bld/gcc/xgcc version 3.4.6 20060226 (prerelease)

=== g++ tests ===


Running target unix
XPASS: g++.old-deja/g++.other/init5.C execution test

=== g++ Summary ===

# of expected passes 9628
# of unexpected successes 1
# of expected failures 66
# of unsupported tests 80
/home/testbot/bootstrap/000804/bld/gcc/testsuite/../g++ version 3.4.6 20060226 (prerelease)

=== objc tests ===


Running target unix

=== objc Summary ===

# of expected passes 1352
# of unsupported tests 8
/home/testbot/bootstrap/000804/bld/gcc/xgcc version 3.4.6 20060226 (prerelease)

=== libffi tests ===


Running target unix
FAIL: libffi.call/closure_fn0.c output pattern test, is 1 2 3 4 127 429 7 8 0 10 11 0 13 19 21 1 3: 659
FAIL: libffi.call/closure_fn1.c output pattern test, is 1 2 3 4 127 5 6 8 0 10 11 0 13 19 21 1 3: 234
FAIL: libffi.call/closure_fn2.c output pattern test, is 1 2 3 4 127 5 6 8 0 10 11 0 13 0 21 1 3: 215
FAIL: libffi.call/closure_fn3.c output pattern test, is 1 2 3 4 5 6 7 8 9 10 0 0 13 0 0 1 3: 72
FAIL: libffi.call/cls_12byte.c execution test
FAIL: libffi.call/cls_16byte.c execution test
FAIL: libffi.call/cls_18byte.c execution test
FAIL: libffi.call/cls_19byte.c execution test
FAIL: libffi.call/cls_1_1byte.c execution test
FAIL: libffi.call/cls_20byte.c execution test
FAIL: libffi.call/cls_20byte1.c execution test
FAIL: libffi.call/cls_24byte.c execution test
FAIL: libffi.call/cls_2byte.c execution test
FAIL: libffi.call/cls_3_1byte.c execution test
FAIL: libffi.call/cls_3byte1.c execution test
FAIL: libffi.call/cls_3byte2.c execution test
FAIL: libffi.call/cls_4_1byte.c execution test
FAIL: libffi.call/cls_4byte.c execution test
FAIL: libffi.call/cls_5byte.c execution test
FAIL: libffi.call/cls_64byte.c execution test
FAIL: libffi.call/cls_6byte.c execution test
FAIL: libffi.call/cls_7byte.c execution test
FAIL: libffi.call/cls_8byte.c execution test
FAIL: libffi.call/cls_9byte1.c execution test
FAIL: libffi.call/cls_9byte2.c execution test
FAIL: libffi.call/cls_align_double.c execution test
FAIL: libffi.call/cls_align_float.c execution test
FAIL: libffi.call/cls_align_longdouble.c execution test
FAIL: libffi.call/cls_align_pointer.c execution test
FAIL: libffi.call/cls_align_sint16.c execution test
FAIL: libffi.call/cls_align_sint32.c execution test
FAIL: libffi.call/cls_align_sint64.c execution test
FAIL: libffi.call/cls_align_uint16.c execution test
FAIL: libffi.call/cls_align_uint32.c execution test
FAIL: libffi.call/cls_align_uint64.c execution test
FAIL: libffi.call/float.c execution test
FAIL: libffi.call/float2.c execution test
FAIL: libffi.call/nested_struct.c execution test
FAIL: libffi.call/nested_struct1.c execution test
FAIL: libffi.call/nested_struct2.c execution test
FAIL: libffi.call/nested_struct3.c execution test
FAIL: libffi.call/problem1.c execution test
FAIL: libffi.call/pyobjc-tc.c execution test
FAIL: libffi.call/struct8.c execution test
FAIL: libffi.special/unwindtest.cc -lstdc++ execution test

=== libffi Summary ===

# of expected passes 130
# of unexpected failures 45
# of unsupported tests 2
=== libjava tests ===


Running target unix

=== libjava Summary ===

# of expected passes 3271
# of expected failures 10
# of untested testcases 8
=== libstdc++ tests ===


Running target unix
XPASS: 22_locale/locale/cons/12658_thread.cc execution test
XPASS: 26_numerics/c99_classification_macros_c.cc (test for excess errors)
XPASS: 27_io/fpos/14320-1.cc execution test

=== libstdc++ Summary ===

# of expected passes 2737
# of unexpected successes 3
# of expected failures 4

Compiler version: 3.4.6 20060226 (prerelease)
Platform: ia64-redhat-linux-gnu
configure flags: --prefix=/home/testbot/bootstrap/000804/usr --program-suffix=-34 -enable-shared --enable-threads=posix --enable-checking --with-system-zlib --enable-__cxa_atexit --host=ia64-redhat-linux


Index Nav: [Date Index] [Subject Index] [Author Index] [Thread Index]
Message Nav: [Date Prev] [Date Next] [Thread Prev] [Thread Next]