This is the mail archive of the
gcc-testresults@gcc.gnu.org
mailing list for the GCC project.
Results for 3.4.6 20060224 (prerelease) testsuite on sparc64-sun-solaris2.10
- From: "Kaveh R. Ghazi" <ghazi at caipclassic dot rutgers dot edu>
- To: gcc-testresults at gcc dot gnu dot org
- Date: Fri, 24 Feb 2006 22:09:53 -0500 (EST)
- Subject: Results for 3.4.6 20060224 (prerelease) testsuite on sparc64-sun-solaris2.10
LAST_UPDATED:
Native configuration is sparc64-sun-solaris2.10
=== g++ tests ===
Running target unix/-m64
WARNING: g++.dg/eh/simd-1.C compilation failed to produce executable
WARNING: g++.dg/eh/simd-2.C compilation failed to produce executable
=== g++ Summary for unix/-m64 ===
# of expected passes 9947
# of expected failures 68
# of unsupported tests 79
Running target unix/-fPIC
WARNING: g++.dg/eh/simd-1.C compilation failed to produce executable
WARNING: g++.dg/eh/simd-2.C compilation failed to produce executable
=== g++ Summary for unix/-fPIC ===
# of expected passes 9947
# of expected failures 68
# of unsupported tests 79
Running target unix/-fpic
WARNING: g++.dg/eh/simd-1.C compilation failed to produce executable
WARNING: g++.dg/eh/simd-2.C compilation failed to produce executable
=== g++ Summary for unix/-fpic ===
# of expected passes 9947
# of expected failures 68
# of unsupported tests 79
Running target unix
WARNING: g++.dg/eh/simd-1.C compilation failed to produce executable
WARNING: g++.dg/eh/simd-2.C compilation failed to produce executable
=== g++ Summary for unix ===
# of expected passes 9947
# of expected failures 68
# of unsupported tests 79
=== g++ Summary ===
# of expected passes 39788
# of expected failures 272
# of unsupported tests 316
/caip/u12/kishgcc/gcc-testing/gcc-testing/v9-34/build/gcc/testsuite/../g++ version 3.4.6 20060224 (prerelease)
=== g77 tests ===
Running target unix/-m64
=== g77 Summary for unix/-m64 ===
# of expected passes 1812
# of unsupported tests 6
Running target unix/-fPIC
=== g77 Summary for unix/-fPIC ===
# of expected passes 1812
# of unsupported tests 6
Running target unix/-fpic
=== g77 Summary for unix/-fpic ===
# of expected passes 1812
# of unsupported tests 6
Running target unix
=== g77 Summary for unix ===
# of expected passes 1812
# of unsupported tests 6
=== g77 Summary ===
# of expected passes 7248
# of unsupported tests 24
/caip/u12/kishgcc/gcc-testing/gcc-testing/v9-34/build/gcc/testsuite/../g77 version 3.4.6 20060224 (prerelease)
=== gcc tests ===
Running target unix/-m64
UNRESOLVED: gcc.c-torture/execute/simd-4.c execution, -O0
UNRESOLVED: gcc.c-torture/execute/va-arg-25.c execution, -O0
UNRESOLVED: gcc.c-torture/execute/va-arg-25.c execution, -O1
UNRESOLVED: gcc.c-torture/execute/va-arg-25.c execution, -O2
UNRESOLVED: gcc.c-torture/execute/va-arg-25.c execution, -O3 -fomit-frame-pointer
UNRESOLVED: gcc.c-torture/execute/va-arg-25.c execution, -O3 -g
UNRESOLVED: gcc.c-torture/execute/va-arg-25.c execution, -Os
UNRESOLVED: gcc.dg/compat/vector-1 c_compat_x_tst.o-c_compat_y_tst.o link
UNRESOLVED: gcc.dg/compat/vector-1 c_compat_x_tst.o-c_compat_y_tst.o execute
UNRESOLVED: gcc.dg/compat/vector-2 c_compat_x_tst.o-c_compat_y_tst.o link
UNRESOLVED: gcc.dg/compat/vector-2 c_compat_x_tst.o-c_compat_y_tst.o execute
XPASS: gcc.dg/uninit-4.c uninitialized variable warning (test for bogus messages, line 26)
UNRESOLVED: gcc.dg/visibility-1.c
UNRESOLVED: gcc.dg/visibility-2.c
UNRESOLVED: gcc.dg/visibility-3.c
UNRESOLVED: gcc.dg/visibility-4.c
UNRESOLVED: gcc.dg/visibility-5.c
UNRESOLVED: gcc.dg/visibility-6.c
UNRESOLVED: gcc.dg/visibility-7.c
UNRESOLVED: gcc.dg/visibility-8.c
FAIL: largefile.c -O0 -g (test for excess errors)
FAIL: largefile.c -O0 (test for excess errors)
FAIL: largefile.c -O1 (test for excess errors)
FAIL: largefile.c -O2 (test for excess errors)
FAIL: largefile.c -O3 -fomit-frame-pointer (test for excess errors)
FAIL: largefile.c -O3 -g (test for excess errors)
FAIL: largefile.c -Os (test for excess errors)
=== gcc Summary for unix/-m64 ===
# of expected passes 24883
# of unexpected failures 7
# of unexpected successes 1
# of expected failures 91
# of unresolved testcases 19
# of untested testcases 14
# of unsupported tests 370
Running target unix/-fPIC
UNRESOLVED: gcc.c-torture/execute/20020720-1.c execution, -O1
UNRESOLVED: gcc.c-torture/execute/20020720-1.c execution, -O2
UNRESOLVED: gcc.c-torture/execute/20020720-1.c execution, -O3 -fomit-frame-pointer
UNRESOLVED: gcc.c-torture/execute/20020720-1.c execution, -O3 -g
UNRESOLVED: gcc.c-torture/execute/20020720-1.c execution, -Os
UNRESOLVED: gcc.c-torture/execute/simd-4.c execution, -O0
UNRESOLVED: gcc.c-torture/execute/va-arg-25.c execution, -O0
UNRESOLVED: gcc.c-torture/execute/va-arg-25.c execution, -O1
UNRESOLVED: gcc.c-torture/execute/va-arg-25.c execution, -O2
UNRESOLVED: gcc.c-torture/execute/va-arg-25.c execution, -O3 -fomit-frame-pointer
UNRESOLVED: gcc.c-torture/execute/va-arg-25.c execution, -O3 -g
UNRESOLVED: gcc.c-torture/execute/va-arg-25.c execution, -Os
UNRESOLVED: gcc.dg/compat/vector-1 c_compat_x_tst.o-c_compat_y_tst.o link
UNRESOLVED: gcc.dg/compat/vector-1 c_compat_x_tst.o-c_compat_y_tst.o execute
UNRESOLVED: gcc.dg/compat/vector-2 c_compat_x_tst.o-c_compat_y_tst.o link
UNRESOLVED: gcc.dg/compat/vector-2 c_compat_x_tst.o-c_compat_y_tst.o execute
XPASS: gcc.dg/uninit-4.c uninitialized variable warning (test for bogus messages, line 26)
UNRESOLVED: gcc.dg/visibility-1.c
UNRESOLVED: gcc.dg/visibility-2.c
UNRESOLVED: gcc.dg/visibility-3.c
UNRESOLVED: gcc.dg/visibility-4.c
UNRESOLVED: gcc.dg/visibility-5.c
UNRESOLVED: gcc.dg/visibility-6.c
UNRESOLVED: gcc.dg/visibility-7.c
UNRESOLVED: gcc.dg/visibility-8.c
FAIL: largefile.c -O0 -g (test for excess errors)
FAIL: largefile.c -O0 (test for excess errors)
FAIL: largefile.c -O1 (test for excess errors)
FAIL: largefile.c -O2 (test for excess errors)
FAIL: largefile.c -O3 -fomit-frame-pointer (test for excess errors)
FAIL: largefile.c -O3 -g (test for excess errors)
FAIL: largefile.c -Os (test for excess errors)
=== gcc Summary for unix/-fPIC ===
# of expected passes 24873
# of unexpected failures 7
# of unexpected successes 1
# of expected failures 96
# of unresolved testcases 24
# of untested testcases 14
# of unsupported tests 370
Running target unix/-fpic
UNRESOLVED: gcc.c-torture/execute/20020720-1.c execution, -O1
UNRESOLVED: gcc.c-torture/execute/20020720-1.c execution, -O2
UNRESOLVED: gcc.c-torture/execute/20020720-1.c execution, -O3 -fomit-frame-pointer
UNRESOLVED: gcc.c-torture/execute/20020720-1.c execution, -O3 -g
UNRESOLVED: gcc.c-torture/execute/20020720-1.c execution, -Os
UNRESOLVED: gcc.c-torture/execute/simd-4.c execution, -O0
UNRESOLVED: gcc.c-torture/execute/va-arg-25.c execution, -O0
UNRESOLVED: gcc.c-torture/execute/va-arg-25.c execution, -O1
UNRESOLVED: gcc.c-torture/execute/va-arg-25.c execution, -O2
UNRESOLVED: gcc.c-torture/execute/va-arg-25.c execution, -O3 -fomit-frame-pointer
UNRESOLVED: gcc.c-torture/execute/va-arg-25.c execution, -O3 -g
UNRESOLVED: gcc.c-torture/execute/va-arg-25.c execution, -Os
UNRESOLVED: gcc.dg/compat/vector-1 c_compat_x_tst.o-c_compat_y_tst.o link
UNRESOLVED: gcc.dg/compat/vector-1 c_compat_x_tst.o-c_compat_y_tst.o execute
UNRESOLVED: gcc.dg/compat/vector-2 c_compat_x_tst.o-c_compat_y_tst.o link
UNRESOLVED: gcc.dg/compat/vector-2 c_compat_x_tst.o-c_compat_y_tst.o execute
XPASS: gcc.dg/uninit-4.c uninitialized variable warning (test for bogus messages, line 26)
UNRESOLVED: gcc.dg/visibility-1.c
UNRESOLVED: gcc.dg/visibility-2.c
UNRESOLVED: gcc.dg/visibility-3.c
UNRESOLVED: gcc.dg/visibility-4.c
UNRESOLVED: gcc.dg/visibility-5.c
UNRESOLVED: gcc.dg/visibility-6.c
UNRESOLVED: gcc.dg/visibility-7.c
UNRESOLVED: gcc.dg/visibility-8.c
FAIL: largefile.c -O0 -g (test for excess errors)
FAIL: largefile.c -O0 (test for excess errors)
FAIL: largefile.c -O1 (test for excess errors)
FAIL: largefile.c -O2 (test for excess errors)
FAIL: largefile.c -O3 -fomit-frame-pointer (test for excess errors)
FAIL: largefile.c -O3 -g (test for excess errors)
FAIL: largefile.c -Os (test for excess errors)
=== gcc Summary for unix/-fpic ===
# of expected passes 24873
# of unexpected failures 7
# of unexpected successes 1
# of expected failures 96
# of unresolved testcases 24
# of untested testcases 14
# of unsupported tests 370
Running target unix
UNRESOLVED: gcc.c-torture/execute/simd-4.c execution, -O0
UNRESOLVED: gcc.c-torture/execute/va-arg-25.c execution, -O0
UNRESOLVED: gcc.c-torture/execute/va-arg-25.c execution, -O1
UNRESOLVED: gcc.c-torture/execute/va-arg-25.c execution, -O2
UNRESOLVED: gcc.c-torture/execute/va-arg-25.c execution, -O3 -fomit-frame-pointer
UNRESOLVED: gcc.c-torture/execute/va-arg-25.c execution, -O3 -g
UNRESOLVED: gcc.c-torture/execute/va-arg-25.c execution, -Os
UNRESOLVED: gcc.dg/compat/vector-1 c_compat_x_tst.o-c_compat_y_tst.o link
UNRESOLVED: gcc.dg/compat/vector-1 c_compat_x_tst.o-c_compat_y_tst.o execute
UNRESOLVED: gcc.dg/compat/vector-2 c_compat_x_tst.o-c_compat_y_tst.o link
UNRESOLVED: gcc.dg/compat/vector-2 c_compat_x_tst.o-c_compat_y_tst.o execute
XPASS: gcc.dg/uninit-4.c uninitialized variable warning (test for bogus messages, line 26)
UNRESOLVED: gcc.dg/visibility-1.c
UNRESOLVED: gcc.dg/visibility-2.c
UNRESOLVED: gcc.dg/visibility-3.c
UNRESOLVED: gcc.dg/visibility-4.c
UNRESOLVED: gcc.dg/visibility-5.c
UNRESOLVED: gcc.dg/visibility-6.c
UNRESOLVED: gcc.dg/visibility-7.c
UNRESOLVED: gcc.dg/visibility-8.c
FAIL: largefile.c -O0 -g (test for excess errors)
FAIL: largefile.c -O0 (test for excess errors)
FAIL: largefile.c -O1 (test for excess errors)
FAIL: largefile.c -O2 (test for excess errors)
FAIL: largefile.c -O3 -fomit-frame-pointer (test for excess errors)
FAIL: largefile.c -O3 -g (test for excess errors)
FAIL: largefile.c -Os (test for excess errors)
=== gcc Summary for unix ===
# of expected passes 24883
# of unexpected failures 7
# of unexpected successes 1
# of expected failures 91
# of unresolved testcases 19
# of untested testcases 14
# of unsupported tests 370
=== gcc Summary ===
# of expected passes 99512
# of unexpected failures 28
# of unexpected successes 4
# of expected failures 374
# of unresolved testcases 86
# of untested testcases 56
# of unsupported tests 1480
/caip/u12/kishgcc/gcc-testing/gcc-testing/v9-34/build/gcc/xgcc version 3.4.6 20060224 (prerelease)
=== objc tests ===
Running target unix/-m64
=== objc Summary for unix/-m64 ===
# of expected passes 1352
# of unsupported tests 8
Running target unix/-fPIC
=== objc Summary for unix/-fPIC ===
# of expected passes 1352
# of unsupported tests 8
Running target unix/-fpic
=== objc Summary for unix/-fpic ===
# of expected passes 1352
# of unsupported tests 8
Running target unix
=== objc Summary for unix ===
# of expected passes 1352
# of unsupported tests 8
=== objc Summary ===
# of expected passes 5408
# of unsupported tests 32
/caip/u12/kishgcc/gcc-testing/gcc-testing/v9-34/build/gcc/xgcc version 3.4.6 20060224 (prerelease)
=== libffi tests ===
Running target unix/-m64
=== libffi Summary for unix/-m64 ===
# of expected passes 212
# of unsupported tests 2
Running target unix/-fPIC
=== libffi Summary for unix/-fPIC ===
# of expected passes 212
# of unsupported tests 2
Running target unix/-fpic
=== libffi Summary for unix/-fpic ===
# of expected passes 212
# of unsupported tests 2
Running target unix
=== libffi Summary for unix ===
# of expected passes 212
# of unsupported tests 2
=== libffi Summary ===
# of expected passes 848
# of unsupported tests 8
=== libjava tests ===
Running target unix/-m64
FAIL: linking cxxtest
FAIL: Array_3 execution - gij test
FAIL: Array_3 execution - gij test
FAIL: FileHandleGcTest execution - source compiled test
FAIL: FileHandleGcTest execution - gij test
FAIL: FileHandleGcTest execution - bytecode->native test
FAIL: FileHandleGcTest -O3 execution - source compiled test
FAIL: FileHandleGcTest execution - gij test
FAIL: FileHandleGcTest -O3 execution - bytecode->native test
=== libjava Summary for unix/-m64 ===
# of expected passes 3253
# of unexpected failures 9
# of expected failures 11
# of untested testcases 16
Running target unix/-fPIC
FAIL: linking cxxtest
FAIL: Array_3 execution - gij test
FAIL: Array_3 execution - gij test
FAIL: FileHandleGcTest execution - source compiled test
FAIL: FileHandleGcTest execution - gij test
FAIL: FileHandleGcTest execution - bytecode->native test
FAIL: FileHandleGcTest -O3 execution - source compiled test
FAIL: FileHandleGcTest execution - gij test
FAIL: FileHandleGcTest -O3 execution - bytecode->native test
WARNING: program timed out.
FAIL: Thread_Wait_2 execution - gij test
=== libjava Summary for unix/-fPIC ===
# of expected passes 3251
# of unexpected failures 10
# of expected failures 11
# of untested testcases 17
Running target unix/-fpic
FAIL: linking cxxtest
FAIL: Array_3 execution - gij test
FAIL: Array_3 execution - gij test
FAIL: FileHandleGcTest execution - source compiled test
FAIL: FileHandleGcTest execution - gij test
FAIL: FileHandleGcTest execution - bytecode->native test
FAIL: FileHandleGcTest -O3 execution - source compiled test
FAIL: FileHandleGcTest execution - gij test
FAIL: FileHandleGcTest -O3 execution - bytecode->native test
=== libjava Summary for unix/-fpic ===
# of expected passes 3253
# of unexpected failures 9
# of expected failures 11
# of untested testcases 16
Running target unix
FAIL: linking cxxtest
FAIL: Array_3 execution - gij test
FAIL: Array_3 execution - gij test
FAIL: FileHandleGcTest execution - source compiled test
FAIL: FileHandleGcTest execution - gij test
FAIL: FileHandleGcTest execution - bytecode->native test
FAIL: FileHandleGcTest -O3 execution - source compiled test
FAIL: FileHandleGcTest execution - gij test
FAIL: FileHandleGcTest -O3 execution - bytecode->native test
=== libjava Summary for unix ===
# of expected passes 3253
# of unexpected failures 9
# of expected failures 11
# of untested testcases 16
=== libjava Summary ===
# of expected passes 13010
# of unexpected failures 37
# of expected failures 44
# of untested testcases 65
=== libstdc++ tests ===
Running target unix/-m64
XPASS: 22_locale/locale/cons/12658_thread.cc execution test
XPASS: 27_io/basic_istream/extractors_arithmetic/char/12.cc execution test
XPASS: 27_io/fpos/14320-1.cc execution test
=== libstdc++ Summary for unix/-m64 ===
# of expected passes 2736
# of unexpected successes 3
# of expected failures 4
Running target unix/-fPIC
XPASS: 22_locale/locale/cons/12658_thread.cc execution test
XPASS: 27_io/basic_istream/extractors_arithmetic/char/12.cc execution test
XPASS: 27_io/fpos/14320-1.cc execution test
=== libstdc++ Summary for unix/-fPIC ===
# of expected passes 2736
# of unexpected successes 3
# of expected failures 4
Running target unix/-fpic
XPASS: 22_locale/locale/cons/12658_thread.cc execution test
XPASS: 27_io/basic_istream/extractors_arithmetic/char/12.cc execution test
XPASS: 27_io/fpos/14320-1.cc execution test
=== libstdc++ Summary for unix/-fpic ===
# of expected passes 2736
# of unexpected successes 3
# of expected failures 4
Running target unix
XPASS: 22_locale/locale/cons/12658_thread.cc execution test
XPASS: 27_io/basic_istream/extractors_arithmetic/char/12.cc execution test
XPASS: 27_io/fpos/14320-1.cc execution test
=== libstdc++ Summary for unix ===
# of expected passes 2736
# of unexpected successes 3
# of expected failures 4
=== libstdc++ Summary ===
# of expected passes 10944
# of unexpected successes 12
# of expected failures 16
Compiler version: 3.4.6 20060224 (prerelease)
Platform: sparc64-sun-solaris2.10
configure flags: --verbose --enable-languages=c,c++,objc,f77,java --with-local-prefix=/tmp/local --without-libiconv-prefix sparc64-sun-solaris2.10