This is the mail archive of the gcc-testresults@gcc.gnu.org mailing list for the GCC project.


Index Nav: [Date Index] [Subject Index] [Author Index] [Thread Index]
Message Nav: [Date Prev] [Date Next] [Thread Prev] [Thread Next]
Other format: [Raw text]

Results for 3.4.6 20060224 (prerelease) testsuite on i686-redhat-linux-gnu


LAST_UPDATED: Fri Feb 24 21:59:03 UTC 2006 (revision 111426)

Native configuration is i686-redhat-linux-gnu

=== g77 tests ===


Running target unix

=== g77 Summary ===

# of expected passes 1824
/home/testbot/bootstrap/000764/bld/gcc/testsuite/../g77 version 3.4.6 20060224 (prerelease)

=== gcc tests ===


Running target unix
FAIL: gcc.c-torture/execute/va-arg-25.c execution, -Os

=== gcc Summary ===

# of expected passes 25378
# of unexpected failures 1
# of expected failures 70
# of untested testcases 7
# of unsupported tests 211
/home/testbot/bootstrap/000764/bld/gcc/xgcc version 3.4.6 20060224 (prerelease)

=== g++ tests ===


Running target unix
XPASS: g++.old-deja/g++.other/init5.C execution test

=== g++ Summary ===

# of expected passes 10023
# of unexpected successes 1
# of expected failures 66
# of unsupported tests 43
/home/testbot/bootstrap/000764/bld/gcc/testsuite/../g++ version 3.4.6 20060224 (prerelease)

=== objc tests ===


Running target unix

=== objc Summary ===

# of expected passes 1352
# of unsupported tests 8
/home/testbot/bootstrap/000764/bld/gcc/xgcc version 3.4.6 20060224 (prerelease)

=== libffi tests ===


Running target unix

=== libffi Summary ===

# of expected passes 212
# of unsupported tests 2
=== libjava tests ===


Running target unix

=== libjava Summary ===

# of expected passes 3271
# of expected failures 10
# of untested testcases 8
=== libstdc++ tests ===


Running target unix
XPASS: 22_locale/locale/cons/12658_thread.cc execution test
XPASS: 26_numerics/c99_classification_macros_c.cc (test for excess errors)

=== libstdc++ Summary ===

# of expected passes 2737
# of unexpected successes 2
# of expected failures 5

Compiler version: 3.4.6 20060224 (prerelease)
Platform: i686-redhat-linux-gnu
configure flags: --prefix=/home/testbot/bootstrap/000764/usr --program-suffix=-34 -enable-shared --enable-threads=posix --enable-checking --with-system-zlib --enable-__cxa_atexit --host=i686-redhat-linux


Index Nav: [Date Index] [Subject Index] [Author Index] [Thread Index]
Message Nav: [Date Prev] [Date Next] [Thread Prev] [Thread Next]