This is the mail archive of the gcc-testresults@gcc.gnu.org mailing list for the GCC project.


Index Nav: [Date Index] [Subject Index] [Author Index] [Thread Index]
Message Nav: [Date Prev] [Date Next] [Thread Prev] [Thread Next]
Other format: [Raw text]

Results for 4.2.0 20060223 (experimental) testsuite on powerpc-ibm-aix5.2.0.0


LAST_UPDATED: Thu Feb 23 03:21:14 UTC 2006 (Revision: 111380)

Native configuration is powerpc-ibm-aix5.2.0.0

		=== g++ tests ===


Running target unix
FAIL: tmpdir-g++.dg-struct-layout-1/t001 cp_compat_x_tst.o-cp_compat_y_tst.o execute 
FAIL: tmpdir-g++.dg-struct-layout-1/t004 cp_compat_x_tst.o-cp_compat_y_tst.o execute 
FAIL: tmpdir-g++.dg-struct-layout-1/t007 cp_compat_x_tst.o-cp_compat_y_tst.o execute 
FAIL: tmpdir-g++.dg-struct-layout-1/t008 cp_compat_x_tst.o-cp_compat_y_tst.o execute 
FAIL: tmpdir-g++.dg-struct-layout-1/t010 cp_compat_x_tst.o-cp_compat_y_tst.o execute 
FAIL: tmpdir-g++.dg-struct-layout-1/t013 cp_compat_x_tst.o-cp_compat_y_tst.o execute 
FAIL: tmpdir-g++.dg-struct-layout-1/t015 cp_compat_x_tst.o-cp_compat_y_tst.o execute 
FAIL: tmpdir-g++.dg-struct-layout-1/t017 cp_compat_x_tst.o-cp_compat_y_tst.o execute 
FAIL: tmpdir-g++.dg-struct-layout-1/t018 cp_compat_x_tst.o-cp_compat_y_tst.o execute 
FAIL: tmpdir-g++.dg-struct-layout-1/t020 cp_compat_x_tst.o-cp_compat_y_tst.o execute 
FAIL: tmpdir-g++.dg-struct-layout-1/t021 cp_compat_x_tst.o-cp_compat_y_tst.o execute 
FAIL: tmpdir-g++.dg-struct-layout-1/t022 cp_compat_x_tst.o-cp_compat_y_tst.o execute 
FAIL: tmpdir-g++.dg-struct-layout-1/t024 cp_compat_x_tst.o-cp_compat_y_tst.o execute 
FAIL: tmpdir-g++.dg-struct-layout-1/t025 cp_compat_x_tst.o-cp_compat_y_tst.o execute 
FAIL: tmpdir-g++.dg-struct-layout-1/t026 cp_compat_x_tst.o-cp_compat_y_tst.o execute 
FAIL: tmpdir-g++.dg-struct-layout-1/t027 cp_compat_x_tst.o-cp_compat_y_tst.o execute 
FAIL: tmpdir-g++.dg-struct-layout-1/t028 cp_compat_x_tst.o-cp_compat_y_tst.o execute 
FAIL: tmpdir-g++.dg-struct-layout-1/t029 cp_compat_x_tst.o-cp_compat_y_tst.o execute 
FAIL: tmpdir-g++.dg-struct-layout-1/t030 cp_compat_x_tst.o-cp_compat_y_tst.o execute 
FAIL: g++.dg/abi/local1.C execution test
FAIL: g++.dg/conversion/simd1.C (test for excess errors)
FAIL: g++.dg/eh/spbp.C (test for excess errors)
WARNING: g++.dg/eh/spbp.C compilation failed to produce executable
WARNING: g++.dg/ext/altivec-3.C compilation failed to produce executable
ERROR: g++.dg/ext/altivec-7.C: error executing dg-final: couldn't open "altivec-7.s": no such file or directory
UNRESOLVED: g++.dg/ext/altivec-7.C: error executing dg-final: couldn't open "altivec-7.s": no such file or directory
FAIL: g++.dg/ext/attribute-test-1.C (test for excess errors)
FAIL: g++.dg/ext/attribute-test-2.C (test for excess errors)
FAIL: g++.dg/ext/attribute-test-3.C (test for excess errors)
FAIL: g++.dg/ext/attribute-test-4.C (test for excess errors)
FAIL: g++.dg/init/ctor4.C (test for excess errors)
WARNING: g++.dg/other/ucnid-1.C compilation failed to produce executable
FAIL: g++.dg/parse/register1.C (test for excess errors)
FAIL: g++.dg/template/repo3.C (test for excess errors)
FAIL: g++.dg/template/repo4.C (test for excess errors)
FAIL: g++.old-deja/g++.brendan/warnings4.C (test for excess errors)
FAIL: g++.old-deja/g++.jason/overload34.C (test for excess errors)
FAIL: g++.old-deja/g++.mike/p11110.C (test for excess errors)
FAIL: g++.old-deja/g++.pt/const2.C  (test for errors, line )
FAIL: g++.old-deja/g++.pt/instantiate4.C (test for excess errors)
FAIL: g++.old-deja/g++.pt/instantiate6.C (test for excess errors)
FAIL: g++.old-deja/g++.pt/repo1.C (test for excess errors)
FAIL: g++.old-deja/g++.pt/repo2.C (test for excess errors)
FAIL: g++.old-deja/g++.pt/repo4.C (test for excess errors)

		=== g++ Summary ===

# of expected passes		11448
# of unexpected failures	39
# of expected failures		84
# of unresolved testcases	1
# of unsupported tests		146
/tmp/20060222/gcc/testsuite/g++/../../g++  version 4.2.0 20060223 (experimental)

		=== gcc tests ===


Running target unix
XPASS: gcc.dg/cpp/cmdlne-dI-M.c scan-file (^|\\\\n)cmdlne-dI-M.*:[^\\\\n]*cmdlne-dI-M.c
XPASS: gcc.dg/cpp/cmdlne-dM-M.c scan-file (^|\\\\n)cmdlne-dM-M[^\\\\n]*:[^\\\\n]*cmdlne-dM-M.c
FAIL: gcc.dg/asm-names.c scan-assembler-not ____frob14
WARNING: gcc.dg/ucnid-2.c compilation failed to produce executable
WARNING: gcc.dg/ucnid-3.c compilation failed to produce executable
WARNING: gcc.dg/ucnid-4.c compilation failed to produce executable
WARNING: gcc.dg/ucnid-5.c compilation failed to produce executable
XPASS: gcc.dg/ucnid-6.c (test for excess errors)
FAIL: gcc.dg/tree-ssa/20030730-1.c scan-tree-dump-times if  0
FAIL: gcc.dg/tree-ssa/20030730-2.c scan-tree-dump-times if  0
FAIL: gcc.dg/tree-ssa/20030807-2.c scan-tree-dump-times if  0
WARNING: gcc.target/powerpc/altivec-1.c compilation failed to produce executable
ERROR: gcc.target/powerpc/altivec-11.c: error executing dg-final: couldn't open "altivec-11.s": no such file or directory
UNRESOLVED: gcc.target/powerpc/altivec-11.c: error executing dg-final: couldn't open "altivec-11.s": no such file or directory
WARNING: gcc.target/powerpc/altivec-12.c compilation failed to produce executable
FAIL: gcc.target/powerpc/altivec-14.c  (test for warnings, line 8)
FAIL: gcc.target/powerpc/altivec-14.c  (test for warnings, line 9)
FAIL: gcc.target/powerpc/altivec-14.c  (test for warnings, line 10)
FAIL: gcc.target/powerpc/altivec-14.c  (test for warnings, line 11)
FAIL: gcc.target/powerpc/altivec-14.c  (test for warnings, line 12)
FAIL: gcc.target/powerpc/altivec-14.c  (test for warnings, line 14)
FAIL: gcc.target/powerpc/altivec-14.c  (test for warnings, line 15)
FAIL: gcc.target/powerpc/altivec-14.c  (test for warnings, line 16)
FAIL: gcc.target/powerpc/altivec-14.c  (test for warnings, line 20)
FAIL: gcc.target/powerpc/altivec-14.c  (test for warnings, line 21)
FAIL: gcc.target/powerpc/altivec-14.c  (test for warnings, line 22)
FAIL: gcc.target/powerpc/altivec-14.c (test for excess errors)
ERROR: gcc.target/powerpc/altivec-18.c: error executing dg-final: couldn't open "altivec-18.s": no such file or directory
UNRESOLVED: gcc.target/powerpc/altivec-18.c: error executing dg-final: couldn't open "altivec-18.s": no such file or directory
XPASS: gcc.target/powerpc/altivec-2.c  (test for errors, line 14)
FAIL: gcc.target/powerpc/altivec-2.c (test for excess errors)
FAIL: gcc.target/powerpc/altivec-20.c (test for excess errors)
FAIL: gcc.target/powerpc/altivec-21.c  (test for errors, line 13)
FAIL: gcc.target/powerpc/altivec-21.c  (test for errors, line 14)
FAIL: gcc.target/powerpc/altivec-21.c (test for excess errors)
ERROR: gcc.target/powerpc/altivec-22.c: error executing dg-final: couldn't open "altivec-22.s": no such file or directory
UNRESOLVED: gcc.target/powerpc/altivec-22.c: error executing dg-final: couldn't open "altivec-22.s": no such file or directory
WARNING: gcc.target/powerpc/altivec-3.c compilation failed to produce executable
WARNING: gcc.target/powerpc/altivec-consts.c compilation failed to produce executable
WARNING: gcc.target/powerpc/altivec-varargs-1.c compilation failed to produce executable
WARNING: gcc.target/powerpc/altivec-vec-merge.c compilation failed to produce executable
XPASS: gcc.target/powerpc/darwin-longlong.c (test for excess errors)
XPASS: gcc.target/powerpc/ppc-vector-memcpy.c (test for excess errors)
FAIL: gcc.target/powerpc/ppc-vector-memcpy.c scan-assembler lvx
XPASS: gcc.target/powerpc/ppc-vector-memset.c (test for excess errors)
FAIL: gcc.target/powerpc/ppc-vector-memset.c scan-assembler stvx
XPASS: gcc.target/powerpc/pr16155.c -maltivec -mansi (test for bogus messages, line )
FAIL: gcc.target/powerpc/pr16155.c (test for excess errors)
XPASS: gcc.target/powerpc/pr16286.c -maltivec (test for bogus messages, line )
FAIL: gcc.target/powerpc/pr16286.c (test for excess errors)
FAIL: gcc.target/powerpc/pr18096-1.c stack frame too large (test for warnings, line 11)
FAIL: gcc.target/powerpc/pr18096-1.c (test for excess errors)

		=== gcc Summary ===

# of expected passes		36243
# of unexpected failures	27
# of unexpected successes	9
# of expected failures		108
# of unresolved testcases	3
# of unsupported tests		494
/tmp/20060222/gcc/xgcc  version 4.2.0 20060223 (experimental)

		=== gfortran tests ===


Running target unix
FAIL: gfortran.dg/static_linking_1.f  -O0  execution test
FAIL: gfortran.dg/static_linking_1.f  -O1  execution test
FAIL: gfortran.dg/static_linking_1.f  -O2  execution test
FAIL: gfortran.dg/static_linking_1.f  -O3 -fomit-frame-pointer  execution test
FAIL: gfortran.dg/static_linking_1.f  -O3 -fomit-frame-pointer -funroll-loops  execution test
FAIL: gfortran.dg/static_linking_1.f  -O3 -fomit-frame-pointer -funroll-all-loops -finline-functions  execution test
FAIL: gfortran.dg/static_linking_1.f  -O3 -g  execution test
FAIL: gfortran.dg/static_linking_1.f  -Os  execution test
FAIL: gfortran.fortran-torture/execute/intrinsic_nearest.f90 execution,  -O0 
FAIL: gfortran.fortran-torture/execute/intrinsic_nearest.f90 execution,  -O1 
FAIL: gfortran.fortran-torture/execute/intrinsic_nearest.f90 execution,  -O2 
FAIL: gfortran.fortran-torture/execute/intrinsic_nearest.f90 execution,  -O3 -fomit-frame-pointer 
FAIL: gfortran.fortran-torture/execute/intrinsic_nearest.f90 execution,  -O3 -fomit-frame-pointer -funroll-loops 
FAIL: gfortran.fortran-torture/execute/intrinsic_nearest.f90 execution,  -O3 -fomit-frame-pointer -funroll-all-loops -finline-functions 
FAIL: gfortran.fortran-torture/execute/intrinsic_nearest.f90 execution,  -O3 -g 
FAIL: gfortran.fortran-torture/execute/intrinsic_nearest.f90 execution,  -Os 

		=== gfortran Summary ===

# of expected passes		11798
# of unexpected failures	16
# of expected failures		6
# of unsupported tests		88
/tmp/20060222/gcc/testsuite/gfortran/../../gfortran  version 4.2.0 20060223 (experimental)

		=== objc tests ===


Running target unix
FAIL: objc.dg/dwarf-1.m (test for excess errors)
ERROR: objc.dg/dwarf-1.m: error executing dg-final: couldn't open "dwarf-1.s": no such file or directory
UNRESOLVED: objc.dg/dwarf-1.m: error executing dg-final: couldn't open "dwarf-1.s": no such file or directory
FAIL: objc.dg-struct-layout-encoding-1/t002_main.m execution test
FAIL: objc.dg-struct-layout-encoding-1/t003_main.m execution test
FAIL: objc.dg-struct-layout-encoding-1/t004_main.m execution test
FAIL: objc.dg-struct-layout-encoding-1/t006_main.m execution test
FAIL: objc.dg-struct-layout-encoding-1/t007_main.m execution test
FAIL: objc.dg-struct-layout-encoding-1/t008_main.m execution test
FAIL: objc.dg-struct-layout-encoding-1/t011_main.m execution test
FAIL: objc.dg-struct-layout-encoding-1/t012_main.m execution test
FAIL: objc.dg-struct-layout-encoding-1/t015_main.m execution test
FAIL: objc.dg-struct-layout-encoding-1/t022_main.m execution test

		=== objc Summary ===

# of expected passes		1731
# of unexpected failures	11
# of expected failures		7
# of unresolved testcases	1
# of unsupported tests		25
/tmp/20060222/gcc/xgcc  version 4.2.0 20060223 (experimental)

		=== libgomp tests ===


Running target unix

		=== libgomp Summary ===

# of expected passes		950
# of unsupported tests		61
		=== libstdc++ tests ===


Running target unix
FAIL: 22_locale/codecvt/in/wchar_t/1.cc (test for excess errors)
FAIL: 22_locale/codecvt/in/wchar_t/5.cc (test for excess errors)
FAIL: 22_locale/codecvt/in/wchar_t/6.cc (test for excess errors)
FAIL: 22_locale/ctype/is/char/3.cc execution test
FAIL: 26_numerics/cmath/c99_classification_macros_c.cc (test for excess errors)
FAIL: 26_numerics/complex/13450.cc (test for excess errors)
WARNING: 26_numerics/complex/13450.cc compilation failed to produce executable
FAIL: 26_numerics/complex/pow.cc (test for excess errors)
WARNING: 26_numerics/complex/pow.cc compilation failed to produce executable
FAIL: 27_io/ios_base/storage/11584.cc execution test
FAIL: 27_io/objects/char/6.cc execution test
FAIL: 27_io/objects/wchar_t/6.cc execution test
FAIL: ext/mt_allocator/check_new.cc execution test
FAIL: ext/pool_allocator/check_new.cc execution test
FAIL: ext/stdio_sync_filebuf/wchar_t/1.cc (test for excess errors)
FAIL: tr1/8_c_compatibility/complex/overloads_float.cc (test for excess errors)
WARNING: tr1/8_c_compatibility/complex/overloads_float.cc compilation failed to produce executable
FAIL: tr1/8_c_compatibility/complex/overloads_int.cc (test for excess errors)
WARNING: tr1/8_c_compatibility/complex/overloads_int.cc compilation failed to produce executable

		=== libstdc++ Summary ===

# of expected passes		3445
# of unexpected failures	15
# of expected failures		10
# of unsupported tests		317

Compiler version: 4.2.0 20060223 (experimental) 
Platform: powerpc-ibm-aix5.2.0.0
configure flags: --prefix=/farm/dje/install/powerpc-ibm-aix5.2.0.0-20060222 --disable-werror --with-gmp=/farm/dje --with-mpfr=/farm/dje --enable-languages=c,c++,fortran,objc
NB: Define MAX_OFILE_ALIGN


Index Nav: [Date Index] [Subject Index] [Author Index] [Thread Index]
Message Nav: [Date Prev] [Date Next] [Thread Prev] [Thread Next]