This is the mail archive of the gcc-testresults@gcc.gnu.org mailing list for the GCC project.


Index Nav: [Date Index] [Subject Index] [Author Index] [Thread Index]
Message Nav: [Date Prev] [Date Next] [Thread Prev] [Thread Next]
Other format: [Raw text]

Results for 4.0.3 20060212 (prerelease) (Debian 4.0.2-9) testsuite on mipsel-unknown-linux-gnu


LAST_UPDATED: Sun Feb 12 08:16:37 UTC 2006 (revision 110888)

		=== acats tests ===
FAIL:	c96005d
FAIL:	cc3120a
FAIL:	ee3203a

		=== acats Summary ===
# of expected passes		1933
# of unexpected failures	3
# of unsupported tests		354
Native configuration is mipsel-unknown-linux-gnu

		=== g++ tests ===


Running target unix
XPASS: g++.old-deja/g++.other/init5.C execution test

		=== g++ Summary ===

# of expected passes		11345
# of unexpected successes	1
# of expected failures		69
# of unsupported tests		94
/build/buildd/gcc-4.0-4.0.2/build/gcc/testsuite/../g++  version 4.0.3 20060212 (prerelease) (Debian 4.0.2-9)

		=== gcc tests ===


Running target unix
FAIL: gcc.c-torture/execute/20010124-1.c compilation,  -O0 
UNRESOLVED: gcc.c-torture/execute/20010124-1.c execution,  -O0 
FAIL: gcc.c-torture/execute/ieee/copysign1.c execution,  -O0 
FAIL: gcc.c-torture/execute/ieee/copysign1.c execution,  -O1 
FAIL: gcc.c-torture/execute/ieee/copysign1.c execution,  -O2 
FAIL: gcc.c-torture/execute/ieee/copysign1.c execution,  -O3 -fomit-frame-pointer 
FAIL: gcc.c-torture/execute/ieee/copysign1.c execution,  -O3 -fomit-frame-pointer -funroll-loops 
FAIL: gcc.c-torture/execute/ieee/copysign1.c execution,  -O3 -fomit-frame-pointer -funroll-all-loops -finline-functions 
FAIL: gcc.c-torture/execute/ieee/copysign1.c execution,  -O3 -g 
FAIL: gcc.c-torture/execute/ieee/copysign1.c execution,  -Os 
FAIL: largefile.c -O0 -g (test for excess errors)
FAIL: largefile.c  -O0  (test for excess errors)
FAIL: largefile.c  -O1  (test for excess errors)
FAIL: largefile.c  -O2  (test for excess errors)
FAIL: largefile.c  -O3 -fomit-frame-pointer  (test for excess errors)
FAIL: largefile.c  -O3 -g  (test for excess errors)
FAIL: largefile.c  -Os  (test for excess errors)
XPASS: gcc.dg/tree-ssa/20040204-1.c scan-tree-dump-times link_error 0

		=== gcc Summary ===

# of expected passes		34715
# of unexpected failures	16
# of unexpected successes	1
# of expected failures		67
# of unresolved testcases	1
# of untested testcases		35
# of unsupported tests		457
/build/buildd/gcc-4.0-4.0.2/build/gcc/xgcc  version 4.0.3 20060212 (prerelease) (Debian 4.0.2-9)

		=== gfortran tests ===


Running target unix
FAIL: gfortran.dg/PR19754_2.f90  -O0  execution test
FAIL: gfortran.dg/PR19754_2.f90  -O1  execution test
FAIL: gfortran.dg/PR19754_2.f90  -O2  execution test
FAIL: gfortran.dg/PR19754_2.f90  -O3 -fomit-frame-pointer  execution test
FAIL: gfortran.dg/PR19754_2.f90  -O3 -fomit-frame-pointer -funroll-loops  execution test
FAIL: gfortran.dg/PR19754_2.f90  -O3 -fomit-frame-pointer -funroll-all-loops -finline-functions  execution test
FAIL: gfortran.dg/PR19754_2.f90  -O3 -g  execution test
FAIL: gfortran.dg/PR19754_2.f90  -Os  execution test
FAIL: gfortran.dg/secnds.f  -O0  execution test
FAIL: gfortran.dg/g77/dnrm2.f  -O0  execution test
FAIL: gfortran.dg/g77/dnrm2.f  -O1  execution test
FAIL: gfortran.dg/g77/dnrm2.f  -O2  execution test
FAIL: gfortran.dg/g77/dnrm2.f  -O3 -fomit-frame-pointer  execution test
FAIL: gfortran.dg/g77/dnrm2.f  -O3 -fomit-frame-pointer -funroll-loops  execution test
FAIL: gfortran.dg/g77/dnrm2.f  -O3 -fomit-frame-pointer -funroll-all-loops -finline-functions  execution test
FAIL: gfortran.dg/g77/dnrm2.f  -O3 -g  execution test
FAIL: gfortran.dg/g77/dnrm2.f  -Os  execution test
FAIL: gfortran.dg/g77/erfc.f  -O0  execution test
FAIL: gfortran.dg/g77/erfc.f  -O1  execution test
FAIL: gfortran.dg/g77/erfc.f  -O2  execution test
FAIL: gfortran.dg/g77/erfc.f  -O3 -fomit-frame-pointer  execution test
FAIL: gfortran.dg/g77/erfc.f  -O3 -fomit-frame-pointer -funroll-loops  execution test
FAIL: gfortran.dg/g77/erfc.f  -O3 -fomit-frame-pointer -funroll-all-loops -finline-functions  execution test
FAIL: gfortran.dg/g77/erfc.f  -O3 -g  execution test
FAIL: gfortran.dg/g77/erfc.f  -Os  execution test
FAIL: gfortran.dg/g77/intrinsic-unix-bessel.f  -O0  execution test
FAIL: gfortran.dg/g77/intrinsic-unix-bessel.f  -O1  execution test
FAIL: gfortran.dg/g77/intrinsic-unix-bessel.f  -O2  execution test
FAIL: gfortran.dg/g77/intrinsic-unix-bessel.f  -O3 -fomit-frame-pointer  execution test
FAIL: gfortran.dg/g77/intrinsic-unix-bessel.f  -O3 -fomit-frame-pointer -funroll-loops  execution test
FAIL: gfortran.dg/g77/intrinsic-unix-bessel.f  -O3 -fomit-frame-pointer -funroll-all-loops -finline-functions  execution test
FAIL: gfortran.dg/g77/intrinsic-unix-bessel.f  -O3 -g  execution test
FAIL: gfortran.dg/g77/intrinsic-unix-bessel.f  -Os  execution test
FAIL: gfortran.fortran-torture/execute/csqrt_1.f90 execution,  -O0 
FAIL: gfortran.fortran-torture/execute/csqrt_1.f90 execution,  -O1 
FAIL: gfortran.fortran-torture/execute/csqrt_1.f90 execution,  -O2 
FAIL: gfortran.fortran-torture/execute/csqrt_1.f90 execution,  -O3 -fomit-frame-pointer 
FAIL: gfortran.fortran-torture/execute/csqrt_1.f90 execution,  -O3 -fomit-frame-pointer -funroll-loops 
FAIL: gfortran.fortran-torture/execute/csqrt_1.f90 execution,  -O3 -fomit-frame-pointer -funroll-all-loops -finline-functions 
FAIL: gfortran.fortran-torture/execute/csqrt_1.f90 execution,  -O3 -g 
FAIL: gfortran.fortran-torture/execute/csqrt_1.f90 execution,  -Os 
FAIL: gfortran.fortran-torture/execute/intrinsic_si_kind.f90 execution,  -O0 
FAIL: gfortran.fortran-torture/execute/intrinsic_si_kind.f90 execution,  -O1 
FAIL: gfortran.fortran-torture/execute/intrinsic_si_kind.f90 execution,  -O2 
FAIL: gfortran.fortran-torture/execute/intrinsic_si_kind.f90 execution,  -O3 -fomit-frame-pointer 
FAIL: gfortran.fortran-torture/execute/intrinsic_si_kind.f90 execution,  -O3 -fomit-frame-pointer -funroll-loops 
FAIL: gfortran.fortran-torture/execute/intrinsic_si_kind.f90 execution,  -O3 -fomit-frame-pointer -funroll-all-loops -finline-functions 
FAIL: gfortran.fortran-torture/execute/intrinsic_si_kind.f90 execution,  -O3 -g 
FAIL: gfortran.fortran-torture/execute/intrinsic_si_kind.f90 execution,  -Os 
FAIL: gfortran.fortran-torture/execute/math.f90 execution,  -O0 
FAIL: gfortran.fortran-torture/execute/math.f90 execution,  -O1 
FAIL: gfortran.fortran-torture/execute/math.f90 execution,  -O2 
FAIL: gfortran.fortran-torture/execute/math.f90 execution,  -O3 -fomit-frame-pointer 
FAIL: gfortran.fortran-torture/execute/math.f90 execution,  -O3 -fomit-frame-pointer -funroll-loops 
FAIL: gfortran.fortran-torture/execute/math.f90 execution,  -O3 -fomit-frame-pointer -funroll-all-loops -finline-functions 
FAIL: gfortran.fortran-torture/execute/math.f90 execution,  -O3 -g 
FAIL: gfortran.fortran-torture/execute/math.f90 execution,  -Os 
FAIL: gfortran.fortran-torture/execute/power.f90 execution,  -O0 

		=== gfortran Summary ===

# of expected passes		8762
# of unexpected failures	58
# of expected failures		1
# of unsupported tests		17
/build/buildd/gcc-4.0-4.0.2/build/gcc/testsuite/../gfortran  version 4.0.3 20060212 (prerelease) (Debian 4.0.2-9)

		=== objc tests ===


Running target unix
FAIL: objc.dg/stabs-1.m scan-assembler (.SUBSPA.*[\$]CODE[\$]|.text"?)\\n\\t.stabs.*100,0,0,(\\\\.)?L?L[\$]?etext[0-9]*\\n(\\\\.)?L?L[\$]?etext

		=== objc Summary ===

# of expected passes		1553
# of unexpected failures	1
# of unsupported tests		10
/build/buildd/gcc-4.0-4.0.2/build/gcc/xgcc  version 4.0.3 20060212 (prerelease) (Debian 4.0.2-9)

		=== libffi tests ===


Running target unix

		=== libffi Summary ===

# of expected passes		219
# of unsupported tests		2
		=== libmudflap tests ===


Running target unix
FAIL: libmudflap.c/fail1-frag.c (test for excess errors)
WARNING: libmudflap.c/fail1-frag.c compilation failed to produce executable
FAIL: libmudflap.c/fail10-frag.c (test for excess errors)
WARNING: libmudflap.c/fail10-frag.c compilation failed to produce executable
FAIL: libmudflap.c/fail11-frag.c (test for excess errors)
WARNING: libmudflap.c/fail11-frag.c compilation failed to produce executable
FAIL: libmudflap.c/fail12-frag.c (test for excess errors)
WARNING: libmudflap.c/fail12-frag.c compilation failed to produce executable
FAIL: libmudflap.c/fail13-frag.c (test for excess errors)
WARNING: libmudflap.c/fail13-frag.c compilation failed to produce executable
FAIL: libmudflap.c/fail14-frag.c (test for excess errors)
WARNING: libmudflap.c/fail14-frag.c compilation failed to produce executable
FAIL: libmudflap.c/fail15-frag.c (test for excess errors)
WARNING: libmudflap.c/fail15-frag.c compilation failed to produce executable
FAIL: libmudflap.c/fail16-frag.c (test for excess errors)
WARNING: libmudflap.c/fail16-frag.c compilation failed to produce executable
FAIL: libmudflap.c/fail17-frag.c (test for excess errors)
WARNING: libmudflap.c/fail17-frag.c compilation failed to produce executable
FAIL: libmudflap.c/fail18-frag.c (test for excess errors)
WARNING: libmudflap.c/fail18-frag.c compilation failed to produce executable
FAIL: libmudflap.c/fail19-frag.c (test for excess errors)
WARNING: libmudflap.c/fail19-frag.c compilation failed to produce executable
FAIL: libmudflap.c/fail2-frag.c (test for excess errors)
WARNING: libmudflap.c/fail2-frag.c compilation failed to produce executable
FAIL: libmudflap.c/fail20-frag.c (test for excess errors)
WARNING: libmudflap.c/fail20-frag.c compilation failed to produce executable
FAIL: libmudflap.c/fail21-frag.c (test for excess errors)
WARNING: libmudflap.c/fail21-frag.c compilation failed to produce executable
FAIL: libmudflap.c/fail22-frag.c (test for excess errors)
WARNING: libmudflap.c/fail22-frag.c compilation failed to produce executable
FAIL: libmudflap.c/fail23-frag.c (test for excess errors)
WARNING: libmudflap.c/fail23-frag.c compilation failed to produce executable
FAIL: libmudflap.c/fail25-frag.c (test for excess errors)
WARNING: libmudflap.c/fail25-frag.c compilation failed to produce executable
FAIL: libmudflap.c/fail26-frag.c (test for excess errors)
WARNING: libmudflap.c/fail26-frag.c compilation failed to produce executable
FAIL: libmudflap.c/fail27-frag.c (test for excess errors)
WARNING: libmudflap.c/fail27-frag.c compilation failed to produce executable
FAIL: libmudflap.c/fail28-frag.c (test for excess errors)
WARNING: libmudflap.c/fail28-frag.c compilation failed to produce executable
FAIL: libmudflap.c/fail29-frag.c (test for excess errors)
WARNING: libmudflap.c/fail29-frag.c compilation failed to produce executable
FAIL: libmudflap.c/fail3-frag.c (test for excess errors)
WARNING: libmudflap.c/fail3-frag.c compilation failed to produce executable
FAIL: libmudflap.c/fail30-frag.c (test for excess errors)
WARNING: libmudflap.c/fail30-frag.c compilation failed to produce executable
FAIL: libmudflap.c/fail31-frag.c (test for excess errors)
WARNING: libmudflap.c/fail31-frag.c compilation failed to produce executable
FAIL: libmudflap.c/fail32-frag.c (test for excess errors)
WARNING: libmudflap.c/fail32-frag.c compilation failed to produce executable
FAIL: libmudflap.c/fail33-frag.c (test for excess errors)
WARNING: libmudflap.c/fail33-frag.c compilation failed to produce executable
FAIL: libmudflap.c/fail34-frag.c (test for excess errors)
WARNING: libmudflap.c/fail34-frag.c compilation failed to produce executable
FAIL: libmudflap.c/fail35-frag.c (test for excess errors)
WARNING: libmudflap.c/fail35-frag.c compilation failed to produce executable
FAIL: libmudflap.c/fail36-frag.c (test for excess errors)
WARNING: libmudflap.c/fail36-frag.c compilation failed to produce executable
FAIL: libmudflap.c/fail37-frag.c (test for excess errors)
WARNING: libmudflap.c/fail37-frag.c compilation failed to produce executable
FAIL: libmudflap.c/fail38-frag.c (test for excess errors)
WARNING: libmudflap.c/fail38-frag.c compilation failed to produce executable
FAIL: libmudflap.c/fail4-frag.c (test for excess errors)
WARNING: libmudflap.c/fail4-frag.c compilation failed to produce executable
FAIL: libmudflap.c/fail5-frag.c (test for excess errors)
WARNING: libmudflap.c/fail5-frag.c compilation failed to produce executable
FAIL: libmudflap.c/fail6-frag.c (test for excess errors)
WARNING: libmudflap.c/fail6-frag.c compilation failed to produce executable
FAIL: libmudflap.c/fail7-frag.c (test for excess errors)
WARNING: libmudflap.c/fail7-frag.c compilation failed to produce executable
FAIL: libmudflap.c/fail8-frag.c (test for excess errors)
WARNING: libmudflap.c/fail8-frag.c compilation failed to produce executable
FAIL: libmudflap.c/fail9-frag.c (test for excess errors)
WARNING: libmudflap.c/fail9-frag.c compilation failed to produce executable
FAIL: libmudflap.c/heap-scalestress.c (test for excess errors)
WARNING: libmudflap.c/heap-scalestress.c compilation failed to produce executable
FAIL: libmudflap.c/hook-allocstuff.c (test for excess errors)
WARNING: libmudflap.c/hook-allocstuff.c compilation failed to produce executable
FAIL: libmudflap.c/pass-stratcliff.c (test for excess errors)
WARNING: libmudflap.c/pass-stratcliff.c compilation failed to produce executable
FAIL: libmudflap.c/pass1-frag.c (test for excess errors)
WARNING: libmudflap.c/pass1-frag.c compilation failed to produce executable
FAIL: libmudflap.c/pass10-frag.c (test for excess errors)
WARNING: libmudflap.c/pass10-frag.c compilation failed to produce executable
FAIL: libmudflap.c/pass11-frag.c (test for excess errors)
WARNING: libmudflap.c/pass11-frag.c compilation failed to produce executable
FAIL: libmudflap.c/pass12-frag.c (test for excess errors)
WARNING: libmudflap.c/pass12-frag.c compilation failed to produce executable
FAIL: libmudflap.c/pass13-frag.c (test for excess errors)
WARNING: libmudflap.c/pass13-frag.c compilation failed to produce executable
FAIL: libmudflap.c/pass14-frag.c (test for excess errors)
WARNING: libmudflap.c/pass14-frag.c compilation failed to produce executable
FAIL: libmudflap.c/pass15-frag.c (test for excess errors)
WARNING: libmudflap.c/pass15-frag.c compilation failed to produce executable
FAIL: libmudflap.c/pass16-frag.c (test for excess errors)
WARNING: libmudflap.c/pass16-frag.c compilation failed to produce executable
FAIL: libmudflap.c/pass17-frag.c (test for excess errors)
WARNING: libmudflap.c/pass17-frag.c compilation failed to produce executable
FAIL: libmudflap.c/pass18-frag.c (test for excess errors)
WARNING: libmudflap.c/pass18-frag.c compilation failed to produce executable
FAIL: libmudflap.c/pass19-frag.c (test for excess errors)
WARNING: libmudflap.c/pass19-frag.c compilation failed to produce executable
FAIL: libmudflap.c/pass2-frag.c (test for excess errors)
WARNING: libmudflap.c/pass2-frag.c compilation failed to produce executable
FAIL: libmudflap.c/pass20-frag.c (test for excess errors)
WARNING: libmudflap.c/pass20-frag.c compilation failed to produce executable
FAIL: libmudflap.c/pass21-frag.c (test for excess errors)
WARNING: libmudflap.c/pass21-frag.c compilation failed to produce executable
FAIL: libmudflap.c/pass22-frag.c (test for excess errors)
WARNING: libmudflap.c/pass22-frag.c compilation failed to produce executable
FAIL: libmudflap.c/pass23-frag.c (test for excess errors)
WARNING: libmudflap.c/pass23-frag.c compilation failed to produce executable
FAIL: libmudflap.c/pass24-frag.c (test for excess errors)
WARNING: libmudflap.c/pass24-frag.c compilation failed to produce executable
FAIL: libmudflap.c/pass25-frag.c (test for excess errors)
WARNING: libmudflap.c/pass25-frag.c compilation failed to produce executable
FAIL: libmudflap.c/pass26-frag.c (test for excess errors)
WARNING: libmudflap.c/pass26-frag.c compilation failed to produce executable
FAIL: libmudflap.c/pass29-frag.c (test for excess errors)
WARNING: libmudflap.c/pass29-frag.c compilation failed to produce executable
FAIL: libmudflap.c/pass3-frag.c (test for excess errors)
WARNING: libmudflap.c/pass3-frag.c compilation failed to produce executable
FAIL: libmudflap.c/pass30-frag.c (test for excess errors)
WARNING: libmudflap.c/pass30-frag.c compilation failed to produce executable
FAIL: libmudflap.c/pass32-frag.c (test for excess errors)
WARNING: libmudflap.c/pass32-frag.c compilation failed to produce executable
FAIL: libmudflap.c/pass33-frag.c (test for excess errors)
WARNING: libmudflap.c/pass33-frag.c compilation failed to produce executable
FAIL: libmudflap.c/pass34-frag.c (test for excess errors)
WARNING: libmudflap.c/pass34-frag.c compilation failed to produce executable
FAIL: libmudflap.c/pass35-frag.c (test for excess errors)
WARNING: libmudflap.c/pass35-frag.c compilation failed to produce executable
FAIL: libmudflap.c/pass36-frag.c (test for excess errors)
WARNING: libmudflap.c/pass36-frag.c compilation failed to produce executable
FAIL: libmudflap.c/pass38-frag.c (test for excess errors)
WARNING: libmudflap.c/pass38-frag.c compilation failed to produce executable
FAIL: libmudflap.c/pass4-frag.c (test for excess errors)
WARNING: libmudflap.c/pass4-frag.c compilation failed to produce executable
FAIL: libmudflap.c/pass42-frag.c (test for excess errors)
WARNING: libmudflap.c/pass42-frag.c compilation failed to produce executable
FAIL: libmudflap.c/pass43-frag.c (test for excess errors)
WARNING: libmudflap.c/pass43-frag.c compilation failed to produce executable
FAIL: libmudflap.c/pass44-frag.c (test for excess errors)
WARNING: libmudflap.c/pass44-frag.c compilation failed to produce executable
FAIL: libmudflap.c/pass45-frag.c (test for excess errors)
WARNING: libmudflap.c/pass45-frag.c compilation failed to produce executable
FAIL: libmudflap.c/pass46-frag.c (test for excess errors)
WARNING: libmudflap.c/pass46-frag.c compilation failed to produce executable
FAIL: libmudflap.c/pass47-frag.c (test for excess errors)
WARNING: libmudflap.c/pass47-frag.c compilation failed to produce executable
FAIL: libmudflap.c/pass48-frag.c (test for excess errors)
WARNING: libmudflap.c/pass48-frag.c compilation failed to produce executable
FAIL: libmudflap.c/pass49-frag.c (test for excess errors)
WARNING: libmudflap.c/pass49-frag.c compilation failed to produce executable
FAIL: libmudflap.c/pass5-frag.c (test for excess errors)
WARNING: libmudflap.c/pass5-frag.c compilation failed to produce executable
FAIL: libmudflap.c/pass50-frag.c (test for excess errors)
WARNING: libmudflap.c/pass50-frag.c compilation failed to produce executable
FAIL: libmudflap.c/pass51-frag.c (test for excess errors)
WARNING: libmudflap.c/pass51-frag.c compilation failed to produce executable
FAIL: libmudflap.c/pass52-frag.c (test for excess errors)
WARNING: libmudflap.c/pass52-frag.c compilation failed to produce executable
FAIL: libmudflap.c/pass53-frag.c (test for excess errors)
WARNING: libmudflap.c/pass53-frag.c compilation failed to produce executable
FAIL: libmudflap.c/pass54-frag.c (test for excess errors)
WARNING: libmudflap.c/pass54-frag.c compilation failed to produce executable
FAIL: libmudflap.c/pass6-frag.c (test for excess errors)
WARNING: libmudflap.c/pass6-frag.c compilation failed to produce executable
FAIL: libmudflap.c/pass7-frag.c (test for excess errors)
WARNING: libmudflap.c/pass7-frag.c compilation failed to produce executable
FAIL: libmudflap.c/pass8-frag.c (test for excess errors)
WARNING: libmudflap.c/pass8-frag.c compilation failed to produce executable
FAIL: libmudflap.c/pass9-frag.c (test for excess errors)
WARNING: libmudflap.c/pass9-frag.c compilation failed to produce executable
FAIL: libmudflap.c/fail1-frag.c (-static) (test for excess errors)
WARNING: libmudflap.c/fail1-frag.c (-static) compilation failed to produce executable
FAIL: libmudflap.c/fail10-frag.c (-static) (test for excess errors)
WARNING: libmudflap.c/fail10-frag.c (-static) compilation failed to produce executable
FAIL: libmudflap.c/fail11-frag.c (-static) (test for excess errors)
WARNING: libmudflap.c/fail11-frag.c (-static) compilation failed to produce executable
FAIL: libmudflap.c/fail12-frag.c (-static) (test for excess errors)
WARNING: libmudflap.c/fail12-frag.c (-static) compilation failed to produce executable
FAIL: libmudflap.c/fail13-frag.c (-static) (test for excess errors)
WARNING: libmudflap.c/fail13-frag.c (-static) compilation failed to produce executable
FAIL: libmudflap.c/fail14-frag.c (-static) (test for excess errors)
WARNING: libmudflap.c/fail14-frag.c (-static) compilation failed to produce executable
FAIL: libmudflap.c/fail15-frag.c (-static) (test for excess errors)
WARNING: libmudflap.c/fail15-frag.c (-static) compilation failed to produce executable
FAIL: libmudflap.c/fail16-frag.c (-static) (test for excess errors)
WARNING: libmudflap.c/fail16-frag.c (-static) compilation failed to produce executable
FAIL: libmudflap.c/fail17-frag.c (-static) (test for excess errors)
WARNING: libmudflap.c/fail17-frag.c (-static) compilation failed to produce executable
FAIL: libmudflap.c/fail18-frag.c (-static) (test for excess errors)
WARNING: libmudflap.c/fail18-frag.c (-static) compilation failed to produce executable
FAIL: libmudflap.c/fail19-frag.c (-static) (test for excess errors)
WARNING: libmudflap.c/fail19-frag.c (-static) compilation failed to produce executable
FAIL: libmudflap.c/fail2-frag.c (-static) (test for excess errors)
WARNING: libmudflap.c/fail2-frag.c (-static) compilation failed to produce executable
FAIL: libmudflap.c/fail20-frag.c (-static) (test for excess errors)
WARNING: libmudflap.c/fail20-frag.c (-static) compilation failed to produce executable
FAIL: libmudflap.c/fail21-frag.c (-static) (test for excess errors)
WARNING: libmudflap.c/fail21-frag.c (-static) compilation failed to produce executable
FAIL: libmudflap.c/fail22-frag.c (-static) (test for excess errors)
WARNING: libmudflap.c/fail22-frag.c (-static) compilation failed to produce executable
FAIL: libmudflap.c/fail23-frag.c (-static) (test for excess errors)
WARNING: libmudflap.c/fail23-frag.c (-static) compilation failed to produce executable
FAIL: libmudflap.c/fail25-frag.c (-static) (test for excess errors)
WARNING: libmudflap.c/fail25-frag.c (-static) compilation failed to produce executable
FAIL: libmudflap.c/fail26-frag.c (-static) (test for excess errors)
WARNING: libmudflap.c/fail26-frag.c (-static) compilation failed to produce executable
FAIL: libmudflap.c/fail27-frag.c (-static) (test for excess errors)
WARNING: libmudflap.c/fail27-frag.c (-static) compilation failed to produce executable
FAIL: libmudflap.c/fail28-frag.c (-static) (test for excess errors)
WARNING: libmudflap.c/fail28-frag.c (-static) compilation failed to produce executable
FAIL: libmudflap.c/fail29-frag.c (-static) (test for excess errors)
WARNING: libmudflap.c/fail29-frag.c (-static) compilation failed to produce executable
FAIL: libmudflap.c/fail3-frag.c (-static) (test for excess errors)
WARNING: libmudflap.c/fail3-frag.c (-static) compilation failed to produce executable
FAIL: libmudflap.c/fail30-frag.c (-static) (test for excess errors)
WARNING: libmudflap.c/fail30-frag.c (-static) compilation failed to produce executable
FAIL: libmudflap.c/fail31-frag.c (-static) (test for excess errors)
WARNING: libmudflap.c/fail31-frag.c (-static) compilation failed to produce executable
FAIL: libmudflap.c/fail32-frag.c (-static) (test for excess errors)
WARNING: libmudflap.c/fail32-frag.c (-static) compilation failed to produce executable
FAIL: libmudflap.c/fail33-frag.c (-static) (test for excess errors)
WARNING: libmudflap.c/fail33-frag.c (-static) compilation failed to produce executable
FAIL: libmudflap.c/fail34-frag.c (-static) (test for excess errors)
WARNING: libmudflap.c/fail34-frag.c (-static) compilation failed to produce executable
FAIL: libmudflap.c/fail35-frag.c (-static) (test for excess errors)
WARNING: libmudflap.c/fail35-frag.c (-static) compilation failed to produce executable
FAIL: libmudflap.c/fail36-frag.c (-static) (test for excess errors)
WARNING: libmudflap.c/fail36-frag.c (-static) compilation failed to produce executable
FAIL: libmudflap.c/fail37-frag.c (-static) (test for excess errors)
WARNING: libmudflap.c/fail37-frag.c (-static) compilation failed to produce executable
FAIL: libmudflap.c/fail38-frag.c (-static) (test for excess errors)
WARNING: libmudflap.c/fail38-frag.c (-static) compilation failed to produce executable
FAIL: libmudflap.c/fail4-frag.c (-static) (test for excess errors)
WARNING: libmudflap.c/fail4-frag.c (-static) compilation failed to produce executable
FAIL: libmudflap.c/fail5-frag.c (-static) (test for excess errors)
WARNING: libmudflap.c/fail5-frag.c (-static) compilation failed to produce executable
FAIL: libmudflap.c/fail6-frag.c (-static) (test for excess errors)
WARNING: libmudflap.c/fail6-frag.c (-static) compilation failed to produce executable
FAIL: libmudflap.c/fail7-frag.c (-static) (test for excess errors)
WARNING: libmudflap.c/fail7-frag.c (-static) compilation failed to produce executable
FAIL: libmudflap.c/fail8-frag.c (-static) (test for excess errors)
WARNING: libmudflap.c/fail8-frag.c (-static) compilation failed to produce executable
FAIL: libmudflap.c/fail9-frag.c (-static) (test for excess errors)
WARNING: libmudflap.c/fail9-frag.c (-static) compilation failed to produce executable
FAIL: libmudflap.c/heap-scalestress.c (-static) (test for excess errors)
WARNING: libmudflap.c/heap-scalestress.c (-static) compilation failed to produce executable
FAIL: libmudflap.c/hook-allocstuff.c (-static) (test for excess errors)
WARNING: libmudflap.c/hook-allocstuff.c (-static) compilation failed to produce executable
FAIL: libmudflap.c/pass-stratcliff.c (-static) (test for excess errors)
WARNING: libmudflap.c/pass-stratcliff.c (-static) compilation failed to produce executable
FAIL: libmudflap.c/pass1-frag.c (-static) (test for excess errors)
WARNING: libmudflap.c/pass1-frag.c (-static) compilation failed to produce executable
FAIL: libmudflap.c/pass10-frag.c (-static) (test for excess errors)
WARNING: libmudflap.c/pass10-frag.c (-static) compilation failed to produce executable
FAIL: libmudflap.c/pass11-frag.c (-static) (test for excess errors)
WARNING: libmudflap.c/pass11-frag.c (-static) compilation failed to produce executable
FAIL: libmudflap.c/pass12-frag.c (-static) (test for excess errors)
WARNING: libmudflap.c/pass12-frag.c (-static) compilation failed to produce executable
FAIL: libmudflap.c/pass13-frag.c (-static) (test for excess errors)
WARNING: libmudflap.c/pass13-frag.c (-static) compilation failed to produce executable
FAIL: libmudflap.c/pass14-frag.c (-static) (test for excess errors)
WARNING: libmudflap.c/pass14-frag.c (-static) compilation failed to produce executable
FAIL: libmudflap.c/pass15-frag.c (-static) (test for excess errors)
WARNING: libmudflap.c/pass15-frag.c (-static) compilation failed to produce executable
FAIL: libmudflap.c/pass16-frag.c (-static) (test for excess errors)
WARNING: libmudflap.c/pass16-frag.c (-static) compilation failed to produce executable
FAIL: libmudflap.c/pass17-frag.c (-static) (test for excess errors)
WARNING: libmudflap.c/pass17-frag.c (-static) compilation failed to produce executable
FAIL: libmudflap.c/pass18-frag.c (-static) (test for excess errors)
WARNING: libmudflap.c/pass18-frag.c (-static) compilation failed to produce executable
FAIL: libmudflap.c/pass19-frag.c (-static) (test for excess errors)
WARNING: libmudflap.c/pass19-frag.c (-static) compilation failed to produce executable
FAIL: libmudflap.c/pass2-frag.c (-static) (test for excess errors)
WARNING: libmudflap.c/pass2-frag.c (-static) compilation failed to produce executable
FAIL: libmudflap.c/pass20-frag.c (-static) (test for excess errors)
WARNING: libmudflap.c/pass20-frag.c (-static) compilation failed to produce executable
FAIL: libmudflap.c/pass21-frag.c (-static) (test for excess errors)
WARNING: libmudflap.c/pass21-frag.c (-static) compilation failed to produce executable
FAIL: libmudflap.c/pass22-frag.c (-static) (test for excess errors)
WARNING: libmudflap.c/pass22-frag.c (-static) compilation failed to produce executable
FAIL: libmudflap.c/pass23-frag.c (-static) (test for excess errors)
WARNING: libmudflap.c/pass23-frag.c (-static) compilation failed to produce executable
FAIL: libmudflap.c/pass24-frag.c (-static) (test for excess errors)
WARNING: libmudflap.c/pass24-frag.c (-static) compilation failed to produce executable
FAIL: libmudflap.c/pass25-frag.c (-static) (test for excess errors)
WARNING: libmudflap.c/pass25-frag.c (-static) compilation failed to produce executable
FAIL: libmudflap.c/pass26-frag.c (-static) (test for excess errors)
WARNING: libmudflap.c/pass26-frag.c (-static) compilation failed to produce executable
FAIL: libmudflap.c/pass29-frag.c (-static) (test for excess errors)
WARNING: libmudflap.c/pass29-frag.c (-static) compilation failed to produce executable
FAIL: libmudflap.c/pass3-frag.c (-static) (test for excess errors)
WARNING: libmudflap.c/pass3-frag.c (-static) compilation failed to produce executable
FAIL: libmudflap.c/pass30-frag.c (-static) (test for excess errors)
WARNING: libmudflap.c/pass30-frag.c (-static) compilation failed to produce executable
FAIL: libmudflap.c/pass32-frag.c (-static) (test for excess errors)
WARNING: libmudflap.c/pass32-frag.c (-static) compilation failed to produce executable
FAIL: libmudflap.c/pass33-frag.c (-static) (test for excess errors)
WARNING: libmudflap.c/pass33-frag.c (-static) compilation failed to produce executable
FAIL: libmudflap.c/pass34-frag.c (-static) (test for excess errors)
WARNING: libmudflap.c/pass34-frag.c (-static) compilation failed to produce executable
FAIL: libmudflap.c/pass35-frag.c (-static) (test for excess errors)
WARNING: libmudflap.c/pass35-frag.c (-static) compilation failed to produce executable
FAIL: libmudflap.c/pass36-frag.c (-static) (test for excess errors)
WARNING: libmudflap.c/pass36-frag.c (-static) compilation failed to produce executable
FAIL: libmudflap.c/pass38-frag.c (-static) (test for excess errors)
WARNING: libmudflap.c/pass38-frag.c (-static) compilation failed to produce executable
FAIL: libmudflap.c/pass4-frag.c (-static) (test for excess errors)
WARNING: libmudflap.c/pass4-frag.c (-static) compilation failed to produce executable
FAIL: libmudflap.c/pass42-frag.c (-static) (test for excess errors)
WARNING: libmudflap.c/pass42-frag.c (-static) compilation failed to produce executable
FAIL: libmudflap.c/pass43-frag.c (-static) (test for excess errors)
WARNING: libmudflap.c/pass43-frag.c (-static) compilation failed to produce executable
FAIL: libmudflap.c/pass44-frag.c (-static) (test for excess errors)
WARNING: libmudflap.c/pass44-frag.c (-static) compilation failed to produce executable
FAIL: libmudflap.c/pass45-frag.c (-static) (test for excess errors)
WARNING: libmudflap.c/pass45-frag.c (-static) compilation failed to produce executable
FAIL: libmudflap.c/pass46-frag.c (-static) (test for excess errors)
WARNING: libmudflap.c/pass46-frag.c (-static) compilation failed to produce executable
FAIL: libmudflap.c/pass47-frag.c (-static) (test for excess errors)
WARNING: libmudflap.c/pass47-frag.c (-static) compilation failed to produce executable
FAIL: libmudflap.c/pass48-frag.c (-static) (test for excess errors)
WARNING: libmudflap.c/pass48-frag.c (-static) compilation failed to produce executable
FAIL: libmudflap.c/pass49-frag.c (-static) (test for excess errors)
WARNING: libmudflap.c/pass49-frag.c (-static) compilation failed to produce executable
FAIL: libmudflap.c/pass5-frag.c (-static) (test for excess errors)
WARNING: libmudflap.c/pass5-frag.c (-static) compilation failed to produce executable
FAIL: libmudflap.c/pass50-frag.c (-static) (test for excess errors)
WARNING: libmudflap.c/pass50-frag.c (-static) compilation failed to produce executable
FAIL: libmudflap.c/pass51-frag.c (-static) (test for excess errors)
WARNING: libmudflap.c/pass51-frag.c (-static) compilation failed to produce executable
FAIL: libmudflap.c/pass52-frag.c (-static) (test for excess errors)
WARNING: libmudflap.c/pass52-frag.c (-static) compilation failed to produce executable
FAIL: libmudflap.c/pass53-frag.c (-static) (test for excess errors)
WARNING: libmudflap.c/pass53-frag.c (-static) compilation failed to produce executable
FAIL: libmudflap.c/pass54-frag.c (-static) (test for excess errors)
WARNING: libmudflap.c/pass54-frag.c (-static) compilation failed to produce executable
FAIL: libmudflap.c/pass6-frag.c (-static) (test for excess errors)
WARNING: libmudflap.c/pass6-frag.c (-static) compilation failed to produce executable
FAIL: libmudflap.c/pass7-frag.c (-static) (test for excess errors)
WARNING: libmudflap.c/pass7-frag.c (-static) compilation failed to produce executable
FAIL: libmudflap.c/pass8-frag.c (-static) (test for excess errors)
WARNING: libmudflap.c/pass8-frag.c (-static) compilation failed to produce executable
FAIL: libmudflap.c/pass9-frag.c (-static) (test for excess errors)
WARNING: libmudflap.c/pass9-frag.c (-static) compilation failed to produce executable
FAIL: libmudflap.c/fail1-frag.c (-O2) (test for excess errors)
WARNING: libmudflap.c/fail1-frag.c (-O2) compilation failed to produce executable
FAIL: libmudflap.c/fail10-frag.c (-O2) (test for excess errors)
WARNING: libmudflap.c/fail10-frag.c (-O2) compilation failed to produce executable
FAIL: libmudflap.c/fail11-frag.c (-O2) (test for excess errors)
WARNING: libmudflap.c/fail11-frag.c (-O2) compilation failed to produce executable
FAIL: libmudflap.c/fail12-frag.c (-O2) (test for excess errors)
WARNING: libmudflap.c/fail12-frag.c (-O2) compilation failed to produce executable
FAIL: libmudflap.c/fail13-frag.c (-O2) (test for excess errors)
WARNING: libmudflap.c/fail13-frag.c (-O2) compilation failed to produce executable
FAIL: libmudflap.c/fail14-frag.c (-O2) (test for excess errors)
WARNING: libmudflap.c/fail14-frag.c (-O2) compilation failed to produce executable
FAIL: libmudflap.c/fail15-frag.c (-O2) (test for excess errors)
WARNING: libmudflap.c/fail15-frag.c (-O2) compilation failed to produce executable
FAIL: libmudflap.c/fail16-frag.c (-O2) (test for excess errors)
WARNING: libmudflap.c/fail16-frag.c (-O2) compilation failed to produce executable
FAIL: libmudflap.c/fail17-frag.c (-O2) (test for excess errors)
WARNING: libmudflap.c/fail17-frag.c (-O2) compilation failed to produce executable
FAIL: libmudflap.c/fail18-frag.c (-O2) (test for excess errors)
WARNING: libmudflap.c/fail18-frag.c (-O2) compilation failed to produce executable
FAIL: libmudflap.c/fail19-frag.c (-O2) (test for excess errors)
WARNING: libmudflap.c/fail19-frag.c (-O2) compilation failed to produce executable
FAIL: libmudflap.c/fail2-frag.c (-O2) (test for excess errors)
WARNING: libmudflap.c/fail2-frag.c (-O2) compilation failed to produce executable
FAIL: libmudflap.c/fail20-frag.c (-O2) (test for excess errors)
WARNING: libmudflap.c/fail20-frag.c (-O2) compilation failed to produce executable
FAIL: libmudflap.c/fail21-frag.c (-O2) (test for excess errors)
WARNING: libmudflap.c/fail21-frag.c (-O2) compilation failed to produce executable
FAIL: libmudflap.c/fail22-frag.c (-O2) (test for excess errors)
WARNING: libmudflap.c/fail22-frag.c (-O2) compilation failed to produce executable
FAIL: libmudflap.c/fail23-frag.c (-O2) (test for excess errors)
WARNING: libmudflap.c/fail23-frag.c (-O2) compilation failed to produce executable
FAIL: libmudflap.c/fail25-frag.c (-O2) (test for excess errors)
WARNING: libmudflap.c/fail25-frag.c (-O2) compilation failed to produce executable
FAIL: libmudflap.c/fail26-frag.c (-O2) (test for excess errors)
WARNING: libmudflap.c/fail26-frag.c (-O2) compilation failed to produce executable
FAIL: libmudflap.c/fail27-frag.c (-O2) (test for excess errors)
WARNING: libmudflap.c/fail27-frag.c (-O2) compilation failed to produce executable
FAIL: libmudflap.c/fail28-frag.c (-O2) (test for excess errors)
WARNING: libmudflap.c/fail28-frag.c (-O2) compilation failed to produce executable
FAIL: libmudflap.c/fail29-frag.c (-O2) (test for excess errors)
WARNING: libmudflap.c/fail29-frag.c (-O2) compilation failed to produce executable
FAIL: libmudflap.c/fail3-frag.c (-O2) (test for excess errors)
WARNING: libmudflap.c/fail3-frag.c (-O2) compilation failed to produce executable
FAIL: libmudflap.c/fail30-frag.c (-O2) (test for excess errors)
WARNING: libmudflap.c/fail30-frag.c (-O2) compilation failed to produce executable
FAIL: libmudflap.c/fail31-frag.c (-O2) (test for excess errors)
WARNING: libmudflap.c/fail31-frag.c (-O2) compilation failed to produce executable
FAIL: libmudflap.c/fail32-frag.c (-O2) (test for excess errors)
WARNING: libmudflap.c/fail32-frag.c (-O2) compilation failed to produce executable
FAIL: libmudflap.c/fail33-frag.c (-O2) (test for excess errors)
WARNING: libmudflap.c/fail33-frag.c (-O2) compilation failed to produce executable
FAIL: libmudflap.c/fail34-frag.c (-O2) (test for excess errors)
WARNING: libmudflap.c/fail34-frag.c (-O2) compilation failed to produce executable
FAIL: libmudflap.c/fail35-frag.c (-O2) (test for excess errors)
WARNING: libmudflap.c/fail35-frag.c (-O2) compilation failed to produce executable
FAIL: libmudflap.c/fail36-frag.c (-O2) (test for excess errors)
WARNING: libmudflap.c/fail36-frag.c (-O2) compilation failed to produce executable
FAIL: libmudflap.c/fail37-frag.c (-O2) (test for excess errors)
WARNING: libmudflap.c/fail37-frag.c (-O2) compilation failed to produce executable
FAIL: libmudflap.c/fail38-frag.c (-O2) (test for excess errors)
WARNING: libmudflap.c/fail38-frag.c (-O2) compilation failed to produce executable
FAIL: libmudflap.c/fail4-frag.c (-O2) (test for excess errors)
WARNING: libmudflap.c/fail4-frag.c (-O2) compilation failed to produce executable
FAIL: libmudflap.c/fail5-frag.c (-O2) (test for excess errors)
WARNING: libmudflap.c/fail5-frag.c (-O2) compilation failed to produce executable
FAIL: libmudflap.c/fail6-frag.c (-O2) (test for excess errors)
WARNING: libmudflap.c/fail6-frag.c (-O2) compilation failed to produce executable
FAIL: libmudflap.c/fail7-frag.c (-O2) (test for excess errors)
WARNING: libmudflap.c/fail7-frag.c (-O2) compilation failed to produce executable
FAIL: libmudflap.c/fail8-frag.c (-O2) (test for excess errors)
WARNING: libmudflap.c/fail8-frag.c (-O2) compilation failed to produce executable
FAIL: libmudflap.c/fail9-frag.c (-O2) (test for excess errors)
WARNING: libmudflap.c/fail9-frag.c (-O2) compilation failed to produce executable
FAIL: libmudflap.c/heap-scalestress.c (-O2) (test for excess errors)
WARNING: libmudflap.c/heap-scalestress.c (-O2) compilation failed to produce executable
FAIL: libmudflap.c/hook-allocstuff.c (-O2) (test for excess errors)
WARNING: libmudflap.c/hook-allocstuff.c (-O2) compilation failed to produce executable
FAIL: libmudflap.c/pass-stratcliff.c (-O2) (test for excess errors)
WARNING: libmudflap.c/pass-stratcliff.c (-O2) compilation failed to produce executable
FAIL: libmudflap.c/pass1-frag.c (-O2) (test for excess errors)
WARNING: libmudflap.c/pass1-frag.c (-O2) compilation failed to produce executable
FAIL: libmudflap.c/pass10-frag.c (-O2) (test for excess errors)
WARNING: libmudflap.c/pass10-frag.c (-O2) compilation failed to produce executable
FAIL: libmudflap.c/pass11-frag.c (-O2) (test for excess errors)
WARNING: libmudflap.c/pass11-frag.c (-O2) compilation failed to produce executable
FAIL: libmudflap.c/pass12-frag.c (-O2) (test for excess errors)
WARNING: libmudflap.c/pass12-frag.c (-O2) compilation failed to produce executable
FAIL: libmudflap.c/pass13-frag.c (-O2) (test for excess errors)
WARNING: libmudflap.c/pass13-frag.c (-O2) compilation failed to produce executable
FAIL: libmudflap.c/pass14-frag.c (-O2) (test for excess errors)
WARNING: libmudflap.c/pass14-frag.c (-O2) compilation failed to produce executable
FAIL: libmudflap.c/pass15-frag.c (-O2) (test for excess errors)
WARNING: libmudflap.c/pass15-frag.c (-O2) compilation failed to produce executable
FAIL: libmudflap.c/pass16-frag.c (-O2) (test for excess errors)
WARNING: libmudflap.c/pass16-frag.c (-O2) compilation failed to produce executable
FAIL: libmudflap.c/pass17-frag.c (-O2) (test for excess errors)
WARNING: libmudflap.c/pass17-frag.c (-O2) compilation failed to produce executable
FAIL: libmudflap.c/pass18-frag.c (-O2) (test for excess errors)
WARNING: libmudflap.c/pass18-frag.c (-O2) compilation failed to produce executable
FAIL: libmudflap.c/pass19-frag.c (-O2) (test for excess errors)
WARNING: libmudflap.c/pass19-frag.c (-O2) compilation failed to produce executable
FAIL: libmudflap.c/pass2-frag.c (-O2) (test for excess errors)
WARNING: libmudflap.c/pass2-frag.c (-O2) compilation failed to produce executable
FAIL: libmudflap.c/pass20-frag.c (-O2) (test for excess errors)
WARNING: libmudflap.c/pass20-frag.c (-O2) compilation failed to produce executable
FAIL: libmudflap.c/pass21-frag.c (-O2) (test for excess errors)
WARNING: libmudflap.c/pass21-frag.c (-O2) compilation failed to produce executable
FAIL: libmudflap.c/pass22-frag.c (-O2) (test for excess errors)
WARNING: libmudflap.c/pass22-frag.c (-O2) compilation failed to produce executable
FAIL: libmudflap.c/pass23-frag.c (-O2) (test for excess errors)
WARNING: libmudflap.c/pass23-frag.c (-O2) compilation failed to produce executable
FAIL: libmudflap.c/pass24-frag.c (-O2) (test for excess errors)
WARNING: libmudflap.c/pass24-frag.c (-O2) compilation failed to produce executable
FAIL: libmudflap.c/pass25-frag.c (-O2) (test for excess errors)
WARNING: libmudflap.c/pass25-frag.c (-O2) compilation failed to produce executable
FAIL: libmudflap.c/pass26-frag.c (-O2) (test for excess errors)
WARNING: libmudflap.c/pass26-frag.c (-O2) compilation failed to produce executable
FAIL: libmudflap.c/pass29-frag.c (-O2) (test for excess errors)
WARNING: libmudflap.c/pass29-frag.c (-O2) compilation failed to produce executable
FAIL: libmudflap.c/pass3-frag.c (-O2) (test for excess errors)
WARNING: libmudflap.c/pass3-frag.c (-O2) compilation failed to produce executable
FAIL: libmudflap.c/pass30-frag.c (-O2) (test for excess errors)
WARNING: libmudflap.c/pass30-frag.c (-O2) compilation failed to produce executable
FAIL: libmudflap.c/pass32-frag.c (-O2) (test for excess errors)
WARNING: libmudflap.c/pass32-frag.c (-O2) compilation failed to produce executable
FAIL: libmudflap.c/pass33-frag.c (-O2) (test for excess errors)
WARNING: libmudflap.c/pass33-frag.c (-O2) compilation failed to produce executable
FAIL: libmudflap.c/pass34-frag.c (-O2) (test for excess errors)
WARNING: libmudflap.c/pass34-frag.c (-O2) compilation failed to produce executable
FAIL: libmudflap.c/pass35-frag.c (-O2) (test for excess errors)
WARNING: libmudflap.c/pass35-frag.c (-O2) compilation failed to produce executable
FAIL: libmudflap.c/pass36-frag.c (-O2) (test for excess errors)
WARNING: libmudflap.c/pass36-frag.c (-O2) compilation failed to produce executable
FAIL: libmudflap.c/pass38-frag.c (-O2) (test for excess errors)
WARNING: libmudflap.c/pass38-frag.c (-O2) compilation failed to produce executable
FAIL: libmudflap.c/pass4-frag.c (-O2) (test for excess errors)
WARNING: libmudflap.c/pass4-frag.c (-O2) compilation failed to produce executable
FAIL: libmudflap.c/pass42-frag.c (-O2) (test for excess errors)
WARNING: libmudflap.c/pass42-frag.c (-O2) compilation failed to produce executable
FAIL: libmudflap.c/pass43-frag.c (-O2) (test for excess errors)
WARNING: libmudflap.c/pass43-frag.c (-O2) compilation failed to produce executable
FAIL: libmudflap.c/pass44-frag.c (-O2) (test for excess errors)
WARNING: libmudflap.c/pass44-frag.c (-O2) compilation failed to produce executable
FAIL: libmudflap.c/pass45-frag.c (-O2) (test for excess errors)
WARNING: libmudflap.c/pass45-frag.c (-O2) compilation failed to produce executable
FAIL: libmudflap.c/pass46-frag.c (-O2) (test for excess errors)
WARNING: libmudflap.c/pass46-frag.c (-O2) compilation failed to produce executable
FAIL: libmudflap.c/pass47-frag.c (-O2) (test for excess errors)
WARNING: libmudflap.c/pass47-frag.c (-O2) compilation failed to produce executable
FAIL: libmudflap.c/pass48-frag.c (-O2) (test for excess errors)
WARNING: libmudflap.c/pass48-frag.c (-O2) compilation failed to produce executable
FAIL: libmudflap.c/pass49-frag.c (-O2) (test for excess errors)
WARNING: libmudflap.c/pass49-frag.c (-O2) compilation failed to produce executable
FAIL: libmudflap.c/pass5-frag.c (-O2) (test for excess errors)
WARNING: libmudflap.c/pass5-frag.c (-O2) compilation failed to produce executable
FAIL: libmudflap.c/pass50-frag.c (-O2) (test for excess errors)
WARNING: libmudflap.c/pass50-frag.c (-O2) compilation failed to produce executable
FAIL: libmudflap.c/pass51-frag.c (-O2) (test for excess errors)
WARNING: libmudflap.c/pass51-frag.c (-O2) compilation failed to produce executable
FAIL: libmudflap.c/pass52-frag.c (-O2) (test for excess errors)
WARNING: libmudflap.c/pass52-frag.c (-O2) compilation failed to produce executable
FAIL: libmudflap.c/pass53-frag.c (-O2) (test for excess errors)
WARNING: libmudflap.c/pass53-frag.c (-O2) compilation failed to produce executable
FAIL: libmudflap.c/pass54-frag.c (-O2) (test for excess errors)
WARNING: libmudflap.c/pass54-frag.c (-O2) compilation failed to produce executable
FAIL: libmudflap.c/pass6-frag.c (-O2) (test for excess errors)
WARNING: libmudflap.c/pass6-frag.c (-O2) compilation failed to produce executable
FAIL: libmudflap.c/pass7-frag.c (-O2) (test for excess errors)
WARNING: libmudflap.c/pass7-frag.c (-O2) compilation failed to produce executable
FAIL: libmudflap.c/pass8-frag.c (-O2) (test for excess errors)
WARNING: libmudflap.c/pass8-frag.c (-O2) compilation failed to produce executable
FAIL: libmudflap.c/pass9-frag.c (-O2) (test for excess errors)
WARNING: libmudflap.c/pass9-frag.c (-O2) compilation failed to produce executable
FAIL: libmudflap.c/fail1-frag.c (-O3) (test for excess errors)
WARNING: libmudflap.c/fail1-frag.c (-O3) compilation failed to produce executable
FAIL: libmudflap.c/fail10-frag.c (-O3) (test for excess errors)
WARNING: libmudflap.c/fail10-frag.c (-O3) compilation failed to produce executable
FAIL: libmudflap.c/fail11-frag.c (-O3) (test for excess errors)
WARNING: libmudflap.c/fail11-frag.c (-O3) compilation failed to produce executable
FAIL: libmudflap.c/fail12-frag.c (-O3) (test for excess errors)
WARNING: libmudflap.c/fail12-frag.c (-O3) compilation failed to produce executable
FAIL: libmudflap.c/fail13-frag.c (-O3) (test for excess errors)
WARNING: libmudflap.c/fail13-frag.c (-O3) compilation failed to produce executable
FAIL: libmudflap.c/fail14-frag.c (-O3) (test for excess errors)
WARNING: libmudflap.c/fail14-frag.c (-O3) compilation failed to produce executable
FAIL: libmudflap.c/fail15-frag.c (-O3) (test for excess errors)
WARNING: libmudflap.c/fail15-frag.c (-O3) compilation failed to produce executable
FAIL: libmudflap.c/fail16-frag.c (-O3) (test for excess errors)
WARNING: libmudflap.c/fail16-frag.c (-O3) compilation failed to produce executable
FAIL: libmudflap.c/fail17-frag.c (-O3) (test for excess errors)
WARNING: libmudflap.c/fail17-frag.c (-O3) compilation failed to produce executable
FAIL: libmudflap.c/fail18-frag.c (-O3) (test for excess errors)
WARNING: libmudflap.c/fail18-frag.c (-O3) compilation failed to produce executable
FAIL: libmudflap.c/fail19-frag.c (-O3) (test for excess errors)
WARNING: libmudflap.c/fail19-frag.c (-O3) compilation failed to produce executable
FAIL: libmudflap.c/fail2-frag.c (-O3) (test for excess errors)
WARNING: libmudflap.c/fail2-frag.c (-O3) compilation failed to produce executable
FAIL: libmudflap.c/fail20-frag.c (-O3) (test for excess errors)
WARNING: libmudflap.c/fail20-frag.c (-O3) compilation failed to produce executable
FAIL: libmudflap.c/fail21-frag.c (-O3) (test for excess errors)
WARNING: libmudflap.c/fail21-frag.c (-O3) compilation failed to produce executable
FAIL: libmudflap.c/fail22-frag.c (-O3) (test for excess errors)
WARNING: libmudflap.c/fail22-frag.c (-O3) compilation failed to produce executable
FAIL: libmudflap.c/fail23-frag.c (-O3) (test for excess errors)
WARNING: libmudflap.c/fail23-frag.c (-O3) compilation failed to produce executable
FAIL: libmudflap.c/fail25-frag.c (-O3) (test for excess errors)
WARNING: libmudflap.c/fail25-frag.c (-O3) compilation failed to produce executable
FAIL: libmudflap.c/fail26-frag.c (-O3) (test for excess errors)
WARNING: libmudflap.c/fail26-frag.c (-O3) compilation failed to produce executable
FAIL: libmudflap.c/fail27-frag.c (-O3) (test for excess errors)
WARNING: libmudflap.c/fail27-frag.c (-O3) compilation failed to produce executable
FAIL: libmudflap.c/fail28-frag.c (-O3) (test for excess errors)
WARNING: libmudflap.c/fail28-frag.c (-O3) compilation failed to produce executable
FAIL: libmudflap.c/fail29-frag.c (-O3) (test for excess errors)
WARNING: libmudflap.c/fail29-frag.c (-O3) compilation failed to produce executable
FAIL: libmudflap.c/fail3-frag.c (-O3) (test for excess errors)
WARNING: libmudflap.c/fail3-frag.c (-O3) compilation failed to produce executable
FAIL: libmudflap.c/fail30-frag.c (-O3) (test for excess errors)
WARNING: libmudflap.c/fail30-frag.c (-O3) compilation failed to produce executable
FAIL: libmudflap.c/fail31-frag.c (-O3) (test for excess errors)
WARNING: libmudflap.c/fail31-frag.c (-O3) compilation failed to produce executable
FAIL: libmudflap.c/fail32-frag.c (-O3) (test for excess errors)
WARNING: libmudflap.c/fail32-frag.c (-O3) compilation failed to produce executable
FAIL: libmudflap.c/fail33-frag.c (-O3) (test for excess errors)
WARNING: libmudflap.c/fail33-frag.c (-O3) compilation failed to produce executable
FAIL: libmudflap.c/fail34-frag.c (-O3) (test for excess errors)
WARNING: libmudflap.c/fail34-frag.c (-O3) compilation failed to produce executable
FAIL: libmudflap.c/fail35-frag.c (-O3) (test for excess errors)
WARNING: libmudflap.c/fail35-frag.c (-O3) compilation failed to produce executable
FAIL: libmudflap.c/fail36-frag.c (-O3) (test for excess errors)
WARNING: libmudflap.c/fail36-frag.c (-O3) compilation failed to produce executable
FAIL: libmudflap.c/fail37-frag.c (-O3) (test for excess errors)
WARNING: libmudflap.c/fail37-frag.c (-O3) compilation failed to produce executable
FAIL: libmudflap.c/fail38-frag.c (-O3) (test for excess errors)
WARNING: libmudflap.c/fail38-frag.c (-O3) compilation failed to produce executable
FAIL: libmudflap.c/fail4-frag.c (-O3) (test for excess errors)
WARNING: libmudflap.c/fail4-frag.c (-O3) compilation failed to produce executable
FAIL: libmudflap.c/fail5-frag.c (-O3) (test for excess errors)
WARNING: libmudflap.c/fail5-frag.c (-O3) compilation failed to produce executable
FAIL: libmudflap.c/fail6-frag.c (-O3) (test for excess errors)
WARNING: libmudflap.c/fail6-frag.c (-O3) compilation failed to produce executable
FAIL: libmudflap.c/fail7-frag.c (-O3) (test for excess errors)
WARNING: libmudflap.c/fail7-frag.c (-O3) compilation failed to produce executable
FAIL: libmudflap.c/fail8-frag.c (-O3) (test for excess errors)
WARNING: libmudflap.c/fail8-frag.c (-O3) compilation failed to produce executable
FAIL: libmudflap.c/fail9-frag.c (-O3) (test for excess errors)
WARNING: libmudflap.c/fail9-frag.c (-O3) compilation failed to produce executable
FAIL: libmudflap.c/heap-scalestress.c (-O3) (test for excess errors)
WARNING: libmudflap.c/heap-scalestress.c (-O3) compilation failed to produce executable
FAIL: libmudflap.c/hook-allocstuff.c (-O3) (test for excess errors)
WARNING: libmudflap.c/hook-allocstuff.c (-O3) compilation failed to produce executable
FAIL: libmudflap.c/pass-stratcliff.c (-O3) (test for excess errors)
WARNING: libmudflap.c/pass-stratcliff.c (-O3) compilation failed to produce executable
FAIL: libmudflap.c/pass1-frag.c (-O3) (test for excess errors)
WARNING: libmudflap.c/pass1-frag.c (-O3) compilation failed to produce executable
FAIL: libmudflap.c/pass10-frag.c (-O3) (test for excess errors)
WARNING: libmudflap.c/pass10-frag.c (-O3) compilation failed to produce executable
FAIL: libmudflap.c/pass11-frag.c (-O3) (test for excess errors)
WARNING: libmudflap.c/pass11-frag.c (-O3) compilation failed to produce executable
FAIL: libmudflap.c/pass12-frag.c (-O3) (test for excess errors)
WARNING: libmudflap.c/pass12-frag.c (-O3) compilation failed to produce executable
FAIL: libmudflap.c/pass13-frag.c (-O3) (test for excess errors)
WARNING: libmudflap.c/pass13-frag.c (-O3) compilation failed to produce executable
FAIL: libmudflap.c/pass14-frag.c (-O3) (test for excess errors)
WARNING: libmudflap.c/pass14-frag.c (-O3) compilation failed to produce executable
FAIL: libmudflap.c/pass15-frag.c (-O3) (test for excess errors)
WARNING: libmudflap.c/pass15-frag.c (-O3) compilation failed to produce executable
FAIL: libmudflap.c/pass16-frag.c (-O3) (test for excess errors)
WARNING: libmudflap.c/pass16-frag.c (-O3) compilation failed to produce executable
FAIL: libmudflap.c/pass17-frag.c (-O3) (test for excess errors)
WARNING: libmudflap.c/pass17-frag.c (-O3) compilation failed to produce executable
FAIL: libmudflap.c/pass18-frag.c (-O3) (test for excess errors)
WARNING: libmudflap.c/pass18-frag.c (-O3) compilation failed to produce executable
FAIL: libmudflap.c/pass19-frag.c (-O3) (test for excess errors)
WARNING: libmudflap.c/pass19-frag.c (-O3) compilation failed to produce executable
FAIL: libmudflap.c/pass2-frag.c (-O3) (test for excess errors)
WARNING: libmudflap.c/pass2-frag.c (-O3) compilation failed to produce executable
FAIL: libmudflap.c/pass20-frag.c (-O3) (test for excess errors)
WARNING: libmudflap.c/pass20-frag.c (-O3) compilation failed to produce executable
FAIL: libmudflap.c/pass21-frag.c (-O3) (test for excess errors)
WARNING: libmudflap.c/pass21-frag.c (-O3) compilation failed to produce executable
FAIL: libmudflap.c/pass22-frag.c (-O3) (test for excess errors)
WARNING: libmudflap.c/pass22-frag.c (-O3) compilation failed to produce executable
FAIL: libmudflap.c/pass23-frag.c (-O3) (test for excess errors)
WARNING: libmudflap.c/pass23-frag.c (-O3) compilation failed to produce executable
FAIL: libmudflap.c/pass24-frag.c (-O3) (test for excess errors)
WARNING: libmudflap.c/pass24-frag.c (-O3) compilation failed to produce executable
FAIL: libmudflap.c/pass25-frag.c (-O3) (test for excess errors)
WARNING: libmudflap.c/pass25-frag.c (-O3) compilation failed to produce executable
FAIL: libmudflap.c/pass26-frag.c (-O3) (test for excess errors)
WARNING: libmudflap.c/pass26-frag.c (-O3) compilation failed to produce executable
FAIL: libmudflap.c/pass29-frag.c (-O3) (test for excess errors)
WARNING: libmudflap.c/pass29-frag.c (-O3) compilation failed to produce executable
FAIL: libmudflap.c/pass3-frag.c (-O3) (test for excess errors)
WARNING: libmudflap.c/pass3-frag.c (-O3) compilation failed to produce executable
FAIL: libmudflap.c/pass30-frag.c (-O3) (test for excess errors)
WARNING: libmudflap.c/pass30-frag.c (-O3) compilation failed to produce executable
FAIL: libmudflap.c/pass32-frag.c (-O3) (test for excess errors)
WARNING: libmudflap.c/pass32-frag.c (-O3) compilation failed to produce executable
FAIL: libmudflap.c/pass33-frag.c (-O3) (test for excess errors)
WARNING: libmudflap.c/pass33-frag.c (-O3) compilation failed to produce executable
FAIL: libmudflap.c/pass34-frag.c (-O3) (test for excess errors)
WARNING: libmudflap.c/pass34-frag.c (-O3) compilation failed to produce executable
FAIL: libmudflap.c/pass35-frag.c (-O3) (test for excess errors)
WARNING: libmudflap.c/pass35-frag.c (-O3) compilation failed to produce executable
FAIL: libmudflap.c/pass36-frag.c (-O3) (test for excess errors)
WARNING: libmudflap.c/pass36-frag.c (-O3) compilation failed to produce executable
FAIL: libmudflap.c/pass38-frag.c (-O3) (test for excess errors)
WARNING: libmudflap.c/pass38-frag.c (-O3) compilation failed to produce executable
FAIL: libmudflap.c/pass4-frag.c (-O3) (test for excess errors)
WARNING: libmudflap.c/pass4-frag.c (-O3) compilation failed to produce executable
FAIL: libmudflap.c/pass42-frag.c (-O3) (test for excess errors)
WARNING: libmudflap.c/pass42-frag.c (-O3) compilation failed to produce executable
FAIL: libmudflap.c/pass43-frag.c (-O3) (test for excess errors)
WARNING: libmudflap.c/pass43-frag.c (-O3) compilation failed to produce executable
FAIL: libmudflap.c/pass44-frag.c (-O3) (test for excess errors)
WARNING: libmudflap.c/pass44-frag.c (-O3) compilation failed to produce executable
FAIL: libmudflap.c/pass45-frag.c (-O3) (test for excess errors)
WARNING: libmudflap.c/pass45-frag.c (-O3) compilation failed to produce executable
FAIL: libmudflap.c/pass46-frag.c (-O3) (test for excess errors)
WARNING: libmudflap.c/pass46-frag.c (-O3) compilation failed to produce executable
FAIL: libmudflap.c/pass47-frag.c (-O3) (test for excess errors)
WARNING: libmudflap.c/pass47-frag.c (-O3) compilation failed to produce executable
FAIL: libmudflap.c/pass48-frag.c (-O3) (test for excess errors)
WARNING: libmudflap.c/pass48-frag.c (-O3) compilation failed to produce executable
FAIL: libmudflap.c/pass49-frag.c (-O3) (test for excess errors)
WARNING: libmudflap.c/pass49-frag.c (-O3) compilation failed to produce executable
FAIL: libmudflap.c/pass5-frag.c (-O3) (test for excess errors)
WARNING: libmudflap.c/pass5-frag.c (-O3) compilation failed to produce executable
FAIL: libmudflap.c/pass50-frag.c (-O3) (test for excess errors)
WARNING: libmudflap.c/pass50-frag.c (-O3) compilation failed to produce executable
FAIL: libmudflap.c/pass51-frag.c (-O3) (test for excess errors)
WARNING: libmudflap.c/pass51-frag.c (-O3) compilation failed to produce executable
FAIL: libmudflap.c/pass52-frag.c (-O3) (test for excess errors)
WARNING: libmudflap.c/pass52-frag.c (-O3) compilation failed to produce executable
FAIL: libmudflap.c/pass53-frag.c (-O3) (test for excess errors)
WARNING: libmudflap.c/pass53-frag.c (-O3) compilation failed to produce executable
FAIL: libmudflap.c/pass54-frag.c (-O3) (test for excess errors)
WARNING: libmudflap.c/pass54-frag.c (-O3) compilation failed to produce executable
FAIL: libmudflap.c/pass6-frag.c (-O3) (test for excess errors)
WARNING: libmudflap.c/pass6-frag.c (-O3) compilation failed to produce executable
FAIL: libmudflap.c/pass7-frag.c (-O3) (test for excess errors)
WARNING: libmudflap.c/pass7-frag.c (-O3) compilation failed to produce executable
FAIL: libmudflap.c/pass8-frag.c (-O3) (test for excess errors)
WARNING: libmudflap.c/pass8-frag.c (-O3) compilation failed to produce executable
FAIL: libmudflap.c/pass9-frag.c (-O3) (test for excess errors)
WARNING: libmudflap.c/pass9-frag.c (-O3) compilation failed to produce executable
FAIL: libmudflap.c++/fail24-frag.cxx (test for excess errors)
WARNING: libmudflap.c++/fail24-frag.cxx compilation failed to produce executable
FAIL: libmudflap.c++/pass27-frag.cxx (test for excess errors)
WARNING: libmudflap.c++/pass27-frag.cxx compilation failed to produce executable
FAIL: libmudflap.c++/pass28-frag.cxx (test for excess errors)
WARNING: libmudflap.c++/pass28-frag.cxx compilation failed to produce executable
FAIL: libmudflap.c++/pass31-frag.cxx (test for excess errors)
WARNING: libmudflap.c++/pass31-frag.cxx compilation failed to produce executable
FAIL: libmudflap.c++/pass41-frag.cxx (test for excess errors)
WARNING: libmudflap.c++/pass41-frag.cxx compilation failed to produce executable
FAIL: libmudflap.c++/pass55-frag.cxx (test for excess errors)
WARNING: libmudflap.c++/pass55-frag.cxx compilation failed to produce executable
FAIL: libmudflap.c++/fail24-frag.cxx (-static) (test for excess errors)
WARNING: libmudflap.c++/fail24-frag.cxx (-static) compilation failed to produce executable
FAIL: libmudflap.c++/pass27-frag.cxx (-static) (test for excess errors)
WARNING: libmudflap.c++/pass27-frag.cxx (-static) compilation failed to produce executable
FAIL: libmudflap.c++/pass28-frag.cxx (-static) (test for excess errors)
WARNING: libmudflap.c++/pass28-frag.cxx (-static) compilation failed to produce executable
FAIL: libmudflap.c++/pass31-frag.cxx (-static) (test for excess errors)
WARNING: libmudflap.c++/pass31-frag.cxx (-static) compilation failed to produce executable
FAIL: libmudflap.c++/pass41-frag.cxx (-static) (test for excess errors)
WARNING: libmudflap.c++/pass41-frag.cxx (-static) compilation failed to produce executable
FAIL: libmudflap.c++/pass55-frag.cxx (-static) (test for excess errors)
WARNING: libmudflap.c++/pass55-frag.cxx (-static) compilation failed to produce executable
FAIL: libmudflap.c++/fail24-frag.cxx (-O2) (test for excess errors)
WARNING: libmudflap.c++/fail24-frag.cxx (-O2) compilation failed to produce executable
FAIL: libmudflap.c++/pass27-frag.cxx (-O2) (test for excess errors)
WARNING: libmudflap.c++/pass27-frag.cxx (-O2) compilation failed to produce executable
FAIL: libmudflap.c++/pass28-frag.cxx (-O2) (test for excess errors)
WARNING: libmudflap.c++/pass28-frag.cxx (-O2) compilation failed to produce executable
FAIL: libmudflap.c++/pass31-frag.cxx (-O2) (test for excess errors)
WARNING: libmudflap.c++/pass31-frag.cxx (-O2) compilation failed to produce executable
FAIL: libmudflap.c++/pass41-frag.cxx (-O2) (test for excess errors)
WARNING: libmudflap.c++/pass41-frag.cxx (-O2) compilation failed to produce executable
FAIL: libmudflap.c++/pass55-frag.cxx (-O2) (test for excess errors)
WARNING: libmudflap.c++/pass55-frag.cxx (-O2) compilation failed to produce executable
FAIL: libmudflap.c++/fail24-frag.cxx (-O3) (test for excess errors)
WARNING: libmudflap.c++/fail24-frag.cxx (-O3) compilation failed to produce executable
FAIL: libmudflap.c++/pass27-frag.cxx (-O3) (test for excess errors)
WARNING: libmudflap.c++/pass27-frag.cxx (-O3) compilation failed to produce executable
FAIL: libmudflap.c++/pass28-frag.cxx (-O3) (test for excess errors)
WARNING: libmudflap.c++/pass28-frag.cxx (-O3) compilation failed to produce executable
FAIL: libmudflap.c++/pass31-frag.cxx (-O3) (test for excess errors)
WARNING: libmudflap.c++/pass31-frag.cxx (-O3) compilation failed to produce executable
FAIL: libmudflap.c++/pass41-frag.cxx (-O3) (test for excess errors)
WARNING: libmudflap.c++/pass41-frag.cxx (-O3) compilation failed to produce executable
FAIL: libmudflap.c++/pass55-frag.cxx (-O3) (test for excess errors)
WARNING: libmudflap.c++/pass55-frag.cxx (-O3) compilation failed to produce executable
FAIL: ctors-12 linkage 
FAIL: ctors-21 linkage 
WARNING: program timed out.
FAIL: ctors-12 execution 
WARNING: program timed out.
FAIL: ctors-21 execution 
FAIL: ctors-12 linkage -static
FAIL: ctors-21 linkage -static
WARNING: program timed out.
FAIL: ctors-12 execution -static
WARNING: program timed out.
FAIL: ctors-21 execution -static
FAIL: ctors-12 linkage -O2
FAIL: ctors-21 linkage -O2
WARNING: program timed out.
FAIL: ctors-12 execution -O2
WARNING: program timed out.
FAIL: ctors-21 execution -O2
FAIL: ctors-12 linkage -O3
FAIL: ctors-21 linkage -O3
WARNING: program timed out.
FAIL: ctors-12 execution -O3
WARNING: program timed out.
FAIL: ctors-21 execution -O3
FAIL: libmudflap.cth/pass37-frag.c (test for excess errors)
FAIL: libmudflap.cth/pass37-frag.c execution test
FAIL: libmudflap.cth/pass37-frag.c output pattern test
FAIL: libmudflap.cth/pass37-frag.c (rerun 1) execution test
FAIL: libmudflap.cth/pass37-frag.c (rerun 1) output pattern test
FAIL: libmudflap.cth/pass37-frag.c (rerun 2) execution test
FAIL: libmudflap.cth/pass37-frag.c (rerun 2) output pattern test
FAIL: libmudflap.cth/pass37-frag.c (rerun 3) execution test
FAIL: libmudflap.cth/pass37-frag.c (rerun 3) output pattern test
FAIL: libmudflap.cth/pass37-frag.c (rerun 4) execution test
FAIL: libmudflap.cth/pass37-frag.c (rerun 4) output pattern test
FAIL: libmudflap.cth/pass37-frag.c (rerun 5) execution test
FAIL: libmudflap.cth/pass37-frag.c (rerun 5) output pattern test
FAIL: libmudflap.cth/pass37-frag.c (rerun 6) execution test
FAIL: libmudflap.cth/pass37-frag.c (rerun 6) output pattern test
FAIL: libmudflap.cth/pass37-frag.c (rerun 7) execution test
FAIL: libmudflap.cth/pass37-frag.c (rerun 7) output pattern test
FAIL: libmudflap.cth/pass37-frag.c (rerun 8) execution test
FAIL: libmudflap.cth/pass37-frag.c (rerun 8) output pattern test
FAIL: libmudflap.cth/pass37-frag.c (rerun 9) execution test
FAIL: libmudflap.cth/pass37-frag.c (rerun 9) output pattern test
FAIL: libmudflap.cth/pass37-frag.c (rerun 10) execution test
FAIL: libmudflap.cth/pass37-frag.c (rerun 10) output pattern test
FAIL: libmudflap.cth/pass37-frag.c (rerun 11) execution test
FAIL: libmudflap.cth/pass37-frag.c (rerun 11) output pattern test
FAIL: libmudflap.cth/pass37-frag.c (rerun 12) execution test
FAIL: libmudflap.cth/pass37-frag.c (rerun 12) output pattern test
FAIL: libmudflap.cth/pass37-frag.c (rerun 13) execution test
FAIL: libmudflap.cth/pass37-frag.c (rerun 13) output pattern test
FAIL: libmudflap.cth/pass37-frag.c (rerun 14) execution test
FAIL: libmudflap.cth/pass37-frag.c (rerun 14) output pattern test
FAIL: libmudflap.cth/pass37-frag.c (rerun 15) execution test
FAIL: libmudflap.cth/pass37-frag.c (rerun 15) output pattern test
FAIL: libmudflap.cth/pass37-frag.c (rerun 16) execution test
FAIL: libmudflap.cth/pass37-frag.c (rerun 16) output pattern test
FAIL: libmudflap.cth/pass37-frag.c (rerun 17) execution test
FAIL: libmudflap.cth/pass37-frag.c (rerun 17) output pattern test
FAIL: libmudflap.cth/pass37-frag.c (rerun 18) execution test
FAIL: libmudflap.cth/pass37-frag.c (rerun 18) output pattern test
FAIL: libmudflap.cth/pass37-frag.c (rerun 19) execution test
FAIL: libmudflap.cth/pass37-frag.c (rerun 19) output pattern test
FAIL: libmudflap.cth/pass39-frag.c (test for excess errors)
FAIL: libmudflap.cth/pass39-frag.c execution test
FAIL: libmudflap.cth/pass39-frag.c output pattern test
FAIL: libmudflap.cth/pass39-frag.c (rerun 1) execution test
FAIL: libmudflap.cth/pass39-frag.c (rerun 1) output pattern test
FAIL: libmudflap.cth/pass39-frag.c (rerun 2) execution test
FAIL: libmudflap.cth/pass39-frag.c (rerun 2) output pattern test
FAIL: libmudflap.cth/pass39-frag.c (rerun 3) execution test
FAIL: libmudflap.cth/pass39-frag.c (rerun 3) output pattern test
FAIL: libmudflap.cth/pass39-frag.c (rerun 4) execution test
FAIL: libmudflap.cth/pass39-frag.c (rerun 4) output pattern test
FAIL: libmudflap.cth/pass39-frag.c (rerun 5) execution test
FAIL: libmudflap.cth/pass39-frag.c (rerun 5) output pattern test
FAIL: libmudflap.cth/pass39-frag.c (rerun 6) execution test
FAIL: libmudflap.cth/pass39-frag.c (rerun 6) output pattern test
FAIL: libmudflap.cth/pass39-frag.c (rerun 7) execution test
FAIL: libmudflap.cth/pass39-frag.c (rerun 7) output pattern test
FAIL: libmudflap.cth/pass39-frag.c (rerun 8) execution test
FAIL: libmudflap.cth/pass39-frag.c (rerun 8) output pattern test
FAIL: libmudflap.cth/pass39-frag.c (rerun 9) execution test
FAIL: libmudflap.cth/pass39-frag.c (rerun 9) output pattern test
FAIL: libmudflap.cth/pass39-frag.c (rerun 10) execution test
FAIL: libmudflap.cth/pass39-frag.c (rerun 10) output pattern test
FAIL: libmudflap.cth/pass39-frag.c (rerun 11) execution test
FAIL: libmudflap.cth/pass39-frag.c (rerun 11) output pattern test
FAIL: libmudflap.cth/pass39-frag.c (rerun 12) execution test
FAIL: libmudflap.cth/pass39-frag.c (rerun 12) output pattern test
FAIL: libmudflap.cth/pass39-frag.c (rerun 13) execution test
FAIL: libmudflap.cth/pass39-frag.c (rerun 13) output pattern test
FAIL: libmudflap.cth/pass39-frag.c (rerun 14) execution test
FAIL: libmudflap.cth/pass39-frag.c (rerun 14) output pattern test
FAIL: libmudflap.cth/pass39-frag.c (rerun 15) execution test
FAIL: libmudflap.cth/pass39-frag.c (rerun 15) output pattern test
FAIL: libmudflap.cth/pass39-frag.c (rerun 16) execution test
FAIL: libmudflap.cth/pass39-frag.c (rerun 16) output pattern test
FAIL: libmudflap.cth/pass39-frag.c (rerun 17) execution test
FAIL: libmudflap.cth/pass39-frag.c (rerun 17) output pattern test
FAIL: libmudflap.cth/pass39-frag.c (rerun 18) execution test
FAIL: libmudflap.cth/pass39-frag.c (rerun 18) output pattern test
FAIL: libmudflap.cth/pass39-frag.c (rerun 19) execution test
FAIL: libmudflap.cth/pass39-frag.c (rerun 19) output pattern test
FAIL: libmudflap.cth/pass40-frag.c (test for excess errors)
FAIL: libmudflap.cth/pass40-frag.c execution test
FAIL: libmudflap.cth/pass40-frag.c output pattern test
FAIL: libmudflap.cth/pass37-frag.c (-O2) (test for excess errors)
FAIL: libmudflap.cth/pass37-frag.c (-O2) execution test
FAIL: libmudflap.cth/pass37-frag.c (-O2) output pattern test
FAIL: libmudflap.cth/pass37-frag.c (-O2) (rerun 1) execution test
FAIL: libmudflap.cth/pass37-frag.c (-O2) (rerun 1) output pattern test
FAIL: libmudflap.cth/pass37-frag.c (-O2) (rerun 2) execution test
FAIL: libmudflap.cth/pass37-frag.c (-O2) (rerun 2) output pattern test
FAIL: libmudflap.cth/pass37-frag.c (-O2) (rerun 3) execution test
FAIL: libmudflap.cth/pass37-frag.c (-O2) (rerun 3) output pattern test
FAIL: libmudflap.cth/pass37-frag.c (-O2) (rerun 4) execution test
FAIL: libmudflap.cth/pass37-frag.c (-O2) (rerun 4) output pattern test
FAIL: libmudflap.cth/pass37-frag.c (-O2) (rerun 5) execution test
FAIL: libmudflap.cth/pass37-frag.c (-O2) (rerun 5) output pattern test
FAIL: libmudflap.cth/pass37-frag.c (-O2) (rerun 6) execution test
FAIL: libmudflap.cth/pass37-frag.c (-O2) (rerun 6) output pattern test
FAIL: libmudflap.cth/pass37-frag.c (-O2) (rerun 7) execution test
FAIL: libmudflap.cth/pass37-frag.c (-O2) (rerun 7) output pattern test
FAIL: libmudflap.cth/pass37-frag.c (-O2) (rerun 8) execution test
FAIL: libmudflap.cth/pass37-frag.c (-O2) (rerun 8) output pattern test
FAIL: libmudflap.cth/pass37-frag.c (-O2) (rerun 9) execution test
FAIL: libmudflap.cth/pass37-frag.c (-O2) (rerun 9) output pattern test
FAIL: libmudflap.cth/pass37-frag.c (-O2) (rerun 10) execution test
FAIL: libmudflap.cth/pass37-frag.c (-O2) (rerun 10) output pattern test
FAIL: libmudflap.cth/pass37-frag.c (-O2) (rerun 11) execution test
FAIL: libmudflap.cth/pass37-frag.c (-O2) (rerun 11) output pattern test
FAIL: libmudflap.cth/pass37-frag.c (-O2) (rerun 12) execution test
FAIL: libmudflap.cth/pass37-frag.c (-O2) (rerun 12) output pattern test
FAIL: libmudflap.cth/pass37-frag.c (-O2) (rerun 13) execution test
FAIL: libmudflap.cth/pass37-frag.c (-O2) (rerun 13) output pattern test
FAIL: libmudflap.cth/pass37-frag.c (-O2) (rerun 14) execution test
FAIL: libmudflap.cth/pass37-frag.c (-O2) (rerun 14) output pattern test
FAIL: libmudflap.cth/pass37-frag.c (-O2) (rerun 15) execution test
FAIL: libmudflap.cth/pass37-frag.c (-O2) (rerun 15) output pattern test
FAIL: libmudflap.cth/pass37-frag.c (-O2) (rerun 16) execution test
FAIL: libmudflap.cth/pass37-frag.c (-O2) (rerun 16) output pattern test
FAIL: libmudflap.cth/pass37-frag.c (-O2) (rerun 17) execution test
FAIL: libmudflap.cth/pass37-frag.c (-O2) (rerun 17) output pattern test
FAIL: libmudflap.cth/pass37-frag.c (-O2) (rerun 18) execution test
FAIL: libmudflap.cth/pass37-frag.c (-O2) (rerun 18) output pattern test
FAIL: libmudflap.cth/pass37-frag.c (-O2) (rerun 19) execution test
FAIL: libmudflap.cth/pass37-frag.c (-O2) (rerun 19) output pattern test
FAIL: libmudflap.cth/pass39-frag.c (-O2) (test for excess errors)
FAIL: libmudflap.cth/pass39-frag.c (-O2) execution test
FAIL: libmudflap.cth/pass39-frag.c (-O2) output pattern test
FAIL: libmudflap.cth/pass39-frag.c (-O2) (rerun 1) execution test
FAIL: libmudflap.cth/pass39-frag.c (-O2) (rerun 1) output pattern test
FAIL: libmudflap.cth/pass39-frag.c (-O2) (rerun 2) execution test
FAIL: libmudflap.cth/pass39-frag.c (-O2) (rerun 2) output pattern test
FAIL: libmudflap.cth/pass39-frag.c (-O2) (rerun 3) execution test
FAIL: libmudflap.cth/pass39-frag.c (-O2) (rerun 3) output pattern test
FAIL: libmudflap.cth/pass39-frag.c (-O2) (rerun 4) execution test
FAIL: libmudflap.cth/pass39-frag.c (-O2) (rerun 4) output pattern test
FAIL: libmudflap.cth/pass39-frag.c (-O2) (rerun 5) execution test
FAIL: libmudflap.cth/pass39-frag.c (-O2) (rerun 5) output pattern test
FAIL: libmudflap.cth/pass39-frag.c (-O2) (rerun 6) execution test
FAIL: libmudflap.cth/pass39-frag.c (-O2) (rerun 6) output pattern test
FAIL: libmudflap.cth/pass39-frag.c (-O2) (rerun 7) execution test
FAIL: libmudflap.cth/pass39-frag.c (-O2) (rerun 7) output pattern test
FAIL: libmudflap.cth/pass39-frag.c (-O2) (rerun 8) execution test
FAIL: libmudflap.cth/pass39-frag.c (-O2) (rerun 8) output pattern test
FAIL: libmudflap.cth/pass39-frag.c (-O2) (rerun 9) execution test
FAIL: libmudflap.cth/pass39-frag.c (-O2) (rerun 9) output pattern test
FAIL: libmudflap.cth/pass39-frag.c (-O2) (rerun 10) execution test
FAIL: libmudflap.cth/pass39-frag.c (-O2) (rerun 10) output pattern test
FAIL: libmudflap.cth/pass39-frag.c (-O2) (rerun 11) execution test
FAIL: libmudflap.cth/pass39-frag.c (-O2) (rerun 11) output pattern test
FAIL: libmudflap.cth/pass39-frag.c (-O2) (rerun 12) execution test
FAIL: libmudflap.cth/pass39-frag.c (-O2) (rerun 12) output pattern test
FAIL: libmudflap.cth/pass39-frag.c (-O2) (rerun 13) execution test
FAIL: libmudflap.cth/pass39-frag.c (-O2) (rerun 13) output pattern test
FAIL: libmudflap.cth/pass39-frag.c (-O2) (rerun 14) execution test
FAIL: libmudflap.cth/pass39-frag.c (-O2) (rerun 14) output pattern test
FAIL: libmudflap.cth/pass39-frag.c (-O2) (rerun 15) execution test
FAIL: libmudflap.cth/pass39-frag.c (-O2) (rerun 15) output pattern test
FAIL: libmudflap.cth/pass39-frag.c (-O2) (rerun 16) execution test
FAIL: libmudflap.cth/pass39-frag.c (-O2) (rerun 16) output pattern test
FAIL: libmudflap.cth/pass39-frag.c (-O2) (rerun 17) execution test
FAIL: libmudflap.cth/pass39-frag.c (-O2) (rerun 17) output pattern test
FAIL: libmudflap.cth/pass39-frag.c (-O2) (rerun 18) execution test
FAIL: libmudflap.cth/pass39-frag.c (-O2) (rerun 18) output pattern test
FAIL: libmudflap.cth/pass39-frag.c (-O2) (rerun 19) execution test
FAIL: libmudflap.cth/pass39-frag.c (-O2) (rerun 19) output pattern test
FAIL: libmudflap.cth/pass40-frag.c (-O2) (test for excess errors)
FAIL: libmudflap.cth/pass40-frag.c (-O2) execution test
FAIL: libmudflap.cth/pass40-frag.c (-O2) output pattern test
FAIL: libmudflap.cth/pass37-frag.c (-O3) (test for excess errors)
FAIL: libmudflap.cth/pass37-frag.c (-O3) execution test
FAIL: libmudflap.cth/pass37-frag.c (-O3) output pattern test
FAIL: libmudflap.cth/pass37-frag.c (-O3) (rerun 1) execution test
FAIL: libmudflap.cth/pass37-frag.c (-O3) (rerun 1) output pattern test
FAIL: libmudflap.cth/pass37-frag.c (-O3) (rerun 2) execution test
FAIL: libmudflap.cth/pass37-frag.c (-O3) (rerun 2) output pattern test
FAIL: libmudflap.cth/pass37-frag.c (-O3) (rerun 3) execution test
FAIL: libmudflap.cth/pass37-frag.c (-O3) (rerun 3) output pattern test
FAIL: libmudflap.cth/pass37-frag.c (-O3) (rerun 4) execution test
FAIL: libmudflap.cth/pass37-frag.c (-O3) (rerun 4) output pattern test
FAIL: libmudflap.cth/pass37-frag.c (-O3) (rerun 5) execution test
FAIL: libmudflap.cth/pass37-frag.c (-O3) (rerun 5) output pattern test
FAIL: libmudflap.cth/pass37-frag.c (-O3) (rerun 6) execution test
FAIL: libmudflap.cth/pass37-frag.c (-O3) (rerun 6) output pattern test
FAIL: libmudflap.cth/pass37-frag.c (-O3) (rerun 7) execution test
FAIL: libmudflap.cth/pass37-frag.c (-O3) (rerun 7) output pattern test
FAIL: libmudflap.cth/pass37-frag.c (-O3) (rerun 8) execution test
FAIL: libmudflap.cth/pass37-frag.c (-O3) (rerun 8) output pattern test
FAIL: libmudflap.cth/pass37-frag.c (-O3) (rerun 9) execution test
FAIL: libmudflap.cth/pass37-frag.c (-O3) (rerun 9) output pattern test
FAIL: libmudflap.cth/pass37-frag.c (-O3) (rerun 10) execution test
FAIL: libmudflap.cth/pass37-frag.c (-O3) (rerun 10) output pattern test
FAIL: libmudflap.cth/pass37-frag.c (-O3) (rerun 11) execution test
FAIL: libmudflap.cth/pass37-frag.c (-O3) (rerun 11) output pattern test
FAIL: libmudflap.cth/pass37-frag.c (-O3) (rerun 12) execution test
FAIL: libmudflap.cth/pass37-frag.c (-O3) (rerun 12) output pattern test
FAIL: libmudflap.cth/pass37-frag.c (-O3) (rerun 13) execution test
FAIL: libmudflap.cth/pass37-frag.c (-O3) (rerun 13) output pattern test
FAIL: libmudflap.cth/pass37-frag.c (-O3) (rerun 14) execution test
FAIL: libmudflap.cth/pass37-frag.c (-O3) (rerun 14) output pattern test
FAIL: libmudflap.cth/pass37-frag.c (-O3) (rerun 15) execution test
FAIL: libmudflap.cth/pass37-frag.c (-O3) (rerun 15) output pattern test
FAIL: libmudflap.cth/pass37-frag.c (-O3) (rerun 16) execution test
FAIL: libmudflap.cth/pass37-frag.c (-O3) (rerun 16) output pattern test
FAIL: libmudflap.cth/pass37-frag.c (-O3) (rerun 17) execution test
FAIL: libmudflap.cth/pass37-frag.c (-O3) (rerun 17) output pattern test
FAIL: libmudflap.cth/pass37-frag.c (-O3) (rerun 18) execution test
FAIL: libmudflap.cth/pass37-frag.c (-O3) (rerun 18) output pattern test
FAIL: libmudflap.cth/pass37-frag.c (-O3) (rerun 19) execution test
FAIL: libmudflap.cth/pass37-frag.c (-O3) (rerun 19) output pattern test
FAIL: libmudflap.cth/pass39-frag.c (-O3) (test for excess errors)
FAIL: libmudflap.cth/pass39-frag.c (-O3) execution test
FAIL: libmudflap.cth/pass39-frag.c (-O3) output pattern test
FAIL: libmudflap.cth/pass39-frag.c (-O3) (rerun 1) execution test
FAIL: libmudflap.cth/pass39-frag.c (-O3) (rerun 1) output pattern test
FAIL: libmudflap.cth/pass39-frag.c (-O3) (rerun 2) execution test
FAIL: libmudflap.cth/pass39-frag.c (-O3) (rerun 2) output pattern test
FAIL: libmudflap.cth/pass39-frag.c (-O3) (rerun 3) execution test
FAIL: libmudflap.cth/pass39-frag.c (-O3) (rerun 3) output pattern test
FAIL: libmudflap.cth/pass39-frag.c (-O3) (rerun 4) execution test
FAIL: libmudflap.cth/pass39-frag.c (-O3) (rerun 4) output pattern test
FAIL: libmudflap.cth/pass39-frag.c (-O3) (rerun 5) execution test
FAIL: libmudflap.cth/pass39-frag.c (-O3) (rerun 5) output pattern test
FAIL: libmudflap.cth/pass39-frag.c (-O3) (rerun 6) execution test
FAIL: libmudflap.cth/pass39-frag.c (-O3) (rerun 6) output pattern test
FAIL: libmudflap.cth/pass39-frag.c (-O3) (rerun 7) execution test
FAIL: libmudflap.cth/pass39-frag.c (-O3) (rerun 7) output pattern test
FAIL: libmudflap.cth/pass39-frag.c (-O3) (rerun 8) execution test
FAIL: libmudflap.cth/pass39-frag.c (-O3) (rerun 8) output pattern test
FAIL: libmudflap.cth/pass39-frag.c (-O3) (rerun 9) execution test
FAIL: libmudflap.cth/pass39-frag.c (-O3) (rerun 9) output pattern test
FAIL: libmudflap.cth/pass39-frag.c (-O3) (rerun 10) execution test
FAIL: libmudflap.cth/pass39-frag.c (-O3) (rerun 10) output pattern test
FAIL: libmudflap.cth/pass39-frag.c (-O3) (rerun 11) execution test
FAIL: libmudflap.cth/pass39-frag.c (-O3) (rerun 11) output pattern test
FAIL: libmudflap.cth/pass39-frag.c (-O3) (rerun 12) execution test
FAIL: libmudflap.cth/pass39-frag.c (-O3) (rerun 12) output pattern test
FAIL: libmudflap.cth/pass39-frag.c (-O3) (rerun 13) execution test
FAIL: libmudflap.cth/pass39-frag.c (-O3) (rerun 13) output pattern test
FAIL: libmudflap.cth/pass39-frag.c (-O3) (rerun 14) execution test
FAIL: libmudflap.cth/pass39-frag.c (-O3) (rerun 14) output pattern test
FAIL: libmudflap.cth/pass39-frag.c (-O3) (rerun 15) execution test
FAIL: libmudflap.cth/pass39-frag.c (-O3) (rerun 15) output pattern test
FAIL: libmudflap.cth/pass39-frag.c (-O3) (rerun 16) execution test
FAIL: libmudflap.cth/pass39-frag.c (-O3) (rerun 16) output pattern test
FAIL: libmudflap.cth/pass39-frag.c (-O3) (rerun 17) execution test
FAIL: libmudflap.cth/pass39-frag.c (-O3) (rerun 17) output pattern test
FAIL: libmudflap.cth/pass39-frag.c (-O3) (rerun 18) execution test
FAIL: libmudflap.cth/pass39-frag.c (-O3) (rerun 18) output pattern test
FAIL: libmudflap.cth/pass39-frag.c (-O3) (rerun 19) execution test
FAIL: libmudflap.cth/pass39-frag.c (-O3) (rerun 19) output pattern test
FAIL: libmudflap.cth/pass40-frag.c (-O3) (test for excess errors)
FAIL: libmudflap.cth/pass40-frag.c (-O3) execution test
FAIL: libmudflap.cth/pass40-frag.c (-O3) output pattern test

		=== libmudflap Summary ===

# of expected passes		97
# of unexpected failures	643
		=== libstdc++ tests ===


Running target unix
XPASS: 22_locale/locale/cons/12658_thread-1.cc execution test
XPASS: 26_numerics/cmath/c99_classification_macros_c.cc (test for excess errors)

		=== libstdc++ Summary ===

# of expected passes		3713
# of unexpected successes	2
# of expected failures		12

Compiler version: 4.0.3 20060212 (prerelease) (Debian 4.0.2-9) 
Platform: mipsel-unknown-linux-gnu
configure flags: -v --prefix=/usr --enable-shared --with-system-zlib --libexecdir=/usr/lib --without-included-gettext --enable-threads=posix --enable-nls --program-suffix=-4.0 --enable-__cxa_atexit --enable-clocale=gnu --enable-libstdcxx-debug --enable-java-awt=gtk --enable-gtk-cairo --with-java-home=/usr/lib/jvm/java-1.4.2-gcj-4.0-1.4.2.0/jre --enable-mpfr --disable-werror --enable-checking=release mipsel-linux-gnu --enable-languages=c,ada,c++,f95,java,objc,treelang
BOOT_CFLAGS=-O2


Build Dependencies:
Desired=Unknown/Install/Remove/Purge/Hold
| Status=Not/Installed/Config-files/Unpacked/Failed-config/Half-installed
|/ Err?=(none)/Hold/Reinst-required/X=both-problems (Status,Err: uppercase=bad)
||/ Name           Version             Description
+++-==============-===================-==============================================
ii  binutils       2.16.1cvs20060117-1 The GNU assembler, linker and binary utilities


Patches that Debian applied in this version:

svn-updates:
  CVS updates from the 4.0 branch upto 20060212.

gcc-version:
  Add package identification to the gcc version string

gcc-textdomain:
  Set gettext's domain and textdomain to the versioned package name.

rename-info-files:
  Allow transformations on info file names. Reference the
  transformed info file names in the texinfo files.

libstdc++-pic:
  Build and install libstdc++_pic.a library.

libstdc++-doclink:
  adjust hrefs to point to the local documentation

amd64-specs:
  On x86-64 use 64bits mode assembly except with -m32.

gccbug:
  Use sensible-editor instead of vi as fallback editor

gccbug-posix:
  Make gccbug POSIX compliant (patch by David Weinehall)
  http://www.opengroup.org/onlinepubs/009695399/utilities/test.html

boehm-gc-nocheck:
  Disable running the boehm-gc testsuite. Hangs the buildd at least on hppa.

acats-expect:
  Run the ACATS testsuite using expect

fastjar-version:
  Append GCC version to the fastjar version string.

libstdc++-doxygen:
  libstdc++ doxygen docs: Set SHORT_NAMES to YES

arm-bigendian:

pr19877:
  Proposed patch to fix PR19877 (libgcj configury)

pr25196:
  Proposed patch for PR rtl-optimization/25196

323016:
  Apply proposed patch for http://bugs.debian.org/323016

classpath-20050618:
  - update classpath awt, swing and xml parser for HTML support in swing.
  taken from classpath CVS HEAD 2005-06-18.
  - updates for gnu.xml and javax.swing.text.html.

classmap-path:
  Search classmap.db in /var/lib/gcj-4.0 (omitting the subminor version).

xml-update-20050930:
  classpath xml-update from 20050930

gcc-m68k-update:
  2005-07-24  Andreas Schwab  <schwab@suse.de>
  
  	* config/m68k/m68k.md ("extendqidi2"): When source is an address
  	register use a word move.  Correct operand of ext.w in 68000 code.

libjava-awt-name:
  2005-05-12  Thomas Fitzsimmons  <fitzsim@redhat.com>
  
  	* Makefile.am (cond_gtk_gcjawt_ltlibrary): Rename libjawt.la
  	libgcjawt.la.

libjava-awt-peer-gtk:
  Fix a segfault on architectures where the size of a pointer is
  greater than the size of an integer, such as ia64.

libjava-dlsearch-path:
  Add /usr/lib/gcj-4.0 to the dlsearch path.

libjava-streamserializer:
  Fix Ubuntu #12744, bug in StreamSerializer, seen with eclipse-3.1

libjava-saxdriver-fix:
  Fix bug lin SAXDriver, needeed for eclipse's AntCompletionProcessor

libjava-xml-transform:
  Fix bug in xml transformer, needed to fix eclipse's handling of its configuration files

arm-libffi:
  Add closure support to libffi for arm

arm-gij:
  Enable gij interpreter on arm

pr13212:
  Work around PR 13121
  http://gcc.gnu.org/ml/java-patches/2006-q1/msg00181.html

disable-libgcj:
  Do not build the java runtime (from this source package)

deb-protoize:
  build protoize/unprotoize binaries

ada-gcc-name:
  use gcc-4.0 instead of gcc as the command name.

libffi-mips:
  libffi mips update

libmudflap-entry-point:
  [PATCH] MIPS/mudflap: Incorrect name of the entry point

libmudflap-mips:
  workaround not to make libmudflap _start/_end not small data

link-libs:

reporting:
  Add Debian URL for bug reporting isntructions.

cpu-default-i486:
  set default 32bit ix86 architecture to i486

Counting all warnings,
there are 86 warnings in stage3 of this bootstrap.

Number of warnings per file:
     22 ./auto-host.h
     13 gcc/config/mips/mips.md
     11 treelang/lex.c
     11 gengtype-lex.c
     11 gcc/tsystem.h
     11 gcc/defaults.h
      2 gcc/objc/lang-specs.h
      2 gcc/gcc.c
      1 gcc/treelang/parse.y
      1 gcc/protoize.c
      1 gcc/java/jvspec.c

Number of warning types:
     22 this is the location of the previous definition
     22 no previous prototype for `???'
     11 `HAVE_DECL_GETOPT' redefined
     11 `DEFAULT_USE_CXA_ATEXIT' redefined
      7 operand 1 missing mode?
      5 string length `???' is greater than the length `???' ISO C89 compilers are required to support
      5 operand 0 missing mode?
      1 source missing a mode?
      1 control may reach end of non-void function `???' being inlined
      1 argument `???' might be clobbered by `???' or `???'


Index Nav: [Date Index] [Subject Index] [Author Index] [Thread Index]
Message Nav: [Date Prev] [Date Next] [Thread Prev] [Thread Next]