This is the mail archive of the gcc-testresults@gcc.gnu.org mailing list for the GCC project.


Index Nav: [Date Index] [Subject Index] [Author Index] [Thread Index]
Message Nav: [Date Prev] [Date Next] [Thread Prev] [Thread Next]
Other format: [Raw text]

Results for 3.4.6 20060122 (prerelease) (Debian 3.4.5-2) testsuite on m68k-linux-gnu


LAST_UPDATED: Sun Jan 22 15:40:40 UTC 2006 (revision 110091)

Native configuration is m68k-linux-gnu (a4000t)

		=== gpc tests ===


Running target any
FAIL: fjf328.pas
FAIL: fjf347.pas
FAIL: marco1.pas
FAIL: tsmul.pas

		=== gpc Summary ===

# of tests                4969
# of expected passes      4963
# of unexpected failures  4
# of unsupported tests    2
/home/adconrad/build/gcc-3.4/gcc-3.4-3.4.5/build/gcc/xgpc version 20051116, based on gcc-3.4.6 20060122 (prerelease) (Debian 3.4.5-2)

		=== g++ tests ===


Running target unix
FAIL: g++.dg/abi/bitfield4.C execution test
FAIL: g++.dg/eh/omit-frame-pointer.C execution test
FAIL: g++.dg/eh/registers1.C execution test
FAIL: g++.old-deja/g++.eh/ia64-1.C execution test
XPASS: g++.old-deja/g++.other/init5.C execution test

		=== g++ Summary ===

# of expected passes		9870
# of unexpected failures	4
# of unexpected successes	1
# of expected failures		66
# of unsupported tests		83
/home/adconrad/build/gcc-3.4/gcc-3.4-3.4.5/build/gcc/testsuite/../g++  version 3.4.6 20060122 (prerelease) (Debian 3.4.5-2)

		=== g77 tests ===


Running target unix

		=== g77 Summary ===

# of expected passes		1812
# of unsupported tests		6
/home/adconrad/build/gcc-3.4/gcc-3.4-3.4.5/build/gcc/testsuite/../g77  version 3.4.6 20060122 (prerelease) (Debian 3.4.5-2)

		=== gcc tests ===


Running target unix
FAIL: gcc.c-torture/compile/921118-1.c  -O3 -fomit-frame-pointer  (test for excess errors)
FAIL: gcc.c-torture/compile/921118-1.c  -O3 -g  (test for excess errors)
FAIL: gcc.c-torture/execute/builtins/string-3.c execution,  -O1 
FAIL: gcc.c-torture/execute/builtins/string-3.c execution,  -O2 
FAIL: gcc.c-torture/execute/builtins/string-3.c execution,  -O3 -fomit-frame-pointer 
FAIL: gcc.c-torture/execute/builtins/string-3.c execution,  -O3 -g 
FAIL: gcc.c-torture/execute/builtins/string-3.c execution,  -Os 
FAIL: gcc.c-torture/execute/20001108-1.c execution,  -O3 -fomit-frame-pointer 
FAIL: gcc.c-torture/execute/20001108-1.c execution,  -O3 -g 
FAIL: gcc.c-torture/execute/20001203-2.c execution,  -O3 -fomit-frame-pointer 
FAIL: gcc.c-torture/execute/20001203-2.c execution,  -O3 -g 
FAIL: gcc.c-torture/execute/20020418-1.c execution,  -O1 
FAIL: gcc.c-torture/execute/20020418-1.c execution,  -O2 
FAIL: gcc.c-torture/execute/20020418-1.c execution,  -Os 
FAIL: gcc.c-torture/execute/20020720-1.c compilation,  -O1 
UNRESOLVED: gcc.c-torture/execute/20020720-1.c execution,  -O1 
FAIL: gcc.c-torture/execute/930921-1.c execution,  -O3 -fomit-frame-pointer -funroll-loops 
FAIL: gcc.c-torture/execute/930921-1.c execution,  -O3 -fomit-frame-pointer -funroll-all-loops -finline-functions 
FAIL: gcc.c-torture/execute/950511-1.c compilation,  -O3 -fomit-frame-pointer 
UNRESOLVED: gcc.c-torture/execute/950511-1.c execution,  -O3 -fomit-frame-pointer 
FAIL: gcc.c-torture/execute/950511-1.c compilation,  -O3 -g 
UNRESOLVED: gcc.c-torture/execute/950511-1.c execution,  -O3 -g 
FAIL: gcc.c-torture/execute/961213-1.c execution,  -O3 -fomit-frame-pointer -funroll-all-loops -finline-functions 
FAIL: gcc.c-torture/execute/loop-2f.c execution,  -O0 
FAIL: gcc.c-torture/execute/loop-2f.c execution,  -O1 
FAIL: gcc.c-torture/execute/loop-2f.c execution,  -O2 
FAIL: gcc.c-torture/execute/loop-2f.c execution,  -O3 -fomit-frame-pointer 
FAIL: gcc.c-torture/execute/loop-2f.c execution,  -O3 -fomit-frame-pointer -funroll-loops 
FAIL: gcc.c-torture/execute/loop-2f.c execution,  -O3 -fomit-frame-pointer -funroll-all-loops -finline-functions 
FAIL: gcc.c-torture/execute/loop-2f.c execution,  -O3 -g 
FAIL: gcc.c-torture/execute/loop-2f.c execution,  -Os 
FAIL: gcc.c-torture/execute/loop-2g.c execution,  -O0 
FAIL: gcc.c-torture/execute/loop-2g.c execution,  -O1 
FAIL: gcc.c-torture/execute/loop-2g.c execution,  -O2 
FAIL: gcc.c-torture/execute/loop-2g.c execution,  -O3 -fomit-frame-pointer 
FAIL: gcc.c-torture/execute/loop-2g.c execution,  -O3 -fomit-frame-pointer -funroll-loops 
FAIL: gcc.c-torture/execute/loop-2g.c execution,  -O3 -fomit-frame-pointer -funroll-all-loops -finline-functions 
FAIL: gcc.c-torture/execute/loop-2g.c execution,  -O3 -g 
FAIL: gcc.c-torture/execute/loop-2g.c execution,  -Os 
FAIL: gcc.dg/bitfld-3.c execution test
FAIL: gcc.dg/bitfld-4.c execution test
XPASS: gcc.dg/c99-flex-array-4.c sizeof != offsetof (test for bogus messages, line 24)
FAIL: gcc.dg/pack-test-1.c (test for excess errors)
FAIL: gcc.dg/pr19340.c (test for excess errors)
XPASS: gcc.dg/sibcall-3.c execution test
XPASS: gcc.dg/sibcall-4.c execution test
FAIL: gcc.dg/weak/typeof-2.c scan-assembler baz3.*baz3.*baz3.*baz3.*baz3.*baz3

		=== gcc Summary ===

# of expected passes		24858
# of unexpected failures	41
# of unexpected successes	3
# of expected failures		67
# of unresolved testcases	3
# of untested testcases		7
# of unsupported tests		375
/home/adconrad/build/gcc-3.4/gcc-3.4-3.4.5/build/gcc/xgcc version 3.4.6 20060122 (prerelease) (Debian 3.4.5-2)

		=== objc tests ===


Running target unix

		=== objc Summary ===

# of expected passes		1352
# of unsupported tests		8
/home/adconrad/build/gcc-3.4/gcc-3.4-3.4.5/build/gcc/xgcc  version 3.4.6 20060122 (prerelease) (Debian 3.4.5-2)

		=== libstdc++ tests ===


Running target unix
FAIL: 21_strings/basic_string/append/char/1.cc execution test
FAIL: 21_strings/basic_string/append/wchar_t/1.cc execution test
FAIL: 21_strings/basic_string/cons/char/1.cc execution test
FAIL: 21_strings/basic_string/cons/wchar_t/1.cc execution test
FAIL: 21_strings/basic_string/element_access/char/1.cc execution test
FAIL: 21_strings/basic_string/element_access/wchar_t/1.cc execution test
FAIL: 21_strings/basic_string/inserters_extractors/pod/10081-in.cc execution test
FAIL: 21_strings/basic_string/substr/char/1.cc execution test
FAIL: 21_strings/basic_string/substr/wchar_t/1.cc execution test
WARNING: program timed out.
FAIL: 22_locale/locale/cons/2.cc execution test
FAIL: 22_locale/numpunct/members/pod/2.cc execution test
FAIL: 23_containers/vector/cons/4.cc execution test
XPASS: 26_numerics/c99_classification_macros_c.cc (test for excess errors)
FAIL: 27_io/basic_filebuf/imbue/char/14975-1.cc execution test
FAIL: 27_io/basic_filebuf/imbue/wchar_t/14975-2.cc execution test
FAIL: 27_io/basic_filebuf/overflow/char/9182-2.cc execution test
FAIL: 27_io/basic_filebuf/sync/char/9182-1.cc execution test
FAIL: 27_io/basic_filebuf/underflow/wchar_t/11603.cc execution test
FAIL: 27_io/basic_ios/exceptions/char/1.cc execution test
FAIL: 27_io/basic_ios/exceptions/char/2.cc execution test
FAIL: 27_io/basic_ios/imbue/14072.cc execution test
FAIL: 27_io/basic_istream/extractors_arithmetic/char/exceptions_badbit_throw.cc execution test
FAIL: 27_io/basic_istream/extractors_arithmetic/pod/3983-1.cc execution test
FAIL: 27_io/basic_istream/extractors_character/pod/3983-2.cc execution test
FAIL: 27_io/basic_istream/extractors_other/pod/3983-3.cc execution test
FAIL: 27_io/basic_istream/sentry/pod/1.cc execution test
FAIL: 27_io/basic_ostream/inserters_arithmetic/char/exceptions_badbit_throw.cc execution test
FAIL: 27_io/basic_ostream/inserters_other/char/5.cc execution test
FAIL: 27_io/basic_ostream/inserters_other/char/exceptions_failbit_throw.cc execution test
WARNING: program timed out.
FAIL: thread/pthread2.cc execution test
WARNING: program timed out.
FAIL: thread/pthread3.cc execution test

		=== libstdc++ Summary ===

# of expected passes		2707
# of unexpected failures	30
# of unexpected successes	1
# of expected failures		6

Compiler version: 3.4.6 20060122 (prerelease) (Debian 3.4.5-2) 
Platform: m68k-linux-gnu
configure flags: -v --enable-languages=c,c++,f77,pascal,objc --prefix=/usr --libexecdir=/usr/lib --with-gxx-include-dir=/usr/include/c++/3.4 --enable-shared --with-system-zlib --enable-nls --without-included-gettext --program-suffix=-3.4 --enable-__cxa_atexit --enable-clocale=gnu --enable-libstdcxx-debug --disable-werror m68k-linux-gnu
BOOT_CFLAGS=-O2 


Build Dependencies:
Desired=Unknown/Install/Remove/Purge/Hold
| Status=Not/Installed/Config-files/Unpacked/Failed-config/Half-installed
|/ Err?=(none)/Hold/Reinst-required/X=both-problems (Status,Err: uppercase=bad)
||/ Name           Version             Description
+++-==============-===================-==============================================
ii  binutils       2.16.1cvs20060117-1 The GNU assembler, linker and binary utilities


Patches that Debian applied in this version:

svn-updates:
  SVN updates from the 3.4 branch upto 20060122

gcc-textdomain:
  Set gettext's domain and textdomain to the versioned package name.

rename-info-files:
  Allow transformations on info file names. Reference the
  transformed info file names in the texinfo files.

libstdc++-pic:
  Build and install libstdc++_pic.a library.

libstdc++-doclink:
  adjust hrefs to point to the local documentation

libstdc++-doxygen-syntax:
  fix doxygen syntax error in header that causes segfaults with some
  versions

amd64-specs:
  On x86-64 use 64bits mode assembly except with -m32.

gccbug:
  Use sensible-editor instead of vi as fallback editor

gccbug-posix:
  Make gccbug POSIX compliant (patch by David Weinehall)
  http://www.opengroup.org/onlinepubs/009695399/utilities/test.html

hppa-toplevel:
  For hppa-linux enable libgcj and dependent libs in the toplevel directory

hppa-libffi:
  libffi support for hppa

hppa-libjava:
  Enable libjava support for hppa

hppa-libjava-update:
  MD_FALLBACK_FRAME_STATE_FOR definition for pa32-linux

fastjar-update:
  Implement fastjar -u (PR 7854).

fastjar-version:
  Append GCC version to the fastjar version string.

boehm-gc-nocheck:
  Disable the boehm-gc testsuite. Hangs forever on this architecture

libltdl:
  * libltdl.dpatch: Search the versioned extension, when loading a shared
  library (i.e. gij looks for .so.5 for loading additional libraries
  like the GTK based AWT peers.

m68k-update:
  Add two m68k specfic patches backported from 4.0 concerning wrong code
  generation (Richard Zidlicky).

libf2c-mxunit:
  libf2c/libI77/fio.c: Set MXUNIT to 1000.

arm-bigendian:

cpu-default-i486:
  set default 32bit ix86 architecture to i486

libffi-soversion:
  Install libffi with soversion 3.

gpc-3.x:
  The gpc patch from the gpc tarball.

gpc-doc:
  gpc documentation: Fix hyperlinks to the example files.

gpc-updates:
  gpc updates post 20051116 snapshot

gpc-names:
  versioned gpc names

libffi-mips:
  libffi mips update

libjava-mips:
  libjava-mips patch from Thiemo Seufer <ica2_ts@csv.ica.uni-stuttgart.de>

libstdc++-mips-atomic:
  Fix libstdc++ atomic ops for mips/mipsel

link-libs:

reporting:
  Add Debian URL for bug reporting isntructions.

gcc-version:
  Add package identification to the gcc version string

configure-deplibs_check_method:
  In all configure scripts for libraries, generated with autoconf2.13, use
  deplibs_check_method=pass_all unconditionally for all linux architectures.

Counting all warnings,
there are 59 warnings in stage3 of this bootstrap.

Number of warnings per file:
      8 ./auto-host.h
      6 gcc/config/m68k/m68k.md
      4 gcc/tsystem.h
      4 gcc/p/rts/string1.pas
      4 gcc/p/rts/constants.def
      4 gcc/objc/lang-specs.h
      4 gcc/libgcc2.c
      4 gcc/defaults.h
      4 <stdin>
      3 gengtype-lex.c
      2 gcc/p/rts/files.pas
      2 gcc/p/gpc.c
      2 gcc/p/declarations.c
      2 gcc/gcc.c
      1 libiberty/libiberty.a(choose-temp.o)
      1 gcc/p/predef.c
      1 gcc/p/expressions.c
      1 gcc/f/data.c
      1 gcc/dbxout.c
      1 gcc/bb-reorder.c

Number of warning types:
      8 this is the location of the previous definition
      8 string length `???' is greater than the length `???' ISO C89 compilers are required to support
      7 old-style parameter declaration
      4 source missing a mode?
      4 `HAVE_DECL_GETOPT' redefined
      4 `DEFAULT_USE_CXA_ATEXIT' redefined
      2 unused variable `???'
      2 operand 1 missing mode?
      2 Comparison always yields `???' due to limited range of data type.
      2 C++ style comments are not allowed in ISO C90
      2 (this will be reported only once per input file)
      2 'ByteNum' might be used uninitialized in this function
      2  Operand with side-effects is not evaluated.
      1 the use of `???' is dangerous, better use `???'
      1 suggest parentheses around && within ||
      1 suggest explicit braces to avoid ambiguous `else'
      1 no previous prototype for 'yyxrealloc'
      1 no previous prototype for '__enable_execute_stack'
      1 function declaration isn't a prototype
      1 'unexp' might be used uninitialized in this function
      1 't' might be used uninitialized in this function
      1 'count_threshold' might be used uninitialized in this function
      1 'a0' might be used uninitialized in this function


Index Nav: [Date Index] [Subject Index] [Author Index] [Thread Index]
Message Nav: [Date Prev] [Date Next] [Thread Prev] [Thread Next]