This is the mail archive of the
gcc-testresults@gcc.gnu.org
mailing list for the GCC project.
Results for 4.1.0 20060219 (prerelease) testsuite on powerpc-apple-darwin8.3.0
- From: gkeating at apple dot com (Geoffrey Keating)
- To: gcc-testresults at gcc dot gnu dot org
- Date: Wed, 22 Feb 2006 15:32:39 -0800 (PST)
- Subject: Results for 4.1.0 20060219 (prerelease) testsuite on powerpc-apple-darwin8.3.0
LAST_UPDATED: Obtained from SVN: branches/gcc-4_1-branch revision 111279
Native configuration is powerpc-apple-darwin8.3.0
=== g++ tests ===
Running target unix
XPASS: g++.dg/tree-ssa/pr14814.C scan-tree-dump-times &this 0
FAIL: g++.dg/warn/huge-val1.C (test for excess errors)
FAIL: g++.dg/warn/weak1.C (test for excess errors)
WARNING: g++.dg/warn/weak1.C compilation failed to produce executable
FAIL: g++.dg/special/conpr-3.C execution test
=== g++ Summary ===
# of expected passes 11848
# of unexpected failures 3
# of unexpected successes 1
# of expected failures 67
# of unsupported tests 151
/Volumes/Data/build/gcc-4.1.0-20060219/gcc/testsuite/../g++ version 4.1.0 20060219 (prerelease)
=== gcc tests ===
Running target unix
FAIL: tmpdir-gcc.dg-struct-layout-1/t001 c_compat_x_tst.o-c_compat_y_tst.o execute
FAIL: tmpdir-gcc.dg-struct-layout-1/t024 c_compat_x_tst.o-c_compat_y_tst.o execute
FAIL: tmpdir-gcc.dg-struct-layout-1/t025 c_compat_x_tst.o-c_compat_y_tst.o execute
FAIL: tmpdir-gcc.dg-struct-layout-1/t026 c_compat_x_tst.o-c_compat_y_tst.o execute
FAIL: tmpdir-gcc.dg-struct-layout-1/t027 c_compat_x_tst.o-c_compat_y_tst.o execute
FAIL: tmpdir-gcc.dg-struct-layout-1/t028 c_compat_x_tst.o-c_compat_y_tst.o execute
FAIL: gcc.dg/20060218-1.c (test for errors, line 6)
FAIL: gcc.dg/20060218-1.c (test for excess errors)
FAIL: gcc.dg/attr-weakref-1.c (test for excess errors)
WARNING: gcc.dg/attr-weakref-1.c compilation failed to produce executable
FAIL: gcc.target/powerpc/pr18096-1.c stack frame too large (test for warnings, line 11)
FAIL: gcc.target/powerpc/pr18096-1.c (test for excess errors)
FAIL: gcc.target/powerpc/stabs-attrib-vect-darwin.c scan-assembler .stabs.*vi:\\\\(0,16\\\\)=@V
=== gcc Summary ===
# of expected passes 38626
# of unexpected failures 12
# of expected failures 98
# of untested testcases 28
# of unsupported tests 405
/Volumes/Data/build/gcc-4.1.0-20060219/gcc/xgcc version 4.1.0 20060219 (prerelease)
=== objc tests ===
Running target unix
=== objc Summary ===
# of expected passes 2904
# of unsupported tests 1
/Volumes/Data/build/gcc-4.1.0-20060219/gcc/xgcc version 4.1.0 20060219 (prerelease)
=== libffi tests ===
Running target unix
=== libffi Summary ===
# of expected passes 228
# of unsupported tests 2
=== libjava tests ===
Running target unix
=== libjava Summary ===
# of expected passes 4011
# of expected failures 10
# of untested testcases 8
=== libstdc++ tests ===
Running target unix
FAIL: 26_numerics/complex/13450.cc execution test
FAIL: 27_io/objects/char/6.cc execution test
FAIL: 27_io/objects/wchar_t/6.cc execution test
=== libstdc++ Summary ===
# of expected passes 3379
# of unexpected failures 3
# of expected failures 13
# of unsupported tests 323
Compiler version: 4.1.0 20060219 (prerelease)
Platform: powerpc-apple-darwin8.3.0
configure flags: --enable-languages=c,c++,java,objc