This is the mail archive of the gcc-testresults@gcc.gnu.org mailing list for the GCC project.


Index Nav: [Date Index] [Subject Index] [Author Index] [Thread Index]
Message Nav: [Date Prev] [Date Next] [Thread Prev] [Thread Next]
Other format: [Raw text]

Results for 4.0.3 20060220 (prerelease) testsuite on sparc64-sun-solaris2.10


LAST_UPDATED: 
Native configuration is sparc64-sun-solaris2.10

		=== g++ tests ===


Running target unix/-m64

		=== g++ Summary for unix/-m64 ===

# of expected passes		11287
# of expected failures		70
# of unsupported tests		124

Running target unix/-fPIC

		=== g++ Summary for unix/-fPIC ===

# of expected passes		11287
# of expected failures		70
# of unsupported tests		124

Running target unix/-fpic

		=== g++ Summary for unix/-fpic ===

# of expected passes		11287
# of expected failures		70
# of unsupported tests		124

Running target unix

		=== g++ Summary for unix ===

# of expected passes		11287
# of expected failures		70
# of unsupported tests		124

		=== g++ Summary ===

# of expected passes		45148
# of expected failures		280
# of unsupported tests		496
/caip/u12/kishgcc/gcc-testing/gcc-testing/v9-40/build/gcc/testsuite/../g++  version 4.0.3 20060220 (prerelease)

		=== gcc tests ===


Running target unix/-m64
FAIL: largefile.c -O0 -g (test for excess errors)
FAIL: largefile.c  -O0  (test for excess errors)
FAIL: largefile.c  -O1  (test for excess errors)
FAIL: largefile.c  -O2  (test for excess errors)
FAIL: largefile.c  -O3 -fomit-frame-pointer  (test for excess errors)
FAIL: largefile.c  -O3 -g  (test for excess errors)
FAIL: largefile.c  -Os  (test for excess errors)
WARNING: gcc.dg/tls/opt-11.c compilation failed to produce executable

		=== gcc Summary for unix/-m64 ===

# of expected passes		34914
# of unexpected failures	7
# of expected failures		95
# of untested testcases		35
# of unsupported tests		556

Running target unix/-fPIC
XPASS: gcc.c-torture/execute/20020720-1.c compilation,  -O1 
XPASS: gcc.c-torture/execute/20020720-1.c compilation,  -O2 
XPASS: gcc.c-torture/execute/20020720-1.c compilation,  -O3 -fomit-frame-pointer 
XPASS: gcc.c-torture/execute/20020720-1.c compilation,  -O3 -g 
XPASS: gcc.c-torture/execute/20020720-1.c compilation,  -Os 
FAIL: gcc.dg/assign-warn-3.c  (test for warnings, line 9)
FAIL: gcc.dg/assign-warn-3.c  (test for warnings, line 13)
FAIL: gcc.dg/pch/static-3.c  -O1  assembly comparison
FAIL: largefile.c -O0 -g (test for excess errors)
FAIL: largefile.c  -O0  (test for excess errors)
FAIL: largefile.c  -O1  (test for excess errors)
FAIL: largefile.c  -O2  (test for excess errors)
FAIL: largefile.c  -O3 -fomit-frame-pointer  (test for excess errors)
FAIL: largefile.c  -O3 -g  (test for excess errors)
FAIL: largefile.c  -Os  (test for excess errors)
WARNING: gcc.dg/tls/opt-11.c compilation failed to produce executable
FAIL: gcc.dg/torture/asm-subreg-1.c  -O1  (test for excess errors)
FAIL: gcc.dg/torture/asm-subreg-1.c  -O2  (test for excess errors)
FAIL: gcc.dg/torture/asm-subreg-1.c  -O3 -fomit-frame-pointer  (test for excess errors)
FAIL: gcc.dg/torture/asm-subreg-1.c  -O3 -g  (test for excess errors)
FAIL: gcc.dg/torture/asm-subreg-1.c  -Os  (test for excess errors)

		=== gcc Summary for unix/-fPIC ===

# of expected passes		34901
# of unexpected failures	15
# of unexpected successes	5
# of expected failures		95
# of untested testcases		35
# of unsupported tests		556

Running target unix/-fpic
XPASS: gcc.c-torture/execute/20020720-1.c compilation,  -O1 
XPASS: gcc.c-torture/execute/20020720-1.c compilation,  -O2 
XPASS: gcc.c-torture/execute/20020720-1.c compilation,  -O3 -fomit-frame-pointer 
XPASS: gcc.c-torture/execute/20020720-1.c compilation,  -O3 -g 
XPASS: gcc.c-torture/execute/20020720-1.c compilation,  -Os 
FAIL: gcc.dg/compat/struct-by-value-16 c_compat_x_tst.o-c_compat_y_tst.o link
UNRESOLVED: gcc.dg/compat/struct-by-value-16 c_compat_x_tst.o-c_compat_y_tst.o execute 
FAIL: gcc.dg/compat/struct-by-value-17 c_compat_x_tst.o-c_compat_y_tst.o link
UNRESOLVED: gcc.dg/compat/struct-by-value-17 c_compat_x_tst.o-c_compat_y_tst.o execute 
FAIL: gcc.dg/compat/struct-by-value-18 c_compat_x_tst.o-c_compat_y_tst.o link
UNRESOLVED: gcc.dg/compat/struct-by-value-18 c_compat_x_tst.o-c_compat_y_tst.o execute 
FAIL: tmpdir-gcc.dg-struct-layout-1/t001 c_compat_x_tst.o-c_compat_y_tst.o link
UNRESOLVED: tmpdir-gcc.dg-struct-layout-1/t001 c_compat_x_tst.o-c_compat_y_tst.o execute 
FAIL: tmpdir-gcc.dg-struct-layout-1/t002 c_compat_x_tst.o-c_compat_y_tst.o link
UNRESOLVED: tmpdir-gcc.dg-struct-layout-1/t002 c_compat_x_tst.o-c_compat_y_tst.o execute 
FAIL: tmpdir-gcc.dg-struct-layout-1/t003 c_compat_x_tst.o-c_compat_y_tst.o link
UNRESOLVED: tmpdir-gcc.dg-struct-layout-1/t003 c_compat_x_tst.o-c_compat_y_tst.o execute 
FAIL: tmpdir-gcc.dg-struct-layout-1/t024 c_compat_x_tst.o-c_compat_y_tst.o link
UNRESOLVED: tmpdir-gcc.dg-struct-layout-1/t024 c_compat_x_tst.o-c_compat_y_tst.o execute 
FAIL: tmpdir-gcc.dg-struct-layout-1/t025 c_compat_x_tst.o-c_compat_y_tst.o link
UNRESOLVED: tmpdir-gcc.dg-struct-layout-1/t025 c_compat_x_tst.o-c_compat_y_tst.o execute 
FAIL: tmpdir-gcc.dg-struct-layout-1/t026 c_compat_x_tst.o-c_compat_y_tst.o link
UNRESOLVED: tmpdir-gcc.dg-struct-layout-1/t026 c_compat_x_tst.o-c_compat_y_tst.o execute 
FAIL: tmpdir-gcc.dg-struct-layout-1/t027 c_compat_x_tst.o-c_compat_y_tst.o link
UNRESOLVED: tmpdir-gcc.dg-struct-layout-1/t027 c_compat_x_tst.o-c_compat_y_tst.o execute 
FAIL: tmpdir-gcc.dg-struct-layout-1/t028 c_compat_x_tst.o-c_compat_y_tst.o link
UNRESOLVED: tmpdir-gcc.dg-struct-layout-1/t028 c_compat_x_tst.o-c_compat_y_tst.o execute 
FAIL: gcc.dg/assign-warn-3.c  (test for warnings, line 9)
FAIL: gcc.dg/assign-warn-3.c  (test for warnings, line 13)
FAIL: gcc.dg/pch/static-3.c  -O1  assembly comparison
FAIL: largefile.c -O0 -g (test for excess errors)
FAIL: largefile.c  -O0  (test for excess errors)
FAIL: largefile.c  -O1  (test for excess errors)
FAIL: largefile.c  -O2  (test for excess errors)
FAIL: largefile.c  -O3 -fomit-frame-pointer  (test for excess errors)
FAIL: largefile.c  -O3 -g  (test for excess errors)
FAIL: largefile.c  -Os  (test for excess errors)
WARNING: gcc.dg/tls/opt-11.c compilation failed to produce executable

		=== gcc Summary for unix/-fpic ===

# of expected passes		34884
# of unexpected failures	21
# of unexpected successes	5
# of expected failures		95
# of unresolved testcases	11
# of untested testcases		35
# of unsupported tests		556

Running target unix
FAIL: largefile.c -O0 -g (test for excess errors)
FAIL: largefile.c  -O0  (test for excess errors)
FAIL: largefile.c  -O1  (test for excess errors)
FAIL: largefile.c  -O2  (test for excess errors)
FAIL: largefile.c  -O3 -fomit-frame-pointer  (test for excess errors)
FAIL: largefile.c  -O3 -g  (test for excess errors)
FAIL: largefile.c  -Os  (test for excess errors)
WARNING: gcc.dg/tls/opt-11.c compilation failed to produce executable

		=== gcc Summary for unix ===

# of expected passes		34914
# of unexpected failures	7
# of expected failures		95
# of untested testcases		35
# of unsupported tests		556

		=== gcc Summary ===

# of expected passes		139613
# of unexpected failures	50
# of unexpected successes	10
# of expected failures		380
# of unresolved testcases	11
# of untested testcases		140
# of unsupported tests		2224
/caip/u12/kishgcc/gcc-testing/gcc-testing/v9-40/build/gcc/xgcc  version 4.0.3 20060220 (prerelease)

		=== gfortran tests ===


Running target unix/-m64

		=== gfortran Summary for unix/-m64 ===

# of expected passes		8805
# of expected failures		1
# of unsupported tests		25

Running target unix/-fPIC

		=== gfortran Summary for unix/-fPIC ===

# of expected passes		8805
# of expected failures		1
# of unsupported tests		25

Running target unix/-fpic

		=== gfortran Summary for unix/-fpic ===

# of expected passes		8805
# of expected failures		1
# of unsupported tests		25

Running target unix

		=== gfortran Summary for unix ===

# of expected passes		8805
# of expected failures		1
# of unsupported tests		25

		=== gfortran Summary ===

# of expected passes		35220
# of expected failures		4
# of unsupported tests		100
/caip/u12/kishgcc/gcc-testing/gcc-testing/v9-40/build/gcc/testsuite/../gfortran  version 4.0.3 20060220 (prerelease)

		=== objc tests ===


Running target unix/-m64

		=== objc Summary for unix/-m64 ===

# of expected passes		1554
# of unsupported tests		10

Running target unix/-fPIC

		=== objc Summary for unix/-fPIC ===

# of expected passes		1554
# of unsupported tests		10

Running target unix/-fpic

		=== objc Summary for unix/-fpic ===

# of expected passes		1554
# of unsupported tests		10

Running target unix

		=== objc Summary for unix ===

# of expected passes		1554
# of unsupported tests		10

		=== objc Summary ===

# of expected passes		6216
# of unsupported tests		40
/caip/u12/kishgcc/gcc-testing/gcc-testing/v9-40/build/gcc/xgcc  version 4.0.3 20060220 (prerelease)

		=== treelang tests ===


Running target unix/-m64

		=== treelang Summary for unix/-m64 ===

# of expected passes		48

Running target unix/-fPIC

		=== treelang Summary for unix/-fPIC ===

# of expected passes		48

Running target unix/-fpic

		=== treelang Summary for unix/-fpic ===

# of expected passes		48

Running target unix

		=== treelang Summary for unix ===

# of expected passes		48

		=== treelang Summary ===

# of expected passes		192
		=== libffi tests ===


Running target unix/-m64

		=== libffi Summary for unix/-m64 ===

# of expected passes		219
# of unsupported tests		2

Running target unix/-fPIC

		=== libffi Summary for unix/-fPIC ===

# of expected passes		219
# of unsupported tests		2

Running target unix/-fpic

		=== libffi Summary for unix/-fpic ===

# of expected passes		219
# of unsupported tests		2

Running target unix

		=== libffi Summary for unix ===

# of expected passes		219
# of unsupported tests		2

		=== libffi Summary ===

# of expected passes		876
# of unsupported tests		8
		=== libjava tests ===


Running target unix/-m64
FAIL: Array_3 execution - gij test
FAIL: Array_3 execution - gij test
FAIL: FileHandleGcTest execution - source compiled test
FAIL: FileHandleGcTest execution - gij test
FAIL: FileHandleGcTest execution - bytecode->native test
FAIL: FileHandleGcTest -O3 execution - source compiled test
FAIL: FileHandleGcTest execution - gij test
FAIL: FileHandleGcTest -O3 execution - bytecode->native test
FAIL: Throw_2 execution - gij test
FAIL: Throw_2 execution - gij test

		=== libjava Summary for unix/-m64 ===

# of expected passes		3879
# of unexpected failures	10
# of expected failures		10
# of untested testcases		18

Running target unix/-fPIC
FAIL: Array_3 execution - gij test
FAIL: Array_3 execution - gij test
FAIL: FileHandleGcTest execution - source compiled test
FAIL: FileHandleGcTest execution - gij test
FAIL: FileHandleGcTest execution - bytecode->native test
FAIL: FileHandleGcTest -O3 execution - source compiled test
FAIL: FileHandleGcTest execution - gij test
FAIL: FileHandleGcTest -O3 execution - bytecode->native test
FAIL: Throw_2 execution - gij test
FAIL: Throw_2 execution - gij test

		=== libjava Summary for unix/-fPIC ===

# of expected passes		3879
# of unexpected failures	10
# of expected failures		10
# of untested testcases		18

Running target unix/-fpic
FAIL: Array_3 execution - gij test
FAIL: Array_3 execution - gij test
FAIL: FileHandleGcTest execution - source compiled test
FAIL: FileHandleGcTest execution - gij test
FAIL: FileHandleGcTest execution - bytecode->native test
FAIL: FileHandleGcTest -O3 execution - source compiled test
FAIL: FileHandleGcTest execution - gij test
FAIL: FileHandleGcTest -O3 execution - bytecode->native test
FAIL: Throw_2 execution - gij test
FAIL: Throw_2 execution - gij test

		=== libjava Summary for unix/-fpic ===

# of expected passes		3879
# of unexpected failures	10
# of expected failures		10
# of untested testcases		18

Running target unix
FAIL: Array_3 execution - gij test
FAIL: Array_3 execution - gij test
FAIL: FileHandleGcTest execution - source compiled test
FAIL: FileHandleGcTest execution - gij test
FAIL: FileHandleGcTest execution - bytecode->native test
FAIL: FileHandleGcTest -O3 execution - source compiled test
FAIL: FileHandleGcTest execution - gij test
FAIL: FileHandleGcTest -O3 execution - bytecode->native test
FAIL: Throw_2 execution - gij test
FAIL: Throw_2 execution - gij test

		=== libjava Summary for unix ===

# of expected passes		3879
# of unexpected failures	10
# of expected failures		10
# of untested testcases		18

		=== libjava Summary ===

# of expected passes		15516
# of unexpected failures	40
# of expected failures		40
# of untested testcases		72
		=== libstdc++ tests ===


Running target unix/-m64
FAIL: 22_locale/locale/cons/12658_thread-1.cc execution test
XPASS: 27_io/basic_istream/extractors_arithmetic/char/12.cc execution test
XPASS: 27_io/basic_istream/extractors_arithmetic/wchar_t/12.cc execution test
XPASS: 27_io/fpos/14320-1.cc execution test
FAIL: ext/array_allocator/2.cc execution test

		=== libstdc++ Summary for unix/-m64 ===

# of expected passes		3710
# of unexpected failures	2
# of unexpected successes	3
# of expected failures		11

Running target unix/-fPIC
XPASS: 27_io/basic_istream/extractors_arithmetic/char/12.cc execution test
XPASS: 27_io/basic_istream/extractors_arithmetic/wchar_t/12.cc execution test
XPASS: 27_io/fpos/14320-1.cc execution test
FAIL: ext/array_allocator/2.cc execution test

		=== libstdc++ Summary for unix/-fPIC ===

# of expected passes		3711
# of unexpected failures	1
# of unexpected successes	3
# of expected failures		11

Running target unix/-fpic
XPASS: 27_io/basic_istream/extractors_arithmetic/char/12.cc execution test
XPASS: 27_io/basic_istream/extractors_arithmetic/wchar_t/12.cc execution test
XPASS: 27_io/fpos/14320-1.cc execution test
FAIL: ext/array_allocator/2.cc execution test

		=== libstdc++ Summary for unix/-fpic ===

# of expected passes		3711
# of unexpected failures	1
# of unexpected successes	3
# of expected failures		11

Running target unix
FAIL: 22_locale/locale/cons/12658_thread-1.cc execution test
XPASS: 27_io/basic_istream/extractors_arithmetic/char/12.cc execution test
XPASS: 27_io/basic_istream/extractors_arithmetic/wchar_t/12.cc execution test
XPASS: 27_io/fpos/14320-1.cc execution test
FAIL: ext/array_allocator/2.cc execution test

		=== libstdc++ Summary for unix ===

# of expected passes		3710
# of unexpected failures	2
# of unexpected successes	3
# of expected failures		11

		=== libstdc++ Summary ===

# of expected passes		14842
# of unexpected failures	6
# of unexpected successes	12
# of expected failures		44

Compiler version: 4.0.3 20060220 (prerelease) 
Platform: sparc64-sun-solaris2.10
configure flags: --verbose --with-local-prefix=/tmp/local --without-libiconv-prefix --with-mpfr=/caip/u12/kishgcc/gcc-testing/_gmp64 sparc64-sun-solaris2.10 --enable-languages=c,c++,f95,java,objc,treelang


Index Nav: [Date Index] [Subject Index] [Author Index] [Thread Index]
Message Nav: [Date Prev] [Date Next] [Thread Prev] [Thread Next]