This is the mail archive of the
gcc-testresults@gcc.gnu.org
mailing list for the GCC project.
Results for 4.1.0 20060219 (prerelease) testsuite on s390x-ibm-linux-gnu
- From: "Ulrich Weigand" <uweigand at de dot ibm dot com>
- To: gcc-testresults at gcc dot gnu dot org
- Date: Tue, 21 Feb 2006 00:38:47 +0100 (CET)
- Subject: Results for 4.1.0 20060219 (prerelease) testsuite on s390x-ibm-linux-gnu
LAST_UPDATED: Obtained from SVN: branches/gcc-4_1-branch revision 111279
=== acats tests ===
FAIL: cc1010b
=== acats Summary ===
# of expected passes 2315
# of unexpected failures 1
Native configuration is s390x-ibm-linux-gnu
=== g++ tests ===
Running target unix
XPASS: g++.dg/tree-ssa/pr14814.C scan-tree-dump-times &this 0
XPASS: g++.old-deja/g++.other/init5.C execution test
=== g++ Summary ===
# of expected passes 11894
# of unexpected successes 2
# of expected failures 66
# of unsupported tests 108
/mnt/dasdc1/fsf/gcc-4_1-build/gcc/testsuite/../g++ version 4.1.0 20060219 (prerelease)
=== gcc tests ===
Running target unix
FAIL: gcc.dg/20060218-1.c (test for errors, line 6)
FAIL: gcc.dg/20060218-1.c (test for excess errors)
XPASS: gcc.dg/tree-ssa/20040204-1.c scan-tree-dump-times link_error 0
FAIL: gcc.dg/tree-ssa/loop-14.c scan-tree-dump-times \\+ 100 1
XPASS: gcc.dg/tree-ssa/sra-2.c scan-tree-dump-times link_error 0
=== gcc Summary ===
# of expected passes 37057
# of unexpected failures 3
# of unexpected successes 2
# of expected failures 75
# of untested testcases 28
# of unsupported tests 297
/mnt/dasdc1/fsf/gcc-4_1-build/gcc/xgcc version 4.1.0 20060219 (prerelease)
=== gfortran tests ===
Running target unix
=== gfortran Summary ===
# of expected passes 11532
# of expected failures 12
# of unsupported tests 58
/mnt/dasdc1/fsf/gcc-4_1-build/gcc/testsuite/../gfortran version 4.1.0 20060219 (prerelease)
=== obj-c++ tests ===
Running target unix
FAIL: obj-c++.dg/bitfield-1.mm (test for excess errors)
FAIL: obj-c++.dg/bitfield-4.mm (test for excess errors)
FAIL: obj-c++.dg/cxx-ivars-2.mm execution test
FAIL: obj-c++.dg/encode-3.mm execution test
FAIL: obj-c++.dg/encode-8.mm execution test
FAIL: obj-c++.dg/isa-field-1.mm (test for excess errors)
FAIL: obj-c++.dg/layout-1.mm (test for excess errors)
FAIL: obj-c++.dg/lookup-2.mm (test for excess errors)
WARNING: obj-c++.dg/lookup-2.mm compilation failed to produce executable
FAIL: obj-c++.dg/try-catch-2.mm (test for excess errors)
WARNING: obj-c++.dg/try-catch-2.mm compilation failed to produce executable
FAIL: obj-c++.dg/try-catch-9.mm (test for excess errors)
WARNING: obj-c++.dg/try-catch-9.mm compilation failed to produce executable
=== obj-c++ Summary ===
# of expected passes 419
# of unexpected failures 10
# of unsupported tests 13
/mnt/dasdc1/fsf/gcc-4_1-build/gcc/testsuite/../g++ version 4.1.0 20060219 (prerelease)
=== objc tests ===
Running target unix
=== objc Summary ===
# of expected passes 1684
# of unsupported tests 22
/mnt/dasdc1/fsf/gcc-4_1-build/gcc/xgcc version 4.1.0 20060219 (prerelease)
=== libffi tests ===
Running target unix
=== libffi Summary ===
# of expected passes 228
# of unsupported tests 2
=== libjava tests ===
Running target unix
=== libjava Summary ===
# of expected passes 4011
# of expected failures 10
# of untested testcases 8
=== libmudflap tests ===
Running target unix
=== libmudflap Summary ===
# of expected passes 1789
=== libstdc++ tests ===
Running target unix
XPASS: 26_numerics/cmath/c99_classification_macros_c.cc (test for excess errors)
XPASS: 27_io/fpos/14320-1.cc execution test
=== libstdc++ Summary ===
# of expected passes 4029
# of unexpected successes 2
# of expected failures 11
Compiler version: 4.1.0 20060219 (prerelease)
Platform: s390x-ibm-linux-gnu
configure flags: --prefix=/home/uweigand/fsf/gcc-4_1-install --enable-__cxa_atexit --disable-multilib --enable-languages=c,ada,c++,fortran,java,objc,obj-c++