This is the mail archive of the gcc-testresults@gcc.gnu.org mailing list for the GCC project.


Index Nav: [Date Index] [Subject Index] [Author Index] [Thread Index]
Message Nav: [Date Prev] [Date Next] [Thread Prev] [Thread Next]
Other format: [Raw text]

Results for 4.1.0 20060219 (prerelease) testsuite on sparc-sun-solaris2.7


LAST_UPDATED: Sun Feb 19 05:25:43 UTC 2006 (revision 111264)

Native configuration is sparc-sun-solaris2.7

		=== g++ tests ===


Running target unix
XPASS: g++.dg/other/ucnid-1.C (test for excess errors)
XPASS: g++.dg/tree-ssa/pr14814.C scan-tree-dump-times &this 0
XPASS: g++.dg/special/conpr-2.C execution test
XPASS: g++.dg/special/initp1.C execution test

		=== g++ Summary ===

# of expected passes		11886
# of unexpected successes	4
# of expected failures		68
# of unsupported tests		120
/opt/build/eric/gcc-4_1-branch/gcc/testsuite/../g++  version 4.1.0 20060219 (prerelease)

		=== gcc tests ===


Running target unix
XPASS: gcc.dg/ucnid-2.c (test for excess errors)
XPASS: gcc.dg/ucnid-3.c (test for excess errors)
XPASS: gcc.dg/ucnid-4.c (test for excess errors)
XPASS: gcc.dg/vect/pr20122.c scan-tree-dump-times vectorized 1 loops 2
XPASS: gcc.dg/vect/vect-105.c scan-tree-dump-times vectorized 1 loops 1
XPASS: gcc.dg/vect/vect-75.c scan-tree-dump-times vectorized 1 loops 1

		=== gcc Summary ===

# of expected passes		37337
# of unexpected successes	6
# of expected failures		107
# of untested testcases		28
# of unsupported tests		394
/opt/build/eric/gcc-4_1-branch/gcc/xgcc  version 4.1.0 20060219 (prerelease)

		=== gfortran tests ===


Running target unix

		=== gfortran Summary ===

# of expected passes		11512
# of expected failures		6
# of unsupported tests		79
/opt/build/eric/gcc-4_1-branch/gcc/testsuite/../gfortran  version 4.1.0 20060219 (prerelease)

		=== obj-c++ tests ===


Running target unix
FAIL: obj-c++.dg/cxx-ivars-2.mm execution test
FAIL: obj-c++.dg/encode-8.mm execution test
FAIL: obj-c++.dg/isa-field-1.mm (test for excess errors)
FAIL: obj-c++.dg/lookup-2.mm (test for excess errors)
WARNING: obj-c++.dg/lookup-2.mm compilation failed to produce executable
FAIL: obj-c++.dg/try-catch-2.mm (test for excess errors)
WARNING: obj-c++.dg/try-catch-2.mm compilation failed to produce executable
FAIL: obj-c++.dg/try-catch-9.mm (test for excess errors)
WARNING: obj-c++.dg/try-catch-9.mm compilation failed to produce executable

		=== obj-c++ Summary ===

# of expected passes		423
# of unexpected failures	6
# of unsupported tests		13
/opt/build/eric/gcc-4_1-branch/gcc/testsuite/../g++  version 4.1.0 20060219 (prerelease)

		=== objc tests ===


Running target unix

		=== objc Summary ===

# of expected passes		1684
# of unsupported tests		22
/opt/build/eric/gcc-4_1-branch/gcc/xgcc  version 4.1.0 20060219 (prerelease)

		=== libstdc++ tests ===


Running target unix

		=== libstdc++ Summary ===

# of expected passes		2634
# of expected failures		11
# of unsupported tests		151

Compiler version: 4.1.0 20060219 (prerelease) 
Platform: sparc-sun-solaris2.7
configure flags: --prefix=/opt/build/eric/local/gcc-4_1-branch --with-gmp=/opt/build/eric/local --with-mpfr=/opt/build/eric/local --with-local-prefix=/opt/build/eric/local --with-as=/opt/build/eric/local/bin/as --with-ld=/opt/build/eric/local/bin/ld --disable-libgcj --enable-languages=c,c++,fortran,java,objc,obj-c++
BOOT_CFLAGS=-g -O2


Index Nav: [Date Index] [Subject Index] [Author Index] [Thread Index]
Message Nav: [Date Prev] [Date Next] [Thread Prev] [Thread Next]