This is the mail archive of the gcc-testresults@gcc.gnu.org mailing list for the GCC project.


Index Nav: [Date Index] [Subject Index] [Author Index] [Thread Index]
Message Nav: [Date Prev] [Date Next] [Thread Prev] [Thread Next]
Other format: [Raw text]

Results for 4.2.0 20060219 (experimental) testsuite on s390x-ibm-linux-gnu


LAST_UPDATED: Sun Feb 19 05:44:06 UTC 2006 (revision 111264)

Native configuration is s390x-ibm-linux-gnu

		=== g++ tests ===


Running target unix
FAIL: g++.dg/init/ctor4.C (test for excess errors)
FAIL: g++.dg/parse/register1.C (test for excess errors)
FAIL: g++.old-deja/g++.brendan/warnings4.C (test for excess errors)
FAIL: g++.old-deja/g++.jason/overload34.C (test for excess errors)
FAIL: g++.old-deja/g++.mike/p11110.C (test for excess errors)
XPASS: g++.old-deja/g++.other/init5.C execution test

		=== g++ Summary ===

# of expected passes		11945
# of unexpected failures	5
# of unexpected successes	1
# of expected failures		65
# of unsupported tests		109
/build/BUILD/gcc/obj-s390x-redhat-linux/gcc/testsuite/g++/../../g++  version 4.2.0 20060219 (experimental)

		=== gcc tests ===


Running target unix
XPASS: gcc.dg/cpp/cmdlne-dI-M.c scan-file (^|\\\\n)cmdlne-dI-M.*:[^\\\\n]*cmdlne-dI-M.c
XPASS: gcc.dg/cpp/cmdlne-dM-M.c scan-file (^|\\\\n)cmdlne-dM-M[^\\\\n]*:[^\\\\n]*cmdlne-dM-M.c
FAIL: gcc.dg/20060218-1.c  (test for errors, line 6)
FAIL: gcc.dg/20060218-1.c (test for excess errors)
FAIL: gcc.dg/tree-ssa/20030730-1.c scan-tree-dump-times if  0
FAIL: gcc.dg/tree-ssa/20030730-2.c scan-tree-dump-times if  0
FAIL: gcc.dg/tree-ssa/20030807-2.c scan-tree-dump-times if  0
XPASS: gcc.dg/tree-ssa/20040204-1.c scan-tree-dump-times link_error 0
FAIL: gcc.dg/tree-ssa/complex-3.c scan-tree-dump-times __complex__ 0
ERROR: gcc.dg/tree-ssa/complex-3.c: error executing dg-final: no files matched glob pattern "complex-3.c.[0-9][0-9][0-9]t.optimized"
UNRESOLVED: gcc.dg/tree-ssa/complex-3.c: error executing dg-final: no files matched glob pattern "complex-3.c.[0-9][0-9][0-9]t.optimized"
XPASS: gcc.dg/tree-ssa/sra-2.c scan-tree-dump-times link_error 0

		=== gcc Summary ===

# of expected passes		37819
# of unexpected failures	6
# of unexpected successes	4
# of expected failures		74
# of unresolved testcases	1
# of untested testcases		28
# of unsupported tests		334
/build/BUILD/gcc/obj-s390x-redhat-linux/gcc/xgcc  version 4.2.0 20060219 (experimental)

		=== gfortran tests ===


Running target unix
FAIL: gfortran.dg/large_integer_kind_1.f90 execution test
FAIL: gfortran.dg/large_integer_kind_1.f90 execution test
FAIL: gfortran.dg/large_integer_kind_1.f90 execution test
FAIL: gfortran.dg/large_integer_kind_1.f90 execution test
FAIL: gfortran.dg/large_integer_kind_1.f90 execution test
FAIL: gfortran.dg/large_integer_kind_1.f90 execution test
FAIL: gfortran.dg/large_integer_kind_1.f90 execution test
FAIL: gfortran.dg/large_integer_kind_1.f90 execution test
FAIL: gfortran.dg/namelist_11.f execution test
FAIL: gfortran.dg/namelist_11.f execution test
FAIL: gfortran.dg/namelist_11.f execution test
FAIL: gfortran.dg/namelist_11.f execution test
FAIL: gfortran.dg/namelist_11.f execution test
FAIL: gfortran.dg/namelist_11.f execution test
FAIL: gfortran.dg/namelist_11.f execution test
FAIL: gfortran.dg/namelist_11.f execution test
FAIL: gfortran.dg/namelist_12.f execution test
FAIL: gfortran.dg/namelist_12.f execution test
FAIL: gfortran.dg/namelist_12.f execution test
FAIL: gfortran.dg/namelist_12.f execution test
FAIL: gfortran.dg/namelist_12.f execution test
FAIL: gfortran.dg/namelist_12.f execution test
FAIL: gfortran.dg/namelist_12.f execution test
FAIL: gfortran.dg/namelist_12.f execution test
FAIL: gfortran.dg/namelist_14.f90 execution test
FAIL: gfortran.dg/namelist_14.f90 execution test
FAIL: gfortran.dg/namelist_14.f90 execution test
FAIL: gfortran.dg/namelist_14.f90 execution test
FAIL: gfortran.dg/namelist_14.f90 execution test
FAIL: gfortran.dg/namelist_14.f90 execution test
FAIL: gfortran.dg/namelist_14.f90 execution test
FAIL: gfortran.dg/namelist_14.f90 execution test
FAIL: gfortran.dg/namelist_15.f90 execution test
FAIL: gfortran.dg/namelist_15.f90 execution test
FAIL: gfortran.dg/namelist_15.f90 execution test
FAIL: gfortran.dg/namelist_15.f90 execution test
FAIL: gfortran.dg/namelist_15.f90 execution test
FAIL: gfortran.dg/namelist_15.f90 execution test
FAIL: gfortran.dg/namelist_15.f90 execution test
FAIL: gfortran.dg/namelist_15.f90 execution test
FAIL: gfortran.dg/namelist_16.f90 execution test
FAIL: gfortran.dg/namelist_16.f90 execution test
FAIL: gfortran.dg/namelist_16.f90 execution test
FAIL: gfortran.dg/namelist_16.f90 execution test
FAIL: gfortran.dg/namelist_16.f90 execution test
FAIL: gfortran.dg/namelist_16.f90 execution test
FAIL: gfortran.dg/namelist_16.f90 execution test
FAIL: gfortran.dg/namelist_16.f90 execution test
FAIL: gfortran.dg/namelist_19.f90 execution test
FAIL: gfortran.dg/namelist_19.f90 execution test
FAIL: gfortran.dg/namelist_19.f90 execution test
FAIL: gfortran.dg/namelist_19.f90 execution test
FAIL: gfortran.dg/namelist_19.f90 execution test
FAIL: gfortran.dg/namelist_19.f90 execution test
FAIL: gfortran.dg/namelist_19.f90 execution test
FAIL: gfortran.dg/namelist_19.f90 execution test
FAIL: gfortran.dg/namelist_20.f90 execution test
FAIL: gfortran.dg/namelist_20.f90 execution test
FAIL: gfortran.dg/namelist_20.f90 execution test
FAIL: gfortran.dg/namelist_20.f90 execution test
FAIL: gfortran.dg/namelist_20.f90 execution test
FAIL: gfortran.dg/namelist_20.f90 execution test
FAIL: gfortran.dg/namelist_20.f90 execution test
FAIL: gfortran.dg/namelist_20.f90 execution test
FAIL: gfortran.dg/pr17285.f90 execution test
FAIL: gfortran.dg/pr17285.f90 execution test
FAIL: gfortran.dg/pr17285.f90 execution test
FAIL: gfortran.dg/pr17285.f90 execution test
FAIL: gfortran.dg/pr17285.f90 execution test
FAIL: gfortran.dg/pr17285.f90 execution test
FAIL: gfortran.dg/pr17285.f90 execution test
FAIL: gfortran.dg/pr17285.f90 execution test

		=== gfortran Summary ===

# of expected passes		11644
# of unexpected failures	72
# of expected failures		14
# of unsupported tests		58
/build/BUILD/gcc/obj-s390x-redhat-linux/gcc/testsuite/gfortran/../../gfortran  version 4.2.0 20060219 (experimental)

		=== obj-c++ tests ===


Running target unix
FAIL: obj-c++.dg/bitfield-1.mm (test for excess errors)
FAIL: obj-c++.dg/bitfield-4.mm (test for excess errors)
FAIL: obj-c++.dg/cxx-ivars-2.mm execution test
FAIL: obj-c++.dg/encode-3.mm (test for excess errors)
FAIL: obj-c++.dg/encode-3.mm execution test
FAIL: obj-c++.dg/encode-8.mm execution test
FAIL: obj-c++.dg/isa-field-1.mm (test for excess errors)
FAIL: obj-c++.dg/layout-1.mm (test for excess errors)
FAIL: obj-c++.dg/lookup-2.mm (test for excess errors)
WARNING: obj-c++.dg/lookup-2.mm compilation failed to produce executable
FAIL: obj-c++.dg/try-catch-2.mm (test for excess errors)
WARNING: obj-c++.dg/try-catch-2.mm compilation failed to produce executable
FAIL: obj-c++.dg/try-catch-9.mm (test for excess errors)
WARNING: obj-c++.dg/try-catch-9.mm compilation failed to produce executable

		=== obj-c++ Summary ===

# of expected passes		418
# of unexpected failures	11
# of unsupported tests		13
/build/BUILD/gcc/obj-s390x-redhat-linux/gcc/testsuite/obj-c++/../../g++  version 4.2.0 20060219 (experimental)

		=== objc tests ===


Running target unix

		=== objc Summary ===

# of expected passes		1747
# of expected failures		7
# of unsupported tests		23
/build/BUILD/gcc/obj-s390x-redhat-linux/gcc/xgcc  version 4.2.0 20060219 (experimental)

		=== libffi tests ===


Running target unix

		=== libffi Summary ===

# of expected passes		266
# of unsupported tests		2
		=== libgomp tests ===


Running target unix

		=== libgomp Summary ===

# of expected passes		1071
		=== libjava tests ===


Running target unix

		=== libjava Summary ===

# of expected passes		4047
# of expected failures		10
# of untested testcases		8
		=== libmudflap tests ===


Running target unix

		=== libmudflap Summary ===

# of expected passes		1789
		=== libstdc++ tests ===


Running target unix
FAIL: 22_locale/locale/cons/12352.cc execution test
FAIL: 22_locale/locale/cons/12438.cc execution test
XPASS: 26_numerics/cmath/c99_classification_macros_c.cc (test for excess errors)
XPASS: 27_io/fpos/14320-1.cc execution test

		=== libstdc++ Summary ===

# of expected passes		1497
# of unexpected failures	2
# of unexpected successes	2
# of expected failures		5

Compiler version: 4.2.0 20060219 (experimental) 
Platform: s390x-ibm-linux-gnu
configure flags: --prefix=/usr --mandir=/usr/share/man --infodir=/usr/share/info --enable-shared --enable-threads=posix --enable-checking=release --with-system-zlib --enable-__cxa_atexit --disable-libunwind-exceptions --host=s390x-redhat-linux --enable-languages=c,c++,fortran,java,objc,obj-c++


Index Nav: [Date Index] [Subject Index] [Author Index] [Thread Index]
Message Nav: [Date Prev] [Date Next] [Thread Prev] [Thread Next]