This is the mail archive of the gcc-testresults@gcc.gnu.org mailing list for the GCC project.


Index Nav: [Date Index] [Subject Index] [Author Index] [Thread Index]
Message Nav: [Date Prev] [Date Next] [Thread Prev] [Thread Next]
Other format: [Raw text]

Results for 4.2.0 20060218 (experimental) testsuite on i686-pc-cygwin


LAST_UPDATED: Obtained from SVN: trunk revision 111245

Native configuration is i686-pc-cygwin

=== gcc tests ===


Running target unix FAIL: gcc.c-torture/compile/20001226-1.c (test for excess errors) FAIL: gcc.c-torture/execute/961206-1.c execution, -O1 FAIL: gcc.c-torture/execute/961206-1.c execution, -O2 FAIL: gcc.dg/pr17957.c (test for excess errors) FAIL: gcc.dg/tree-ssa/20030730-1.c scan-tree-dump-times if 0 FAIL: gcc.dg/tree-ssa/20030730-2.c scan-tree-dump-times if 0 FAIL: gcc.dg/tree-ssa/20030807-2.c scan-tree-dump-times if 0 FAIL: gcc.dg/tree-ssa/loop-1.c scan-assembler-times foo 5 FAIL: compiler driver --coverage option(s) (compiler options) FAIL: gcc.target/i386/pic-1.c (test for errors, line 10) FAIL: gcc.target/i386/sselibm-2.c scan-assembler __libm_sse2_sin FAIL: gcc.target/i386/sselibm-3.c scan-assembler-times __libm_sse2_sin 1 FAIL: gcc.target/i386/sselibm-4.c scan-assembler-times __libm_sse2 20 FAIL: gcc.target/i386/sselibm-5.c scan-assembler-times __libm_sse2 20

=== gcc Summary ===

# of expected passes 40300
# of unexpected failures 14
# of expected failures 106
# of untested testcases 28
# of unsupported tests 323
/cygdrive/c/gnu/gcc-4.2-20060107/xp/gcc/xgcc version 4.2.0 20060218 (experimental)


=== gfortran tests ===


Running target unix FAIL: gfortran.dg/edit_real_1.f90 execution test FAIL: gfortran.dg/edit_real_1.f90 execution test FAIL: gfortran.dg/edit_real_1.f90 execution test FAIL: gfortran.dg/edit_real_1.f90 execution test FAIL: gfortran.dg/edit_real_1.f90 execution test FAIL: gfortran.dg/edit_real_1.f90 execution test FAIL: gfortran.dg/edit_real_1.f90 execution test FAIL: gfortran.dg/edit_real_1.f90 execution test FAIL: gfortran.dg/output_exponents_1.f90 execution test FAIL: gfortran.dg/output_exponents_1.f90 execution test FAIL: gfortran.dg/output_exponents_1.f90 execution test FAIL: gfortran.dg/output_exponents_1.f90 execution test FAIL: gfortran.dg/output_exponents_1.f90 execution test FAIL: gfortran.dg/output_exponents_1.f90 execution test FAIL: gfortran.dg/output_exponents_1.f90 execution test FAIL: gfortran.dg/output_exponents_1.f90 execution test FAIL: gfortran.dg/gomp/appendix-a/a.1.1.f90 (test for excess errors) FAIL: gfortran.dg/gomp/appendix-a/a.11.1.f90 (test for excess errors) FAIL: gfortran.dg/gomp/appendix-a/a.11.2.f90 (test for excess errors) FAIL: gfortran.dg/gomp/appendix-a/a.11.3.f90 (test for excess errors) FAIL: gfortran.dg/gomp/appendix-a/a.11.4.f90 (test for excess errors) FAIL: gfortran.dg/gomp/appendix-a/a.11.5.f90 (test for excess errors) FAIL: gfortran.dg/gomp/appendix-a/a.11.6.f90 (test for excess errors) FAIL: gfortran.dg/gomp/appendix-a/a.11.7.f90 (test for excess errors) FAIL: gfortran.dg/gomp/appendix-a/a.12.1.f90 (test for excess errors) FAIL: gfortran.dg/gomp/appendix-a/a.13.1.f90 (test for excess errors) FAIL: gfortran.dg/gomp/appendix-a/a.14.1.f90 (test for excess errors) FAIL: gfortran.dg/gomp/appendix-a/a.17.1.f90 (test for excess errors) FAIL: gfortran.dg/gomp/appendix-a/a.17.2.f90 (test for excess errors) FAIL: gfortran.dg/gomp/appendix-a/a.17.3.f90 (test for excess errors) FAIL: gfortran.dg/gomp/appendix-a/a.21.2.f90 (test for excess errors) FAIL: gfortran.dg/gomp/appendix-a/a.21.3.f90 (test for excess errors) FAIL: gfortran.dg/gomp/appendix-a/a.23.1.f90 (test for excess errors) FAIL: gfortran.dg/gomp/appendix-a/a.23.2.f90 (test for excess errors) FAIL: gfortran.dg/gomp/appendix-a/a.23.3.f90 (test for excess errors) FAIL: gfortran.dg/gomp/appendix-a/a.23.4.f90 (test for excess errors) FAIL: gfortran.dg/gomp/appendix-a/a.23.5.f90 (test for excess errors) FAIL: gfortran.dg/gomp/appendix-a/a.25.1.f90 (test for excess errors) FAIL: gfortran.dg/gomp/appendix-a/a.26.2.f90 (test for excess errors) FAIL: gfortran.dg/gomp/appendix-a/a.27.1.f90 (test for excess errors) FAIL: gfortran.dg/gomp/appendix-a/a.30.1.f90 (test for excess errors) FAIL: gfortran.dg/gomp/appendix-a/a.31.1.f90 (test for excess errors) FAIL: gfortran.dg/gomp/appendix-a/a.31.2.f90 (test for excess errors) FAIL: gfortran.dg/gomp/appendix-a/a.31.3.f90 (test for excess errors) FAIL: gfortran.dg/gomp/appendix-a/a.33.2.f90 (test for excess errors) FAIL: gfortran.dg/gomp/appendix-a/a.33.4.f90 (test for excess errors) FAIL: gfortran.dg/gomp/appendix-a/a.34.1.f90 (test for excess errors) FAIL: gfortran.dg/gomp/appendix-a/a.34.2.f90 (test for excess errors) FAIL: gfortran.dg/gomp/appendix-a/a.35.1.f90 (test for excess errors) FAIL: gfortran.dg/gomp/appendix-a/a.35.2.f90 (test for excess errors) FAIL: gfortran.dg/gomp/appendix-a/a.35.3.f90 (test for excess errors) FAIL: gfortran.dg/gomp/appendix-a/a.35.4.f90 (test for excess errors) FAIL: gfortran.dg/gomp/appendix-a/a.35.5.f90 (test for excess errors) FAIL: gfortran.dg/gomp/appendix-a/a.35.6.f90 (test for excess errors) FAIL: gfortran.dg/gomp/appendix-a/a.36.1.f90 (test for excess errors) FAIL: gfortran.dg/gomp/appendix-a/a.37.1.f90 (test for excess errors) FAIL: gfortran.dg/gomp/appendix-a/a.37.2.f90 (test for excess errors) FAIL: gfortran.dg/gomp/appendix-a/a.6.1.f90 (test for excess errors) FAIL: gfortran.dg/gomp/appendix-a/a.6.2.f90 (test for excess errors) FAIL: gfortran.dg/gomp/appendix-a/a.7.1.f90 (test for excess errors) FAIL: gfortran.dg/gomp/appendix-a/a.7.2.f90 (test for excess errors) FAIL: gfortran.dg/gomp/appendix-a/a.8.1.f90 (test for excess errors) FAIL: gfortran.dg/gomp/appendix-a/a.9.1.f90 (test for excess errors) FAIL: gfortran.dg/gomp/block-1.f90 (test for excess errors) FAIL: gfortran.dg/gomp/crayptr1.f90 (test for excess errors) FAIL: gfortran.dg/gomp/crayptr3.f90 (test for excess errors) FAIL: gfortran.dg/gomp/crayptr4.f90 (test for excess errors) FAIL: gfortran.dg/gomp/do-1.f90 (test for excess errors) FAIL: gfortran.dg/gomp/omp_atomic1.f90 (test for excess errors) FAIL: gfortran.dg/gomp/omp_clauses1.f90 (test for excess errors) FAIL: gfortran.dg/gomp/omp_do1.f90 (test for excess errors) FAIL: gfortran.dg/gomp/pr26224.f (test for excess errors) FAIL: gfortran.dg/gomp/reduction2.f90 (test for excess errors) FAIL: gfortran.dg/gomp/reduction3.f90 (test for excess errors) FAIL: gfortran.dg/gomp/sharing-2.f90 (test for excess errors) FAIL: gfortran.dg/gomp/workshare1.f90 (test for excess errors)

=== gfortran Summary ===

# of expected passes 11605
# of unexpected failures 76
# of expected failures 9
# of unsupported tests 70
/cygdrive/c/gnu/gcc-4.2-20060107/xp/gcc/testsuite/gfortran/../../gfortran version 4.2.0 20060218 (experimental)


=== objc tests ===


Running target unix FAIL: objc/execute/exceptions/foward-1.m execution, -Os -fgnu-runtime FAIL: objc/execute/exceptions/foward-1.m execution, -Os -fgnu-runtime

=== objc Summary ===

# of expected passes 1809
# of unexpected failures 2
# of expected failures 7
# of unsupported tests 23
/cygdrive/c/gnu/gcc-4.2-20060107/xp/gcc/xgcc version 4.2.0 20060218 (experimental)


=== treelang tests ===


Running target unix
ERROR: tcl error sourcing /cygdrive/c/gnu/gcc-4.2-20060107/gcc/testsuite/treelang/output/output.exp.
ERROR: rm: cannot remove \`treelang/output-1': No such file or directory


=== treelang Summary ===

# of expected passes 50

Compiler version: 4.2.0 20060218 (experimental)
Platform: i686-pc-cygwin
configure flags: '--enable-languages=fortran objc treelang c' --enable-threads=posix --enable-sjlj-exceptions --disable-libmudflap --disable-shared --enable-maintainer-mode --prefix=/usr/local/gcc42 --enable-bootstrap --disable-libgomp --enable-languages=c,fortran,objc,treelang
BOOT_CFLAGS=-O2 -march=pentium-m -pipe



Index Nav: [Date Index] [Subject Index] [Author Index] [Thread Index]
Message Nav: [Date Prev] [Date Next] [Thread Prev] [Thread Next]