This is the mail archive of the gcc-testresults@gcc.gnu.org mailing list for the GCC project.


Index Nav: [Date Index] [Subject Index] [Author Index] [Thread Index]
Message Nav: [Date Prev] [Date Next] [Thread Prev] [Thread Next]
Other format: [Raw text]

Results for 4.2.0 20060218 (experimental) testsuite on hppa2.0w-hp-hpux11.11


LAST_UPDATED: Sat Feb 18 08:14:24 UTC 2006 (revision 111227)

Native configuration is hppa2.0w-hp-hpux11.11

		=== g++ tests ===


Running target unix
FAIL: g++.dg/init/ctor4.C (test for excess errors)
FAIL: g++.dg/parse/register1.C (test for excess errors)
FAIL: g++.old-deja/g++.brendan/warnings4.C (test for excess errors)
FAIL: g++.old-deja/g++.jason/overload34.C (test for excess errors)
FAIL: g++.old-deja/g++.mike/p11110.C (test for excess errors)

		=== g++ Summary ===

# of expected passes		11593
# of unexpected failures	5
# of expected failures		66
# of unsupported tests		153
/scratch/gcc/nightly-2006-02-18-mainline/hppa2.0w-hp-hpux11.11/build_gcc/install/bin/c++  version 4.2.0 20060218 (experimental)

		=== gcc tests ===


Running target unix
FAIL: gcc.c-torture/compile/pr23237.c  -O0  (test for excess errors)
FAIL: gcc.c-torture/compile/pr23237.c  -O1  (test for excess errors)
FAIL: gcc.c-torture/compile/pr23237.c  -O2  (test for excess errors)
FAIL: gcc.c-torture/compile/pr23237.c  -O3 -fomit-frame-pointer  (test for excess errors)
FAIL: gcc.c-torture/compile/pr23237.c  -O3 -fomit-frame-pointer -funroll-loops  (test for excess errors)
FAIL: gcc.c-torture/compile/pr23237.c  -O3 -fomit-frame-pointer -funroll-all-loops -finline-functions  (test for excess errors)
FAIL: gcc.c-torture/compile/pr23237.c  -O3 -g  (test for excess errors)
FAIL: gcc.c-torture/compile/pr23237.c  -Os  (test for excess errors)
FAIL: gcc.c-torture/execute/builtin-bitops-1.c execution,  -O3 -fomit-frame-pointer -funroll-loops 
FAIL: gcc.c-torture/execute/builtin-bitops-1.c execution,  -O3 -fomit-frame-pointer -funroll-all-loops -finline-functions 
FAIL: gcc.dg/tree-ssa/20030730-1.c scan-tree-dump-times if  0
FAIL: gcc.dg/tree-ssa/20030730-2.c scan-tree-dump-times if  0
FAIL: gcc.dg/tree-ssa/20030807-2.c scan-tree-dump-times if  0

		=== gcc Summary ===

# of expected passes		37058
# of unexpected failures	13
# of expected failures		81
# of untested testcases		28
# of unsupported tests		462
/scratch/gcc/nightly-2006-02-18-mainline/hppa2.0w-hp-hpux11.11/build_gcc/install/bin/gcc  version 4.2.0 20060218 (experimental)

		=== libstdc++ tests ===


Running target unix
FAIL: 26_numerics/cmath/c99_classification_macros_c.cc (test for excess errors)

		=== libstdc++ Summary ===

# of expected passes		2720
# of unexpected failures	1
# of expected failures		10
# of unsupported tests		159

Compiler version: 4.2.0 20060218 (experimental) 
Platform: hppa2.0w-hp-hpux11.11
configure flags: --disable-nls --build=hppa2.0w-hp-hpux11.11 --host=hppa2.0w-hp-hpux11.11 --target=hppa2.0w-hp-hpux11.11 --enable-shared --enable-threads --disable-libmudflap --disable-libssp --disable-libgomp --disable-libstdcxx-pch --with-gnu-as --with-as=/scratch/gcc/nightly-2006-02-18-mainline/hppa2.0w-hp-hpux11.11/build_gcc/install/bin/as --without-gnu-ld --with-ld=/usr/ccs/bin/ld --prefix=/scratch/gcc/nightly-2006-02-18-mainline/hppa2.0w-hp-hpux11.11/build_gcc/install --enable-languages=c,c++


Index Nav: [Date Index] [Subject Index] [Author Index] [Thread Index]
Message Nav: [Date Prev] [Date Next] [Thread Prev] [Thread Next]