This is the mail archive of the gcc-testresults@gcc.gnu.org mailing list for the GCC project.


Index Nav: [Date Index] [Subject Index] [Author Index] [Thread Index]
Message Nav: [Date Prev] [Date Next] [Thread Prev] [Thread Next]
Other format: [Raw text]

Results for 4.2.0-gomp-20050608-branch 20060216 (experimental) (merged 20060216) testsuite on powerpc64-unknown-linux-gnu


Linux 2.4.21-17.EL ppc64
GNU C Library stable release version 2.3.2
GNU ld version 2.16.1
GNU assembler 2.16.1
GNU Make version 3.79.1

DejaGnu:
	Expect version is	5.40.0
	Tcl version is		8.4
	Framework version is	1.4.4

32-bit biarch default32

SVN branch:  gomp-20050608-branch

This hardware does not support VMX instructions.

LAST_UPDATED: Sat Feb 18 14:02:45 UTC 2006 (revision 111236)

Native configuration is powerpc64-unknown-linux-gnu

		=== g++ tests ===


Running target unix/-m32
FAIL: g++.dg/init/ctor4.C (test for excess errors)
FAIL: g++.dg/parse/register1.C (test for excess errors)
FAIL: g++.old-deja/g++.brendan/warnings4.C (test for excess errors)
FAIL: g++.old-deja/g++.jason/overload34.C (test for excess errors)
FAIL: g++.old-deja/g++.mike/p11110.C (test for excess errors)
FAIL: g++.old-deja/g++.other/comdat5.C (test for excess errors)

		=== g++ Summary for unix/-m32 ===

# of expected passes		13147
# of unexpected failures	6
# of expected failures		66
# of unsupported tests		92

Running target unix/-m64
FAIL: g++.dg/init/ctor4.C (test for excess errors)
FAIL: g++.dg/parse/register1.C (test for excess errors)
FAIL: g++.old-deja/g++.brendan/warnings4.C (test for excess errors)
FAIL: g++.old-deja/g++.jason/overload34.C (test for excess errors)
FAIL: g++.old-deja/g++.mike/p11110.C (test for excess errors)

		=== g++ Summary for unix/-m64 ===

# of expected passes		13110
# of unexpected failures	5
# of expected failures		66
# of unsupported tests		95

		=== g++ Summary ===

# of expected passes		26257
# of unexpected failures	11
# of expected failures		132
# of unsupported tests		187
/home/gccbuild/build/nightly/build-gcc-gomp/gcc/testsuite/g++/../../g++  version 4.2.0-gomp-20050608-branch 20060216 (experimental) (merged 20060216)

		=== gcc tests ===


Running target unix/-m32
FAIL: gcc.dg/20020103-1.c scan-assembler-not LC[0-9]
FAIL: gcc.dg/c90-typespec-1.c unsigned long int char (test for errors, line 515)
FAIL: gcc.dg/c90-typespec-1.c unsigned long int short (test for errors, line 516)
FAIL: gcc.dg/c90-typespec-1.c unsigned long int int (test for errors, line 517)
FAIL: gcc.dg/c90-typespec-1.c unsigned long int long (test for errors, line 518)
FAIL: gcc.dg/c90-typespec-1.c unsigned long int float (test for errors, line 519)
FAIL: gcc.dg/c90-typespec-1.c unsigned long int double (test for errors, line 520)
FAIL: gcc.dg/c90-typespec-1.c unsigned long int signed (test for errors, line 521)
FAIL: gcc.dg/c90-typespec-1.c unsigned long int unsigned (test for errors, line 522)
FAIL: gcc.target/powerpc/pr18096-1.c stack frame too large (test for warnings, line 11)
FAIL: gcc.target/powerpc/pr18096-1.c (test for excess errors)

		=== gcc Summary for unix/-m32 ===

# of expected passes		40159
# of unexpected failures	11
# of expected failures		110
# of untested testcases		28
# of unsupported tests		359

Running target unix/-m64
XPASS: gcc.dg/tree-ssa/sra-2.c scan-tree-dump-times link_error 0

		=== gcc Summary for unix/-m64 ===

# of expected passes		40024
# of unexpected successes	1
# of expected failures		111
# of untested testcases		28
# of unsupported tests		424

		=== gcc Summary ===

# of expected passes		80183
# of unexpected failures	11
# of unexpected successes	1
# of expected failures		221
# of untested testcases		56
# of unsupported tests		783
/home/gccbuild/build/nightly/build-gcc-gomp/gcc/xgcc  version 4.2.0-gomp-20050608-branch 20060216 (experimental) (merged 20060216)

		=== gfortran tests ===


Running target unix/-m32

		=== gfortran Summary for unix/-m32 ===

# of expected passes		11590
# of expected failures		17
# of unsupported tests		74

Running target unix/-m64

		=== gfortran Summary for unix/-m64 ===

# of expected passes		11619
# of expected failures		20
# of unsupported tests		58

		=== gfortran Summary ===

# of expected passes		23209
# of expected failures		37
# of unsupported tests		132
/home/gccbuild/build/nightly/build-gcc-gomp/gcc/testsuite/gfortran/../../gfortran  version 4.2.0-gomp-20050608-branch 20060216 (experimental) (merged 20060216)

		=== libgomp tests ===


Running target unix/-m32

		=== libgomp Summary for unix/-m32 ===

# of expected passes		1358

Running target unix/-m64

		=== libgomp Summary for unix/-m64 ===

# of expected passes		1358

		=== libgomp Summary ===

# of expected passes		2716
		=== libmudflap tests ===


Running target unix/-m32

		=== libmudflap Summary for unix/-m32 ===

# of expected passes		1789

Running target unix/-m64
FAIL: libmudflap.c/fail27-frag.c output pattern test
FAIL: libmudflap.c/fail27-frag.c (-O2) output pattern test
FAIL: libmudflap.c/fail27-frag.c (-O3) output pattern test

		=== libmudflap Summary for unix/-m64 ===

# of expected passes		1786
# of unexpected failures	3

		=== libmudflap Summary ===

# of expected passes		3575
# of unexpected failures	3
		=== libstdc++ tests ===


Running target unix/-m32
FAIL: abi_check
FAIL: 25_algorithms/prev_permutation/1.cc execution test
XPASS: 26_numerics/cmath/c99_classification_macros_c.cc (test for excess errors)

		=== libstdc++ Summary for unix/-m32 ===

# of expected passes		4133
# of unexpected failures	2
# of unexpected successes	1
# of expected failures		12

Running target unix/-m64
FAIL: abi_check
FAIL: 22_locale/messages/members/char/1.cc execution test
FAIL: 22_locale/messages/members/char/2.cc execution test
FAIL: 22_locale/messages/members/char/wrapped_env.cc execution test
FAIL: 22_locale/messages/members/char/wrapped_locale.cc execution test
FAIL: 22_locale/messages_byname/named_equivalence.cc execution test
FAIL: 25_algorithms/prev_permutation/1.cc execution test
XPASS: 26_numerics/cmath/c99_classification_macros_c.cc (test for excess errors)
FAIL: 26_numerics/complex/13450.cc execution test
XPASS: 27_io/fpos/14320-1.cc execution test

		=== libstdc++ Summary for unix/-m64 ===

# of expected passes		4127
# of unexpected failures	8
# of unexpected successes	2
# of expected failures		11

		=== libstdc++ Summary ===

# of expected passes		8260
# of unexpected failures	10
# of unexpected successes	3
# of expected failures		23

Compiler version: 4.2.0-gomp-20050608-branch 20060216 (experimental) (merged 20060216) 
Platform: powerpc64-unknown-linux-gnu
configure flags: --prefix=/opt/gcc-nightly/gomp-20060218 --build=powerpc64-linux --host=powerpc64-linux --target=powerpc64-linux --with-cpu=default32 --with-as=/opt/gcc-nightly/gomp-20060218/bin/as --with-ld=/opt/gcc-nightly/gomp-20060218/bin/ld --enable-threads=posix --enable-shared --enable-__cxa_atexit --enable-checking --with-mpfr=/opt/gcc-nightly/gomp-20060218 --enable-languages=c,c++,fortran


Index Nav: [Date Index] [Subject Index] [Author Index] [Thread Index]
Message Nav: [Date Prev] [Date Next] [Thread Prev] [Thread Next]