This is the mail archive of the gcc-testresults@gcc.gnu.org mailing list for the GCC project.


Index Nav: [Date Index] [Subject Index] [Author Index] [Thread Index]
Message Nav: [Date Prev] [Date Next] [Thread Prev] [Thread Next]
Other format: [Raw text]

Results for 4.2.0-autovect 20060218 (experimental) testsuite on powerpc64-unknown-linux-gnu


Linux 2.4.21-17.EL ppc64
GNU C Library stable release version 2.3.2
GNU ld version 2.16.1
GNU assembler 2.16.1
GNU Make version 3.79.1

DejaGnu:
	Expect version is	5.40.0
	Tcl version is		8.4
	Framework version is	1.4.4

32-bit biarch default32

LAST_UPDATED: Sat Feb 18 08:13:19 UTC 2006 (revision 111227)

Native configuration is powerpc64-unknown-linux-gnu

		=== g++ tests ===


Running target unix/-m32
FAIL: g++.old-deja/g++.other/comdat5.C (test for excess errors)

		=== g++ Summary for unix/-m32 ===

# of expected passes		12677
# of unexpected failures	1
# of expected failures		65
# of unsupported tests		89

Running target unix/-m64
FAIL: g++.dg/warn/deprecated.C (test for excess errors)

		=== g++ Summary for unix/-m64 ===

# of expected passes		12639
# of unexpected failures	1
# of expected failures		65
# of unsupported tests		92

		=== g++ Summary ===

# of expected passes		25316
# of unexpected failures	2
# of expected failures		130
# of unsupported tests		181
/home/gccbuild/build/nightly/build-gcc-autovect/stage3-gcc/testsuite/../g++  version 4.2.0-autovect 20060218 (experimental)

		=== gcc tests ===


Running target unix/-m32
FAIL: gcc.dg/20020103-1.c scan-assembler-not LC[0-9]
FAIL: gcc.dg/tree-ssa/20031106-6.c scan-tree-dump-times temp_struct 0
FAIL: gcc.dg/tree-ssa/loop-14.c scan-tree-dump-times \\+ 100 1
FAIL: gcc.dg/tree-ssa/pr17100.c scan-tree-dump-times Replacing one of the conditions 1
FAIL: gcc.dg/vect/vect-ifcvt-1.c execution test
FAIL: gcc.dg/vect/vect-ifcvt-8.c execution test
FAIL: gcc.dg/vect/vect-ifcvt-9.c execution test
FAIL: gcc.target/powerpc/pr18096-1.c stack frame too large (test for warnings, line 11)
FAIL: gcc.target/powerpc/pr18096-1.c (test for excess errors)

		=== gcc Summary for unix/-m32 ===

# of expected passes		39478
# of unexpected failures	9
# of expected failures		101
# of untested testcases		28
# of unsupported tests		331

Running target unix/-m64
FAIL: gcc.dg/torture/fp-int-convert-timode.c  -O0  execution test
FAIL: gcc.dg/torture/fp-int-convert-timode.c  -O1  execution test
FAIL: gcc.dg/torture/fp-int-convert-timode.c  -O2  execution test
FAIL: gcc.dg/torture/fp-int-convert-timode.c  -O3 -fomit-frame-pointer  execution test
FAIL: gcc.dg/torture/fp-int-convert-timode.c  -O3 -g  execution test
FAIL: gcc.dg/torture/fp-int-convert-timode.c  -Os  execution test
FAIL: gcc.dg/tree-ssa/20031106-6.c scan-tree-dump-times temp_struct 0
FAIL: gcc.dg/tree-ssa/loop-14.c scan-tree-dump-times \\+ 100 1
FAIL: gcc.dg/tree-ssa/pr17100.c scan-tree-dump-times Replacing one of the conditions 1
XPASS: gcc.dg/tree-ssa/sra-2.c scan-tree-dump-times link_error 0
FAIL: gcc.dg/vect/vect-ifcvt-1.c execution test
FAIL: gcc.dg/vect/vect-ifcvt-8.c execution test
FAIL: gcc.dg/vect/vect-ifcvt-9.c execution test

		=== gcc Summary for unix/-m64 ===

# of expected passes		39325
# of unexpected failures	12
# of unexpected successes	1
# of expected failures		102
# of untested testcases		28
# of unsupported tests		398

		=== gcc Summary ===

# of expected passes		78803
# of unexpected failures	21
# of unexpected successes	1
# of expected failures		203
# of untested testcases		56
# of unsupported tests		729
/home/gccbuild/build/nightly/build-gcc-autovect/gcc/xgcc  version 4.2.0-autovect 20060218 (experimental)

		=== objc tests ===


Running target unix/-m32
FAIL: objc.dg-struct-layout-encoding-1/t025_main.m execution test
FAIL: objc.dg-struct-layout-encoding-1/t026_main.m execution test
FAIL: objc.dg-struct-layout-encoding-1/t027_main.m execution test
FAIL: objc.dg-struct-layout-encoding-1/t028_main.m execution test
FAIL: objc.dg-struct-layout-encoding-1/t029_main.m execution test
FAIL: objc.dg-struct-layout-encoding-1/t030_main.m execution test
FAIL: objc.dg-struct-layout-encoding-1/t031_main.m execution test

		=== objc Summary for unix/-m32 ===

# of expected passes		1734
# of unexpected failures	7
# of unsupported tests		22

Running target unix/-m64
FAIL: objc.dg-struct-layout-encoding-1/t025_main.m execution test
FAIL: objc.dg-struct-layout-encoding-1/t026_main.m execution test
FAIL: objc.dg-struct-layout-encoding-1/t027_main.m execution test
FAIL: objc.dg-struct-layout-encoding-1/t028_main.m execution test
FAIL: objc.dg-struct-layout-encoding-1/t029_main.m execution test
FAIL: objc.dg-struct-layout-encoding-1/t030_main.m execution test
FAIL: objc.dg-struct-layout-encoding-1/t031_main.m execution test

		=== objc Summary for unix/-m64 ===

# of expected passes		1734
# of unexpected failures	7
# of unsupported tests		22

		=== objc Summary ===

# of expected passes		3468
# of unexpected failures	14
# of unsupported tests		44
/home/gccbuild/build/nightly/build-gcc-autovect/gcc/xgcc  version 4.2.0-autovect 20060218 (experimental)

		=== libmudflap tests ===


Running target unix/-m32

		=== libmudflap Summary for unix/-m32 ===

# of expected passes		1789

Running target unix/-m64
FAIL: libmudflap.c/fail27-frag.c output pattern test
FAIL: libmudflap.c/fail27-frag.c (-O2) output pattern test
FAIL: libmudflap.c/fail27-frag.c (-O3) output pattern test

		=== libmudflap Summary for unix/-m64 ===

# of expected passes		1786
# of unexpected failures	3

		=== libmudflap Summary ===

# of expected passes		3575
# of unexpected failures	3
		=== libstdc++ tests ===


Running target unix/-m32
FAIL: abi_check
XPASS: 26_numerics/cmath/c99_classification_macros_c.cc (test for excess errors)
FAIL: 27_io/basic_ostream/inserters_character/char/9555-oc.cc execution test
FAIL: 27_io/basic_ostream/inserters_character/wchar_t/9555-oc.cc execution test
XPASS: ext/array_allocator/2.cc execution test

		=== libstdc++ Summary for unix/-m32 ===

# of expected passes		4034
# of unexpected failures	3
# of unexpected successes	2
# of expected failures		12

Running target unix/-m64
FAIL: abi_check
FAIL: 22_locale/messages/members/char/1.cc execution test
FAIL: 22_locale/messages/members/char/2.cc execution test
FAIL: 22_locale/messages/members/char/wrapped_env.cc execution test
FAIL: 22_locale/messages/members/char/wrapped_locale.cc execution test
FAIL: 22_locale/messages_byname/named_equivalence.cc execution test
XPASS: 26_numerics/cmath/c99_classification_macros_c.cc (test for excess errors)
FAIL: 26_numerics/complex/13450.cc execution test
FAIL: 27_io/basic_ostream/inserters_character/char/9555-oc.cc execution test
FAIL: 27_io/basic_ostream/inserters_character/wchar_t/9555-oc.cc execution test
XPASS: 27_io/fpos/14320-1.cc execution test
XPASS: ext/array_allocator/2.cc execution test

		=== libstdc++ Summary for unix/-m64 ===

# of expected passes		4028
# of unexpected failures	9
# of unexpected successes	3
# of expected failures		11

		=== libstdc++ Summary ===

# of expected passes		8062
# of unexpected failures	12
# of unexpected successes	5
# of expected failures		23

Compiler version: 4.2.0-autovect 20060218 (experimental) 
Platform: powerpc64-unknown-linux-gnu
configure flags: --prefix=/opt/gcc-nightly/autovect-20060218 --build=powerpc64-linux --host=powerpc64-linux --target=powerpc64-linux --with-cpu=default32 --with-as=/opt/gcc-nightly/autovect-20060218/bin/as --with-ld=/opt/gcc-nightly/autovect-20060218/bin/ld --enable-threads=posix --enable-shared --enable-__cxa_atexit --enable-checking --with-mpfr=/opt/gcc-nightly/autovect-20060218 --enable-languages=c,c++,objc


Index Nav: [Date Index] [Subject Index] [Author Index] [Thread Index]
Message Nav: [Date Prev] [Date Next] [Thread Prev] [Thread Next]