This is the mail archive of the gcc-testresults@gcc.gnu.org mailing list for the GCC project.


Index Nav: [Date Index] [Subject Index] [Author Index] [Thread Index]
Message Nav: [Date Prev] [Date Next] [Thread Prev] [Thread Next]
Other format: [Raw text]

Results for 4.2.0 20060216 (experimental) testsuite on sparc-sun-solaris2.5.1


LAST_UPDATED: Thu Feb 16 09:27:19 UTC 2006 (revision 111133M)

		=== acats tests ===

		=== acats Summary ===
# of expected passes		2316
# of unexpected failures	0
Native configuration is sparc-sun-solaris2.5.1

		=== g++ tests ===


Running target unix
WARNING: Could not compile g++.dg/compat/struct-layout-1 generator
FAIL: g++.dg/init/ctor4.C (test for excess errors)
WARNING: g++.dg/other/ucnid-1.C compilation failed to produce executable
FAIL: g++.dg/parse/register1.C (test for excess errors)
FAIL: g++.dg/pch/externc-1.C -g assembly comparison
FAIL: g++.dg/pch/externc-1.C -O2 -g assembly comparison
FAIL: g++.dg/pch/static-1.C -g assembly comparison
FAIL: g++.dg/pch/static-1.C -O2 -g assembly comparison
FAIL: g++.dg/pch/system-1.C -g assembly comparison
FAIL: g++.dg/pch/system-1.C -O2 -g assembly comparison
FAIL: g++.dg/pch/system-2.C -g assembly comparison
FAIL: g++.dg/pch/system-2.C -O2 -g assembly comparison
FAIL: g++.dg/pch/uninst.C -g assembly comparison
FAIL: g++.dg/pch/uninst.C -O2 -g assembly comparison
FAIL: g++.dg/pch/wchar-1.C -g assembly comparison
FAIL: g++.dg/pch/wchar-1.C -O2 -g assembly comparison
FAIL: g++.old-deja/g++.brendan/warnings4.C (test for excess errors)
FAIL: g++.old-deja/g++.jason/overload34.C (test for excess errors)
FAIL: g++.old-deja/g++.mike/p11110.C (test for excess errors)

		=== g++ Summary ===

# of expected passes		11448
# of unexpected failures	17
# of expected failures		68
# of unsupported tests		142
/opt/build/eric/gcc/gcc/testsuite/g++/../../g++  version 4.2.0 20060216 (experimental)

		=== gcc tests ===


Running target unix
WARNING: Could not compile gcc.dg/compat/struct-layout-1 generator
XPASS: gcc.dg/cpp/cmdlne-dI-M.c scan-file (^|\\\\n)cmdlne-dI-M.*:[^\\\\n]*cmdlne-dI-M.c
XPASS: gcc.dg/cpp/cmdlne-dM-M.c scan-file (^|\\\\n)cmdlne-dM-M[^\\\\n]*:[^\\\\n]*cmdlne-dM-M.c
FAIL: gcc.dg/single-precision-constant.c (test for excess errors)
WARNING: gcc.dg/single-precision-constant.c compilation failed to produce executable
WARNING: gcc.dg/ucnid-2.c compilation failed to produce executable
WARNING: gcc.dg/ucnid-3.c compilation failed to produce executable
WARNING: gcc.dg/ucnid-4.c compilation failed to produce executable
XPASS: gcc.dg/vect/pr20122.c scan-tree-dump-times vectorized 1 loops 2
XPASS: gcc.dg/vect/vect-105.c scan-tree-dump-times vectorized 1 loops 1
FAIL: gcc.dg/vect/vect-62.c execution test
FAIL: gcc.dg/vect/vect-64.c execution test
XPASS: gcc.dg/vect/vect-75.c scan-tree-dump-times vectorized 1 loops 1
FAIL: gcc.dg/vect/vect-85.c execution test
FAIL: gcc.dg/vect/vect-86.c execution test
FAIL: gcc.dg/vect/vect-87.c execution test
FAIL: gcc.dg/vect/vect-88.c execution test

		=== gcc Summary ===

# of expected passes		37481
# of unexpected failures	7
# of unexpected successes	5
# of expected failures		121
# of untested testcases		28
# of unsupported tests		452
/opt/build/eric/gcc/gcc/xgcc  version 4.2.0 20060216 (experimental)

		=== gfortran tests ===


Running target unix

		=== gfortran Summary ===

# of expected passes		11514
# of expected failures		8
# of unsupported tests		93
/opt/build/eric/gcc/gcc/testsuite/gfortran/../../gfortran  version 4.2.0 20060216 (experimental)

		=== obj-c++ tests ===


Running target unix
FAIL: obj-c++.dg/cxx-ivars-2.mm execution test
FAIL: obj-c++.dg/encode-3.mm (test for excess errors)
FAIL: obj-c++.dg/encode-8.mm execution test
FAIL: obj-c++.dg/isa-field-1.mm (test for excess errors)
FAIL: obj-c++.dg/lookup-2.mm (test for excess errors)
WARNING: obj-c++.dg/lookup-2.mm compilation failed to produce executable
FAIL: obj-c++.dg/try-catch-2.mm (test for excess errors)
WARNING: obj-c++.dg/try-catch-2.mm compilation failed to produce executable
FAIL: obj-c++.dg/try-catch-9.mm (test for excess errors)
WARNING: obj-c++.dg/try-catch-9.mm compilation failed to produce executable

		=== obj-c++ Summary ===

# of expected passes		422
# of unexpected failures	7
# of unsupported tests		13
/opt/build/eric/gcc/gcc/testsuite/obj-c++/../../g++  version 4.2.0 20060216 (experimental)

		=== objc tests ===


Running target unix
FAIL: objc.dg/dwarf-1.m (test for excess errors)
ERROR: objc.dg/dwarf-1.m: error executing dg-final: couldn't open "dwarf-1.s": no such file or directory
UNRESOLVED: objc.dg/dwarf-1.m: error executing dg-final: couldn't open "dwarf-1.s": no such file or directory
WARNING: Could not compile objc.dg/gnu-encoding/struct-layout-encoding-1 generator

		=== objc Summary ===

# of expected passes		1690
# of unexpected failures	1
# of unresolved testcases	1
# of unsupported tests		23
/opt/build/eric/gcc/gcc/xgcc  version 4.2.0 20060216 (experimental)

		=== libgomp tests ===


Running target unix
WARNING: program timed out.
FAIL: libgomp.c/appendix-a/a.18.1.c execution test
WARNING: program timed out.
FAIL: libgomp.fortran/appendix-a/a.18.1.f90  -O0  execution test
WARNING: program timed out.
FAIL: libgomp.fortran/appendix-a/a.18.1.f90  -O1  execution test
WARNING: program timed out.
FAIL: libgomp.fortran/appendix-a/a.18.1.f90  -O2  execution test
WARNING: program timed out.
FAIL: libgomp.fortran/appendix-a/a.18.1.f90  -O3 -fomit-frame-pointer  execution test
WARNING: program timed out.
FAIL: libgomp.fortran/appendix-a/a.18.1.f90  -O3 -fomit-frame-pointer -funroll-loops  execution test
WARNING: program timed out.
FAIL: libgomp.fortran/appendix-a/a.18.1.f90  -O3 -fomit-frame-pointer -funroll-all-loops -finline-functions  execution test
WARNING: program timed out.
FAIL: libgomp.fortran/appendix-a/a.18.1.f90  -O3 -g  execution test
WARNING: program timed out.
FAIL: libgomp.fortran/appendix-a/a.18.1.f90  -Os  execution test
FAIL: libgomp.fortran/omp_cond2.f  -O  (test for excess errors)
WARNING: libgomp.fortran/omp_cond2.f  -O  compilation failed to produce executable
FAIL: libgomp.fortran/omp_cond4.F90  -O  (test for excess errors)
WARNING: libgomp.fortran/omp_cond4.F90  -O  compilation failed to produce executable

		=== libgomp Summary ===

# of expected passes		937
# of unexpected failures	11
# of unsupported tests		61
		=== libstdc++ tests ===


Running target unix
FAIL: 22_locale/ctype/is/char/3.cc execution test
FAIL: 23_containers/vector/resize/1.cc execution test
FAIL: 27_io/basic_filebuf/sgetn/char/1-in.cc execution test
FAIL: 27_io/basic_filebuf/sgetn/char/1-io.cc execution test
FAIL: 27_io/basic_filebuf/sgetn/char/2-in.cc execution test
FAIL: 27_io/basic_filebuf/sgetn/char/2-io.cc execution test
FAIL: 27_io/basic_istream/readsome/char/6746-2.cc execution test
FAIL: 27_io/ios_base/storage/2.cc execution test

		=== libstdc++ Summary ===

# of expected passes		2726
# of unexpected failures	8
# of expected failures		11
# of unsupported tests		151

Compiler version: 4.2.0 20060216 (experimental) 
Platform: sparc-sun-solaris2.5.1
configure flags: --prefix=/opt/build/eric/local/gcc --with-gmp=/opt/build/eric/local --with-mpfr=/opt/build/eric/local --with-local-prefix=/opt/build/eric/local --enable-checking=assert,misc,runtime --disable-bootstrap --enable-languages=c,ada,c++,fortran,java,objc,obj-c++
BOOT_CFLAGS=-g -O2


Index Nav: [Date Index] [Subject Index] [Author Index] [Thread Index]
Message Nav: [Date Prev] [Date Next] [Thread Prev] [Thread Next]