This is the mail archive of the gcc-testresults@gcc.gnu.org mailing list for the GCC project.


Index Nav: [Date Index] [Subject Index] [Author Index] [Thread Index]
Message Nav: [Date Prev] [Date Next] [Thread Prev] [Thread Next]
Other format: [Raw text]

Results for 4.1.0 20060214 (Red Hat 4.1.0-0.26) [redhat/gcc-4_1-branch revision 111200 clean] testsuite on x86_64-redhat-linux-gnu


LAST_UPDATED: Fri Feb 17 18:00:03 UTC 2006 (revision 111200)

		=== acats tests ===

		=== acats Summary ===
# of expected passes		2316
# of unexpected failures	0
Native configuration is x86_64-redhat-linux-gnu

		=== gcc tests ===


Running target unix/-m32
FAIL: gcc.dg/ipa/ipa-1.c (test for excess errors)
FAIL: gcc.dg/tree-ssa/pr23294.c scan-tree-dump-times a \\* 5 3
FAIL: gcc.dg/tree-ssa/pr23294.c scan-tree-dump \\(a - b \\* 3\\) \\* 2
FAIL: gcc.dg/tree-ssa/pr23294.c scan-tree-dump \\(a \\* 3 - b\\) \\* 2
FAIL: gcc.dg/tree-ssa/vrp22.c scan-tree-dump-times link_error 0

		=== gcc Summary for unix/-m32 ===

# of expected passes		38407
# of unexpected failures	5
# of expected failures		106
# of untested testcases		28
# of unsupported tests		255

Running target unix
FAIL: gcc.dg/ipa/ipa-1.c (test for excess errors)
FAIL: gcc.dg/tree-ssa/pr23294.c scan-tree-dump-times a \\* 5 3
FAIL: gcc.dg/tree-ssa/pr23294.c scan-tree-dump \\(a - b \\* 3\\) \\* 2
FAIL: gcc.dg/tree-ssa/pr23294.c scan-tree-dump \\(a \\* 3 - b\\) \\* 2
FAIL: gcc.dg/tree-ssa/vrp22.c scan-tree-dump-times link_error 0

		=== gcc Summary for unix ===

# of expected passes		38304
# of unexpected failures	5
# of expected failures		105
# of untested testcases		28
# of unsupported tests		357

		=== gcc Summary ===

# of expected passes		76711
# of unexpected failures	10
# of expected failures		211
# of untested testcases		56
# of unsupported tests		612
/export/build/gnu/gcc-4.1-redhat/build-x86_64-redhat-linux/gcc/xgcc  version 4.1.0 20060214 (Red Hat 4.1.0-0.26) [redhat/gcc-4_1-branch revision 111200 clean]

		=== gfortran tests ===


Running target unix/-m32

		=== gfortran Summary for unix/-m32 ===

# of expected passes		11825
# of expected failures		17
# of unsupported tests		16

Running target unix

		=== gfortran Summary for unix ===

# of expected passes		11822
# of expected failures		20
# of unsupported tests		16

		=== gfortran Summary ===

# of expected passes		23647
# of expected failures		37
# of unsupported tests		32
/export/build/gnu/gcc-4.1-redhat/build-x86_64-redhat-linux/gcc/testsuite/gfortran/../../gfortran  version 4.1.0 20060214 (Red Hat 4.1.0-0.26) [redhat/gcc-4_1-branch revision 111200 clean]

		=== g++ tests ===


Running target unix/-m32
XPASS: g++.dg/tree-ssa/pr14814.C scan-tree-dump-times &this 0

		=== g++ Summary for unix/-m32 ===

# of expected passes		12290
# of unexpected successes	1
# of expected failures		68
# of unsupported tests		66

Running target unix
XPASS: g++.dg/tree-ssa/pr14814.C scan-tree-dump-times &this 0

		=== g++ Summary for unix ===

# of expected passes		12205
# of unexpected successes	1
# of expected failures		68
# of unsupported tests		95

		=== g++ Summary ===

# of expected passes		24495
# of unexpected successes	2
# of expected failures		136
# of unsupported tests		161
/export/build/gnu/gcc-4.1-redhat/build-x86_64-redhat-linux/gcc/testsuite/g++/../../g++  version 4.1.0 20060214 (Red Hat 4.1.0-0.26) [redhat/gcc-4_1-branch revision 111200 clean]

		=== objc tests ===


Running target unix/-m32

		=== objc Summary for unix/-m32 ===

# of expected passes		1683
# of unsupported tests		23

Running target unix

		=== objc Summary for unix ===

# of expected passes		1683
# of unsupported tests		23

		=== objc Summary ===

# of expected passes		3366
# of unsupported tests		46
/export/build/gnu/gcc-4.1-redhat/build-x86_64-redhat-linux/gcc/xgcc  version 4.1.0 20060214 (Red Hat 4.1.0-0.26) [redhat/gcc-4_1-branch revision 111200 clean]

		=== libffi tests ===


Running target unix/-m32

		=== libffi Summary for unix/-m32 ===

# of expected passes		228
# of unsupported tests		2

Running target unix

		=== libffi Summary for unix ===

# of expected passes		228
# of unsupported tests		2

		=== libffi Summary ===

# of expected passes		456
# of unsupported tests		4
		=== libgomp tests ===


Running target unix/-m32
WARNING: libgomp.c/ordered-2.c compilation failed to produce executable

		=== libgomp Summary for unix/-m32 ===

# of expected passes		1357

Running target unix

		=== libgomp Summary for unix ===

# of expected passes		1358

		=== libgomp Summary ===

# of expected passes		2715
		=== libjava tests ===


Running target unix/-m32

		=== libjava Summary for unix/-m32 ===

# of expected passes		4011
# of expected failures		10
# of untested testcases		8

Running target unix

		=== libjava Summary for unix ===

# of expected passes		4011
# of expected failures		10
# of untested testcases		8

		=== libjava Summary ===

# of expected passes		8022
# of expected failures		20
# of untested testcases		16
		=== libmudflap tests ===


Running target unix/-m32
FAIL: libmudflap.cth/pass37-frag.c (-static -DSTATIC) execution test
FAIL: libmudflap.cth/pass37-frag.c (-static -DSTATIC) output pattern test
FAIL: libmudflap.cth/pass37-frag.c (-static -DSTATIC) (rerun 1) execution test
FAIL: libmudflap.cth/pass37-frag.c (-static -DSTATIC) (rerun 1) output pattern test
FAIL: libmudflap.cth/pass37-frag.c (-static -DSTATIC) (rerun 2) execution test
FAIL: libmudflap.cth/pass37-frag.c (-static -DSTATIC) (rerun 2) output pattern test
FAIL: libmudflap.cth/pass37-frag.c (-static -DSTATIC) (rerun 3) execution test
FAIL: libmudflap.cth/pass37-frag.c (-static -DSTATIC) (rerun 3) output pattern test
FAIL: libmudflap.cth/pass37-frag.c (-static -DSTATIC) (rerun 4) execution test
FAIL: libmudflap.cth/pass37-frag.c (-static -DSTATIC) (rerun 4) output pattern test
FAIL: libmudflap.cth/pass37-frag.c (-static -DSTATIC) (rerun 5) execution test
FAIL: libmudflap.cth/pass37-frag.c (-static -DSTATIC) (rerun 5) output pattern test
FAIL: libmudflap.cth/pass37-frag.c (-static -DSTATIC) (rerun 6) execution test
FAIL: libmudflap.cth/pass37-frag.c (-static -DSTATIC) (rerun 6) output pattern test
FAIL: libmudflap.cth/pass37-frag.c (-static -DSTATIC) (rerun 7) execution test
FAIL: libmudflap.cth/pass37-frag.c (-static -DSTATIC) (rerun 7) output pattern test
FAIL: libmudflap.cth/pass37-frag.c (-static -DSTATIC) (rerun 8) execution test
FAIL: libmudflap.cth/pass37-frag.c (-static -DSTATIC) (rerun 8) output pattern test
FAIL: libmudflap.cth/pass37-frag.c (-static -DSTATIC) (rerun 9) execution test
FAIL: libmudflap.cth/pass37-frag.c (-static -DSTATIC) (rerun 9) output pattern test
FAIL: libmudflap.cth/pass37-frag.c (-static -DSTATIC) (rerun 10) execution test
FAIL: libmudflap.cth/pass37-frag.c (-static -DSTATIC) (rerun 10) output pattern test
FAIL: libmudflap.cth/pass37-frag.c (-static -DSTATIC) (rerun 11) execution test
FAIL: libmudflap.cth/pass37-frag.c (-static -DSTATIC) (rerun 11) output pattern test
FAIL: libmudflap.cth/pass37-frag.c (-static -DSTATIC) (rerun 12) execution test
FAIL: libmudflap.cth/pass37-frag.c (-static -DSTATIC) (rerun 12) output pattern test
FAIL: libmudflap.cth/pass37-frag.c (-static -DSTATIC) (rerun 13) execution test
FAIL: libmudflap.cth/pass37-frag.c (-static -DSTATIC) (rerun 13) output pattern test
FAIL: libmudflap.cth/pass37-frag.c (-static -DSTATIC) (rerun 14) execution test
FAIL: libmudflap.cth/pass37-frag.c (-static -DSTATIC) (rerun 14) output pattern test
FAIL: libmudflap.cth/pass37-frag.c (-static -DSTATIC) (rerun 15) execution test
FAIL: libmudflap.cth/pass37-frag.c (-static -DSTATIC) (rerun 15) output pattern test
FAIL: libmudflap.cth/pass37-frag.c (-static -DSTATIC) (rerun 16) execution test
FAIL: libmudflap.cth/pass37-frag.c (-static -DSTATIC) (rerun 16) output pattern test
FAIL: libmudflap.cth/pass37-frag.c (-static -DSTATIC) (rerun 17) execution test
FAIL: libmudflap.cth/pass37-frag.c (-static -DSTATIC) (rerun 17) output pattern test
FAIL: libmudflap.cth/pass37-frag.c (-static -DSTATIC) (rerun 18) execution test
FAIL: libmudflap.cth/pass37-frag.c (-static -DSTATIC) (rerun 18) output pattern test
FAIL: libmudflap.cth/pass37-frag.c (-static -DSTATIC) (rerun 19) execution test
FAIL: libmudflap.cth/pass37-frag.c (-static -DSTATIC) (rerun 19) output pattern test
FAIL: libmudflap.cth/pass39-frag.c (-static -DSTATIC) execution test
FAIL: libmudflap.cth/pass39-frag.c (-static -DSTATIC) output pattern test
FAIL: libmudflap.cth/pass39-frag.c (-static -DSTATIC) (rerun 1) execution test
FAIL: libmudflap.cth/pass39-frag.c (-static -DSTATIC) (rerun 1) output pattern test
FAIL: libmudflap.cth/pass39-frag.c (-static -DSTATIC) (rerun 2) execution test
FAIL: libmudflap.cth/pass39-frag.c (-static -DSTATIC) (rerun 2) output pattern test
FAIL: libmudflap.cth/pass39-frag.c (-static -DSTATIC) (rerun 3) execution test
FAIL: libmudflap.cth/pass39-frag.c (-static -DSTATIC) (rerun 3) output pattern test
FAIL: libmudflap.cth/pass39-frag.c (-static -DSTATIC) (rerun 4) execution test
FAIL: libmudflap.cth/pass39-frag.c (-static -DSTATIC) (rerun 4) output pattern test
FAIL: libmudflap.cth/pass39-frag.c (-static -DSTATIC) (rerun 5) execution test
FAIL: libmudflap.cth/pass39-frag.c (-static -DSTATIC) (rerun 5) output pattern test
FAIL: libmudflap.cth/pass39-frag.c (-static -DSTATIC) (rerun 6) execution test
FAIL: libmudflap.cth/pass39-frag.c (-static -DSTATIC) (rerun 6) output pattern test
FAIL: libmudflap.cth/pass39-frag.c (-static -DSTATIC) (rerun 7) execution test
FAIL: libmudflap.cth/pass39-frag.c (-static -DSTATIC) (rerun 7) output pattern test
FAIL: libmudflap.cth/pass39-frag.c (-static -DSTATIC) (rerun 8) execution test
FAIL: libmudflap.cth/pass39-frag.c (-static -DSTATIC) (rerun 8) output pattern test
FAIL: libmudflap.cth/pass39-frag.c (-static -DSTATIC) (rerun 9) execution test
FAIL: libmudflap.cth/pass39-frag.c (-static -DSTATIC) (rerun 9) output pattern test
FAIL: libmudflap.cth/pass39-frag.c (-static -DSTATIC) (rerun 10) execution test
FAIL: libmudflap.cth/pass39-frag.c (-static -DSTATIC) (rerun 10) output pattern test
FAIL: libmudflap.cth/pass39-frag.c (-static -DSTATIC) (rerun 11) execution test
FAIL: libmudflap.cth/pass39-frag.c (-static -DSTATIC) (rerun 11) output pattern test
FAIL: libmudflap.cth/pass39-frag.c (-static -DSTATIC) (rerun 12) execution test
FAIL: libmudflap.cth/pass39-frag.c (-static -DSTATIC) (rerun 12) output pattern test
FAIL: libmudflap.cth/pass39-frag.c (-static -DSTATIC) (rerun 13) execution test
FAIL: libmudflap.cth/pass39-frag.c (-static -DSTATIC) (rerun 13) output pattern test
FAIL: libmudflap.cth/pass39-frag.c (-static -DSTATIC) (rerun 14) execution test
FAIL: libmudflap.cth/pass39-frag.c (-static -DSTATIC) (rerun 14) output pattern test
FAIL: libmudflap.cth/pass39-frag.c (-static -DSTATIC) (rerun 15) execution test
FAIL: libmudflap.cth/pass39-frag.c (-static -DSTATIC) (rerun 15) output pattern test
FAIL: libmudflap.cth/pass39-frag.c (-static -DSTATIC) (rerun 16) execution test
FAIL: libmudflap.cth/pass39-frag.c (-static -DSTATIC) (rerun 16) output pattern test
FAIL: libmudflap.cth/pass39-frag.c (-static -DSTATIC) (rerun 17) execution test
FAIL: libmudflap.cth/pass39-frag.c (-static -DSTATIC) (rerun 17) output pattern test
FAIL: libmudflap.cth/pass39-frag.c (-static -DSTATIC) (rerun 18) execution test
FAIL: libmudflap.cth/pass39-frag.c (-static -DSTATIC) (rerun 18) output pattern test
FAIL: libmudflap.cth/pass39-frag.c (-static -DSTATIC) (rerun 19) execution test
FAIL: libmudflap.cth/pass39-frag.c (-static -DSTATIC) (rerun 19) output pattern test
FAIL: libmudflap.cth/pass40-frag.c (-static -DSTATIC) execution test
FAIL: libmudflap.cth/pass40-frag.c (-static -DSTATIC) output pattern test

		=== libmudflap Summary for unix/-m32 ===

# of expected passes		1707
# of unexpected failures	82

Running target unix

		=== libmudflap Summary for unix ===

# of expected passes		1789

		=== libmudflap Summary ===

# of expected passes		3496
# of unexpected failures	82
		=== libstdc++ tests ===


Running target unix/-m32
FAIL: 22_locale/messages/members/char/1.cc execution test
FAIL: 22_locale/messages/members/char/2.cc execution test
FAIL: 22_locale/messages/members/char/wrapped_env.cc execution test
FAIL: 22_locale/messages/members/char/wrapped_locale.cc execution test
FAIL: 22_locale/messages_byname/named_equivalence.cc execution test
XPASS: 26_numerics/cmath/c99_classification_macros_c.cc (test for excess errors)

		=== libstdc++ Summary for unix/-m32 ===

# of expected passes		4016
# of unexpected failures	5
# of unexpected successes	1
# of expected failures		12
# of unsupported tests		4

Running target unix
XPASS: 26_numerics/cmath/c99_classification_macros_c.cc (test for excess errors)
XPASS: 27_io/fpos/14320-1.cc execution test

		=== libstdc++ Summary for unix ===

# of expected passes		4021
# of unexpected successes	2
# of expected failures		11
# of unsupported tests		4

		=== libstdc++ Summary ===

# of expected passes		8037
# of unexpected failures	5
# of unexpected successes	3
# of expected failures		23
# of unsupported tests		8

Compiler version: 4.1.0 20060214 (Red Hat 4.1.0-0.26) [redhat/gcc-4_1-branch revision 111200 clean] 
Platform: x86_64-redhat-linux-gnu
configure flags: x86_64-redhat-linux --enable-clocale=gnu --with-system-zlib --with-cpu=generic --with-demangler-in-ld --enable-shared --enable-threads=posix --enable-haifa --disable-checking --prefix=/usr/gcc-4.1-redhat --with-local-prefix=/usr/local --enable-languages=c,ada,c++,fortran,java,objc


Index Nav: [Date Index] [Subject Index] [Author Index] [Thread Index]
Message Nav: [Date Prev] [Date Next] [Thread Prev] [Thread Next]