This is the mail archive of the gcc-testresults@gcc.gnu.org mailing list for the GCC project.


Index Nav: [Date Index] [Subject Index] [Author Index] [Thread Index]
Message Nav: [Date Prev] [Date Next] [Thread Prev] [Thread Next]
Other format: [Raw text]

Results for 4.0.3 20060217 (prerelease) testsuite on ia64-hp-hpux11.23


LAST_UPDATED: Fri Feb 17 08:09:58 UTC 2006 (revision 111175)

Native configuration is ia64-hp-hpux11.23

		=== g++ tests ===


Running target unix/-milp32
XPASS: g++.dg/other/packed1.C execution test
FAIL: g++.dg/warn/weak1.C (test for excess errors)
WARNING: g++.dg/warn/weak1.C compilation failed to produce executable
FAIL: g++.dg/tls/static-1.C execution test
FAIL: g++.old-deja/g++.eh/badalloc1.C execution test
FAIL: g++.old-deja/g++.law/profile1.C execution test

		=== g++ Summary for unix/-milp32 ===

# of expected passes		10909
# of unexpected failures	4
# of unexpected successes	1
# of expected failures		74
# of unsupported tests		103

Running target unix/-mlp64
XPASS: g++.dg/other/packed1.C execution test
FAIL: g++.dg/warn/weak1.C (test for excess errors)
WARNING: g++.dg/warn/weak1.C compilation failed to produce executable
FAIL: g++.dg/tls/static-1.C execution test
FAIL: g++.old-deja/g++.eh/badalloc1.C execution test
FAIL: g++.old-deja/g++.law/profile1.C execution test

		=== g++ Summary for unix/-mlp64 ===

# of expected passes		10877
# of unexpected failures	4
# of unexpected successes	1
# of expected failures		74
# of unsupported tests		105

		=== g++ Summary ===

# of expected passes		21786
# of unexpected failures	8
# of unexpected successes	2
# of expected failures		148
# of unsupported tests		208
/scratch/gcc/nightly-2006-02-17-4.0/ia64-hp-hpux11.23/build_gcc/install/bin/c++  version 4.0.3 20060217 (prerelease)

		=== gcc tests ===


Running target unix/-milp32
FAIL: gcc.c-torture/compile/20051228-1.c  -O2  (test for excess errors)
FAIL: gcc.c-torture/compile/20051228-1.c  -O3 -fomit-frame-pointer  (test for excess errors)
FAIL: gcc.c-torture/compile/20051228-1.c  -O3 -g  (test for excess errors)
FAIL: gcc.c-torture/compile/20051228-1.c  -Os  (test for excess errors)
FAIL: gcc.dg/20020219-1.c execution test
FAIL: gcc.dg/20021014-1.c execution test
FAIL: gcc.dg/builtin-apply4.c execution test
FAIL: gcc.dg/cleanup-5.c (test for excess errors)
WARNING: gcc.dg/cleanup-5.c compilation failed to produce executable
FAIL: gcc.dg/ia64-fptr-1.c (test for excess errors)
WARNING: gcc.dg/ia64-fptr-1.c compilation failed to produce executable
FAIL: gcc.dg/nest.c execution test
FAIL: gcc.dg/transparent-union-1.c (test for excess errors)
FAIL: gcc.dg/transparent-union-2.c (test for excess errors)
FAIL: largefile.c -O0 -g (test for excess errors)
FAIL: largefile.c  -O0  (test for excess errors)
FAIL: largefile.c  -O1  (test for excess errors)
FAIL: largefile.c  -O2  (test for excess errors)
FAIL: largefile.c  -O3 -fomit-frame-pointer  (test for excess errors)
FAIL: largefile.c  -O3 -g  (test for excess errors)
FAIL: largefile.c  -Os  (test for excess errors)
FAIL: gcc.dg/tls/debug-1.c (test for excess errors)
FAIL: gcc.dg/tls/pr24428-2.c execution test
FAIL: gcc.dg/tls/pr24428.c execution test
XPASS: gcc.dg/vect/vect-22.c scan-tree-dump-times vectorized 3 loops 1
XPASS: gcc.dg/vect/vect-44.c scan-tree-dump-times Alignment of access forced using peeling 1
XPASS: gcc.dg/vect/vect-50.c scan-tree-dump-times Alignment of access forced using peeling 1
XPASS: gcc.dg/vect/vect-54.c scan-tree-dump-times Alignment of access forced using peeling 1
XPASS: gcc.dg/vect/vect-58.c scan-tree-dump-times Alignment of access forced using peeling 1
FAIL: gcc.dg/vect/vect-76.c execution test

		=== gcc Summary for unix/-milp32 ===

# of expected passes		34404
# of unexpected failures	23
# of unexpected successes	5
# of expected failures		126
# of untested testcases		35
# of unsupported tests		506

Running target unix/-mlp64
FAIL: gcc.dg/20021014-1.c execution test
FAIL: gcc.dg/builtin-apply4.c execution test
FAIL: gcc.dg/cleanup-5.c (test for excess errors)
WARNING: gcc.dg/cleanup-5.c compilation failed to produce executable
FAIL: gcc.dg/ia64-fptr-1.c (test for excess errors)
WARNING: gcc.dg/ia64-fptr-1.c compilation failed to produce executable
FAIL: gcc.dg/nest.c execution test
FAIL: gcc.dg/transparent-union-1.c (test for excess errors)
FAIL: gcc.dg/transparent-union-2.c (test for excess errors)
FAIL: largefile.c -O0 -g (test for excess errors)
FAIL: largefile.c  -O0  (test for excess errors)
FAIL: largefile.c  -O1  (test for excess errors)
FAIL: largefile.c  -O2  (test for excess errors)
FAIL: largefile.c  -O3 -fomit-frame-pointer  (test for excess errors)
FAIL: largefile.c  -O3 -g  (test for excess errors)
FAIL: largefile.c  -Os  (test for excess errors)
XPASS: gcc.dg/vect/vect-22.c scan-tree-dump-times vectorized 3 loops 1
XPASS: gcc.dg/vect/vect-44.c scan-tree-dump-times Alignment of access forced using peeling 1
XPASS: gcc.dg/vect/vect-50.c scan-tree-dump-times Alignment of access forced using peeling 1
XPASS: gcc.dg/vect/vect-54.c scan-tree-dump-times Alignment of access forced using peeling 1
XPASS: gcc.dg/vect/vect-58.c scan-tree-dump-times Alignment of access forced using peeling 1
FAIL: gcc.dg/vect/vect-76.c execution test

		=== gcc Summary for unix/-mlp64 ===

# of expected passes		34410
# of unexpected failures	15
# of unexpected successes	5
# of expected failures		126
# of untested testcases		35
# of unsupported tests		508

		=== gcc Summary ===

# of expected passes		68814
# of unexpected failures	38
# of unexpected successes	10
# of expected failures		252
# of untested testcases		70
# of unsupported tests		1014
/scratch/gcc/nightly-2006-02-17-4.0/ia64-hp-hpux11.23/build_gcc/install/bin/gcc  version 4.0.3 20060217 (prerelease)

		=== libstdc++ tests ===


Running target unix/-milp32

		=== libstdc++ Summary for unix/-milp32 ===

# of expected passes		2612
# of expected failures		11
# of unsupported tests		10

Running target unix/-mlp64

		=== libstdc++ Summary for unix/-mlp64 ===

# of expected passes		2612
# of expected failures		11
# of unsupported tests		10

		=== libstdc++ Summary ===

# of expected passes		5224
# of expected failures		22
# of unsupported tests		20

Compiler version: 4.0.3 20060217 (prerelease) 
Platform: ia64-hp-hpux11.23
configure flags: --disable-nls --build=ia64-hp-hpux11.23 --host=ia64-hp-hpux11.23 --target=ia64-hp-hpux11.23 --enable-shared --enable-threads --disable-libmudflap --disable-libssp --disable-libgomp --disable-libstdcxx-pch --with-gnu-as --with-as=/scratch/gcc/nightly-2006-02-17-4.0/ia64-hp-hpux11.23/build_gcc/install/bin/as --without-gnu-ld --with-ld=/usr/ccs/bin/ld --prefix=/scratch/gcc/nightly-2006-02-17-4.0/ia64-hp-hpux11.23/build_gcc/install --enable-languages=c,c++


Index Nav: [Date Index] [Subject Index] [Author Index] [Thread Index]
Message Nav: [Date Prev] [Date Next] [Thread Prev] [Thread Next]