This is the mail archive of the gcc-testresults@gcc.gnu.org mailing list for the GCC project.


Index Nav: [Date Index] [Subject Index] [Author Index] [Thread Index]
Message Nav: [Date Prev] [Date Next] [Thread Prev] [Thread Next]
Other format: [Raw text]

Results for 4.2.0 20060217 (experimental) [trunk revision 111180 clean] testsuite on i686-pc-linux-gnu


LAST_UPDATED: Fri Feb 17 14:03:18 UTC 2006 (revision 111180)

Native configuration is i686-pc-linux-gnu

		=== gfortran tests ===


Running target unix

		=== gfortran Summary ===

# of expected passes		11726
# of expected failures		17
# of unsupported tests		16
/export/build/gnu/gcc/build-i686-linux/gcc/testsuite/gfortran/../../gfortran  version 4.2.0 20060217 (experimental) [trunk revision 111180 clean]

		=== libgomp tests ===


Running target unix
FAIL: libgomp.fortran/omp_parse3.f90  -O0  execution test

		=== libgomp Summary ===

# of expected passes		1070
# of unexpected failures	1

Compiler version: 4.2.0 20060217 (experimental) [trunk revision 111180 clean] 
Platform: i686-pc-linux-gnu
configure flags: --enable-clocale=gnu --with-system-zlib --with-demangler-in-ld --enable-shared --enable-threads=posix --enable-haifa --disable-checking --prefix=/usr/gcc-4.2 --with-local-prefix=/usr/local --enable-languages=c,c++,fortran,java,objc


Index Nav: [Date Index] [Subject Index] [Author Index] [Thread Index]
Message Nav: [Date Prev] [Date Next] [Thread Prev] [Thread Next]