This is the mail archive of the
gcc-testresults@gcc.gnu.org
mailing list for the GCC project.
Results for 4.2.0 20060213 (experimental) gfortran testsuite on sparc-sun-solaris2.9
- From: Francois-Xavier Coudert <coudert at lcp dot u-psud dot fr>
- To: gcc-testresults at gcc dot gnu dot org
- Date: Fri, 17 Feb 2006 13:43:45 +0100
- Subject: Results for 4.2.0 20060213 (experimental) gfortran testsuite on sparc-sun-solaris2.9
LAST_UPDATED:
Native configuration is sparc-sun-solaris2.9
=== gfortran tests ===
Running target unix
FAIL: gfortran.dg/assumed_dummy_2.f90 -O (test for errors, line 12)
FAIL: gfortran.dg/assumed_dummy_2.f90 -O (test for excess errors)
=== gfortran Summary for unix ===
# of expected passes11495
# of unexpected failures2
# of expected failures6
# of unsupported tests79
Running target unix/-m64
FAIL: gfortran.dg/open_access_1.f90 -O (test for errors, line 5)
FAIL: gfortran.dg/open_access_1.f90 -O (test for excess errors)
FAIL: gfortran.dg/parens_2.f90 -O (test for errors, line 5)
FAIL: gfortran.dg/parens_2.f90 -O (test for excess errors)
FAIL: gfortran.dg/pr20865.f90 -O (test for errors, line 9)
FAIL: gfortran.dg/pr20865.f90 -O (test for excess errors)
FAIL: gfortran.dg/secnds.f -O0 execution test
=== gfortran Summary for unix/-m64 ===
# of expected passes11504
# of unexpected failures7
# of expected failures7
# of unsupported tests71
=== gfortran Summary ===
# of expected passes22999
# of unexpected failures9
# of expected failures13
# of unsupported tests150
/tmp/gfortran-20060213/ibin/gcc/testsuite/gfortran/../../gfortran version 4.2.0 20060213 (experimental)
Compiler version: 4.2.0 20060213 (experimental) gfortran
Platform: sparc-sun-solaris2.9
configure flags: --prefix=/tmp/gfortran-20060213/irun --enable-languages=c,fortran --with-gmp=/tmp/gfortran-20060213/gfortran_libs --disable-libssp --disable-libmudflap --disable-nls --enable-bootstrap,;t t