This is the mail archive of the gcc-testresults@gcc.gnu.org mailing list for the GCC project.


Index Nav: [Date Index] [Subject Index] [Author Index] [Thread Index]
Message Nav: [Date Prev] [Date Next] [Thread Prev] [Thread Next]
Other format: [Raw text]

Results for 4.2.0 20060216 (experimental) testsuite on powerpc-apple-darwin8.3.0


This build run by an automatic regression tester.
See <http://gcc.gnu.org/regtest/HEAD/> for more information.

Date: 2006-02-16T15:25:40Z
Revision: 111138
URL: svn://gcc.gnu.org/svn/gcc/trunk
Status: regress-9
Prev-Endtime: 2006-02-16T15:24:13Z

LAST_UPDATED: 
Native configuration is powerpc-apple-darwin8.3.0

		=== g++ tests ===


Running target unix
FAIL: g++.dg/abi/thunk4.C scan-assembler .weak[ \\t]_?_ZThn._N7Derived3FooEv
FAIL: g++.dg/init/ctor4.C (test for excess errors)
FAIL: g++.dg/parse/register1.C (test for excess errors)
FAIL: g++.dg/warn/huge-val1.C (test for excess errors)
FAIL: g++.dg/warn/weak1.C (test for excess errors)
WARNING: g++.dg/warn/weak1.C compilation failed to produce executable
FAIL: g++.dg/special/conpr-3.C execution test
FAIL: g++.old-deja/g++.brendan/warnings4.C (test for excess errors)
FAIL: g++.old-deja/g++.jason/overload34.C (test for excess errors)
FAIL: g++.old-deja/g++.mike/p11110.C (test for excess errors)

		=== g++ Summary ===

# of expected passes		11933
# of unexpected failures	9
# of expected failures		66
# of unsupported tests		118
/Users/regress/tbox/native/build/gcc/testsuite/g++/../../g++  version 4.2.0 20060216 (experimental)

		=== gcc tests ===


Running target unix
FAIL: gcc.c-torture/execute/built-in-setjmp.c execution,  -O2 
FAIL: gcc.c-torture/execute/built-in-setjmp.c execution,  -O3 -fomit-frame-pointer 
FAIL: gcc.c-torture/execute/built-in-setjmp.c execution,  -O3 -fomit-frame-pointer -funroll-loops 
FAIL: gcc.c-torture/execute/built-in-setjmp.c execution,  -O3 -fomit-frame-pointer -funroll-all-loops -finline-functions 
FAIL: gcc.c-torture/execute/built-in-setjmp.c execution,  -O3 -g 
FAIL: tmpdir-gcc.dg-struct-layout-1/t001 c_compat_x_tst.o-c_compat_y_tst.o execute 
FAIL: tmpdir-gcc.dg-struct-layout-1/t024 c_compat_x_tst.o-c_compat_y_tst.o execute 
FAIL: tmpdir-gcc.dg-struct-layout-1/t025 c_compat_x_tst.o-c_compat_y_tst.o execute 
FAIL: tmpdir-gcc.dg-struct-layout-1/t026 c_compat_x_tst.o-c_compat_y_tst.o execute 
FAIL: tmpdir-gcc.dg-struct-layout-1/t027 c_compat_x_tst.o-c_compat_y_tst.o execute 
FAIL: tmpdir-gcc.dg-struct-layout-1/t028 c_compat_x_tst.o-c_compat_y_tst.o execute 
FAIL: gcc.target/powerpc/pr18096-1.c stack frame too large (test for warnings, line 11)
FAIL: gcc.target/powerpc/pr18096-1.c (test for excess errors)
FAIL: gcc.target/powerpc/stabs-attrib-vect-darwin.c scan-assembler .stabs.*vi:\\\\(0,16\\\\)=@V

		=== gcc Summary ===

# of expected passes		39528
# of unexpected failures	14
# of expected failures		116
# of untested testcases		28
# of unsupported tests		421
/Users/regress/tbox/native/build/gcc/xgcc  version 4.2.0 20060216 (experimental)

		=== objc tests ===


Running target unix
FAIL: objc.dg-struct-layout-encoding-1/t002_main.m execution test
FAIL: objc.dg-struct-layout-encoding-1/t003_main.m execution test
FAIL: objc.dg-struct-layout-encoding-1/t004_main.m execution test
FAIL: objc.dg-struct-layout-encoding-1/t006_main.m execution test
FAIL: objc.dg-struct-layout-encoding-1/t007_main.m execution test
FAIL: objc.dg-struct-layout-encoding-1/t008_main.m execution test
FAIL: objc.dg-struct-layout-encoding-1/t011_main.m execution test
FAIL: objc.dg-struct-layout-encoding-1/t012_main.m execution test
FAIL: objc.dg-struct-layout-encoding-1/t015_main.m execution test
FAIL: objc.dg-struct-layout-encoding-1/t022_main.m execution test

		=== objc Summary ===

# of expected passes		2958
# of unexpected failures	10
# of expected failures		7
# of unsupported tests		1
/Users/regress/tbox/native/build/gcc/xgcc  version 4.2.0 20060216 (experimental)

		=== libffi tests ===


Running target unix

		=== libffi Summary ===

# of expected passes		228
# of unsupported tests		2
		=== libgomp tests ===


Running target unix
WARNING: program timed out.
FAIL: libgomp.c/appendix-a/a.18.1.c execution test
WARNING: program timed out.
FAIL: libgomp.c/appendix-a/a.19.1.c execution test
WARNING: program timed out.
FAIL: libgomp.c/appendix-a/a.2.1.c execution test
WARNING: program timed out.
FAIL: libgomp.c/appendix-a/a.36.1.c execution test
WARNING: program timed out.
FAIL: libgomp.c/barrier-1.c execution test
WARNING: program timed out.
FAIL: libgomp.c/critical-1.c execution test
WARNING: program timed out.
FAIL: libgomp.c/lib-1.c execution test
WARNING: program timed out.
FAIL: libgomp.c/loop-1.c execution test
WARNING: program timed out.
FAIL: libgomp.c/loop-2.c execution test
WARNING: program timed out.
FAIL: libgomp.c/nested-1.c execution test
WARNING: program timed out.
FAIL: libgomp.c/nested-2.c execution test
WARNING: program timed out.
FAIL: libgomp.c/nestedfn-1.c execution test
WARNING: program timed out.
FAIL: libgomp.c/nestedfn-3.c execution test
WARNING: program timed out.
FAIL: libgomp.c/omp-loop03.c execution test
WARNING: program timed out.
FAIL: libgomp.c/omp-nested-1.c execution test
WARNING: program timed out.
FAIL: libgomp.c/omp-parallel-for.c execution test
WARNING: program timed out.
FAIL: libgomp.c/omp-parallel-if.c execution test
WARNING: program timed out.
FAIL: libgomp.c/ordered-1.c execution test
WARNING: program timed out.
FAIL: libgomp.c/ordered-2.c execution test
WARNING: program timed out.
FAIL: libgomp.c/ordered-3.c execution test
WARNING: program timed out.
FAIL: libgomp.c/parallel-1.c execution test
WARNING: program timed out.
FAIL: libgomp.c/reduction-1.c execution test
WARNING: program timed out.
FAIL: libgomp.c/reduction-2.c execution test
WARNING: program timed out.
FAIL: libgomp.c/reduction-3.c execution test
WARNING: program timed out.
FAIL: libgomp.c/reduction-4.c execution test
WARNING: program timed out.
FAIL: libgomp.c/sections-1.c execution test
WARNING: program timed out.
FAIL: libgomp.c/shared-1.c execution test
WARNING: program timed out.
FAIL: libgomp.c/shared-2.c execution test
WARNING: program timed out.
FAIL: libgomp.c/single-1.c execution test
WARNING: program timed out.
FAIL: libgomp.c/vla-1.c execution test

		=== libgomp Summary ===

# of expected passes		92
# of unexpected failures	30
# of unsupported tests		5
		=== libjava tests ===


Running target unix

		=== libjava Summary ===

# of expected passes		4047
# of expected failures		10
# of untested testcases		8
		=== libstdc++ tests ===


Running target unix
FAIL: 25_algorithms/prev_permutation/1.cc execution test
FAIL: 26_numerics/complex/13450.cc execution test
FAIL: 27_io/objects/char/6.cc execution test
FAIL: 27_io/objects/wchar_t/6.cc execution test

		=== libstdc++ Summary ===

# of expected passes		3484
# of unexpected failures	4
# of expected failures		13
# of unsupported tests		323

Compiler version: 4.2.0 20060216 (experimental) 
Platform: powerpc-apple-darwin8.3.0
configure flags: --prefix=/Users/regress/tbox/objs --target=powerpc-apple-darwin8.3.0 --enable-languages=c,c++,java,objc


Index Nav: [Date Index] [Subject Index] [Author Index] [Thread Index]
Message Nav: [Date Prev] [Date Next] [Thread Prev] [Thread Next]