This is the mail archive of the gcc-testresults@gcc.gnu.org mailing list for the GCC project.


Index Nav: [Date Index] [Subject Index] [Author Index] [Thread Index]
Message Nav: [Date Prev] [Date Next] [Thread Prev] [Thread Next]
Other format: [Raw text]

Results for 4.2.0 20060216 (experimental) testsuite on x86_64-unknown-netbsd3.0


LAST_UPDATED: Thu Feb 16 16:44:24 UTC 2006 (revision 111144)

Native configuration is x86_64-unknown-netbsd3.0

		=== g++ tests ===


Running target unix
FAIL: g++.dg/init/ctor4.C (test for excess errors)
FAIL: g++.dg/parse/register1.C (test for excess errors)
FAIL: g++.old-deja/g++.brendan/warnings4.C (test for excess errors)
FAIL: g++.old-deja/g++.jason/overload34.C (test for excess errors)
FAIL: g++.old-deja/g++.mike/p11110.C (test for excess errors)
XPASS: g++.old-deja/g++.other/init5.C execution test

		=== g++ Summary ===

# of expected passes		11937
# of unexpected failures	5
# of unexpected successes	1
# of expected failures		65
# of unsupported tests		111
/gcctmp/gcc060216/build/gcc/testsuite/g++/../../g++  version 4.2.0 20060216 (experimental)

		=== gcc tests ===


Running target unix
FAIL: gcc.c-torture/execute/conversion.c execution,  -O0 
FAIL: gcc.c-torture/execute/conversion.c execution,  -O1 
FAIL: gcc.c-torture/execute/conversion.c execution,  -O2 
FAIL: gcc.dg/compat/struct-complex-1 c_compat_x_tst.o compile
FAIL: gcc.dg/compat/struct-complex-1 c_compat_y_tst.o compile
UNRESOLVED: gcc.dg/compat/struct-complex-1 c_compat_x_tst.o-c_compat_y_tst.o link 
UNRESOLVED: gcc.dg/compat/struct-complex-1 c_compat_x_tst.o-c_compat_y_tst.o execute 
FAIL: gcc.dg/builtins-20.c (test for excess errors)
FAIL: largefile.c -O0 -g (test for excess errors)
FAIL: largefile.c  -O0  (test for excess errors)
FAIL: largefile.c  -O1  (test for excess errors)
FAIL: largefile.c  -O2  (test for excess errors)
FAIL: largefile.c  -O3 -fomit-frame-pointer  (test for excess errors)
FAIL: largefile.c  -O3 -g  (test for excess errors)
FAIL: largefile.c  -Os  (test for excess errors)
FAIL: gcc.dg/special/gcsec-1.c execution test
FAIL: gcc.dg/torture/builtin-convert-1.c  -O1  (test for excess errors)
FAIL: gcc.dg/torture/builtin-convert-1.c  -O2  (test for excess errors)
FAIL: gcc.dg/torture/builtin-convert-1.c  -O3 -fomit-frame-pointer  (test for excess errors)
FAIL: gcc.dg/torture/builtin-convert-1.c  -O3 -g  (test for excess errors)
FAIL: gcc.dg/torture/builtin-convert-1.c  -Os  (test for excess errors)
FAIL: gcc.dg/torture/builtin-convert-2.c  -O1  (test for excess errors)
FAIL: gcc.dg/torture/builtin-convert-2.c  -O2  (test for excess errors)
FAIL: gcc.dg/torture/builtin-convert-2.c  -O3 -fomit-frame-pointer  (test for excess errors)
FAIL: gcc.dg/torture/builtin-convert-2.c  -O3 -g  (test for excess errors)
FAIL: gcc.dg/torture/builtin-convert-2.c  -Os  (test for excess errors)
FAIL: gcc.dg/torture/builtin-convert-3.c  -O1  (test for excess errors)
FAIL: gcc.dg/torture/builtin-convert-3.c  -O2  (test for excess errors)
FAIL: gcc.dg/torture/builtin-convert-3.c  -O3 -fomit-frame-pointer  (test for excess errors)
FAIL: gcc.dg/torture/builtin-convert-3.c  -O3 -g  (test for excess errors)
FAIL: gcc.dg/torture/builtin-convert-3.c  -Os  (test for excess errors)
FAIL: gcc.dg/torture/builtin-power-1.c  -O0  (test for excess errors)
FAIL: gcc.dg/torture/builtin-power-1.c  -O1  (test for excess errors)
FAIL: gcc.dg/torture/builtin-power-1.c  -O2  (test for excess errors)
FAIL: gcc.dg/torture/builtin-power-1.c  -O3 -fomit-frame-pointer  (test for excess errors)
FAIL: gcc.dg/torture/builtin-power-1.c  -O3 -g  (test for excess errors)
FAIL: gcc.dg/torture/builtin-power-1.c  -Os  (test for excess errors)
WARNING: gcc.dg/torture/fp-int-convert-float128-timode.c  -O0  compilation failed to produce executable
WARNING: gcc.dg/torture/fp-int-convert-float128-timode.c  -O1  compilation failed to produce executable
WARNING: gcc.dg/torture/fp-int-convert-float128-timode.c  -O2  compilation failed to produce executable
WARNING: gcc.dg/torture/fp-int-convert-float128-timode.c  -O3 -fomit-frame-pointer  compilation failed to produce executable
WARNING: gcc.dg/torture/fp-int-convert-float128-timode.c  -O3 -g  compilation failed to produce executable
WARNING: gcc.dg/torture/fp-int-convert-float128-timode.c  -Os  compilation failed to produce executable
WARNING: gcc.dg/torture/fp-int-convert-float128.c  -O0  compilation failed to produce executable
WARNING: gcc.dg/torture/fp-int-convert-float128.c  -O1  compilation failed to produce executable
WARNING: gcc.dg/torture/fp-int-convert-float128.c  -O2  compilation failed to produce executable
WARNING: gcc.dg/torture/fp-int-convert-float128.c  -O3 -fomit-frame-pointer  compilation failed to produce executable
WARNING: gcc.dg/torture/fp-int-convert-float128.c  -O3 -g  compilation failed to produce executable
WARNING: gcc.dg/torture/fp-int-convert-float128.c  -Os  compilation failed to produce executable
FAIL: gcc.dg/torture/fp-int-convert-float80-timode.c  -O0  execution test
FAIL: gcc.dg/torture/fp-int-convert-float80-timode.c  -O1  execution test
FAIL: gcc.dg/torture/fp-int-convert-float80-timode.c  -O2  execution test
FAIL: gcc.dg/torture/fp-int-convert-float80-timode.c  -O3 -fomit-frame-pointer  execution test
FAIL: gcc.dg/torture/fp-int-convert-float80-timode.c  -O3 -g  execution test
FAIL: gcc.dg/torture/fp-int-convert-float80-timode.c  -Os  execution test
FAIL: gcc.dg/torture/fp-int-convert-float80.c  -O0  execution test
FAIL: gcc.dg/torture/fp-int-convert-float80.c  -O1  execution test
FAIL: gcc.dg/torture/fp-int-convert-float80.c  -O2  execution test
FAIL: gcc.dg/torture/fp-int-convert-float80.c  -O3 -fomit-frame-pointer  execution test
FAIL: gcc.dg/torture/fp-int-convert-float80.c  -O3 -g  execution test
FAIL: gcc.dg/torture/fp-int-convert-float80.c  -Os  execution test
FAIL: gcc.dg/torture/fp-int-convert-long-double.c  -O0  execution test
FAIL: gcc.dg/torture/fp-int-convert-long-double.c  -O1  execution test
FAIL: gcc.dg/torture/fp-int-convert-long-double.c  -O2  execution test
FAIL: gcc.dg/torture/fp-int-convert-long-double.c  -O3 -fomit-frame-pointer  execution test
FAIL: gcc.dg/torture/fp-int-convert-long-double.c  -O3 -g  execution test
FAIL: gcc.dg/torture/fp-int-convert-long-double.c  -Os  execution test
FAIL: gcc.dg/torture/fp-int-convert-timode.c  -O0  execution test
FAIL: gcc.dg/torture/fp-int-convert-timode.c  -O1  execution test
FAIL: gcc.dg/torture/fp-int-convert-timode.c  -O2  execution test
FAIL: gcc.dg/torture/fp-int-convert-timode.c  -O3 -fomit-frame-pointer  execution test
FAIL: gcc.dg/torture/fp-int-convert-timode.c  -O3 -g  execution test
FAIL: gcc.dg/torture/fp-int-convert-timode.c  -Os  execution test

		=== gcc Summary ===

# of expected passes		38677
# of unexpected failures	59
# of expected failures		123
# of unresolved testcases	2
# of untested testcases		35
# of unsupported tests		407
/gcctmp/gcc060216/build/gcc/xgcc  version 4.2.0 20060216 (experimental)

		=== gfortran tests ===


Running target unix
FAIL: gfortran.dg/gomp/appendix-a/a.11.6.f90  -O  (test for excess errors)
FAIL: gfortran.dg/gomp/appendix-a/a.12.1.f90  -O  (test for excess errors)
FAIL: gfortran.dg/gomp/appendix-a/a.13.1.f90  -O  (test for excess errors)
FAIL: gfortran.dg/gomp/appendix-a/a.23.1.f90  -O  (test for excess errors)
FAIL: gfortran.dg/gomp/appendix-a/a.23.2.f90  -O  (test for excess errors)
FAIL: gfortran.dg/gomp/appendix-a/a.23.3.f90  -O  (test for excess errors)
FAIL: gfortran.dg/gomp/appendix-a/a.23.4.f90  -O  (test for excess errors)
FAIL: gfortran.dg/gomp/appendix-a/a.23.5.f90  -O  (test for excess errors)
FAIL: gfortran.dg/gomp/appendix-a/a.24.1.f90  -O   (test for errors, line 20)
FAIL: gfortran.dg/gomp/appendix-a/a.24.1.f90  -O   (test for errors, line 14)
FAIL: gfortran.dg/gomp/appendix-a/a.24.1.f90  -O   (test for errors, line 20)
FAIL: gfortran.dg/gomp/appendix-a/a.24.1.f90  -O  (test for excess errors)
FAIL: gfortran.dg/gomp/appendix-a/a.25.1.f90  -O  (test for excess errors)
FAIL: gfortran.dg/gomp/appendix-a/a.26.2.f90  -O  (test for excess errors)
FAIL: gfortran.dg/gomp/appendix-a/a.27.1.f90  -O  (test for excess errors)
FAIL: gfortran.dg/gomp/appendix-a/a.30.1.f90  -O  (test for excess errors)
FAIL: gfortran.dg/gomp/appendix-a/a.31.1.f90  -O  (test for excess errors)
FAIL: gfortran.dg/gomp/appendix-a/a.31.2.f90  -O  (test for excess errors)
FAIL: gfortran.dg/gomp/appendix-a/a.34.1.f90  -O  (test for excess errors)
FAIL: gfortran.dg/gomp/appendix-a/a.35.1.f90  -O  (test for excess errors)
FAIL: gfortran.dg/gomp/appendix-a/a.36.1.f90  -O  (test for excess errors)
FAIL: gfortran.dg/gomp/appendix-a/a.37.2.f90  -O  (test for excess errors)
FAIL: gfortran.dg/gomp/appendix-a/a.7.1.f90  -O  (test for excess errors)
FAIL: gfortran.dg/gomp/crayptr1.f90  -O   (test for errors, line 13)
FAIL: gfortran.dg/gomp/crayptr1.f90  -O   (test for errors, line 16)
FAIL: gfortran.dg/gomp/crayptr1.f90  -O   (test for errors, line 19)
FAIL: gfortran.dg/gomp/crayptr1.f90  -O   (test for errors, line 25)
FAIL: gfortran.dg/gomp/crayptr1.f90  -O   (test for errors, line 39)
FAIL: gfortran.dg/gomp/crayptr1.f90  -O   (test for errors, line 42)
FAIL: gfortran.dg/gomp/crayptr1.f90  -O   (test for errors, line 48)
FAIL: gfortran.dg/gomp/crayptr1.f90  -O  (test for excess errors)
FAIL: gfortran.dg/gomp/crayptr3.f90  -O   (test for errors, line 19)
FAIL: gfortran.dg/gomp/crayptr3.f90  -O   (test for errors, line 20)
FAIL: gfortran.dg/gomp/crayptr3.f90  -O  (test for excess errors)
FAIL: gfortran.dg/gomp/crayptr4.f90  -O  (test for excess errors)
FAIL: gfortran.dg/gomp/omp_clauses1.f90  -O   (test for errors, line 11)
FAIL: gfortran.dg/gomp/omp_clauses1.f90  -O   (test for errors, line 13)
FAIL: gfortran.dg/gomp/omp_clauses1.f90  -O   (test for errors, line 15)
FAIL: gfortran.dg/gomp/omp_clauses1.f90  -O   (test for errors, line 17)
FAIL: gfortran.dg/gomp/omp_clauses1.f90  -O   (test for errors, line 19)
FAIL: gfortran.dg/gomp/omp_clauses1.f90  -O   (test for errors, line 21)
FAIL: gfortran.dg/gomp/omp_clauses1.f90  -O  (test for excess errors)
FAIL: gfortran.dg/gomp/omp_do1.f90  -O   (test for errors, line 9)
FAIL: gfortran.dg/gomp/omp_do1.f90  -O   (test for errors, line 14)
FAIL: gfortran.dg/gomp/omp_do1.f90  -O   (test for errors, line 20)
FAIL: gfortran.dg/gomp/omp_do1.f90  -O   (test for errors, line 23)
FAIL: gfortran.dg/gomp/omp_do1.f90  -O   (test for warnings, line 27)
FAIL: gfortran.dg/gomp/omp_do1.f90  -O   (test for warnings, line 31)
FAIL: gfortran.dg/gomp/omp_do1.f90  -O   (test for errors, line 51)
FAIL: gfortran.dg/gomp/omp_do1.f90  -O   (test for errors, line 27)
FAIL: gfortran.dg/gomp/omp_do1.f90  -O   (test for errors, line 31)
FAIL: gfortran.dg/gomp/omp_do1.f90  -O  (test for excess errors)
FAIL: gfortran.dg/gomp/sharing-1.f90  -O   (test for errors, line 12)
FAIL: gfortran.dg/gomp/sharing-1.f90  -O   (test for errors, line 24)
FAIL: gfortran.dg/gomp/sharing-1.f90  -O   (test for errors, line 25)
FAIL: gfortran.dg/gomp/sharing-1.f90  -O   (test for errors, line 26)
FAIL: gfortran.dg/gomp/sharing-1.f90  -O  (test for excess errors)
FAIL: gfortran.dg/gomp/sharing-2.f90  -O   (test for errors, line 12)
FAIL: gfortran.dg/gomp/sharing-2.f90  -O   (test for errors, line 16)
FAIL: gfortran.dg/gomp/sharing-2.f90  -O   (test for errors, line 57)
FAIL: gfortran.dg/gomp/sharing-2.f90  -O   (test for errors, line 58)
FAIL: gfortran.dg/gomp/sharing-2.f90  -O   (test for errors, line 64)
FAIL: gfortran.dg/gomp/sharing-2.f90  -O   (test for errors, line 65)
FAIL: gfortran.dg/gomp/sharing-2.f90  -O  (test for excess errors)
FAIL: gfortran.fortran-torture/execute/intrinsic_fraction_exponent.f90 execution,  -O0 
FAIL: gfortran.fortran-torture/execute/intrinsic_fraction_exponent.f90 execution,  -O1 
FAIL: gfortran.fortran-torture/execute/intrinsic_fraction_exponent.f90 execution,  -O2 
FAIL: gfortran.fortran-torture/execute/intrinsic_fraction_exponent.f90 execution,  -O3 -fomit-frame-pointer 
FAIL: gfortran.fortran-torture/execute/intrinsic_fraction_exponent.f90 execution,  -O3 -fomit-frame-pointer -funroll-loops 
FAIL: gfortran.fortran-torture/execute/intrinsic_fraction_exponent.f90 execution,  -O3 -fomit-frame-pointer -funroll-all-loops -finline-functions 
FAIL: gfortran.fortran-torture/execute/intrinsic_fraction_exponent.f90 execution,  -O3 -g 
FAIL: gfortran.fortran-torture/execute/intrinsic_fraction_exponent.f90 execution,  -Os 
FAIL: gfortran.fortran-torture/execute/intrinsic_set_exponent.f90 execution,  -O0 
FAIL: gfortran.fortran-torture/execute/intrinsic_set_exponent.f90 execution,  -O1 
FAIL: gfortran.fortran-torture/execute/intrinsic_set_exponent.f90 execution,  -O2 
FAIL: gfortran.fortran-torture/execute/intrinsic_set_exponent.f90 execution,  -O3 -fomit-frame-pointer 
FAIL: gfortran.fortran-torture/execute/intrinsic_set_exponent.f90 execution,  -O3 -fomit-frame-pointer -funroll-loops 
FAIL: gfortran.fortran-torture/execute/intrinsic_set_exponent.f90 execution,  -O3 -fomit-frame-pointer -funroll-all-loops -finline-functions 
FAIL: gfortran.fortran-torture/execute/intrinsic_set_exponent.f90 execution,  -O3 -g 
FAIL: gfortran.fortran-torture/execute/intrinsic_set_exponent.f90 execution,  -Os 

		=== gfortran Summary ===

# of expected passes		11554
# of unexpected failures	80
# of expected failures		12
# of unsupported tests		56
/gcctmp/gcc060216/build/gcc/testsuite/gfortran/../../gfortran  version 4.2.0 20060216 (experimental)

		=== obj-c++ tests ===


Running target unix
FAIL: obj-c++.dg/bitfield-1.mm (test for excess errors)
FAIL: obj-c++.dg/bitfield-4.mm (test for excess errors)
FAIL: obj-c++.dg/comp-types-10.mm (test for excess errors)
FAIL: obj-c++.dg/cxx-ivars-2.mm execution test
FAIL: obj-c++.dg/encode-3.mm (test for excess errors)
FAIL: obj-c++.dg/encode-3.mm execution test
FAIL: obj-c++.dg/encode-8.mm execution test
FAIL: obj-c++.dg/isa-field-1.mm (test for excess errors)
FAIL: obj-c++.dg/layout-1.mm (test for excess errors)
FAIL: obj-c++.dg/lookup-2.mm (test for excess errors)
WARNING: obj-c++.dg/lookup-2.mm compilation failed to produce executable
FAIL: obj-c++.dg/try-catch-2.mm (test for excess errors)
WARNING: obj-c++.dg/try-catch-2.mm compilation failed to produce executable
FAIL: obj-c++.dg/try-catch-9.mm (test for excess errors)
WARNING: obj-c++.dg/try-catch-9.mm compilation failed to produce executable

		=== obj-c++ Summary ===

# of expected passes		417
# of unexpected failures	12
# of unsupported tests		13
/gcctmp/gcc060216/build/gcc/testsuite/obj-c++/../../g++  version 4.2.0 20060216 (experimental)

		=== objc tests ===


Running target unix

		=== objc Summary ===

# of expected passes		1747
# of expected failures		7
# of unsupported tests		23
/gcctmp/gcc060216/build/gcc/xgcc  version 4.2.0 20060216 (experimental)

		=== treelang tests ===


Running target unix

		=== treelang Summary ===

# of expected passes		50
		=== libgomp tests ===


Running target unix
FAIL: libgomp.c/appendix-a/a.15.1.c execution test
FAIL: libgomp.c/appendix-a/a.16.1.c execution test
FAIL: libgomp.c/appendix-a/a.18.1.c execution test
FAIL: libgomp.c/appendix-a/a.19.1.c execution test
FAIL: libgomp.c/appendix-a/a.2.1.c execution test
FAIL: libgomp.c/appendix-a/a.21.1.c execution test
FAIL: libgomp.c/appendix-a/a.26.1.c execution test
FAIL: libgomp.c/appendix-a/a.29.1.c execution test
FAIL: libgomp.c/appendix-a/a.3.1.c execution test
FAIL: libgomp.c/appendix-a/a.36.1.c execution test
FAIL: libgomp.c/appendix-a/a.39.1.c execution test
FAIL: libgomp.c/appendix-a/a.4.1.c execution test
FAIL: libgomp.c/appendix-a/a.5.1.c execution test
FAIL: libgomp.c/atomic-1.c execution test
FAIL: libgomp.c/atomic-10.c execution test
FAIL: libgomp.c/atomic-2.c (test for excess errors)
WARNING: libgomp.c/atomic-2.c compilation failed to produce executable
FAIL: libgomp.c/barrier-1.c execution test
FAIL: libgomp.c/critical-1.c execution test
FAIL: libgomp.c/critical-2.c execution test
FAIL: libgomp.c/lib-1.c execution test
FAIL: libgomp.c/loop-1.c execution test
FAIL: libgomp.c/loop-2.c execution test
FAIL: libgomp.c/loop-3.c execution test
FAIL: libgomp.c/nested-1.c execution test
FAIL: libgomp.c/nested-2.c execution test
FAIL: libgomp.c/nestedfn-1.c execution test
FAIL: libgomp.c/nestedfn-2.c execution test
FAIL: libgomp.c/nestedfn-3.c execution test
FAIL: libgomp.c/omp-loop01.c execution test
FAIL: libgomp.c/omp-loop02.c execution test
FAIL: libgomp.c/omp-loop03.c execution test
FAIL: libgomp.c/omp-nested-1.c execution test
FAIL: libgomp.c/omp-parallel-for.c execution test
FAIL: libgomp.c/omp-parallel-if.c execution test
FAIL: libgomp.c/omp-single-1.c execution test
FAIL: libgomp.c/omp-single-2.c execution test
FAIL: libgomp.c/omp-single-3.c execution test
FAIL: libgomp.c/omp_hello.c execution test
FAIL: libgomp.c/omp_matvec.c execution test
FAIL: libgomp.c/omp_orphan.c execution test
FAIL: libgomp.c/omp_reduction.c execution test
FAIL: libgomp.c/omp_workshare1.c execution test
FAIL: libgomp.c/omp_workshare2.c execution test
FAIL: libgomp.c/omp_workshare4.c execution test
FAIL: libgomp.c/ordered-1.c execution test
FAIL: libgomp.c/ordered-2.c execution test
FAIL: libgomp.c/ordered-3.c execution test
FAIL: libgomp.c/parallel-1.c execution test
FAIL: libgomp.c/reduction-1.c execution test
FAIL: libgomp.c/reduction-2.c execution test
FAIL: libgomp.c/reduction-3.c execution test
FAIL: libgomp.c/reduction-4.c execution test
FAIL: libgomp.c/sections-1.c execution test
FAIL: libgomp.c/shared-1.c execution test
FAIL: libgomp.c/shared-2.c execution test
FAIL: libgomp.c/shared-3.c execution test
FAIL: libgomp.c/single-1.c execution test
FAIL: libgomp.c/single-2.c execution test
FAIL: libgomp.c/vla-1.c execution test
FAIL: libgomp.fortran/appendix-a/a.15.1.f90  -O  (test for excess errors)
FAIL: libgomp.fortran/appendix-a/a.16.1.f90  -O0  (test for excess errors)
WARNING: libgomp.fortran/appendix-a/a.16.1.f90  -O0  compilation failed to produce executable
FAIL: libgomp.fortran/appendix-a/a.16.1.f90  -O1  (test for excess errors)
WARNING: libgomp.fortran/appendix-a/a.16.1.f90  -O1  compilation failed to produce executable
FAIL: libgomp.fortran/appendix-a/a.16.1.f90  -O2  (test for excess errors)
WARNING: libgomp.fortran/appendix-a/a.16.1.f90  -O2  compilation failed to produce executable
FAIL: libgomp.fortran/appendix-a/a.16.1.f90  -O3 -fomit-frame-pointer  (test for excess errors)
WARNING: libgomp.fortran/appendix-a/a.16.1.f90  -O3 -fomit-frame-pointer  compilation failed to produce executable
FAIL: libgomp.fortran/appendix-a/a.16.1.f90  -O3 -fomit-frame-pointer -funroll-loops  (test for excess errors)
WARNING: libgomp.fortran/appendix-a/a.16.1.f90  -O3 -fomit-frame-pointer -funroll-loops  compilation failed to produce executable
FAIL: libgomp.fortran/appendix-a/a.16.1.f90  -O3 -fomit-frame-pointer -funroll-all-loops -finline-functions  (test for excess errors)
WARNING: libgomp.fortran/appendix-a/a.16.1.f90  -O3 -fomit-frame-pointer -funroll-all-loops -finline-functions  compilation failed to produce executable
FAIL: libgomp.fortran/appendix-a/a.16.1.f90  -O3 -g  (test for excess errors)
WARNING: libgomp.fortran/appendix-a/a.16.1.f90  -O3 -g  compilation failed to produce executable
FAIL: libgomp.fortran/appendix-a/a.16.1.f90  -Os  (test for excess errors)
WARNING: libgomp.fortran/appendix-a/a.16.1.f90  -Os  compilation failed to produce executable
FAIL: libgomp.fortran/appendix-a/a.18.1.f90  -O0  (test for excess errors)
WARNING: libgomp.fortran/appendix-a/a.18.1.f90  -O0  compilation failed to produce executable
FAIL: libgomp.fortran/appendix-a/a.18.1.f90  -O1  (test for excess errors)
WARNING: libgomp.fortran/appendix-a/a.18.1.f90  -O1  compilation failed to produce executable
FAIL: libgomp.fortran/appendix-a/a.18.1.f90  -O2  (test for excess errors)
WARNING: libgomp.fortran/appendix-a/a.18.1.f90  -O2  compilation failed to produce executable
FAIL: libgomp.fortran/appendix-a/a.18.1.f90  -O3 -fomit-frame-pointer  (test for excess errors)
WARNING: libgomp.fortran/appendix-a/a.18.1.f90  -O3 -fomit-frame-pointer  compilation failed to produce executable
FAIL: libgomp.fortran/appendix-a/a.18.1.f90  -O3 -fomit-frame-pointer -funroll-loops  (test for excess errors)
WARNING: libgomp.fortran/appendix-a/a.18.1.f90  -O3 -fomit-frame-pointer -funroll-loops  compilation failed to produce executable
FAIL: libgomp.fortran/appendix-a/a.18.1.f90  -O3 -fomit-frame-pointer -funroll-all-loops -finline-functions  (test for excess errors)
WARNING: libgomp.fortran/appendix-a/a.18.1.f90  -O3 -fomit-frame-pointer -funroll-all-loops -finline-functions  compilation failed to produce executable
FAIL: libgomp.fortran/appendix-a/a.18.1.f90  -O3 -g  (test for excess errors)
WARNING: libgomp.fortran/appendix-a/a.18.1.f90  -O3 -g  compilation failed to produce executable
FAIL: libgomp.fortran/appendix-a/a.18.1.f90  -Os  (test for excess errors)
WARNING: libgomp.fortran/appendix-a/a.18.1.f90  -Os  compilation failed to produce executable
FAIL: libgomp.fortran/appendix-a/a.19.1.f90  -O0  (test for excess errors)
WARNING: libgomp.fortran/appendix-a/a.19.1.f90  -O0  compilation failed to produce executable
FAIL: libgomp.fortran/appendix-a/a.19.1.f90  -O1  (test for excess errors)
WARNING: libgomp.fortran/appendix-a/a.19.1.f90  -O1  compilation failed to produce executable
FAIL: libgomp.fortran/appendix-a/a.19.1.f90  -O2  (test for excess errors)
WARNING: libgomp.fortran/appendix-a/a.19.1.f90  -O2  compilation failed to produce executable
FAIL: libgomp.fortran/appendix-a/a.19.1.f90  -O3 -fomit-frame-pointer  (test for excess errors)
WARNING: libgomp.fortran/appendix-a/a.19.1.f90  -O3 -fomit-frame-pointer  compilation failed to produce executable
FAIL: libgomp.fortran/appendix-a/a.19.1.f90  -O3 -fomit-frame-pointer -funroll-loops  (test for excess errors)
WARNING: libgomp.fortran/appendix-a/a.19.1.f90  -O3 -fomit-frame-pointer -funroll-loops  compilation failed to produce executable
FAIL: libgomp.fortran/appendix-a/a.19.1.f90  -O3 -fomit-frame-pointer -funroll-all-loops -finline-functions  (test for excess errors)
WARNING: libgomp.fortran/appendix-a/a.19.1.f90  -O3 -fomit-frame-pointer -funroll-all-loops -finline-functions  compilation failed to produce executable
FAIL: libgomp.fortran/appendix-a/a.19.1.f90  -O3 -g  (test for excess errors)
WARNING: libgomp.fortran/appendix-a/a.19.1.f90  -O3 -g  compilation failed to produce executable
FAIL: libgomp.fortran/appendix-a/a.19.1.f90  -Os  (test for excess errors)
WARNING: libgomp.fortran/appendix-a/a.19.1.f90  -Os  compilation failed to produce executable
FAIL: libgomp.fortran/appendix-a/a.2.1.f90  -O0  (test for excess errors)
WARNING: libgomp.fortran/appendix-a/a.2.1.f90  -O0  compilation failed to produce executable
FAIL: libgomp.fortran/appendix-a/a.2.1.f90  -O1  (test for excess errors)
WARNING: libgomp.fortran/appendix-a/a.2.1.f90  -O1  compilation failed to produce executable
FAIL: libgomp.fortran/appendix-a/a.2.1.f90  -O2  (test for excess errors)
WARNING: libgomp.fortran/appendix-a/a.2.1.f90  -O2  compilation failed to produce executable
FAIL: libgomp.fortran/appendix-a/a.2.1.f90  -O3 -fomit-frame-pointer  (test for excess errors)
WARNING: libgomp.fortran/appendix-a/a.2.1.f90  -O3 -fomit-frame-pointer  compilation failed to produce executable
FAIL: libgomp.fortran/appendix-a/a.2.1.f90  -O3 -fomit-frame-pointer -funroll-loops  (test for excess errors)
WARNING: libgomp.fortran/appendix-a/a.2.1.f90  -O3 -fomit-frame-pointer -funroll-loops  compilation failed to produce executable
FAIL: libgomp.fortran/appendix-a/a.2.1.f90  -O3 -fomit-frame-pointer -funroll-all-loops -finline-functions  (test for excess errors)
WARNING: libgomp.fortran/appendix-a/a.2.1.f90  -O3 -fomit-frame-pointer -funroll-all-loops -finline-functions  compilation failed to produce executable
FAIL: libgomp.fortran/appendix-a/a.2.1.f90  -O3 -g  (test for excess errors)
WARNING: libgomp.fortran/appendix-a/a.2.1.f90  -O3 -g  compilation failed to produce executable
FAIL: libgomp.fortran/appendix-a/a.2.1.f90  -Os  (test for excess errors)
WARNING: libgomp.fortran/appendix-a/a.2.1.f90  -Os  compilation failed to produce executable
FAIL: libgomp.fortran/appendix-a/a.26.1.f90  -O0  (test for excess errors)
WARNING: libgomp.fortran/appendix-a/a.26.1.f90  -O0  compilation failed to produce executable
FAIL: libgomp.fortran/appendix-a/a.26.1.f90  -O1  (test for excess errors)
WARNING: libgomp.fortran/appendix-a/a.26.1.f90  -O1  compilation failed to produce executable
FAIL: libgomp.fortran/appendix-a/a.26.1.f90  -O2  (test for excess errors)
WARNING: libgomp.fortran/appendix-a/a.26.1.f90  -O2  compilation failed to produce executable
FAIL: libgomp.fortran/appendix-a/a.26.1.f90  -O3 -fomit-frame-pointer  (test for excess errors)
WARNING: libgomp.fortran/appendix-a/a.26.1.f90  -O3 -fomit-frame-pointer  compilation failed to produce executable
FAIL: libgomp.fortran/appendix-a/a.26.1.f90  -O3 -fomit-frame-pointer -funroll-loops  (test for excess errors)
WARNING: libgomp.fortran/appendix-a/a.26.1.f90  -O3 -fomit-frame-pointer -funroll-loops  compilation failed to produce executable
FAIL: libgomp.fortran/appendix-a/a.26.1.f90  -O3 -fomit-frame-pointer -funroll-all-loops -finline-functions  (test for excess errors)
WARNING: libgomp.fortran/appendix-a/a.26.1.f90  -O3 -fomit-frame-pointer -funroll-all-loops -finline-functions  compilation failed to produce executable
FAIL: libgomp.fortran/appendix-a/a.26.1.f90  -O3 -g  (test for excess errors)
WARNING: libgomp.fortran/appendix-a/a.26.1.f90  -O3 -g  compilation failed to produce executable
FAIL: libgomp.fortran/appendix-a/a.26.1.f90  -Os  (test for excess errors)
WARNING: libgomp.fortran/appendix-a/a.26.1.f90  -Os  compilation failed to produce executable
FAIL: libgomp.fortran/appendix-a/a.28.1.f90  -O0  (test for excess errors)
WARNING: libgomp.fortran/appendix-a/a.28.1.f90  -O0  compilation failed to produce executable
FAIL: libgomp.fortran/appendix-a/a.28.1.f90  -O1  (test for excess errors)
WARNING: libgomp.fortran/appendix-a/a.28.1.f90  -O1  compilation failed to produce executable
FAIL: libgomp.fortran/appendix-a/a.28.1.f90  -O2  (test for excess errors)
WARNING: libgomp.fortran/appendix-a/a.28.1.f90  -O2  compilation failed to produce executable
FAIL: libgomp.fortran/appendix-a/a.28.1.f90  -O3 -fomit-frame-pointer  (test for excess errors)
WARNING: libgomp.fortran/appendix-a/a.28.1.f90  -O3 -fomit-frame-pointer  compilation failed to produce executable
FAIL: libgomp.fortran/appendix-a/a.28.1.f90  -O3 -fomit-frame-pointer -funroll-loops  (test for excess errors)
WARNING: libgomp.fortran/appendix-a/a.28.1.f90  -O3 -fomit-frame-pointer -funroll-loops  compilation failed to produce executable
FAIL: libgomp.fortran/appendix-a/a.28.1.f90  -O3 -fomit-frame-pointer -funroll-all-loops -finline-functions  (test for excess errors)
WARNING: libgomp.fortran/appendix-a/a.28.1.f90  -O3 -fomit-frame-pointer -funroll-all-loops -finline-functions  compilation failed to produce executable
FAIL: libgomp.fortran/appendix-a/a.28.1.f90  -O3 -g  (test for excess errors)
WARNING: libgomp.fortran/appendix-a/a.28.1.f90  -O3 -g  compilation failed to produce executable
FAIL: libgomp.fortran/appendix-a/a.28.1.f90  -Os  (test for excess errors)
WARNING: libgomp.fortran/appendix-a/a.28.1.f90  -Os  compilation failed to produce executable
FAIL: libgomp.fortran/appendix-a/a.28.2.f90  -O0  (test for excess errors)
WARNING: libgomp.fortran/appendix-a/a.28.2.f90  -O0  compilation failed to produce executable
FAIL: libgomp.fortran/appendix-a/a.28.2.f90  -O1  (test for excess errors)
WARNING: libgomp.fortran/appendix-a/a.28.2.f90  -O1  compilation failed to produce executable
FAIL: libgomp.fortran/appendix-a/a.28.2.f90  -O2  (test for excess errors)
WARNING: libgomp.fortran/appendix-a/a.28.2.f90  -O2  compilation failed to produce executable
FAIL: libgomp.fortran/appendix-a/a.28.2.f90  -O3 -fomit-frame-pointer  (test for excess errors)
WARNING: libgomp.fortran/appendix-a/a.28.2.f90  -O3 -fomit-frame-pointer  compilation failed to produce executable
FAIL: libgomp.fortran/appendix-a/a.28.2.f90  -O3 -fomit-frame-pointer -funroll-loops  (test for excess errors)
WARNING: libgomp.fortran/appendix-a/a.28.2.f90  -O3 -fomit-frame-pointer -funroll-loops  compilation failed to produce executable
FAIL: libgomp.fortran/appendix-a/a.28.2.f90  -O3 -fomit-frame-pointer -funroll-all-loops -finline-functions  (test for excess errors)
WARNING: libgomp.fortran/appendix-a/a.28.2.f90  -O3 -fomit-frame-pointer -funroll-all-loops -finline-functions  compilation failed to produce executable
FAIL: libgomp.fortran/appendix-a/a.28.2.f90  -O3 -g  (test for excess errors)
WARNING: libgomp.fortran/appendix-a/a.28.2.f90  -O3 -g  compilation failed to produce executable
FAIL: libgomp.fortran/appendix-a/a.28.2.f90  -Os  (test for excess errors)
WARNING: libgomp.fortran/appendix-a/a.28.2.f90  -Os  compilation failed to produce executable
FAIL: libgomp.fortran/appendix-a/a.28.3.f90  -O0  (test for excess errors)
WARNING: libgomp.fortran/appendix-a/a.28.3.f90  -O0  compilation failed to produce executable
FAIL: libgomp.fortran/appendix-a/a.28.3.f90  -O1  (test for excess errors)
WARNING: libgomp.fortran/appendix-a/a.28.3.f90  -O1  compilation failed to produce executable
FAIL: libgomp.fortran/appendix-a/a.28.3.f90  -O2  (test for excess errors)
WARNING: libgomp.fortran/appendix-a/a.28.3.f90  -O2  compilation failed to produce executable
FAIL: libgomp.fortran/appendix-a/a.28.3.f90  -O3 -fomit-frame-pointer  (test for excess errors)
WARNING: libgomp.fortran/appendix-a/a.28.3.f90  -O3 -fomit-frame-pointer  compilation failed to produce executable
FAIL: libgomp.fortran/appendix-a/a.28.3.f90  -O3 -fomit-frame-pointer -funroll-loops  (test for excess errors)
WARNING: libgomp.fortran/appendix-a/a.28.3.f90  -O3 -fomit-frame-pointer -funroll-loops  compilation failed to produce executable
FAIL: libgomp.fortran/appendix-a/a.28.3.f90  -O3 -fomit-frame-pointer -funroll-all-loops -finline-functions  (test for excess errors)
WARNING: libgomp.fortran/appendix-a/a.28.3.f90  -O3 -fomit-frame-pointer -funroll-all-loops -finline-functions  compilation failed to produce executable
FAIL: libgomp.fortran/appendix-a/a.28.3.f90  -O3 -g  (test for excess errors)
WARNING: libgomp.fortran/appendix-a/a.28.3.f90  -O3 -g  compilation failed to produce executable
FAIL: libgomp.fortran/appendix-a/a.28.3.f90  -Os  (test for excess errors)
WARNING: libgomp.fortran/appendix-a/a.28.3.f90  -Os  compilation failed to produce executable
FAIL: libgomp.fortran/appendix-a/a.28.4.f90  -O0  (test for excess errors)
WARNING: libgomp.fortran/appendix-a/a.28.4.f90  -O0  compilation failed to produce executable
FAIL: libgomp.fortran/appendix-a/a.28.4.f90  -O1  (test for excess errors)
WARNING: libgomp.fortran/appendix-a/a.28.4.f90  -O1  compilation failed to produce executable
FAIL: libgomp.fortran/appendix-a/a.28.4.f90  -O2  (test for excess errors)
WARNING: libgomp.fortran/appendix-a/a.28.4.f90  -O2  compilation failed to produce executable
FAIL: libgomp.fortran/appendix-a/a.28.4.f90  -O3 -fomit-frame-pointer  (test for excess errors)
WARNING: libgomp.fortran/appendix-a/a.28.4.f90  -O3 -fomit-frame-pointer  compilation failed to produce executable
FAIL: libgomp.fortran/appendix-a/a.28.4.f90  -O3 -fomit-frame-pointer -funroll-loops  (test for excess errors)
WARNING: libgomp.fortran/appendix-a/a.28.4.f90  -O3 -fomit-frame-pointer -funroll-loops  compilation failed to produce executable
FAIL: libgomp.fortran/appendix-a/a.28.4.f90  -O3 -fomit-frame-pointer -funroll-all-loops -finline-functions  (test for excess errors)
WARNING: libgomp.fortran/appendix-a/a.28.4.f90  -O3 -fomit-frame-pointer -funroll-all-loops -finline-functions  compilation failed to produce executable
FAIL: libgomp.fortran/appendix-a/a.28.4.f90  -O3 -g  (test for excess errors)
WARNING: libgomp.fortran/appendix-a/a.28.4.f90  -O3 -g  compilation failed to produce executable
FAIL: libgomp.fortran/appendix-a/a.28.4.f90  -Os  (test for excess errors)
WARNING: libgomp.fortran/appendix-a/a.28.4.f90  -Os  compilation failed to produce executable
FAIL: libgomp.fortran/appendix-a/a.28.5.f90  -O  (test for excess errors)
FAIL: libgomp.fortran/appendix-a/a.3.1.f90  -O0  (test for excess errors)
WARNING: libgomp.fortran/appendix-a/a.3.1.f90  -O0  compilation failed to produce executable
FAIL: libgomp.fortran/appendix-a/a.3.1.f90  -O1  (test for excess errors)
WARNING: libgomp.fortran/appendix-a/a.3.1.f90  -O1  compilation failed to produce executable
FAIL: libgomp.fortran/appendix-a/a.3.1.f90  -O2  (test for excess errors)
WARNING: libgomp.fortran/appendix-a/a.3.1.f90  -O2  compilation failed to produce executable
FAIL: libgomp.fortran/appendix-a/a.3.1.f90  -O3 -fomit-frame-pointer  (test for excess errors)
WARNING: libgomp.fortran/appendix-a/a.3.1.f90  -O3 -fomit-frame-pointer  compilation failed to produce executable
FAIL: libgomp.fortran/appendix-a/a.3.1.f90  -O3 -fomit-frame-pointer -funroll-loops  (test for excess errors)
WARNING: libgomp.fortran/appendix-a/a.3.1.f90  -O3 -fomit-frame-pointer -funroll-loops  compilation failed to produce executable
FAIL: libgomp.fortran/appendix-a/a.3.1.f90  -O3 -fomit-frame-pointer -funroll-all-loops -finline-functions  (test for excess errors)
WARNING: libgomp.fortran/appendix-a/a.3.1.f90  -O3 -fomit-frame-pointer -funroll-all-loops -finline-functions  compilation failed to produce executable
FAIL: libgomp.fortran/appendix-a/a.3.1.f90  -O3 -g  (test for excess errors)
WARNING: libgomp.fortran/appendix-a/a.3.1.f90  -O3 -g  compilation failed to produce executable
FAIL: libgomp.fortran/appendix-a/a.3.1.f90  -Os  (test for excess errors)
WARNING: libgomp.fortran/appendix-a/a.3.1.f90  -Os  compilation failed to produce executable
FAIL: libgomp.fortran/appendix-a/a.31.4.f90  -O0  (test for excess errors)
WARNING: libgomp.fortran/appendix-a/a.31.4.f90  -O0  compilation failed to produce executable
FAIL: libgomp.fortran/appendix-a/a.31.4.f90  -O1  (test for excess errors)
WARNING: libgomp.fortran/appendix-a/a.31.4.f90  -O1  compilation failed to produce executable
FAIL: libgomp.fortran/appendix-a/a.31.4.f90  -O2  (test for excess errors)
WARNING: libgomp.fortran/appendix-a/a.31.4.f90  -O2  compilation failed to produce executable
FAIL: libgomp.fortran/appendix-a/a.31.4.f90  -O3 -fomit-frame-pointer  (test for excess errors)
WARNING: libgomp.fortran/appendix-a/a.31.4.f90  -O3 -fomit-frame-pointer  compilation failed to produce executable
FAIL: libgomp.fortran/appendix-a/a.31.4.f90  -O3 -fomit-frame-pointer -funroll-loops  (test for excess errors)
WARNING: libgomp.fortran/appendix-a/a.31.4.f90  -O3 -fomit-frame-pointer -funroll-loops  compilation failed to produce executable
FAIL: libgomp.fortran/appendix-a/a.31.4.f90  -O3 -fomit-frame-pointer -funroll-all-loops -finline-functions  (test for excess errors)
WARNING: libgomp.fortran/appendix-a/a.31.4.f90  -O3 -fomit-frame-pointer -funroll-all-loops -finline-functions  compilation failed to produce executable
FAIL: libgomp.fortran/appendix-a/a.31.4.f90  -O3 -g  (test for excess errors)
WARNING: libgomp.fortran/appendix-a/a.31.4.f90  -O3 -g  compilation failed to produce executable
FAIL: libgomp.fortran/appendix-a/a.31.4.f90  -Os  (test for excess errors)
WARNING: libgomp.fortran/appendix-a/a.31.4.f90  -Os  compilation failed to produce executable
FAIL: libgomp.fortran/appendix-a/a.31.5.f90  -O0  (test for excess errors)
WARNING: libgomp.fortran/appendix-a/a.31.5.f90  -O0  compilation failed to produce executable
FAIL: libgomp.fortran/appendix-a/a.31.5.f90  -O1  (test for excess errors)
WARNING: libgomp.fortran/appendix-a/a.31.5.f90  -O1  compilation failed to produce executable
FAIL: libgomp.fortran/appendix-a/a.31.5.f90  -O2  (test for excess errors)
WARNING: libgomp.fortran/appendix-a/a.31.5.f90  -O2  compilation failed to produce executable
FAIL: libgomp.fortran/appendix-a/a.31.5.f90  -O3 -fomit-frame-pointer  (test for excess errors)
WARNING: libgomp.fortran/appendix-a/a.31.5.f90  -O3 -fomit-frame-pointer  compilation failed to produce executable
FAIL: libgomp.fortran/appendix-a/a.31.5.f90  -O3 -fomit-frame-pointer -funroll-loops  (test for excess errors)
WARNING: libgomp.fortran/appendix-a/a.31.5.f90  -O3 -fomit-frame-pointer -funroll-loops  compilation failed to produce executable
FAIL: libgomp.fortran/appendix-a/a.31.5.f90  -O3 -fomit-frame-pointer -funroll-all-loops -finline-functions  (test for excess errors)
WARNING: libgomp.fortran/appendix-a/a.31.5.f90  -O3 -fomit-frame-pointer -funroll-all-loops -finline-functions  compilation failed to produce executable
FAIL: libgomp.fortran/appendix-a/a.31.5.f90  -O3 -g  (test for excess errors)
WARNING: libgomp.fortran/appendix-a/a.31.5.f90  -O3 -g  compilation failed to produce executable
FAIL: libgomp.fortran/appendix-a/a.31.5.f90  -Os  (test for excess errors)
WARNING: libgomp.fortran/appendix-a/a.31.5.f90  -Os  compilation failed to produce executable
FAIL: libgomp.fortran/appendix-a/a.38.1.f90  -O  (test for excess errors)
FAIL: libgomp.fortran/appendix-a/a.39.1.f90  -O0  (test for excess errors)
WARNING: libgomp.fortran/appendix-a/a.39.1.f90  -O0  compilation failed to produce executable
FAIL: libgomp.fortran/appendix-a/a.39.1.f90  -O1  (test for excess errors)
WARNING: libgomp.fortran/appendix-a/a.39.1.f90  -O1  compilation failed to produce executable
FAIL: libgomp.fortran/appendix-a/a.39.1.f90  -O2  (test for excess errors)
WARNING: libgomp.fortran/appendix-a/a.39.1.f90  -O2  compilation failed to produce executable
FAIL: libgomp.fortran/appendix-a/a.39.1.f90  -O3 -fomit-frame-pointer  (test for excess errors)
WARNING: libgomp.fortran/appendix-a/a.39.1.f90  -O3 -fomit-frame-pointer  compilation failed to produce executable
FAIL: libgomp.fortran/appendix-a/a.39.1.f90  -O3 -fomit-frame-pointer -funroll-loops  (test for excess errors)
WARNING: libgomp.fortran/appendix-a/a.39.1.f90  -O3 -fomit-frame-pointer -funroll-loops  compilation failed to produce executable
FAIL: libgomp.fortran/appendix-a/a.39.1.f90  -O3 -fomit-frame-pointer -funroll-all-loops -finline-functions  (test for excess errors)
WARNING: libgomp.fortran/appendix-a/a.39.1.f90  -O3 -fomit-frame-pointer -funroll-all-loops -finline-functions  compilation failed to produce executable
FAIL: libgomp.fortran/appendix-a/a.39.1.f90  -O3 -g  (test for excess errors)
WARNING: libgomp.fortran/appendix-a/a.39.1.f90  -O3 -g  compilation failed to produce executable
FAIL: libgomp.fortran/appendix-a/a.39.1.f90  -Os  (test for excess errors)
WARNING: libgomp.fortran/appendix-a/a.39.1.f90  -Os  compilation failed to produce executable
FAIL: libgomp.fortran/appendix-a/a.4.1.f90  -O0  (test for excess errors)
WARNING: libgomp.fortran/appendix-a/a.4.1.f90  -O0  compilation failed to produce executable
FAIL: libgomp.fortran/appendix-a/a.4.1.f90  -O1  (test for excess errors)
WARNING: libgomp.fortran/appendix-a/a.4.1.f90  -O1  compilation failed to produce executable
FAIL: libgomp.fortran/appendix-a/a.4.1.f90  -O2  (test for excess errors)
WARNING: libgomp.fortran/appendix-a/a.4.1.f90  -O2  compilation failed to produce executable
FAIL: libgomp.fortran/appendix-a/a.4.1.f90  -O3 -fomit-frame-pointer  (test for excess errors)
WARNING: libgomp.fortran/appendix-a/a.4.1.f90  -O3 -fomit-frame-pointer  compilation failed to produce executable
FAIL: libgomp.fortran/appendix-a/a.4.1.f90  -O3 -fomit-frame-pointer -funroll-loops  (test for excess errors)
WARNING: libgomp.fortran/appendix-a/a.4.1.f90  -O3 -fomit-frame-pointer -funroll-loops  compilation failed to produce executable
FAIL: libgomp.fortran/appendix-a/a.4.1.f90  -O3 -fomit-frame-pointer -funroll-all-loops -finline-functions  (test for excess errors)
WARNING: libgomp.fortran/appendix-a/a.4.1.f90  -O3 -fomit-frame-pointer -funroll-all-loops -finline-functions  compilation failed to produce executable
FAIL: libgomp.fortran/appendix-a/a.4.1.f90  -O3 -g  (test for excess errors)
WARNING: libgomp.fortran/appendix-a/a.4.1.f90  -O3 -g  compilation failed to produce executable
FAIL: libgomp.fortran/appendix-a/a.4.1.f90  -Os  (test for excess errors)
WARNING: libgomp.fortran/appendix-a/a.4.1.f90  -Os  compilation failed to produce executable
FAIL: libgomp.fortran/appendix-a/a.5.1.f90  -O0  (test for excess errors)
WARNING: libgomp.fortran/appendix-a/a.5.1.f90  -O0  compilation failed to produce executable
FAIL: libgomp.fortran/appendix-a/a.5.1.f90  -O1  (test for excess errors)
WARNING: libgomp.fortran/appendix-a/a.5.1.f90  -O1  compilation failed to produce executable
FAIL: libgomp.fortran/appendix-a/a.5.1.f90  -O2  (test for excess errors)
WARNING: libgomp.fortran/appendix-a/a.5.1.f90  -O2  compilation failed to produce executable
FAIL: libgomp.fortran/appendix-a/a.5.1.f90  -O3 -fomit-frame-pointer  (test for excess errors)
WARNING: libgomp.fortran/appendix-a/a.5.1.f90  -O3 -fomit-frame-pointer  compilation failed to produce executable
FAIL: libgomp.fortran/appendix-a/a.5.1.f90  -O3 -fomit-frame-pointer -funroll-loops  (test for excess errors)
WARNING: libgomp.fortran/appendix-a/a.5.1.f90  -O3 -fomit-frame-pointer -funroll-loops  compilation failed to produce executable
FAIL: libgomp.fortran/appendix-a/a.5.1.f90  -O3 -fomit-frame-pointer -funroll-all-loops -finline-functions  (test for excess errors)
WARNING: libgomp.fortran/appendix-a/a.5.1.f90  -O3 -fomit-frame-pointer -funroll-all-loops -finline-functions  compilation failed to produce executable
FAIL: libgomp.fortran/appendix-a/a.5.1.f90  -O3 -g  (test for excess errors)
WARNING: libgomp.fortran/appendix-a/a.5.1.f90  -O3 -g  compilation failed to produce executable
FAIL: libgomp.fortran/appendix-a/a.5.1.f90  -Os  (test for excess errors)
WARNING: libgomp.fortran/appendix-a/a.5.1.f90  -Os  compilation failed to produce executable
FAIL: libgomp.fortran/appendix-a/a10.1.f90  -O0  (test for excess errors)
WARNING: libgomp.fortran/appendix-a/a10.1.f90  -O0  compilation failed to produce executable
FAIL: libgomp.fortran/appendix-a/a10.1.f90  -O1  (test for excess errors)
WARNING: libgomp.fortran/appendix-a/a10.1.f90  -O1  compilation failed to produce executable
FAIL: libgomp.fortran/appendix-a/a10.1.f90  -O2  (test for excess errors)
WARNING: libgomp.fortran/appendix-a/a10.1.f90  -O2  compilation failed to produce executable
FAIL: libgomp.fortran/appendix-a/a10.1.f90  -O3 -fomit-frame-pointer  (test for excess errors)
WARNING: libgomp.fortran/appendix-a/a10.1.f90  -O3 -fomit-frame-pointer  compilation failed to produce executable
FAIL: libgomp.fortran/appendix-a/a10.1.f90  -O3 -fomit-frame-pointer -funroll-loops  (test for excess errors)
WARNING: libgomp.fortran/appendix-a/a10.1.f90  -O3 -fomit-frame-pointer -funroll-loops  compilation failed to produce executable
FAIL: libgomp.fortran/appendix-a/a10.1.f90  -O3 -fomit-frame-pointer -funroll-all-loops -finline-functions  (test for excess errors)
WARNING: libgomp.fortran/appendix-a/a10.1.f90  -O3 -fomit-frame-pointer -funroll-all-loops -finline-functions  compilation failed to produce executable
FAIL: libgomp.fortran/appendix-a/a10.1.f90  -O3 -g  (test for excess errors)
WARNING: libgomp.fortran/appendix-a/a10.1.f90  -O3 -g  compilation failed to produce executable
FAIL: libgomp.fortran/appendix-a/a10.1.f90  -Os  (test for excess errors)
WARNING: libgomp.fortran/appendix-a/a10.1.f90  -Os  compilation failed to produce executable
FAIL: libgomp.fortran/character1.f90  -O0  (test for excess errors)
WARNING: libgomp.fortran/character1.f90  -O0  compilation failed to produce executable
FAIL: libgomp.fortran/character1.f90  -O1  (test for excess errors)
WARNING: libgomp.fortran/character1.f90  -O1  compilation failed to produce executable
FAIL: libgomp.fortran/character1.f90  -O2  (test for excess errors)
WARNING: libgomp.fortran/character1.f90  -O2  compilation failed to produce executable
FAIL: libgomp.fortran/character1.f90  -O3 -fomit-frame-pointer  (test for excess errors)
WARNING: libgomp.fortran/character1.f90  -O3 -fomit-frame-pointer  compilation failed to produce executable
FAIL: libgomp.fortran/character1.f90  -O3 -fomit-frame-pointer -funroll-loops  (test for excess errors)
WARNING: libgomp.fortran/character1.f90  -O3 -fomit-frame-pointer -funroll-loops  compilation failed to produce executable
FAIL: libgomp.fortran/character1.f90  -O3 -fomit-frame-pointer -funroll-all-loops -finline-functions  (test for excess errors)
WARNING: libgomp.fortran/character1.f90  -O3 -fomit-frame-pointer -funroll-all-loops -finline-functions  compilation failed to produce executable
FAIL: libgomp.fortran/character1.f90  -O3 -g  (test for excess errors)
WARNING: libgomp.fortran/character1.f90  -O3 -g  compilation failed to produce executable
FAIL: libgomp.fortran/character1.f90  -Os  (test for excess errors)
WARNING: libgomp.fortran/character1.f90  -Os  compilation failed to produce executable
FAIL: libgomp.fortran/character2.f90  -O0  (test for excess errors)
WARNING: libgomp.fortran/character2.f90  -O0  compilation failed to produce executable
FAIL: libgomp.fortran/character2.f90  -O1  (test for excess errors)
WARNING: libgomp.fortran/character2.f90  -O1  compilation failed to produce executable
FAIL: libgomp.fortran/character2.f90  -O2  (test for excess errors)
WARNING: libgomp.fortran/character2.f90  -O2  compilation failed to produce executable
FAIL: libgomp.fortran/character2.f90  -O3 -fomit-frame-pointer  (test for excess errors)
WARNING: libgomp.fortran/character2.f90  -O3 -fomit-frame-pointer  compilation failed to produce executable
FAIL: libgomp.fortran/character2.f90  -O3 -fomit-frame-pointer -funroll-loops  (test for excess errors)
WARNING: libgomp.fortran/character2.f90  -O3 -fomit-frame-pointer -funroll-loops  compilation failed to produce executable
FAIL: libgomp.fortran/character2.f90  -O3 -fomit-frame-pointer -funroll-all-loops -finline-functions  (test for excess errors)
WARNING: libgomp.fortran/character2.f90  -O3 -fomit-frame-pointer -funroll-all-loops -finline-functions  compilation failed to produce executable
FAIL: libgomp.fortran/character2.f90  -O3 -g  (test for excess errors)
WARNING: libgomp.fortran/character2.f90  -O3 -g  compilation failed to produce executable
FAIL: libgomp.fortran/character2.f90  -Os  (test for excess errors)
WARNING: libgomp.fortran/character2.f90  -Os  compilation failed to produce executable
FAIL: libgomp.fortran/crayptr1.f90  -O0  (test for excess errors)
WARNING: libgomp.fortran/crayptr1.f90  -O0  compilation failed to produce executable
FAIL: libgomp.fortran/crayptr1.f90  -O1  (test for excess errors)
WARNING: libgomp.fortran/crayptr1.f90  -O1  compilation failed to produce executable
FAIL: libgomp.fortran/crayptr1.f90  -O2  (test for excess errors)
WARNING: libgomp.fortran/crayptr1.f90  -O2  compilation failed to produce executable
FAIL: libgomp.fortran/crayptr1.f90  -O3 -fomit-frame-pointer  (test for excess errors)
WARNING: libgomp.fortran/crayptr1.f90  -O3 -fomit-frame-pointer  compilation failed to produce executable
FAIL: libgomp.fortran/crayptr1.f90  -O3 -fomit-frame-pointer -funroll-loops  (test for excess errors)
WARNING: libgomp.fortran/crayptr1.f90  -O3 -fomit-frame-pointer -funroll-loops  compilation failed to produce executable
FAIL: libgomp.fortran/crayptr1.f90  -O3 -fomit-frame-pointer -funroll-all-loops -finline-functions  (test for excess errors)
WARNING: libgomp.fortran/crayptr1.f90  -O3 -fomit-frame-pointer -funroll-all-loops -finline-functions  compilation failed to produce executable
FAIL: libgomp.fortran/crayptr1.f90  -O3 -g  (test for excess errors)
WARNING: libgomp.fortran/crayptr1.f90  -O3 -g  compilation failed to produce executable
FAIL: libgomp.fortran/crayptr1.f90  -Os  (test for excess errors)
WARNING: libgomp.fortran/crayptr1.f90  -Os  compilation failed to produce executable
FAIL: libgomp.fortran/do1.f90  -O0  (test for excess errors)
WARNING: libgomp.fortran/do1.f90  -O0  compilation failed to produce executable
FAIL: libgomp.fortran/do1.f90  -O1  (test for excess errors)
WARNING: libgomp.fortran/do1.f90  -O1  compilation failed to produce executable
FAIL: libgomp.fortran/do1.f90  -O2  (test for excess errors)
WARNING: libgomp.fortran/do1.f90  -O2  compilation failed to produce executable
FAIL: libgomp.fortran/do1.f90  -O3 -fomit-frame-pointer  (test for excess errors)
WARNING: libgomp.fortran/do1.f90  -O3 -fomit-frame-pointer  compilation failed to produce executable
FAIL: libgomp.fortran/do1.f90  -O3 -fomit-frame-pointer -funroll-loops  (test for excess errors)
WARNING: libgomp.fortran/do1.f90  -O3 -fomit-frame-pointer -funroll-loops  compilation failed to produce executable
FAIL: libgomp.fortran/do1.f90  -O3 -fomit-frame-pointer -funroll-all-loops -finline-functions  (test for excess errors)
WARNING: libgomp.fortran/do1.f90  -O3 -fomit-frame-pointer -funroll-all-loops -finline-functions  compilation failed to produce executable
FAIL: libgomp.fortran/do1.f90  -O3 -g  (test for excess errors)
WARNING: libgomp.fortran/do1.f90  -O3 -g  compilation failed to produce executable
FAIL: libgomp.fortran/do1.f90  -Os  (test for excess errors)
WARNING: libgomp.fortran/do1.f90  -Os  compilation failed to produce executable
FAIL: libgomp.fortran/do2.f90  -O0  (test for excess errors)
WARNING: libgomp.fortran/do2.f90  -O0  compilation failed to produce executable
FAIL: libgomp.fortran/do2.f90  -O1  (test for excess errors)
WARNING: libgomp.fortran/do2.f90  -O1  compilation failed to produce executable
FAIL: libgomp.fortran/do2.f90  -O2  (test for excess errors)
WARNING: libgomp.fortran/do2.f90  -O2  compilation failed to produce executable
FAIL: libgomp.fortran/do2.f90  -O3 -fomit-frame-pointer  (test for excess errors)
WARNING: libgomp.fortran/do2.f90  -O3 -fomit-frame-pointer  compilation failed to produce executable
FAIL: libgomp.fortran/do2.f90  -O3 -fomit-frame-pointer -funroll-loops  (test for excess errors)
WARNING: libgomp.fortran/do2.f90  -O3 -fomit-frame-pointer -funroll-loops  compilation failed to produce executable
FAIL: libgomp.fortran/do2.f90  -O3 -fomit-frame-pointer -funroll-all-loops -finline-functions  (test for excess errors)
WARNING: libgomp.fortran/do2.f90  -O3 -fomit-frame-pointer -funroll-all-loops -finline-functions  compilation failed to produce executable
FAIL: libgomp.fortran/do2.f90  -O3 -g  (test for excess errors)
WARNING: libgomp.fortran/do2.f90  -O3 -g  compilation failed to produce executable
FAIL: libgomp.fortran/do2.f90  -Os  (test for excess errors)
WARNING: libgomp.fortran/do2.f90  -Os  compilation failed to produce executable
FAIL: libgomp.fortran/jacobi.f  -O0  (test for excess errors)
WARNING: libgomp.fortran/jacobi.f  -O0  compilation failed to produce executable
FAIL: libgomp.fortran/jacobi.f  -O1  (test for excess errors)
WARNING: libgomp.fortran/jacobi.f  -O1  compilation failed to produce executable
FAIL: libgomp.fortran/jacobi.f  -O2  (test for excess errors)
WARNING: libgomp.fortran/jacobi.f  -O2  compilation failed to produce executable
FAIL: libgomp.fortran/jacobi.f  -O3 -fomit-frame-pointer  (test for excess errors)
WARNING: libgomp.fortran/jacobi.f  -O3 -fomit-frame-pointer  compilation failed to produce executable
FAIL: libgomp.fortran/jacobi.f  -O3 -fomit-frame-pointer -funroll-loops  (test for excess errors)
WARNING: libgomp.fortran/jacobi.f  -O3 -fomit-frame-pointer -funroll-loops  compilation failed to produce executable
FAIL: libgomp.fortran/jacobi.f  -O3 -fomit-frame-pointer -funroll-all-loops -finline-functions  (test for excess errors)
WARNING: libgomp.fortran/jacobi.f  -O3 -fomit-frame-pointer -funroll-all-loops -finline-functions  compilation failed to produce executable
FAIL: libgomp.fortran/jacobi.f  -O3 -g  (test for excess errors)
WARNING: libgomp.fortran/jacobi.f  -O3 -g  compilation failed to produce executable
FAIL: libgomp.fortran/jacobi.f  -Os  (test for excess errors)
WARNING: libgomp.fortran/jacobi.f  -Os  compilation failed to produce executable
FAIL: libgomp.fortran/lib1.f90  -O0  (test for excess errors)
WARNING: libgomp.fortran/lib1.f90  -O0  compilation failed to produce executable
FAIL: libgomp.fortran/lib1.f90  -O1  (test for excess errors)
WARNING: libgomp.fortran/lib1.f90  -O1  compilation failed to produce executable
FAIL: libgomp.fortran/lib1.f90  -O2  (test for excess errors)
WARNING: libgomp.fortran/lib1.f90  -O2  compilation failed to produce executable
FAIL: libgomp.fortran/lib1.f90  -O3 -fomit-frame-pointer  (test for excess errors)
WARNING: libgomp.fortran/lib1.f90  -O3 -fomit-frame-pointer  compilation failed to produce executable
FAIL: libgomp.fortran/lib1.f90  -O3 -fomit-frame-pointer -funroll-loops  (test for excess errors)
WARNING: libgomp.fortran/lib1.f90  -O3 -fomit-frame-pointer -funroll-loops  compilation failed to produce executable
FAIL: libgomp.fortran/lib1.f90  -O3 -fomit-frame-pointer -funroll-all-loops -finline-functions  (test for excess errors)
WARNING: libgomp.fortran/lib1.f90  -O3 -fomit-frame-pointer -funroll-all-loops -finline-functions  compilation failed to produce executable
FAIL: libgomp.fortran/lib1.f90  -O3 -g  (test for excess errors)
WARNING: libgomp.fortran/lib1.f90  -O3 -g  compilation failed to produce executable
FAIL: libgomp.fortran/lib1.f90  -Os  (test for excess errors)
WARNING: libgomp.fortran/lib1.f90  -Os  compilation failed to produce executable
FAIL: libgomp.fortran/lib2.f  -O0  (test for excess errors)
WARNING: libgomp.fortran/lib2.f  -O0  compilation failed to produce executable
FAIL: libgomp.fortran/lib2.f  -O1  (test for excess errors)
WARNING: libgomp.fortran/lib2.f  -O1  compilation failed to produce executable
FAIL: libgomp.fortran/lib2.f  -O2  (test for excess errors)
WARNING: libgomp.fortran/lib2.f  -O2  compilation failed to produce executable
FAIL: libgomp.fortran/lib2.f  -O3 -fomit-frame-pointer  (test for excess errors)
WARNING: libgomp.fortran/lib2.f  -O3 -fomit-frame-pointer  compilation failed to produce executable
FAIL: libgomp.fortran/lib2.f  -O3 -fomit-frame-pointer -funroll-loops  (test for excess errors)
WARNING: libgomp.fortran/lib2.f  -O3 -fomit-frame-pointer -funroll-loops  compilation failed to produce executable
FAIL: libgomp.fortran/lib2.f  -O3 -fomit-frame-pointer -funroll-all-loops -finline-functions  (test for excess errors)
WARNING: libgomp.fortran/lib2.f  -O3 -fomit-frame-pointer -funroll-all-loops -finline-functions  compilation failed to produce executable
FAIL: libgomp.fortran/lib2.f  -O3 -g  (test for excess errors)
WARNING: libgomp.fortran/lib2.f  -O3 -g  compilation failed to produce executable
FAIL: libgomp.fortran/lib2.f  -Os  (test for excess errors)
WARNING: libgomp.fortran/lib2.f  -Os  compilation failed to produce executable
FAIL: libgomp.fortran/lib3.f  -O0  (test for excess errors)
WARNING: libgomp.fortran/lib3.f  -O0  compilation failed to produce executable
FAIL: libgomp.fortran/lib3.f  -O1  (test for excess errors)
WARNING: libgomp.fortran/lib3.f  -O1  compilation failed to produce executable
FAIL: libgomp.fortran/lib3.f  -O2  (test for excess errors)
WARNING: libgomp.fortran/lib3.f  -O2  compilation failed to produce executable
FAIL: libgomp.fortran/lib3.f  -O3 -fomit-frame-pointer  (test for excess errors)
WARNING: libgomp.fortran/lib3.f  -O3 -fomit-frame-pointer  compilation failed to produce executable
FAIL: libgomp.fortran/lib3.f  -O3 -fomit-frame-pointer -funroll-loops  (test for excess errors)
WARNING: libgomp.fortran/lib3.f  -O3 -fomit-frame-pointer -funroll-loops  compilation failed to produce executable
FAIL: libgomp.fortran/lib3.f  -O3 -fomit-frame-pointer -funroll-all-loops -finline-functions  (test for excess errors)
WARNING: libgomp.fortran/lib3.f  -O3 -fomit-frame-pointer -funroll-all-loops -finline-functions  compilation failed to produce executable
FAIL: libgomp.fortran/lib3.f  -O3 -g  (test for excess errors)
WARNING: libgomp.fortran/lib3.f  -O3 -g  compilation failed to produce executable
FAIL: libgomp.fortran/lib3.f  -Os  (test for excess errors)
WARNING: libgomp.fortran/lib3.f  -Os  compilation failed to produce executable
FAIL: libgomp.fortran/nestedfn1.f90  -O0  (test for excess errors)
WARNING: libgomp.fortran/nestedfn1.f90  -O0  compilation failed to produce executable
FAIL: libgomp.fortran/nestedfn1.f90  -O1  (test for excess errors)
WARNING: libgomp.fortran/nestedfn1.f90  -O1  compilation failed to produce executable
FAIL: libgomp.fortran/nestedfn1.f90  -O2  (test for excess errors)
WARNING: libgomp.fortran/nestedfn1.f90  -O2  compilation failed to produce executable
FAIL: libgomp.fortran/nestedfn1.f90  -O3 -fomit-frame-pointer  (test for excess errors)
WARNING: libgomp.fortran/nestedfn1.f90  -O3 -fomit-frame-pointer  compilation failed to produce executable
FAIL: libgomp.fortran/nestedfn1.f90  -O3 -fomit-frame-pointer -funroll-loops  (test for excess errors)
WARNING: libgomp.fortran/nestedfn1.f90  -O3 -fomit-frame-pointer -funroll-loops  compilation failed to produce executable
FAIL: libgomp.fortran/nestedfn1.f90  -O3 -fomit-frame-pointer -funroll-all-loops -finline-functions  (test for excess errors)
WARNING: libgomp.fortran/nestedfn1.f90  -O3 -fomit-frame-pointer -funroll-all-loops -finline-functions  compilation failed to produce executable
FAIL: libgomp.fortran/nestedfn1.f90  -O3 -g  (test for excess errors)
WARNING: libgomp.fortran/nestedfn1.f90  -O3 -g  compilation failed to produce executable
FAIL: libgomp.fortran/nestedfn1.f90  -Os  (test for excess errors)
WARNING: libgomp.fortran/nestedfn1.f90  -Os  compilation failed to produce executable
FAIL: libgomp.fortran/nestedfn2.f90  -O0  (test for excess errors)
WARNING: libgomp.fortran/nestedfn2.f90  -O0  compilation failed to produce executable
FAIL: libgomp.fortran/nestedfn2.f90  -O1  (test for excess errors)
WARNING: libgomp.fortran/nestedfn2.f90  -O1  compilation failed to produce executable
FAIL: libgomp.fortran/nestedfn2.f90  -O2  (test for excess errors)
WARNING: libgomp.fortran/nestedfn2.f90  -O2  compilation failed to produce executable
FAIL: libgomp.fortran/nestedfn2.f90  -O3 -fomit-frame-pointer  (test for excess errors)
WARNING: libgomp.fortran/nestedfn2.f90  -O3 -fomit-frame-pointer  compilation failed to produce executable
FAIL: libgomp.fortran/nestedfn2.f90  -O3 -fomit-frame-pointer -funroll-loops  (test for excess errors)
WARNING: libgomp.fortran/nestedfn2.f90  -O3 -fomit-frame-pointer -funroll-loops  compilation failed to produce executable
FAIL: libgomp.fortran/nestedfn2.f90  -O3 -fomit-frame-pointer -funroll-all-loops -finline-functions  (test for excess errors)
WARNING: libgomp.fortran/nestedfn2.f90  -O3 -fomit-frame-pointer -funroll-all-loops -finline-functions  compilation failed to produce executable
FAIL: libgomp.fortran/nestedfn2.f90  -O3 -g  (test for excess errors)
WARNING: libgomp.fortran/nestedfn2.f90  -O3 -g  compilation failed to produce executable
FAIL: libgomp.fortran/nestedfn2.f90  -Os  (test for excess errors)
WARNING: libgomp.fortran/nestedfn2.f90  -Os  compilation failed to produce executable
FAIL: libgomp.fortran/omp_atomic1.f90  -O0  (test for excess errors)
WARNING: libgomp.fortran/omp_atomic1.f90  -O0  compilation failed to produce executable
FAIL: libgomp.fortran/omp_atomic1.f90  -O1  (test for excess errors)
WARNING: libgomp.fortran/omp_atomic1.f90  -O1  compilation failed to produce executable
FAIL: libgomp.fortran/omp_atomic1.f90  -O2  (test for excess errors)
WARNING: libgomp.fortran/omp_atomic1.f90  -O2  compilation failed to produce executable
FAIL: libgomp.fortran/omp_atomic1.f90  -O3 -fomit-frame-pointer  (test for excess errors)
WARNING: libgomp.fortran/omp_atomic1.f90  -O3 -fomit-frame-pointer  compilation failed to produce executable
FAIL: libgomp.fortran/omp_atomic1.f90  -O3 -fomit-frame-pointer -funroll-loops  (test for excess errors)
WARNING: libgomp.fortran/omp_atomic1.f90  -O3 -fomit-frame-pointer -funroll-loops  compilation failed to produce executable
FAIL: libgomp.fortran/omp_atomic1.f90  -O3 -fomit-frame-pointer -funroll-all-loops -finline-functions  (test for excess errors)
WARNING: libgomp.fortran/omp_atomic1.f90  -O3 -fomit-frame-pointer -funroll-all-loops -finline-functions  compilation failed to produce executable
FAIL: libgomp.fortran/omp_atomic1.f90  -O3 -g  (test for excess errors)
WARNING: libgomp.fortran/omp_atomic1.f90  -O3 -g  compilation failed to produce executable
FAIL: libgomp.fortran/omp_atomic1.f90  -Os  (test for excess errors)
WARNING: libgomp.fortran/omp_atomic1.f90  -Os  compilation failed to produce executable
FAIL: libgomp.fortran/omp_atomic2.f90  -O0  (test for excess errors)
WARNING: libgomp.fortran/omp_atomic2.f90  -O0  compilation failed to produce executable
FAIL: libgomp.fortran/omp_atomic2.f90  -O1  (test for excess errors)
WARNING: libgomp.fortran/omp_atomic2.f90  -O1  compilation failed to produce executable
FAIL: libgomp.fortran/omp_atomic2.f90  -O2  (test for excess errors)
WARNING: libgomp.fortran/omp_atomic2.f90  -O2  compilation failed to produce executable
FAIL: libgomp.fortran/omp_atomic2.f90  -O3 -fomit-frame-pointer  (test for excess errors)
WARNING: libgomp.fortran/omp_atomic2.f90  -O3 -fomit-frame-pointer  compilation failed to produce executable
FAIL: libgomp.fortran/omp_atomic2.f90  -O3 -fomit-frame-pointer -funroll-loops  (test for excess errors)
WARNING: libgomp.fortran/omp_atomic2.f90  -O3 -fomit-frame-pointer -funroll-loops  compilation failed to produce executable
FAIL: libgomp.fortran/omp_atomic2.f90  -O3 -fomit-frame-pointer -funroll-all-loops -finline-functions  (test for excess errors)
WARNING: libgomp.fortran/omp_atomic2.f90  -O3 -fomit-frame-pointer -funroll-all-loops -finline-functions  compilation failed to produce executable
FAIL: libgomp.fortran/omp_atomic2.f90  -O3 -g  (test for excess errors)
WARNING: libgomp.fortran/omp_atomic2.f90  -O3 -g  compilation failed to produce executable
FAIL: libgomp.fortran/omp_atomic2.f90  -Os  (test for excess errors)
WARNING: libgomp.fortran/omp_atomic2.f90  -Os  compilation failed to produce executable
FAIL: libgomp.fortran/omp_cond1.f  -O  (test for excess errors)
WARNING: libgomp.fortran/omp_cond1.f  -O  compilation failed to produce executable
FAIL: libgomp.fortran/omp_cond2.f  -O  (test for excess errors)
WARNING: libgomp.fortran/omp_cond2.f  -O  compilation failed to produce executable
FAIL: libgomp.fortran/omp_cond3.F90  -O  (test for excess errors)
WARNING: libgomp.fortran/omp_cond3.F90  -O  compilation failed to produce executable
FAIL: libgomp.fortran/omp_cond4.F90  -O  (test for excess errors)
WARNING: libgomp.fortran/omp_cond4.F90  -O  compilation failed to produce executable
FAIL: libgomp.fortran/omp_hello.f  -O  (test for excess errors)
WARNING: libgomp.fortran/omp_hello.f  -O  compilation failed to produce executable
FAIL: libgomp.fortran/omp_orphan.f  -O  (test for excess errors)
WARNING: libgomp.fortran/omp_orphan.f  -O  compilation failed to produce executable
FAIL: libgomp.fortran/omp_parse1.f90  -O0  (test for excess errors)
WARNING: libgomp.fortran/omp_parse1.f90  -O0  compilation failed to produce executable
FAIL: libgomp.fortran/omp_parse1.f90  -O1  (test for excess errors)
WARNING: libgomp.fortran/omp_parse1.f90  -O1  compilation failed to produce executable
FAIL: libgomp.fortran/omp_parse1.f90  -O2  (test for excess errors)
WARNING: libgomp.fortran/omp_parse1.f90  -O2  compilation failed to produce executable
FAIL: libgomp.fortran/omp_parse1.f90  -O3 -fomit-frame-pointer  (test for excess errors)
WARNING: libgomp.fortran/omp_parse1.f90  -O3 -fomit-frame-pointer  compilation failed to produce executable
FAIL: libgomp.fortran/omp_parse1.f90  -O3 -fomit-frame-pointer -funroll-loops  (test for excess errors)
WARNING: libgomp.fortran/omp_parse1.f90  -O3 -fomit-frame-pointer -funroll-loops  compilation failed to produce executable
FAIL: libgomp.fortran/omp_parse1.f90  -O3 -fomit-frame-pointer -funroll-all-loops -finline-functions  (test for excess errors)
WARNING: libgomp.fortran/omp_parse1.f90  -O3 -fomit-frame-pointer -funroll-all-loops -finline-functions  compilation failed to produce executable
FAIL: libgomp.fortran/omp_parse1.f90  -O3 -g  (test for excess errors)
WARNING: libgomp.fortran/omp_parse1.f90  -O3 -g  compilation failed to produce executable
FAIL: libgomp.fortran/omp_parse1.f90  -Os  (test for excess errors)
WARNING: libgomp.fortran/omp_parse1.f90  -Os  compilation failed to produce executable
FAIL: libgomp.fortran/omp_parse2.f90  -O0  (test for excess errors)
WARNING: libgomp.fortran/omp_parse2.f90  -O0  compilation failed to produce executable
FAIL: libgomp.fortran/omp_parse2.f90  -O1  (test for excess errors)
WARNING: libgomp.fortran/omp_parse2.f90  -O1  compilation failed to produce executable
FAIL: libgomp.fortran/omp_parse2.f90  -O2  (test for excess errors)
WARNING: libgomp.fortran/omp_parse2.f90  -O2  compilation failed to produce executable
FAIL: libgomp.fortran/omp_parse2.f90  -O3 -fomit-frame-pointer  (test for excess errors)
WARNING: libgomp.fortran/omp_parse2.f90  -O3 -fomit-frame-pointer  compilation failed to produce executable
FAIL: libgomp.fortran/omp_parse2.f90  -O3 -fomit-frame-pointer -funroll-loops  (test for excess errors)
WARNING: libgomp.fortran/omp_parse2.f90  -O3 -fomit-frame-pointer -funroll-loops  compilation failed to produce executable
FAIL: libgomp.fortran/omp_parse2.f90  -O3 -fomit-frame-pointer -funroll-all-loops -finline-functions  (test for excess errors)
WARNING: libgomp.fortran/omp_parse2.f90  -O3 -fomit-frame-pointer -funroll-all-loops -finline-functions  compilation failed to produce executable
FAIL: libgomp.fortran/omp_parse2.f90  -O3 -g  (test for excess errors)
WARNING: libgomp.fortran/omp_parse2.f90  -O3 -g  compilation failed to produce executable
FAIL: libgomp.fortran/omp_parse2.f90  -Os  (test for excess errors)
WARNING: libgomp.fortran/omp_parse2.f90  -Os  compilation failed to produce executable
FAIL: libgomp.fortran/omp_parse4.f90  -O0  (test for excess errors)
WARNING: libgomp.fortran/omp_parse4.f90  -O0  compilation failed to produce executable
FAIL: libgomp.fortran/omp_parse4.f90  -O1  (test for excess errors)
WARNING: libgomp.fortran/omp_parse4.f90  -O1  compilation failed to produce executable
FAIL: libgomp.fortran/omp_parse4.f90  -O2  (test for excess errors)
WARNING: libgomp.fortran/omp_parse4.f90  -O2  compilation failed to produce executable
FAIL: libgomp.fortran/omp_parse4.f90  -O3 -fomit-frame-pointer  (test for excess errors)
WARNING: libgomp.fortran/omp_parse4.f90  -O3 -fomit-frame-pointer  compilation failed to produce executable
FAIL: libgomp.fortran/omp_parse4.f90  -O3 -fomit-frame-pointer -funroll-loops  (test for excess errors)
WARNING: libgomp.fortran/omp_parse4.f90  -O3 -fomit-frame-pointer -funroll-loops  compilation failed to produce executable
FAIL: libgomp.fortran/omp_parse4.f90  -O3 -fomit-frame-pointer -funroll-all-loops -finline-functions  (test for excess errors)
WARNING: libgomp.fortran/omp_parse4.f90  -O3 -fomit-frame-pointer -funroll-all-loops -finline-functions  compilation failed to produce executable
FAIL: libgomp.fortran/omp_parse4.f90  -O3 -g  (test for excess errors)
WARNING: libgomp.fortran/omp_parse4.f90  -O3 -g  compilation failed to produce executable
FAIL: libgomp.fortran/omp_parse4.f90  -Os  (test for excess errors)
WARNING: libgomp.fortran/omp_parse4.f90  -Os  compilation failed to produce executable
FAIL: libgomp.fortran/omp_reduction.f  -O  (test for excess errors)
WARNING: libgomp.fortran/omp_reduction.f  -O  compilation failed to produce executable
FAIL: libgomp.fortran/omp_workshare1.f  -O  (test for excess errors)
WARNING: libgomp.fortran/omp_workshare1.f  -O  compilation failed to produce executable
FAIL: libgomp.fortran/omp_workshare2.f  -O  (test for excess errors)
WARNING: libgomp.fortran/omp_workshare2.f  -O  compilation failed to produce executable
FAIL: libgomp.fortran/pr25219.f90  -O  (test for excess errors)
WARNING: libgomp.fortran/pr25219.f90  -O  compilation failed to produce executable
FAIL: libgomp.fortran/reduction1.f90  -O0  (test for excess errors)
WARNING: libgomp.fortran/reduction1.f90  -O0  compilation failed to produce executable
FAIL: libgomp.fortran/reduction1.f90  -O1  (test for excess errors)
WARNING: libgomp.fortran/reduction1.f90  -O1  compilation failed to produce executable
FAIL: libgomp.fortran/reduction1.f90  -O2  (test for excess errors)
WARNING: libgomp.fortran/reduction1.f90  -O2  compilation failed to produce executable
FAIL: libgomp.fortran/reduction1.f90  -O3 -fomit-frame-pointer  (test for excess errors)
WARNING: libgomp.fortran/reduction1.f90  -O3 -fomit-frame-pointer  compilation failed to produce executable
FAIL: libgomp.fortran/reduction1.f90  -O3 -fomit-frame-pointer -funroll-loops  (test for excess errors)
WARNING: libgomp.fortran/reduction1.f90  -O3 -fomit-frame-pointer -funroll-loops  compilation failed to produce executable
FAIL: libgomp.fortran/reduction1.f90  -O3 -fomit-frame-pointer -funroll-all-loops -finline-functions  (test for excess errors)
WARNING: libgomp.fortran/reduction1.f90  -O3 -fomit-frame-pointer -funroll-all-loops -finline-functions  compilation failed to produce executable
FAIL: libgomp.fortran/reduction1.f90  -O3 -g  (test for excess errors)
WARNING: libgomp.fortran/reduction1.f90  -O3 -g  compilation failed to produce executable
FAIL: libgomp.fortran/reduction1.f90  -Os  (test for excess errors)
WARNING: libgomp.fortran/reduction1.f90  -Os  compilation failed to produce executable
FAIL: libgomp.fortran/reduction2.f90  -O0  (test for excess errors)
WARNING: libgomp.fortran/reduction2.f90  -O0  compilation failed to produce executable
FAIL: libgomp.fortran/reduction2.f90  -O1  (test for excess errors)
WARNING: libgomp.fortran/reduction2.f90  -O1  compilation failed to produce executable
FAIL: libgomp.fortran/reduction2.f90  -O2  (test for excess errors)
WARNING: libgomp.fortran/reduction2.f90  -O2  compilation failed to produce executable
FAIL: libgomp.fortran/reduction2.f90  -O3 -fomit-frame-pointer  (test for excess errors)
WARNING: libgomp.fortran/reduction2.f90  -O3 -fomit-frame-pointer  compilation failed to produce executable
FAIL: libgomp.fortran/reduction2.f90  -O3 -fomit-frame-pointer -funroll-loops  (test for excess errors)
WARNING: libgomp.fortran/reduction2.f90  -O3 -fomit-frame-pointer -funroll-loops  compilation failed to produce executable
FAIL: libgomp.fortran/reduction2.f90  -O3 -fomit-frame-pointer -funroll-all-loops -finline-functions  (test for excess errors)
WARNING: libgomp.fortran/reduction2.f90  -O3 -fomit-frame-pointer -funroll-all-loops -finline-functions  compilation failed to produce executable
FAIL: libgomp.fortran/reduction2.f90  -O3 -g  (test for excess errors)
WARNING: libgomp.fortran/reduction2.f90  -O3 -g  compilation failed to produce executable
FAIL: libgomp.fortran/reduction2.f90  -Os  (test for excess errors)
WARNING: libgomp.fortran/reduction2.f90  -Os  compilation failed to produce executable
FAIL: libgomp.fortran/reduction3.f90  -O0  (test for excess errors)
WARNING: libgomp.fortran/reduction3.f90  -O0  compilation failed to produce executable
FAIL: libgomp.fortran/reduction3.f90  -O1  (test for excess errors)
WARNING: libgomp.fortran/reduction3.f90  -O1  compilation failed to produce executable
FAIL: libgomp.fortran/reduction3.f90  -O2  (test for excess errors)
WARNING: libgomp.fortran/reduction3.f90  -O2  compilation failed to produce executable
FAIL: libgomp.fortran/reduction3.f90  -O3 -fomit-frame-pointer  (test for excess errors)
WARNING: libgomp.fortran/reduction3.f90  -O3 -fomit-frame-pointer  compilation failed to produce executable
FAIL: libgomp.fortran/reduction3.f90  -O3 -fomit-frame-pointer -funroll-loops  (test for excess errors)
WARNING: libgomp.fortran/reduction3.f90  -O3 -fomit-frame-pointer -funroll-loops  compilation failed to produce executable
FAIL: libgomp.fortran/reduction3.f90  -O3 -fomit-frame-pointer -funroll-all-loops -finline-functions  (test for excess errors)
WARNING: libgomp.fortran/reduction3.f90  -O3 -fomit-frame-pointer -funroll-all-loops -finline-functions  compilation failed to produce executable
FAIL: libgomp.fortran/reduction3.f90  -O3 -g  (test for excess errors)
WARNING: libgomp.fortran/reduction3.f90  -O3 -g  compilation failed to produce executable
FAIL: libgomp.fortran/reduction3.f90  -Os  (test for excess errors)
WARNING: libgomp.fortran/reduction3.f90  -Os  compilation failed to produce executable
FAIL: libgomp.fortran/reduction4.f90  -O0  (test for excess errors)
WARNING: libgomp.fortran/reduction4.f90  -O0  compilation failed to produce executable
FAIL: libgomp.fortran/reduction4.f90  -O1  (test for excess errors)
WARNING: libgomp.fortran/reduction4.f90  -O1  compilation failed to produce executable
FAIL: libgomp.fortran/reduction4.f90  -O2  (test for excess errors)
WARNING: libgomp.fortran/reduction4.f90  -O2  compilation failed to produce executable
FAIL: libgomp.fortran/reduction4.f90  -O3 -fomit-frame-pointer  (test for excess errors)
WARNING: libgomp.fortran/reduction4.f90  -O3 -fomit-frame-pointer  compilation failed to produce executable
FAIL: libgomp.fortran/reduction4.f90  -O3 -fomit-frame-pointer -funroll-loops  (test for excess errors)
WARNING: libgomp.fortran/reduction4.f90  -O3 -fomit-frame-pointer -funroll-loops  compilation failed to produce executable
FAIL: libgomp.fortran/reduction4.f90  -O3 -fomit-frame-pointer -funroll-all-loops -finline-functions  (test for excess errors)
WARNING: libgomp.fortran/reduction4.f90  -O3 -fomit-frame-pointer -funroll-all-loops -finline-functions  compilation failed to produce executable
FAIL: libgomp.fortran/reduction4.f90  -O3 -g  (test for excess errors)
WARNING: libgomp.fortran/reduction4.f90  -O3 -g  compilation failed to produce executable
FAIL: libgomp.fortran/reduction4.f90  -Os  (test for excess errors)
WARNING: libgomp.fortran/reduction4.f90  -Os  compilation failed to produce executable
FAIL: libgomp.fortran/reduction5.f90  -O0  (test for excess errors)
WARNING: libgomp.fortran/reduction5.f90  -O0  compilation failed to produce executable
FAIL: libgomp.fortran/reduction5.f90  -O1  (test for excess errors)
WARNING: libgomp.fortran/reduction5.f90  -O1  compilation failed to produce executable
FAIL: libgomp.fortran/reduction5.f90  -O2  (test for excess errors)
WARNING: libgomp.fortran/reduction5.f90  -O2  compilation failed to produce executable
FAIL: libgomp.fortran/reduction5.f90  -O3 -fomit-frame-pointer  (test for excess errors)
WARNING: libgomp.fortran/reduction5.f90  -O3 -fomit-frame-pointer  compilation failed to produce executable
FAIL: libgomp.fortran/reduction5.f90  -O3 -fomit-frame-pointer -funroll-loops  (test for excess errors)
WARNING: libgomp.fortran/reduction5.f90  -O3 -fomit-frame-pointer -funroll-loops  compilation failed to produce executable
FAIL: libgomp.fortran/reduction5.f90  -O3 -fomit-frame-pointer -funroll-all-loops -finline-functions  (test for excess errors)
WARNING: libgomp.fortran/reduction5.f90  -O3 -fomit-frame-pointer -funroll-all-loops -finline-functions  compilation failed to produce executable
FAIL: libgomp.fortran/reduction5.f90  -O3 -g  (test for excess errors)
WARNING: libgomp.fortran/reduction5.f90  -O3 -g  compilation failed to produce executable
FAIL: libgomp.fortran/reduction5.f90  -Os  (test for excess errors)
WARNING: libgomp.fortran/reduction5.f90  -Os  compilation failed to produce executable
FAIL: libgomp.fortran/reduction6.f90  -O0  (test for excess errors)
WARNING: libgomp.fortran/reduction6.f90  -O0  compilation failed to produce executable
FAIL: libgomp.fortran/reduction6.f90  -O1  (test for excess errors)
WARNING: libgomp.fortran/reduction6.f90  -O1  compilation failed to produce executable
FAIL: libgomp.fortran/reduction6.f90  -O2  (test for excess errors)
WARNING: libgomp.fortran/reduction6.f90  -O2  compilation failed to produce executable
FAIL: libgomp.fortran/reduction6.f90  -O3 -fomit-frame-pointer  (test for excess errors)
WARNING: libgomp.fortran/reduction6.f90  -O3 -fomit-frame-pointer  compilation failed to produce executable
FAIL: libgomp.fortran/reduction6.f90  -O3 -fomit-frame-pointer -funroll-loops  (test for excess errors)
WARNING: libgomp.fortran/reduction6.f90  -O3 -fomit-frame-pointer -funroll-loops  compilation failed to produce executable
FAIL: libgomp.fortran/reduction6.f90  -O3 -fomit-frame-pointer -funroll-all-loops -finline-functions  (test for excess errors)
WARNING: libgomp.fortran/reduction6.f90  -O3 -fomit-frame-pointer -funroll-all-loops -finline-functions  compilation failed to produce executable
FAIL: libgomp.fortran/reduction6.f90  -O3 -g  (test for excess errors)
WARNING: libgomp.fortran/reduction6.f90  -O3 -g  compilation failed to produce executable
FAIL: libgomp.fortran/reduction6.f90  -Os  (test for excess errors)
WARNING: libgomp.fortran/reduction6.f90  -Os  compilation failed to produce executable
FAIL: libgomp.fortran/reference1.f90  -O0  (test for excess errors)
WARNING: libgomp.fortran/reference1.f90  -O0  compilation failed to produce executable
FAIL: libgomp.fortran/reference1.f90  -O1  (test for excess errors)
WARNING: libgomp.fortran/reference1.f90  -O1  compilation failed to produce executable
FAIL: libgomp.fortran/reference1.f90  -O2  (test for excess errors)
WARNING: libgomp.fortran/reference1.f90  -O2  compilation failed to produce executable
FAIL: libgomp.fortran/reference1.f90  -O3 -fomit-frame-pointer  (test for excess errors)
WARNING: libgomp.fortran/reference1.f90  -O3 -fomit-frame-pointer  compilation failed to produce executable
FAIL: libgomp.fortran/reference1.f90  -O3 -fomit-frame-pointer -funroll-loops  (test for excess errors)
WARNING: libgomp.fortran/reference1.f90  -O3 -fomit-frame-pointer -funroll-loops  compilation failed to produce executable
FAIL: libgomp.fortran/reference1.f90  -O3 -fomit-frame-pointer -funroll-all-loops -finline-functions  (test for excess errors)
WARNING: libgomp.fortran/reference1.f90  -O3 -fomit-frame-pointer -funroll-all-loops -finline-functions  compilation failed to produce executable
FAIL: libgomp.fortran/reference1.f90  -O3 -g  (test for excess errors)
WARNING: libgomp.fortran/reference1.f90  -O3 -g  compilation failed to produce executable
FAIL: libgomp.fortran/reference1.f90  -Os  (test for excess errors)
WARNING: libgomp.fortran/reference1.f90  -Os  compilation failed to produce executable
FAIL: libgomp.fortran/reference2.f90  -O0  (test for excess errors)
WARNING: libgomp.fortran/reference2.f90  -O0  compilation failed to produce executable
FAIL: libgomp.fortran/reference2.f90  -O1  (test for excess errors)
WARNING: libgomp.fortran/reference2.f90  -O1  compilation failed to produce executable
FAIL: libgomp.fortran/reference2.f90  -O2  (test for excess errors)
WARNING: libgomp.fortran/reference2.f90  -O2  compilation failed to produce executable
FAIL: libgomp.fortran/reference2.f90  -O3 -fomit-frame-pointer  (test for excess errors)
WARNING: libgomp.fortran/reference2.f90  -O3 -fomit-frame-pointer  compilation failed to produce executable
FAIL: libgomp.fortran/reference2.f90  -O3 -fomit-frame-pointer -funroll-loops  (test for excess errors)
WARNING: libgomp.fortran/reference2.f90  -O3 -fomit-frame-pointer -funroll-loops  compilation failed to produce executable
FAIL: libgomp.fortran/reference2.f90  -O3 -fomit-frame-pointer -funroll-all-loops -finline-functions  (test for excess errors)
WARNING: libgomp.fortran/reference2.f90  -O3 -fomit-frame-pointer -funroll-all-loops -finline-functions  compilation failed to produce executable
FAIL: libgomp.fortran/reference2.f90  -O3 -g  (test for excess errors)
WARNING: libgomp.fortran/reference2.f90  -O3 -g  compilation failed to produce executable
FAIL: libgomp.fortran/reference2.f90  -Os  (test for excess errors)
WARNING: libgomp.fortran/reference2.f90  -Os  compilation failed to produce executable
FAIL: libgomp.fortran/retval1.f90  -O0  (test for excess errors)
WARNING: libgomp.fortran/retval1.f90  -O0  compilation failed to produce executable
FAIL: libgomp.fortran/retval1.f90  -O1  (test for excess errors)
WARNING: libgomp.fortran/retval1.f90  -O1  compilation failed to produce executable
FAIL: libgomp.fortran/retval1.f90  -O2  (test for excess errors)
WARNING: libgomp.fortran/retval1.f90  -O2  compilation failed to produce executable
FAIL: libgomp.fortran/retval1.f90  -O3 -fomit-frame-pointer  (test for excess errors)
WARNING: libgomp.fortran/retval1.f90  -O3 -fomit-frame-pointer  compilation failed to produce executable
FAIL: libgomp.fortran/retval1.f90  -O3 -fomit-frame-pointer -funroll-loops  (test for excess errors)
WARNING: libgomp.fortran/retval1.f90  -O3 -fomit-frame-pointer -funroll-loops  compilation failed to produce executable
FAIL: libgomp.fortran/retval1.f90  -O3 -fomit-frame-pointer -funroll-all-loops -finline-functions  (test for excess errors)
WARNING: libgomp.fortran/retval1.f90  -O3 -fomit-frame-pointer -funroll-all-loops -finline-functions  compilation failed to produce executable
FAIL: libgomp.fortran/retval1.f90  -O3 -g  (test for excess errors)
WARNING: libgomp.fortran/retval1.f90  -O3 -g  compilation failed to produce executable
FAIL: libgomp.fortran/retval1.f90  -Os  (test for excess errors)
WARNING: libgomp.fortran/retval1.f90  -Os  compilation failed to produce executable
FAIL: libgomp.fortran/sharing1.f90  -O0  (test for excess errors)
WARNING: libgomp.fortran/sharing1.f90  -O0  compilation failed to produce executable
FAIL: libgomp.fortran/sharing1.f90  -O1  (test for excess errors)
WARNING: libgomp.fortran/sharing1.f90  -O1  compilation failed to produce executable
FAIL: libgomp.fortran/sharing1.f90  -O2  (test for excess errors)
WARNING: libgomp.fortran/sharing1.f90  -O2  compilation failed to produce executable
FAIL: libgomp.fortran/sharing1.f90  -O3 -fomit-frame-pointer  (test for excess errors)
WARNING: libgomp.fortran/sharing1.f90  -O3 -fomit-frame-pointer  compilation failed to produce executable
FAIL: libgomp.fortran/sharing1.f90  -O3 -fomit-frame-pointer -funroll-loops  (test for excess errors)
WARNING: libgomp.fortran/sharing1.f90  -O3 -fomit-frame-pointer -funroll-loops  compilation failed to produce executable
FAIL: libgomp.fortran/sharing1.f90  -O3 -fomit-frame-pointer -funroll-all-loops -finline-functions  (test for excess errors)
WARNING: libgomp.fortran/sharing1.f90  -O3 -fomit-frame-pointer -funroll-all-loops -finline-functions  compilation failed to produce executable
FAIL: libgomp.fortran/sharing1.f90  -O3 -g  (test for excess errors)
WARNING: libgomp.fortran/sharing1.f90  -O3 -g  compilation failed to produce executable
FAIL: libgomp.fortran/sharing1.f90  -Os  (test for excess errors)
WARNING: libgomp.fortran/sharing1.f90  -Os  compilation failed to produce executable
FAIL: libgomp.fortran/sharing2.f90  -O0  (test for excess errors)
WARNING: libgomp.fortran/sharing2.f90  -O0  compilation failed to produce executable
FAIL: libgomp.fortran/sharing2.f90  -O1  (test for excess errors)
WARNING: libgomp.fortran/sharing2.f90  -O1  compilation failed to produce executable
FAIL: libgomp.fortran/sharing2.f90  -O2  (test for excess errors)
WARNING: libgomp.fortran/sharing2.f90  -O2  compilation failed to produce executable
FAIL: libgomp.fortran/sharing2.f90  -O3 -fomit-frame-pointer  (test for excess errors)
WARNING: libgomp.fortran/sharing2.f90  -O3 -fomit-frame-pointer  compilation failed to produce executable
FAIL: libgomp.fortran/sharing2.f90  -O3 -fomit-frame-pointer -funroll-loops  (test for excess errors)
WARNING: libgomp.fortran/sharing2.f90  -O3 -fomit-frame-pointer -funroll-loops  compilation failed to produce executable
FAIL: libgomp.fortran/sharing2.f90  -O3 -fomit-frame-pointer -funroll-all-loops -finline-functions  (test for excess errors)
WARNING: libgomp.fortran/sharing2.f90  -O3 -fomit-frame-pointer -funroll-all-loops -finline-functions  compilation failed to produce executable
FAIL: libgomp.fortran/sharing2.f90  -O3 -g  (test for excess errors)
WARNING: libgomp.fortran/sharing2.f90  -O3 -g  compilation failed to produce executable
FAIL: libgomp.fortran/sharing2.f90  -Os  (test for excess errors)
WARNING: libgomp.fortran/sharing2.f90  -Os  compilation failed to produce executable
FAIL: libgomp.fortran/vla1.f90  -O0  (test for excess errors)
WARNING: libgomp.fortran/vla1.f90  -O0  compilation failed to produce executable
FAIL: libgomp.fortran/vla1.f90  -O1  (test for excess errors)
WARNING: libgomp.fortran/vla1.f90  -O1  compilation failed to produce executable
FAIL: libgomp.fortran/vla1.f90  -O2  (test for excess errors)
WARNING: libgomp.fortran/vla1.f90  -O2  compilation failed to produce executable
FAIL: libgomp.fortran/vla1.f90  -O3 -fomit-frame-pointer  (test for excess errors)
WARNING: libgomp.fortran/vla1.f90  -O3 -fomit-frame-pointer  compilation failed to produce executable
FAIL: libgomp.fortran/vla1.f90  -O3 -fomit-frame-pointer -funroll-loops  (test for excess errors)
WARNING: libgomp.fortran/vla1.f90  -O3 -fomit-frame-pointer -funroll-loops  compilation failed to produce executable
FAIL: libgomp.fortran/vla1.f90  -O3 -fomit-frame-pointer -funroll-all-loops -finline-functions  (test for excess errors)
WARNING: libgomp.fortran/vla1.f90  -O3 -fomit-frame-pointer -funroll-all-loops -finline-functions  compilation failed to produce executable
FAIL: libgomp.fortran/vla1.f90  -O3 -g  (test for excess errors)
WARNING: libgomp.fortran/vla1.f90  -O3 -g  compilation failed to produce executable
FAIL: libgomp.fortran/vla1.f90  -Os  (test for excess errors)
WARNING: libgomp.fortran/vla1.f90  -Os  compilation failed to produce executable
FAIL: libgomp.fortran/vla2.f90  -O0  (test for excess errors)
WARNING: libgomp.fortran/vla2.f90  -O0  compilation failed to produce executable
FAIL: libgomp.fortran/vla2.f90  -O1  (test for excess errors)
WARNING: libgomp.fortran/vla2.f90  -O1  compilation failed to produce executable
FAIL: libgomp.fortran/vla2.f90  -O2  (test for excess errors)
WARNING: libgomp.fortran/vla2.f90  -O2  compilation failed to produce executable
FAIL: libgomp.fortran/vla2.f90  -O3 -fomit-frame-pointer  (test for excess errors)
WARNING: libgomp.fortran/vla2.f90  -O3 -fomit-frame-pointer  compilation failed to produce executable
FAIL: libgomp.fortran/vla2.f90  -O3 -fomit-frame-pointer -funroll-loops  (test for excess errors)
WARNING: libgomp.fortran/vla2.f90  -O3 -fomit-frame-pointer -funroll-loops  compilation failed to produce executable
FAIL: libgomp.fortran/vla2.f90  -O3 -fomit-frame-pointer -funroll-all-loops -finline-functions  (test for excess errors)
WARNING: libgomp.fortran/vla2.f90  -O3 -fomit-frame-pointer -funroll-all-loops -finline-functions  compilation failed to produce executable
FAIL: libgomp.fortran/vla2.f90  -O3 -g  (test for excess errors)
WARNING: libgomp.fortran/vla2.f90  -O3 -g  compilation failed to produce executable
FAIL: libgomp.fortran/vla2.f90  -Os  (test for excess errors)
WARNING: libgomp.fortran/vla2.f90  -Os  compilation failed to produce executable
FAIL: libgomp.fortran/vla3.f90  -O0  (test for excess errors)
WARNING: libgomp.fortran/vla3.f90  -O0  compilation failed to produce executable
FAIL: libgomp.fortran/vla3.f90  -O1  (test for excess errors)
WARNING: libgomp.fortran/vla3.f90  -O1  compilation failed to produce executable
FAIL: libgomp.fortran/vla3.f90  -O2  (test for excess errors)
WARNING: libgomp.fortran/vla3.f90  -O2  compilation failed to produce executable
FAIL: libgomp.fortran/vla3.f90  -O3 -fomit-frame-pointer  (test for excess errors)
WARNING: libgomp.fortran/vla3.f90  -O3 -fomit-frame-pointer  compilation failed to produce executable
FAIL: libgomp.fortran/vla3.f90  -O3 -fomit-frame-pointer -funroll-loops  (test for excess errors)
WARNING: libgomp.fortran/vla3.f90  -O3 -fomit-frame-pointer -funroll-loops  compilation failed to produce executable
FAIL: libgomp.fortran/vla3.f90  -O3 -fomit-frame-pointer -funroll-all-loops -finline-functions  (test for excess errors)
WARNING: libgomp.fortran/vla3.f90  -O3 -fomit-frame-pointer -funroll-all-loops -finline-functions  compilation failed to produce executable
FAIL: libgomp.fortran/vla3.f90  -O3 -g  (test for excess errors)
WARNING: libgomp.fortran/vla3.f90  -O3 -g  compilation failed to produce executable
FAIL: libgomp.fortran/vla3.f90  -Os  (test for excess errors)
WARNING: libgomp.fortran/vla3.f90  -Os  compilation failed to produce executable
FAIL: libgomp.fortran/vla4.f90  -O0  (test for excess errors)
WARNING: libgomp.fortran/vla4.f90  -O0  compilation failed to produce executable
FAIL: libgomp.fortran/vla4.f90  -O1  (test for excess errors)
WARNING: libgomp.fortran/vla4.f90  -O1  compilation failed to produce executable
FAIL: libgomp.fortran/vla4.f90  -O2  (test for excess errors)
WARNING: libgomp.fortran/vla4.f90  -O2  compilation failed to produce executable
FAIL: libgomp.fortran/vla4.f90  -O3 -fomit-frame-pointer  (test for excess errors)
WARNING: libgomp.fortran/vla4.f90  -O3 -fomit-frame-pointer  compilation failed to produce executable
FAIL: libgomp.fortran/vla4.f90  -O3 -fomit-frame-pointer -funroll-loops  (test for excess errors)
WARNING: libgomp.fortran/vla4.f90  -O3 -fomit-frame-pointer -funroll-loops  compilation failed to produce executable
FAIL: libgomp.fortran/vla4.f90  -O3 -fomit-frame-pointer -funroll-all-loops -finline-functions  (test for excess errors)
WARNING: libgomp.fortran/vla4.f90  -O3 -fomit-frame-pointer -funroll-all-loops -finline-functions  compilation failed to produce executable
FAIL: libgomp.fortran/vla4.f90  -O3 -g  (test for excess errors)
WARNING: libgomp.fortran/vla4.f90  -O3 -g  compilation failed to produce executable
FAIL: libgomp.fortran/vla4.f90  -Os  (test for excess errors)
WARNING: libgomp.fortran/vla4.f90  -Os  compilation failed to produce executable
FAIL: libgomp.fortran/vla5.f90  -O0  (test for excess errors)
WARNING: libgomp.fortran/vla5.f90  -O0  compilation failed to produce executable
FAIL: libgomp.fortran/vla5.f90  -O1  (test for excess errors)
WARNING: libgomp.fortran/vla5.f90  -O1  compilation failed to produce executable
FAIL: libgomp.fortran/vla5.f90  -O2  (test for excess errors)
WARNING: libgomp.fortran/vla5.f90  -O2  compilation failed to produce executable
FAIL: libgomp.fortran/vla5.f90  -O3 -fomit-frame-pointer  (test for excess errors)
WARNING: libgomp.fortran/vla5.f90  -O3 -fomit-frame-pointer  compilation failed to produce executable
FAIL: libgomp.fortran/vla5.f90  -O3 -fomit-frame-pointer -funroll-loops  (test for excess errors)
WARNING: libgomp.fortran/vla5.f90  -O3 -fomit-frame-pointer -funroll-loops  compilation failed to produce executable
FAIL: libgomp.fortran/vla5.f90  -O3 -fomit-frame-pointer -funroll-all-loops -finline-functions  (test for excess errors)
WARNING: libgomp.fortran/vla5.f90  -O3 -fomit-frame-pointer -funroll-all-loops -finline-functions  compilation failed to produce executable
FAIL: libgomp.fortran/vla5.f90  -O3 -g  (test for excess errors)
WARNING: libgomp.fortran/vla5.f90  -O3 -g  compilation failed to produce executable
FAIL: libgomp.fortran/vla5.f90  -Os  (test for excess errors)
WARNING: libgomp.fortran/vla5.f90  -Os  compilation failed to produce executable
FAIL: libgomp.fortran/vla6.f90  -O0  (test for excess errors)
WARNING: libgomp.fortran/vla6.f90  -O0  compilation failed to produce executable
FAIL: libgomp.fortran/vla6.f90  -O1  (test for excess errors)
WARNING: libgomp.fortran/vla6.f90  -O1  compilation failed to produce executable
FAIL: libgomp.fortran/vla6.f90  -O2  (test for excess errors)
WARNING: libgomp.fortran/vla6.f90  -O2  compilation failed to produce executable
FAIL: libgomp.fortran/vla6.f90  -O3 -fomit-frame-pointer  (test for excess errors)
WARNING: libgomp.fortran/vla6.f90  -O3 -fomit-frame-pointer  compilation failed to produce executable
FAIL: libgomp.fortran/vla6.f90  -O3 -fomit-frame-pointer -funroll-loops  (test for excess errors)
WARNING: libgomp.fortran/vla6.f90  -O3 -fomit-frame-pointer -funroll-loops  compilation failed to produce executable
FAIL: libgomp.fortran/vla6.f90  -O3 -fomit-frame-pointer -funroll-all-loops -finline-functions  (test for excess errors)
WARNING: libgomp.fortran/vla6.f90  -O3 -fomit-frame-pointer -funroll-all-loops -finline-functions  compilation failed to produce executable
FAIL: libgomp.fortran/vla6.f90  -O3 -g  (test for excess errors)
WARNING: libgomp.fortran/vla6.f90  -O3 -g  compilation failed to produce executable
FAIL: libgomp.fortran/vla6.f90  -Os  (test for excess errors)
WARNING: libgomp.fortran/vla6.f90  -Os  compilation failed to produce executable
FAIL: libgomp.fortran/vla7.f90  -O0  (test for excess errors)
WARNING: libgomp.fortran/vla7.f90  -O0  compilation failed to produce executable
FAIL: libgomp.fortran/vla7.f90  -O1  (test for excess errors)
WARNING: libgomp.fortran/vla7.f90  -O1  compilation failed to produce executable
FAIL: libgomp.fortran/vla7.f90  -O2  (test for excess errors)
WARNING: libgomp.fortran/vla7.f90  -O2  compilation failed to produce executable
FAIL: libgomp.fortran/vla7.f90  -O3 -fomit-frame-pointer  (test for excess errors)
WARNING: libgomp.fortran/vla7.f90  -O3 -fomit-frame-pointer  compilation failed to produce executable
FAIL: libgomp.fortran/vla7.f90  -O3 -fomit-frame-pointer -funroll-loops  (test for excess errors)
WARNING: libgomp.fortran/vla7.f90  -O3 -fomit-frame-pointer -funroll-loops  compilation failed to produce executable
FAIL: libgomp.fortran/vla7.f90  -O3 -fomit-frame-pointer -funroll-all-loops -finline-functions  (test for excess errors)
WARNING: libgomp.fortran/vla7.f90  -O3 -fomit-frame-pointer -funroll-all-loops -finline-functions  compilation failed to produce executable
FAIL: libgomp.fortran/vla7.f90  -O3 -g  (test for excess errors)
WARNING: libgomp.fortran/vla7.f90  -O3 -g  compilation failed to produce executable
FAIL: libgomp.fortran/vla7.f90  -Os  (test for excess errors)
WARNING: libgomp.fortran/vla7.f90  -Os  compilation failed to produce executable
FAIL: libgomp.fortran/workshare1.f90  -O  (test for excess errors)
WARNING: libgomp.fortran/workshare1.f90  -O  compilation failed to produce executable

		=== libgomp Summary ===

# of expected passes		66
# of unexpected failures	473
# of unsupported tests		60
		=== libstdc++ tests ===


Running target unix
FAIL: 18_support/numeric_limits/digits10.cc (test for excess errors)
WARNING: 18_support/numeric_limits/digits10.cc compilation failed to produce executable
FAIL: 23_containers/list/cons/4.cc (test for excess errors)
WARNING: 23_containers/list/cons/4.cc compilation failed to produce executable
FAIL: 23_containers/list/cons/6.cc (test for excess errors)
WARNING: 23_containers/list/cons/6.cc compilation failed to produce executable
FAIL: 25_algorithms/replace_copy/1.cc (test for excess errors)
WARNING: 25_algorithms/replace_copy/1.cc compilation failed to produce executable
FAIL: 26_numerics/cmath/c99_classification_macros_c++.cc (test for excess errors)
FAIL: 26_numerics/cmath/c99_classification_macros_c.cc (test for excess errors)
FAIL: 27_io/basic_filebuf/close/char/9964.cc (test for excess errors)
WARNING: 27_io/basic_filebuf/close/char/9964.cc compilation failed to produce executable
FAIL: 27_io/basic_filebuf/seekoff/char/12232.cc (test for excess errors)
WARNING: 27_io/basic_filebuf/seekoff/char/12232.cc compilation failed to produce executable
FAIL: 27_io/basic_filebuf/sgetc/char/2-out.cc (test for excess errors)
WARNING: 27_io/basic_filebuf/sgetc/char/2-out.cc compilation failed to produce executable
FAIL: 27_io/basic_filebuf/sputc/char/2-io.cc (test for excess errors)
WARNING: 27_io/basic_filebuf/sputc/char/2-io.cc compilation failed to produce executable
FAIL: 27_io/basic_filebuf/sputc/char/2-out.cc (test for excess errors)
WARNING: 27_io/basic_filebuf/sputc/char/2-out.cc compilation failed to produce executable
FAIL: 27_io/basic_filebuf/sync/char/9182-1.cc (test for excess errors)
WARNING: 27_io/basic_filebuf/sync/char/9182-1.cc compilation failed to produce executable
FAIL: 27_io/basic_ios/locales/char/1.cc (test for excess errors)
WARNING: 27_io/basic_ios/locales/char/1.cc compilation failed to produce executable
FAIL: 27_io/basic_istream/extractors_arithmetic/char/12.cc execution test
FAIL: 27_io/basic_istream/tellg/char/8348.cc (test for excess errors)
WARNING: 27_io/basic_istream/tellg/char/8348.cc compilation failed to produce executable
FAIL: 27_io/basic_stringbuf/pbackfail/char/1.cc (test for excess errors)
WARNING: 27_io/basic_stringbuf/pbackfail/char/1.cc compilation failed to produce executable
XPASS: 27_io/fpos/14320-1.cc execution test
FAIL: 27_io/objects/char/7.cc (test for excess errors)
WARNING: 27_io/objects/char/7.cc compilation failed to produce executable
FAIL: demangle/regression/cw-02.cc (test for excess errors)
WARNING: demangle/regression/cw-02.cc compilation failed to produce executable
FAIL: tr1/6_containers/unordered/insert/multimap_single.cc (test for excess errors)
WARNING: tr1/6_containers/unordered/insert/multimap_single.cc compilation failed to produce executable

		=== libstdc++ Summary ===

# of expected passes		2708
# of unexpected failures	19
# of unexpected successes	1
# of expected failures		9
# of unsupported tests		147

Compiler version: 4.2.0 20060216 (experimental) 
Platform: x86_64-unknown-netbsd3.0
configure flags: --with-gmp=/usr/local --enable-languages=c,c++,fortran,java,objc,obj-c++,treelang


Index Nav: [Date Index] [Subject Index] [Author Index] [Thread Index]
Message Nav: [Date Prev] [Date Next] [Thread Prev] [Thread Next]