This is the mail archive of the
gcc-testresults@gcc.gnu.org
mailing list for the GCC project.
Results for 4.0.0 20050210 (experimental) testsuite on x86_64-unknown-linux-gnu
- From: Al Stone <ahs3 at fc dot hp dot com>
- To: gcc-testresults at gcc dot gnu dot org
- Date: Thu, 16 Feb 2006 10:35:39 -0700 (MST)
- Subject: Results for 4.0.0 20050210 (experimental) testsuite on x86_64-unknown-linux-gnu
LAST_UPDATED:
Native configuration is x86_64-unknown-linux-gnu
=== g++ tests ===
Running target unix
WARNING: program timed out.
FAIL: g++.old-deja/g++.pt/explarg1.C (test for excess errors)
WARNING: program timed out.
FAIL: g++.old-deja/g++.pt/spec8.C (test for excess errors)
=== g++ Summary ===
# of expected passes 10593
# of unexpected failures 2
# of expected failures 70
# of unsupported tests 90
/opt/toolchain/build/amd64/obj/tco/gcc-3.4/gcc/testsuite/../g++ version 4.0.0 20050210 (experimental)
=== gcc tests ===
Running target unix
WARNING: program timed out.
FAIL: gcc.c-torture/compile/20030703-1.c -Os (test for excess errors)
WARNING: program timed out.
FAIL: gcc.c-torture/compile/990801-2.c -Os (test for excess errors)
WARNING: program timed out.
FAIL: gcc.c-torture/compile/inline-1.c -O1 (test for excess errors)
WARNING: program timed out.
FAIL: gcc.c-torture/execute/20000224-1.c compilation, -O3 -fomit-frame-pointer -funroll-loops
UNRESOLVED: gcc.c-torture/execute/20000224-1.c execution, -O3 -fomit-frame-pointer -funroll-loops
WARNING: program timed out.
FAIL: gcc.c-torture/execute/20000412-6.c compilation, -O3 -fomit-frame-pointer
UNRESOLVED: gcc.c-torture/execute/20000412-6.c execution, -O3 -fomit-frame-pointer
WARNING: program timed out.
FAIL: gcc.c-torture/execute/20010910-1.c compilation, -O3 -fomit-frame-pointer -funroll-all-loops -finline-functions
UNRESOLVED: gcc.c-torture/execute/20010910-1.c execution, -O3 -fomit-frame-pointer -funroll-all-loops -finline-functions
WARNING: program timed out.
FAIL: gcc.c-torture/execute/20030128-1.c compilation, -O1
UNRESOLVED: gcc.c-torture/execute/20030128-1.c execution, -O1
WARNING: program timed out.
FAIL: gcc.c-torture/execute/20030316-1.c compilation, -Os
UNRESOLVED: gcc.c-torture/execute/20030316-1.c execution, -Os
WARNING: program timed out.
FAIL: gcc.c-torture/execute/20030916-1.c compilation, -O3 -fomit-frame-pointer -funroll-loops
UNRESOLVED: gcc.c-torture/execute/20030916-1.c execution, -O3 -fomit-frame-pointer -funroll-loops
WARNING: program timed out.
FAIL: gcc.c-torture/execute/20031214-1.c compilation, -O2
UNRESOLVED: gcc.c-torture/execute/20031214-1.c execution, -O2
WARNING: program timed out.
FAIL: gcc.c-torture/execute/921017-1.c compilation, -O3 -g
UNRESOLVED: gcc.c-torture/execute/921017-1.c execution, -O3 -g
WARNING: program timed out.
FAIL: gcc.c-torture/execute/990130-1.c compilation, -O3 -g
UNRESOLVED: gcc.c-torture/execute/990130-1.c execution, -O3 -g
WARNING: program timed out.
FAIL: gcc.dg/complex-2.c (test for excess errors)
FAIL: gcc.dg/setjmp-2.c (test for excess errors)
WARNING: gcc.dg/setjmp-2.c compilation failed to produce executable
FAIL: gcc.dg/short-compare-1.c (test for excess errors)
WARNING: gcc.dg/short-compare-1.c compilation failed to produce executable
FAIL: gcc.dg/short-compare-2.c (test for excess errors)
WARNING: gcc.dg/short-compare-2.c compilation failed to produce executable
WARNING: program timed out.
FAIL: gcc.dg/uninit-B.c (test for excess errors)
FAIL: ./import-2.h -O0 -g (test for excess errors)
FAIL: ./import-2.h -O0 (test for excess errors)
FAIL: ./import-2.h -O1 (test for excess errors)
FAIL: ./import-2.h -O2 (test for excess errors)
FAIL: ./import-2.h -O3 -fomit-frame-pointer (test for excess errors)
FAIL: ./import-2.h -O3 -g (test for excess errors)
FAIL: ./import-2.h -Os (test for excess errors)
WARNING: program timed out.
FAIL: gcc.dg/pch/valid-6.c -Os (test for excess errors)
XPASS: gcc.dg/vect/vect-22.c scan-tree-dump-times vectorized 3 loops 1
=== gcc Summary ===
# of expected passes 32627
# of unexpected failures 25
# of unexpected successes 1
# of expected failures 93
# of unresolved testcases 9
# of untested testcases 42
# of unsupported tests 418
/opt/toolchain/build/amd64/obj/tco/gcc-3.4/gcc/xgcc version 4.0.0 20050210 (experimental)
=== libstdc++ tests ===
Running target unix
XPASS: 22_locale/locale/cons/12658_thread-1.cc execution test
XPASS: 26_numerics/cmath/c99_classification_macros_c.cc (test for excess errors)
WARNING: program timed out.
FAIL: 27_io/basic_ostream/flush/char/1.cc (test for excess errors)
XPASS: 27_io/fpos/14320-1.cc execution test
=== libstdc++ Summary ===
# of expected passes 3477
# of unexpected failures 1
# of unexpected successes 3
# of expected failures 4
Compiler version: 4.0.0 20050210 (experimental)
Platform: x86_64-unknown-linux-gnu
configure flags: --prefix=/opt/toolchain/tco-20060216 --program-suffix=-3.4 --with-system-zlib --enable-nls --without-included-gettext --disable-multilib --enable-languages=c,c++
Counting all warnings,
there are 0 warnings in stage3 of this bootstrap.
Number of warnings per file:
Number of warning types: