This is the mail archive of the gcc-testresults@gcc.gnu.org mailing list for the GCC project.


Index Nav: [Date Index] [Subject Index] [Author Index] [Thread Index]
Message Nav: [Date Prev] [Date Next] [Thread Prev] [Thread Next]
Other format: [Raw text]

Results for 4.2.0 20060215 (experimental) testsuite on i686-pc-linux-gnu [r111118]


LAST_UPDATED: Wed Feb 15 21:37:04 UTC 2006 (revision 111118)

		=== acats tests ===
FAIL:	c43208b
FAIL:	c85006a
FAIL:	c85006d
FAIL:	cd92001
FAIL:	cdd2a02

		=== acats Summary ===
# of expected passes		2311
# of unexpected failures	5
Native configuration is i686-pc-linux-gnu

		=== gcc tests ===


Running target unix

		=== gcc Summary ===

# of expected passes		38971
# of expected failures		114
# of untested testcases		28
# of unsupported tests		268
/home/guerby/work/gcc/build/build-head-20060216T000708/gcc/xgcc  version 4.2.0 20060215 (experimental)

		=== gfortran tests ===


Running target unix

		=== gfortran Summary ===

# of expected passes		11708
# of expected failures		17
# of unsupported tests		16
/home/guerby/work/gcc/build/build-head-20060216T000708/gcc/testsuite/gfortran/../../gfortran  version 4.2.0 20060215 (experimental)

		=== g++ tests ===


Running target unix
FAIL: g++.dg/init/ctor4.C (test for excess errors)
FAIL: g++.dg/parse/register1.C (test for excess errors)
FAIL: g++.old-deja/g++.brendan/warnings4.C (test for excess errors)
FAIL: g++.old-deja/g++.jason/overload34.C (test for excess errors)
FAIL: g++.old-deja/g++.mike/p11110.C (test for excess errors)
XPASS: g++.old-deja/g++.other/init5.C execution test

		=== g++ Summary ===

# of expected passes		12053
# of unexpected failures	5
# of unexpected successes	1
# of expected failures		65
# of unsupported tests		67
/home/guerby/work/gcc/build/build-head-20060216T000708/gcc/testsuite/g++/../../g++  version 4.2.0 20060215 (experimental)

		=== objc tests ===


Running target unix

		=== objc Summary ===

# of expected passes		1747
# of expected failures		7
# of unsupported tests		23
/home/guerby/work/gcc/build/build-head-20060216T000708/gcc/xgcc  version 4.2.0 20060215 (experimental)

		=== treelang tests ===


Running target unix

		=== treelang Summary ===

# of expected passes		50

Compiler version: 4.2.0 20060215 (experimental) 
Platform: i686-pc-linux-gnu
configure flags: --prefix=/home/guerby/work/gcc/install/install-head-20060216T000708 --enable-__cxa_atexit --disable-nls --enable-threads=posix --disable-multilib --enable-checking --enable-languages=c,ada,c++,fortran,java,objc,treelang



Index Nav: [Date Index] [Subject Index] [Author Index] [Thread Index]
Message Nav: [Date Prev] [Date Next] [Thread Prev] [Thread Next]