This is the mail archive of the gcc-testresults@gcc.gnu.org mailing list for the GCC project.


Index Nav: [Date Index] [Subject Index] [Author Index] [Thread Index]
Message Nav: [Date Prev] [Date Next] [Thread Prev] [Thread Next]
Other format: [Raw text]

Results for 4.1.0 20060213 (prerelease) testsuite on sparc64-sun-solaris2.10


LAST_UPDATED: 
Native configuration is sparc64-sun-solaris2.10

		=== g++ tests ===


Running target unix
FAIL: g++.dg/opt/inline4.C (test for excess errors)
WARNING: g++.dg/other/ucnid-1.C compilation failed to produce executable
XPASS: g++.dg/tree-ssa/pr14814.C scan-tree-dump-times &this 0

		=== g++ Summary ===

# of expected passes		11825
# of unexpected failures	1
# of unexpected successes	1
# of expected failures		68
# of unsupported tests		137
/caip/u12/kishgcc/gcc-testing/gcc-testing/v9-41/build/gcc/testsuite/../g++  version 4.1.0 20060213 (prerelease)

		=== gcc tests ===


Running target unix
FAIL: gcc.c-torture/compile/20021108-1.c  -O0  (test for excess errors)
FAIL: gcc.c-torture/compile/20021108-1.c  -O1  (test for excess errors)
FAIL: gcc.c-torture/compile/20021108-1.c  -O2  (test for excess errors)
FAIL: gcc.c-torture/compile/20021108-1.c  -O3 -fomit-frame-pointer  (test for excess errors)
FAIL: gcc.c-torture/compile/20021108-1.c  -O3 -g  (test for excess errors)
FAIL: gcc.c-torture/compile/20021108-1.c  -Os  (test for excess errors)
FAIL: gcc.c-torture/compile/920501-7.c  -O0  (test for excess errors)
FAIL: gcc.c-torture/compile/920501-7.c  -O1  (test for excess errors)
FAIL: gcc.c-torture/compile/920501-7.c  -O2  (test for excess errors)
FAIL: gcc.c-torture/compile/920501-7.c  -O3 -fomit-frame-pointer  (test for excess errors)
FAIL: gcc.c-torture/compile/920501-7.c  -O3 -g  (test for excess errors)
FAIL: gcc.c-torture/compile/920501-7.c  -Os  (test for excess errors)
FAIL: gcc.c-torture/compile/labels-1.c  -O0  (test for excess errors)
FAIL: gcc.c-torture/compile/labels-1.c  -O1  (test for excess errors)
FAIL: gcc.c-torture/compile/labels-1.c  -O2  (test for excess errors)
FAIL: gcc.c-torture/compile/labels-1.c  -O3 -fomit-frame-pointer  (test for excess errors)
FAIL: gcc.c-torture/compile/labels-1.c  -O3 -g  (test for excess errors)
FAIL: gcc.c-torture/compile/labels-1.c  -Os  (test for excess errors)
FAIL: gcc.c-torture/compile/labels-2.c  -O0  (test for excess errors)
FAIL: gcc.c-torture/compile/labels-2.c  -O1  (test for excess errors)
FAIL: gcc.c-torture/compile/labels-2.c  -O2  (test for excess errors)
FAIL: gcc.c-torture/compile/labels-2.c  -O3 -fomit-frame-pointer  (test for excess errors)
FAIL: gcc.c-torture/compile/labels-2.c  -O3 -g  (test for excess errors)
FAIL: gcc.c-torture/compile/labels-2.c  -Os  (test for excess errors)
FAIL: gcc.c-torture/compile/labels-3.c  -O0  (test for excess errors)
FAIL: gcc.c-torture/compile/labels-3.c  -O1  (test for excess errors)
FAIL: gcc.c-torture/compile/labels-3.c  -O2  (test for excess errors)
FAIL: gcc.c-torture/compile/labels-3.c  -O3 -fomit-frame-pointer  (test for excess errors)
FAIL: gcc.c-torture/compile/labels-3.c  -O3 -g  (test for excess errors)
FAIL: gcc.c-torture/compile/labels-3.c  -Os  (test for excess errors)
FAIL: gcc.dg/20021029-1.c (test for excess errors)
ERROR: gcc.dg/20021029-1.c: error executing dg-final: couldn't open "20021029-1.s": no such file or directory
UNRESOLVED: gcc.dg/20021029-1.c: error executing dg-final: couldn't open "20021029-1.s": no such file or directory
WARNING: program timed out.
FAIL: gcc.dg/c99-intconst-1.c (test for excess errors)
FAIL: gcc.dg/pr16973.c (test for excess errors)
WARNING: gcc.dg/ucnid-2.c compilation failed to produce executable
WARNING: gcc.dg/ucnid-3.c compilation failed to produce executable
WARNING: gcc.dg/ucnid-4.c compilation failed to produce executable
FAIL: largefile.c -O0 -g (test for excess errors)
FAIL: largefile.c  -O0  (test for excess errors)
FAIL: largefile.c  -O1  (test for excess errors)
FAIL: largefile.c  -O2  (test for excess errors)
FAIL: largefile.c  -O3 -fomit-frame-pointer  (test for excess errors)
FAIL: largefile.c  -O3 -g  (test for excess errors)
FAIL: largefile.c  -Os  (test for excess errors)
XPASS: gcc.dg/vect/pr20122.c scan-tree-dump-times vectorized 1 loops 2
XPASS: gcc.dg/vect/vect-105.c scan-tree-dump-times vectorized 1 loops 1
XPASS: gcc.dg/vect/vect-75.c scan-tree-dump-times vectorized 1 loops 1

		=== gcc Summary ===

# of expected passes		37210
# of unexpected failures	40
# of unexpected successes	3
# of expected failures		111
# of unresolved testcases	1
# of untested testcases		35
# of unsupported tests		385
/caip/u12/kishgcc/gcc-testing/gcc-testing/v9-41/build/gcc/xgcc  version 4.1.0 20060213 (prerelease)

		=== gfortran tests ===


Running target unix
WARNING: program timed out.
FAIL: gfortran.dg/cray_pointers_2.f90  -O3 -fomit-frame-pointer  (test for excess errors)
WARNING: gfortran.dg/cray_pointers_2.f90  -O3 -fomit-frame-pointer  compilation failed to produce executable
WARNING: program timed out.
FAIL: gfortran.dg/cray_pointers_2.f90  -O3 -fomit-frame-pointer -funroll-loops  (test for excess errors)
WARNING: gfortran.dg/cray_pointers_2.f90  -O3 -fomit-frame-pointer -funroll-loops  compilation failed to produce executable
WARNING: program timed out.
FAIL: gfortran.dg/cray_pointers_2.f90  -O3 -fomit-frame-pointer -funroll-all-loops -finline-functions  (test for excess errors)
WARNING: gfortran.dg/cray_pointers_2.f90  -O3 -fomit-frame-pointer -funroll-all-loops -finline-functions  compilation failed to produce executable
WARNING: program timed out.
FAIL: gfortran.dg/cray_pointers_2.f90  -O3 -g  (test for excess errors)
WARNING: gfortran.dg/cray_pointers_2.f90  -O3 -g  compilation failed to produce executable

		=== gfortran Summary ===

# of expected passes		11537
# of unexpected failures	4
# of expected failures		7
# of unsupported tests		31
/caip/u12/kishgcc/gcc-testing/gcc-testing/v9-41/build/gcc/testsuite/../gfortran  version 4.1.0 20060213 (prerelease)

		=== obj-c++ tests ===


Running target unix
FAIL: obj-c++.dg/bitfield-1.mm (test for excess errors)
FAIL: obj-c++.dg/bitfield-4.mm (test for excess errors)
FAIL: obj-c++.dg/comp-types-10.mm (test for excess errors)
FAIL: obj-c++.dg/cxx-ivars-2.mm execution test
FAIL: obj-c++.dg/encode-3.mm execution test
FAIL: obj-c++.dg/encode-8.mm execution test
FAIL: obj-c++.dg/isa-field-1.mm (test for excess errors)
FAIL: obj-c++.dg/layout-1.mm (test for excess errors)
FAIL: obj-c++.dg/lookup-2.mm (test for excess errors)
WARNING: obj-c++.dg/lookup-2.mm compilation failed to produce executable
FAIL: obj-c++.dg/try-catch-2.mm (test for excess errors)
WARNING: obj-c++.dg/try-catch-2.mm compilation failed to produce executable
FAIL: obj-c++.dg/try-catch-9.mm (test for excess errors)
WARNING: obj-c++.dg/try-catch-9.mm compilation failed to produce executable

		=== obj-c++ Summary ===

# of expected passes		418
# of unexpected failures	11
# of unsupported tests		13
/caip/u12/kishgcc/gcc-testing/gcc-testing/v9-41/build/gcc/testsuite/../g++  version 4.1.0 20060213 (prerelease)

		=== objc tests ===


Running target unix

		=== objc Summary ===

# of expected passes		1684
# of unsupported tests		22
/caip/u12/kishgcc/gcc-testing/gcc-testing/v9-41/build/gcc/xgcc  version 4.1.0 20060213 (prerelease)

		=== treelang tests ===


Running target unix

		=== treelang Summary ===

# of expected passes		50
		=== libffi tests ===


Running target unix

		=== libffi Summary ===

# of expected passes		228
# of unsupported tests		2
		=== libjava tests ===


Running target unix
FAIL: Array_3 execution - gij test
FAIL: Array_3 execution - gij test
FAIL: Class_1 execution - source compiled test
FAIL: Class_1 execution - bytecode->native test
FAIL: Class_1 -O3 execution - source compiled test
FAIL: Class_1 -O3 execution - bytecode->native test
FAIL: ExtraClassLoader output - source compiled test
FAIL: ExtraClassLoader output - gij test
FAIL: ExtraClassLoader output - bytecode->native test
FAIL: ExtraClassLoader -O3 output - source compiled test
FAIL: ExtraClassLoader output - gij test
WARNING: program timed out.
FAIL: ExtraClassLoader -O3 compilation from bytecode
FAIL: FileHandleGcTest execution - source compiled test
FAIL: FileHandleGcTest execution - gij test
FAIL: FileHandleGcTest execution - bytecode->native test
FAIL: FileHandleGcTest -O3 execution - source compiled test
FAIL: FileHandleGcTest execution - gij test
FAIL: FileHandleGcTest -O3 execution - bytecode->native test
FAIL: InvokeInterface execution - bytecode->native test
FAIL: InvokeInterface -O3 execution - bytecode->native test
FAIL: PR12416 execution - bytecode->native test
FAIL: PR12416 -O3 execution - bytecode->native test
FAIL: PR18699 execution - gij test
FAIL: PR260 execution - bytecode->native test
FAIL: PR260 -O3 execution - bytecode->native test
FAIL: SyncTest execution - bytecode->native test
FAIL: SyncTest -O3 execution - bytecode->native test
FAIL: Throw_2 execution - gij test
FAIL: Throw_2 execution - gij test
FAIL: invokethrow execution - bytecode->native test
FAIL: invokethrow -O3 execution - bytecode->native test
FAIL: pr179 execution - bytecode->native test
FAIL: pr179 -O3 execution - bytecode->native test
FAIL: pr8415 execution - bytecode->native test
FAIL: pr8415 -O3 execution - bytecode->native test
FAIL: stringconst2 output - source compiled test
FAIL: stringconst2 output - bytecode->native test
FAIL: stringconst2 -O3 output - source compiled test
FAIL: stringconst2 -O3 output - bytecode->native test
FAIL: pr21115 run

		=== libjava Summary ===

# of expected passes		3940
# of unexpected failures	40
# of expected failures		10
# of untested testcases		40
		=== libstdc++ tests ===


Running target unix
WARNING: program timed out.
FAIL: 22_locale/ctype/scan/char/1.cc (test for excess errors)
WARNING: 22_locale/ctype/scan/char/1.cc compilation failed to produce executable
WARNING: program timed out.
FAIL: 22_locale/money_get/2.cc (test for excess errors)
WARNING: program timed out.
FAIL: 22_locale/money_get/3.cc (test for excess errors)
WARNING: program timed out.
FAIL: 22_locale/money_get/get/char/5.cc (test for excess errors)
WARNING: 22_locale/money_get/get/char/5.cc compilation failed to produce executable
WARNING: program timed out.
FAIL: 22_locale/money_get/get/wchar_t/5.cc (test for excess errors)
WARNING: 22_locale/money_get/get/wchar_t/5.cc compilation failed to produce executable
WARNING: program timed out.
FAIL: 22_locale/num_get/2.cc (test for excess errors)
WARNING: program timed out.
FAIL: 22_locale/num_get/3.cc (test for excess errors)
WARNING: program timed out.
FAIL: 22_locale/num_get/get/char/4.cc (test for excess errors)
WARNING: 22_locale/num_get/get/char/4.cc compilation failed to produce executable
WARNING: program timed out.
FAIL: 22_locale/num_get/get/wchar_t/4.cc (test for excess errors)
WARNING: 22_locale/num_get/get/wchar_t/4.cc compilation failed to produce executable
WARNING: program timed out.
FAIL: 22_locale/numpunct/members/pod/2.cc (test for excess errors)
WARNING: 22_locale/numpunct/members/pod/2.cc compilation failed to produce executable
WARNING: program timed out.
FAIL: 22_locale/time_get/2.cc (test for excess errors)
WARNING: program timed out.
FAIL: 26_numerics/complex/complex_inserters_extractors.cc (test for excess errors)
WARNING: 26_numerics/complex/complex_inserters_extractors.cc compilation failed to produce executable
WARNING: program timed out.
FAIL: 27_io/basic_fstream/2.cc (test for excess errors)
WARNING: program timed out.
FAIL: 27_io/basic_ios/imbue/14072.cc (test for excess errors)
WARNING: 27_io/basic_ios/imbue/14072.cc compilation failed to produce executable
XPASS: 27_io/basic_istream/extractors_arithmetic/char/12.cc execution test
XPASS: 27_io/basic_istream/extractors_arithmetic/wchar_t/12.cc execution test
WARNING: program timed out.
FAIL: 27_io/basic_ostream/2.cc (test for excess errors)
WARNING: program timed out.
FAIL: 27_io/basic_stringstream/2.cc (test for excess errors)
XPASS: 27_io/fpos/14320-1.cc execution test
WARNING: program timed out.
FAIL: ext/pb_assoc/example/tree_intervals.cc (test for excess errors)
WARNING: ext/pb_assoc/example/tree_intervals.cc compilation failed to produce executable

		=== libstdc++ Summary ===

# of expected passes		3359
# of unexpected failures	17
# of unexpected successes	3
# of expected failures		11
# of unsupported tests		321

Compiler version: 4.1.0 20060213 (prerelease) 
Platform: sparc64-sun-solaris2.10
configure flags: --verbose --enable-checking=yes,rtl,fold --with-local-prefix=/tmp/local --without-libiconv-prefix --with-mpfr=/caip/u12/kishgcc/gcc-testing/_gmp64 sparc64-sun-solaris2.10 --enable-languages=c,c++,fortran,java,objc,obj-c++,treelang


Index Nav: [Date Index] [Subject Index] [Author Index] [Thread Index]
Message Nav: [Date Prev] [Date Next] [Thread Prev] [Thread Next]