This is the mail archive of the gcc-testresults@gcc.gnu.org mailing list for the GCC project.


Index Nav: [Date Index] [Subject Index] [Author Index] [Thread Index]
Message Nav: [Date Prev] [Date Next] [Thread Prev] [Thread Next]
Other format: [Raw text]

Results for 4.1.0 20060214 (prerelease) testsuite on hppa2.0w-hp-hpux11.11


LAST_UPDATED: Tue Feb 14 14:59:41 UTC 2006 (revision 110973M)

		=== acats tests ===
FAIL:	ce3806d
FAIL:	ce3806e
FAIL:	ce3810a
FAIL:	cxaa008
FAIL:	cxaa009
FAIL:	cxg1003
FAIL:	cxg2001
FAIL:	cxg2002
FAIL:	cxg2003
FAIL:	cxg2004
FAIL:	cxg2006
FAIL:	cxg2007
FAIL:	cxg2010
FAIL:	cxg2011
FAIL:	cxg2012
FAIL:	cxg2013
FAIL:	cxg2015
FAIL:	cxg2016
FAIL:	cxg2017
FAIL:	cxg2018
FAIL:	cxg2019
FAIL:	cxg2020
FAIL:	cxg2021
FAIL:	cxg2024

		=== acats Summary ===
# of expected passes		2291
# of unexpected failures	24
Native configuration is hppa2.0w-hp-hpux11.11

		=== g++ tests ===


Running target unix
XPASS: g++.dg/tree-ssa/pr14814.C scan-tree-dump-times &this 0

		=== g++ Summary ===

# of expected passes		11551
# of unexpected successes	1
# of expected failures		67
# of unsupported tests		152
/test/gnu/gcc-4.1/objdir/gcc/testsuite/../g++  version 4.1.0 20060214 (prerelease)

		=== gcc tests ===


Running target unix

		=== gcc Summary ===

# of expected passes		36369
# of expected failures		78
# of untested testcases		28
# of unsupported tests		421
/test/gnu/gcc-4.1/objdir/gcc/xgcc  version 4.1.0 20060214 (prerelease)

		=== gfortran tests ===


Running target unix

		=== gfortran Summary ===

# of expected passes		11484
# of expected failures		4
# of unsupported tests		66
/test/gnu/gcc-4.1/objdir/gcc/testsuite/../gfortran  version 4.1.0 20060214 (prerelease)

		=== obj-c++ tests ===


Running target unix
FAIL: obj-c++.dg/cxx-ivars-2.mm execution test
FAIL: obj-c++.dg/encode-8.mm execution test
FAIL: obj-c++.dg/isa-field-1.mm (test for excess errors)
FAIL: obj-c++.dg/lookup-2.mm (test for excess errors)
WARNING: obj-c++.dg/lookup-2.mm compilation failed to produce executable
FAIL: obj-c++.dg/try-catch-2.mm (test for excess errors)
WARNING: obj-c++.dg/try-catch-2.mm compilation failed to produce executable
FAIL: obj-c++.dg/try-catch-9.mm (test for excess errors)
WARNING: obj-c++.dg/try-catch-9.mm compilation failed to produce executable

		=== obj-c++ Summary ===

# of expected passes		423
# of unexpected failures	6
# of unsupported tests		13
/test/gnu/gcc-4.1/objdir/gcc/testsuite/../g++  version 4.1.0 20060214 (prerelease)

		=== objc tests ===


Running target unix

		=== objc Summary ===

# of expected passes		1682
# of unsupported tests		23
/test/gnu/gcc-4.1/objdir/gcc/xgcc  version 4.1.0 20060214 (prerelease)

		=== libstdc++ tests ===


Running target unix

		=== libstdc++ Summary ===

# of expected passes		2619
# of expected failures		10
# of unsupported tests		159

Compiler version: 4.1.0 20060214 (prerelease) 
Platform: hppa2.0w-hp-hpux11.11
configure flags: --with-gnu-as --with-as=/opt/gnu/bin/as --enable-shared --disable-nls --with-local-prefix=/opt/gnu --prefix=/opt/gnu/gcc/gcc-4.1.0 --enable-debug=no --enable-threads=posix --with-gmp=/opt/gnu --disable-libmudflap --enable-languages=c,ada,c++,fortran,java,objc,obj-c++


Index Nav: [Date Index] [Subject Index] [Author Index] [Thread Index]
Message Nav: [Date Prev] [Date Next] [Thread Prev] [Thread Next]