This is the mail archive of the gcc-testresults@gcc.gnu.org mailing list for the GCC project.


Index Nav: [Date Index] [Subject Index] [Author Index] [Thread Index]
Message Nav: [Date Prev] [Date Next] [Thread Prev] [Thread Next]
Other format: [Raw text]

Results for 4.2.0-gomp-20050608-branch 20060206 (experimental) (merged 20060206) testsuite on x86_64-unknown-linux-gnu


LAST_UPDATED: 
Native configuration is x86_64-unknown-linux-gnu

		=== g++ tests ===


Running target unix
FAIL: g++.dg/init/ctor4.C (test for excess errors)
FAIL: g++.dg/parse/register1.C (test for excess errors)
FAIL: g++.old-deja/g++.brendan/warnings4.C (test for excess errors)
FAIL: g++.old-deja/g++.jason/overload34.C (test for excess errors)
FAIL: g++.old-deja/g++.mike/p11110.C (test for excess errors)

		=== g++ Summary ===

# of expected passes		12258
# of unexpected failures	5
# of expected failures		68
# of unsupported tests		96
/notnfs/dnovillo/sbox/gomp/bld.torquemada/gcc/testsuite/g++/../../g++  version 4.2.0-gomp-20050608-branch 20060206 (experimental) (merged 20060206)

		=== gcc tests ===


Running target unix
WARNING: gcc.dg/torture/fp-int-convert-float128-timode.c  -O0  compilation failed to produce executable
WARNING: gcc.dg/torture/fp-int-convert-float128-timode.c  -O1  compilation failed to produce executable
WARNING: gcc.dg/torture/fp-int-convert-float128-timode.c  -O2  compilation failed to produce executable
WARNING: gcc.dg/torture/fp-int-convert-float128-timode.c  -O3 -fomit-frame-pointer  compilation failed to produce executable
WARNING: gcc.dg/torture/fp-int-convert-float128-timode.c  -O3 -g  compilation failed to produce executable
WARNING: gcc.dg/torture/fp-int-convert-float128-timode.c  -Os  compilation failed to produce executable
WARNING: gcc.dg/torture/fp-int-convert-float128.c  -O0  compilation failed to produce executable
WARNING: gcc.dg/torture/fp-int-convert-float128.c  -O1  compilation failed to produce executable
WARNING: gcc.dg/torture/fp-int-convert-float128.c  -O2  compilation failed to produce executable
WARNING: gcc.dg/torture/fp-int-convert-float128.c  -O3 -fomit-frame-pointer  compilation failed to produce executable
WARNING: gcc.dg/torture/fp-int-convert-float128.c  -O3 -g  compilation failed to produce executable
WARNING: gcc.dg/torture/fp-int-convert-float128.c  -Os  compilation failed to produce executable

		=== gcc Summary ===

# of expected passes		38739
# of expected failures		125
# of untested testcases		28
# of unsupported tests		378
/notnfs/dnovillo/sbox/gomp/bld.torquemada/gcc/xgcc  version 4.2.0-gomp-20050608-branch 20060206 (experimental) (merged 20060206)

		=== gfortran tests ===


Running target unix

		=== gfortran Summary ===

# of expected passes		11717
# of expected failures		20
# of unsupported tests		16
/notnfs/dnovillo/sbox/gomp/bld.torquemada/gcc/testsuite/gfortran/../../gfortran  version 4.2.0-gomp-20050608-branch 20060206 (experimental) (merged 20060206)

		=== libgomp tests ===


Running target unix
FAIL: libgomp.c/atomic-2.c (test for excess errors)
WARNING: libgomp.c/atomic-2.c compilation failed to produce executable
FAIL: libgomp.fortran/omp_parse3.f90  -O0  execution test

		=== libgomp Summary ===

# of expected passes		1355
# of unexpected failures	2
		=== libmudflap tests ===


Running target unix

		=== libmudflap Summary ===

# of expected passes		1789
		=== libstdc++ tests ===


Running target unix
XPASS: 26_numerics/cmath/c99_classification_macros_c.cc (test for excess errors)
XPASS: 27_io/fpos/14320-1.cc execution test

		=== libstdc++ Summary ===

# of expected passes		4104
# of unexpected successes	2
# of expected failures		11
# of unsupported tests		4

Compiler version: 4.2.0-gomp-20050608-branch 20060206 (experimental) (merged 20060206) 
Platform: x86_64-unknown-linux-gnu
configure flags: --prefix=/home/cygnus/dnovillo/perf/sbox/gomp/local.x86_64/inst.torquemada --srcdir=/home/cygnus/dnovillo/perf/sbox/gomp/local.x86_64/src --enable-mpfr --disable-multilib --disable-checking --enable-languages=c,c++,fortran


Index Nav: [Date Index] [Subject Index] [Author Index] [Thread Index]
Message Nav: [Date Prev] [Date Next] [Thread Prev] [Thread Next]