This is the mail archive of the gcc-testresults@gcc.gnu.org mailing list for the GCC project.


Index Nav: [Date Index] [Subject Index] [Author Index] [Thread Index]
Message Nav: [Date Prev] [Date Next] [Thread Prev] [Thread Next]
Other format: [Raw text]

Results for 4.2.0 20060214 (experimental) testsuite on mips-sgi-irix6.5


This run on SGI Origin 300 cru300 running IRIX 6.5.22m
Bootstrap compiler gcc (GCC) 3.3.1
Using GNU binutils with -mabi=32 multilib disabled

dejagnu version:
Expect version is	5.40.0
Tcl version is		8.4
Framework version is	1.4.4

LAST_UPDATED: Tue Feb 14 00:36:40 UTC 2006 (revision 110949)

Native configuration is mips-sgi-irix6.5

		=== gcc tests ===


Running target unix
WARNING: program timed out.
FAIL: gcc.c-torture/compile/20001226-1.c  -O2  (test for excess errors)
WARNING: program timed out.
FAIL: gcc.c-torture/compile/20001226-1.c  -O3 -fomit-frame-pointer  (test
for excess errors)
WARNING: program timed out.
FAIL: gcc.c-torture/compile/20001226-1.c  -O3 -g  (test for excess errors)
WARNING: program timed out.
FAIL: gcc.c-torture/compile/20001226-1.c  -Os  (test for excess errors)
FAIL: gcc.dg/attr-weakref-1.c (test for excess errors)
WARNING: gcc.dg/attr-weakref-1.c compilation failed to produce executable
FAIL: gcc.dg/single-precision-constant.c (test for excess errors)
WARNING: gcc.dg/single-precision-constant.c compilation failed to produce
executable
FAIL: gcc.dg/tls/opt-2.c (test for excess errors)
XPASS: gcc.dg/tree-ssa/20040204-1.c scan-tree-dump-times link_error 0
FAIL: gcc.target/mips/mips16e-extends.c scan-assembler seb

		=== gcc Summary for unix ===

# of expected passes		37533
# of unexpected failures	8
# of unexpected successes	1
# of expected failures		74
# of untested testcases		28
# of unsupported tests		348

Running target unix/-mabi=64
WARNING: program timed out.
FAIL: gcc.c-torture/compile/20001226-1.c  -O2  (test for excess errors)
WARNING: program timed out.
FAIL: gcc.c-torture/compile/20001226-1.c  -O3 -fomit-frame-pointer  (test
for excess errors)
WARNING: program timed out.
FAIL: gcc.c-torture/compile/20001226-1.c  -O3 -g  (test for excess errors)
WARNING: program timed out.
FAIL: gcc.c-torture/compile/20001226-1.c  -Os  (test for excess errors)
FAIL: gcc.dg/attr-weakref-1.c (test for excess errors)
WARNING: gcc.dg/attr-weakref-1.c compilation failed to produce executable
FAIL: gcc.dg/single-precision-constant.c (test for excess errors)
WARNING: gcc.dg/single-precision-constant.c compilation failed to produce
executable
FAIL: gcc.dg/tls/opt-2.c (test for excess errors)
XPASS: gcc.dg/tree-ssa/20040204-1.c scan-tree-dump-times link_error 0

		=== gcc Summary for unix/-mabi=64 ===

# of expected passes		37427
# of unexpected failures	7
# of unexpected successes	1
# of expected failures		74
# of untested testcases		28
# of unsupported tests		354

		=== gcc Summary ===

# of expected passes		74960
# of unexpected failures	15
# of unexpected successes	2
# of expected failures		148
# of untested testcases		56
# of unsupported tests		702
/disk4/billingd/obj/gcc/gcc/xgcc  version 4.2.0 20060214 (experimental)

		=== gfortran tests ===


Running target unix
FAIL: gfortran.dg/csqrt_2.f  -O3 -fomit-frame-pointer -funroll-loops
execution test
FAIL:
gfortran.dg/csqrt_2.f  -O3 -fomit-frame-pointer -funroll-all-loops -finlin
e-functions  execution test
WARNING: program timed out.
FAIL:
gfortran.dg/large_real_kind_2.F90  -O3 -fomit-frame-pointer -funroll-loops
(test for excess errors)
WARNING:
gfortran.dg/large_real_kind_2.F90  -O3 -fomit-frame-pointer -funroll-loops
compilation failed to produce executable
WARNING: program timed out.
FAIL:
gfortran.dg/large_real_kind_2.F90  -O3 -fomit-frame-pointer -funroll-all-l
oops -finline-functions  (test for excess errors)
WARNING:
gfortran.dg/large_real_kind_2.F90  -O3 -fomit-frame-pointer -funroll-all-l
oops -finline-functions  compilation failed to produce executable
FAIL: gfortran.dg/large_real_kind_form_io_2.f90  -O0  execution test
FAIL: gfortran.dg/large_real_kind_form_io_2.f90  -O1  execution test
FAIL: gfortran.dg/large_real_kind_form_io_2.f90  -O2  execution test
FAIL: gfortran.dg/large_real_kind_form_io_2.f90  -O3 -fomit-frame-pointer
execution test
FAIL:
gfortran.dg/large_real_kind_form_io_2.f90  -O3 -fomit-frame-pointer -funro
ll-loops  execution test
FAIL:
gfortran.dg/large_real_kind_form_io_2.f90  -O3 -fomit-frame-pointer -funro
ll-all-loops -finline-functions  execution test
FAIL: gfortran.dg/large_real_kind_form_io_2.f90  -O3 -g  execution test
FAIL: gfortran.dg/large_real_kind_form_io_2.f90  -Os  execution test
FAIL: gfortran.fortran-torture/execute/intrinsic_abs.f90 execution,  -O0
FAIL: gfortran.fortran-torture/execute/intrinsic_abs.f90 execution,  -O1
FAIL: gfortran.fortran-torture/execute/intrinsic_abs.f90 execution,  -O2
FAIL: gfortran.fortran-torture/execute/intrinsic_abs.f90
execution,  -O3 -fomit-frame-pointer
FAIL: gfortran.fortran-torture/execute/intrinsic_abs.f90
execution,  -O3 -fomit-frame-pointer -funroll-loops
FAIL: gfortran.fortran-torture/execute/intrinsic_abs.f90
execution,  -O3 -fomit-frame-pointer -funroll-all-loops -finline-functions
FAIL: gfortran.fortran-torture/execute/intrinsic_abs.f90
execution,  -O3 -g
FAIL: gfortran.fortran-torture/execute/intrinsic_abs.f90 execution,  -Os

		=== gfortran Summary for unix ===

# of expected passes		11578
# of unexpected failures	20
# of expected failures		12
# of unsupported tests		26

Running target unix/-mabi=64
FAIL: gfortran.dg/csqrt_2.f  -O3 -fomit-frame-pointer -funroll-loops
execution test
FAIL:
gfortran.dg/csqrt_2.f  -O3 -fomit-frame-pointer -funroll-all-loops -finlin
e-functions  execution test
WARNING: program timed out.
FAIL:
gfortran.dg/large_real_kind_2.F90  -O3 -fomit-frame-pointer -funroll-loops
(test for excess errors)
WARNING:
gfortran.dg/large_real_kind_2.F90  -O3 -fomit-frame-pointer -funroll-loops
compilation failed to produce executable
WARNING: program timed out.
FAIL:
gfortran.dg/large_real_kind_2.F90  -O3 -fomit-frame-pointer -funroll-all-l
oops -finline-functions  (test for excess errors)
WARNING:
gfortran.dg/large_real_kind_2.F90  -O3 -fomit-frame-pointer -funroll-all-l
oops -finline-functions  compilation failed to produce executable
FAIL: gfortran.dg/large_real_kind_form_io_2.f90  -O0  execution test
FAIL: gfortran.dg/large_real_kind_form_io_2.f90  -O1  execution test
FAIL: gfortran.dg/large_real_kind_form_io_2.f90  -O2  execution test
FAIL: gfortran.dg/large_real_kind_form_io_2.f90  -O3 -fomit-frame-pointer
execution test
FAIL:
gfortran.dg/large_real_kind_form_io_2.f90  -O3 -fomit-frame-pointer -funro
ll-loops  execution test
FAIL:
gfortran.dg/large_real_kind_form_io_2.f90  -O3 -fomit-frame-pointer -funro
ll-all-loops -finline-functions  execution test
FAIL: gfortran.dg/large_real_kind_form_io_2.f90  -O3 -g  execution test
FAIL: gfortran.dg/large_real_kind_form_io_2.f90  -Os  execution test
FAIL: gfortran.fortran-torture/execute/intrinsic_abs.f90 execution,  -O0
FAIL: gfortran.fortran-torture/execute/intrinsic_abs.f90 execution,  -O1
FAIL: gfortran.fortran-torture/execute/intrinsic_abs.f90 execution,  -O2
FAIL: gfortran.fortran-torture/execute/intrinsic_abs.f90
execution,  -O3 -fomit-frame-pointer
FAIL: gfortran.fortran-torture/execute/intrinsic_abs.f90
execution,  -O3 -fomit-frame-pointer -funroll-loops
FAIL: gfortran.fortran-torture/execute/intrinsic_abs.f90
execution,  -O3 -fomit-frame-pointer -funroll-all-loops -finline-functions
FAIL: gfortran.fortran-torture/execute/intrinsic_abs.f90
execution,  -O3 -g
FAIL: gfortran.fortran-torture/execute/intrinsic_abs.f90 execution,  -Os

		=== gfortran Summary for unix/-mabi=64 ===

# of expected passes		11578
# of unexpected failures	20
# of expected failures		12
# of unsupported tests		26

		=== gfortran Summary ===

# of expected passes		23156
# of unexpected failures	40
# of expected failures		24
# of unsupported tests		52
/disk4/billingd/obj/gcc/gcc/testsuite/gfortran/../../gfortran  version
4.2.0 20060214 (experimental)


Compiler version: 4.2.0 20060214 (experimental)
Platform: mips-sgi-irix6.5
configure
flags: --enable-shared --enable-haifa --enable-threads=single --enable-lib
java --with-as=/disk4/billingd/tmp/binutils-2.16/bin/as --disable-nls --wi
th-gmp=/usr/local --disable-libmudflap --disable-libgomp --prefix=/disk4/b
illingd/tmp/gcc --enable-languages=c,fortran
Counting all warnings,
there are 0 warnings in stage3 of this bootstrap.

Number of warnings per file:

Number of warning types:


NOTICE
This e-mail and any attachments are private and confidential and may
contain privileged information. If you are not an authorised recipient,
the copying or distribution of this e-mail and any attachments is
prohibited and you must not read, print or act in reliance on this e-mail
or attachments.
This notice should not be removed.


Index Nav: [Date Index] [Subject Index] [Author Index] [Thread Index]
Message Nav: [Date Prev] [Date Next] [Thread Prev] [Thread Next]