This is the mail archive of the gcc-testresults@gcc.gnu.org mailing list for the GCC project.


Index Nav: [Date Index] [Subject Index] [Author Index] [Thread Index]
Message Nav: [Date Prev] [Date Next] [Thread Prev] [Thread Next]
Other format: [Raw text]

Results for 4.0.3 20060212 (prerelease) (Debian 4.0.2-9) testsuite on i486-pc-linux-gnu


LAST_UPDATED: Sun Feb 12 08:16:37 UTC 2006 (revision 110888)

		=== acats tests ===
FAIL:	cxf3a01
FAIL:	cxf3a02

		=== acats Summary ===
# of expected passes		2318
# of unexpected failures	2
Native configuration is i486-pc-linux-gnu

		=== g++ tests ===


Running target unix
XPASS: g++.old-deja/g++.other/init5.C execution test

		=== g++ Summary for unix ===

# of expected passes		11449
# of unexpected successes	1
# of expected failures		69
# of unsupported tests		56

Running target unix/-march=i686
XPASS: g++.old-deja/g++.other/init5.C execution test

		=== g++ Summary for unix/-march=i686 ===

# of expected passes		11449
# of unexpected successes	1
# of expected failures		69
# of unsupported tests		56

Running target unix/-m64
XPASS: g++.old-deja/g++.other/init5.C execution test

		=== g++ Summary for unix/-m64 ===

# of expected passes		11337
# of unexpected successes	1
# of expected failures		69
# of unsupported tests		97

		=== g++ Summary ===

# of expected passes		34235
# of unexpected successes	3
# of expected failures		207
# of unsupported tests		209
/home/packages/gcc/4.0/gcc-4.0-4.0.2/build/gcc/testsuite/../g++  version 4.0.3 20060212 (prerelease) (Debian 4.0.2-9)

		=== gcc tests ===


Running target unix
FAIL: gcc.dg/cleanup-10.c execution test
FAIL: gcc.dg/cleanup-11.c execution test
FAIL: gcc.dg/cleanup-8.c execution test
FAIL: gcc.dg/cleanup-9.c execution test
FAIL: gcc.dg/vect/pr20122.c scan-tree-dump-times vectorized 1 loops 2
XPASS: gcc.dg/vect/vect-22.c scan-tree-dump-times vectorized 3 loops 1

		=== gcc Summary for unix ===

# of expected passes		35532
# of unexpected failures	5
# of unexpected successes	1
# of expected failures		94
# of untested testcases		28
# of unsupported tests		326

Running target unix/-march=i686
FAIL: gcc.dg/20020122-2.c (test for excess errors)
FAIL: gcc.dg/cleanup-10.c execution test
FAIL: gcc.dg/cleanup-11.c execution test
FAIL: gcc.dg/cleanup-8.c execution test
FAIL: gcc.dg/cleanup-9.c execution test
FAIL: gcc.dg/i386-387-1.c scan-assembler call\\t_?sin
FAIL: gcc.dg/i386-387-1.c scan-assembler call\\t_?cos
FAIL: gcc.dg/i386-387-1.c scan-assembler call\\t_?sqrt
FAIL: gcc.dg/i386-387-1.c scan-assembler call\\t_?atan2
FAIL: gcc.dg/i386-387-1.c scan-assembler call\\t_?log
FAIL: gcc.dg/i386-387-1.c scan-assembler call\\t_?exp
FAIL: gcc.dg/i386-387-1.c scan-assembler call\\t_?tan
FAIL: gcc.dg/i386-387-1.c scan-assembler call\\t_?fmod
FAIL: gcc.dg/i386-387-5.c scan-assembler call\\t_?atan
FAIL: gcc.dg/i386-387-5.c scan-assembler call\\t_?log1p
FAIL: gcc.dg/i386-387-5.c scan-assembler call\\t_?drem
FAIL: gcc.dg/i386-cmov1.c scan-assembler sar[^\\\\n]*magic_namec
FAIL: gcc.dg/i386-cmov1.c scan-assembler shr[^\\\\n]*magic_namef
FAIL: gcc.dg/i386-cvt-1.c (test for excess errors)
FAIL: gcc.dg/i386-cvt-1.c scan-assembler cvttsd2si[^\\\\n]*xmm
FAIL: gcc.dg/i386-cvt-1.c scan-assembler cvttss2si[^\\\\n]*xmm
FAIL: gcc.dg/i386-fpcvt-4.c (test for excess errors)
FAIL: gcc.dg/i386-fpcvt-4.c scan-assembler cvtsi2sd
FAIL: gcc.dg/i386-mul.c scan-assembler and[^\\\\n]*magic
FAIL: gcc.dg/pr12092-1.c (test for excess errors)
FAIL: gcc.dg/vect/pr20122.c scan-tree-dump-times vectorized 1 loops 2
XPASS: gcc.dg/vect/vect-22.c scan-tree-dump-times vectorized 3 loops 1
FAIL: gcc.misc-tests/i386-pf-sse-1.c  -march=pentium3  scan-assembler prefetchnta
FAIL: gcc.misc-tests/i386-pf-sse-1.c  -march=pentium3  scan-assembler prefetcht0
FAIL: gcc.misc-tests/i386-pf-sse-1.c  -march=pentium3  scan-assembler prefetcht1
FAIL: gcc.misc-tests/i386-pf-sse-1.c  -march=pentium3  scan-assembler prefetcht2
FAIL: gcc.misc-tests/i386-pf-sse-1.c  -march=pentium3m  scan-assembler prefetchnta
FAIL: gcc.misc-tests/i386-pf-sse-1.c  -march=pentium3m  scan-assembler prefetcht0
FAIL: gcc.misc-tests/i386-pf-sse-1.c  -march=pentium3m  scan-assembler prefetcht1
FAIL: gcc.misc-tests/i386-pf-sse-1.c  -march=pentium3m  scan-assembler prefetcht2
FAIL: gcc.misc-tests/i386-pf-sse-1.c  -march=pentium-m  scan-assembler prefetchnta
FAIL: gcc.misc-tests/i386-pf-sse-1.c  -march=pentium-m  scan-assembler prefetcht0
FAIL: gcc.misc-tests/i386-pf-sse-1.c  -march=pentium-m  scan-assembler prefetcht1
FAIL: gcc.misc-tests/i386-pf-sse-1.c  -march=pentium-m  scan-assembler prefetcht2
FAIL: gcc.misc-tests/i386-pf-sse-1.c  -march=pentium4  scan-assembler prefetchnta
FAIL: gcc.misc-tests/i386-pf-sse-1.c  -march=pentium4  scan-assembler prefetcht0
FAIL: gcc.misc-tests/i386-pf-sse-1.c  -march=pentium4  scan-assembler prefetcht1
FAIL: gcc.misc-tests/i386-pf-sse-1.c  -march=pentium4  scan-assembler prefetcht2
FAIL: gcc.misc-tests/i386-pf-sse-1.c  -march=pentium4m  scan-assembler prefetchnta
FAIL: gcc.misc-tests/i386-pf-sse-1.c  -march=pentium4m  scan-assembler prefetcht0
FAIL: gcc.misc-tests/i386-pf-sse-1.c  -march=pentium4m  scan-assembler prefetcht1
FAIL: gcc.misc-tests/i386-pf-sse-1.c  -march=pentium4m  scan-assembler prefetcht2
FAIL: gcc.misc-tests/i386-pf-sse-1.c  -march=prescott  scan-assembler prefetchnta
FAIL: gcc.misc-tests/i386-pf-sse-1.c  -march=prescott  scan-assembler prefetcht0
FAIL: gcc.misc-tests/i386-pf-sse-1.c  -march=prescott  scan-assembler prefetcht1
FAIL: gcc.misc-tests/i386-pf-sse-1.c  -march=prescott  scan-assembler prefetcht2
FAIL: gcc.misc-tests/i386-pf-sse-1.c  -march=c3-2  scan-assembler prefetchnta
FAIL: gcc.misc-tests/i386-pf-sse-1.c  -march=c3-2  scan-assembler prefetcht0
FAIL: gcc.misc-tests/i386-pf-sse-1.c  -march=c3-2  scan-assembler prefetcht1
FAIL: gcc.misc-tests/i386-pf-sse-1.c  -march=c3-2  scan-assembler prefetcht2
FAIL: gcc.misc-tests/i386-pf-3dnow-1.c  -march=c3  scan-assembler prefetch
FAIL: gcc.misc-tests/i386-pf-3dnow-1.c  -march=c3  scan-assembler prefetchw
FAIL: gcc.misc-tests/i386-pf-3dnow-1.c  -march=k6-2  scan-assembler prefetch
FAIL: gcc.misc-tests/i386-pf-3dnow-1.c  -march=k6-2  scan-assembler prefetchw
FAIL: gcc.misc-tests/i386-pf-3dnow-1.c  -march=k6-3  scan-assembler prefetch
FAIL: gcc.misc-tests/i386-pf-3dnow-1.c  -march=k6-3  scan-assembler prefetchw
FAIL: gcc.misc-tests/i386-pf-athlon-1.c  -march=athlon  scan-assembler prefetchw
FAIL: gcc.misc-tests/i386-pf-athlon-1.c  -march=athlon  scan-assembler prefetchnta
FAIL: gcc.misc-tests/i386-pf-athlon-1.c  -march=athlon  scan-assembler prefetcht
FAIL: gcc.misc-tests/i386-pf-athlon-1.c  -march=athlon-4  scan-assembler prefetchw
FAIL: gcc.misc-tests/i386-pf-athlon-1.c  -march=athlon-4  scan-assembler prefetchnta
FAIL: gcc.misc-tests/i386-pf-athlon-1.c  -march=athlon-4  scan-assembler prefetcht
FAIL: gcc.target/i386/pr21101.c (test for excess errors)

		=== gcc Summary for unix/-march=i686 ===

# of expected passes		35470
# of unexpected failures	67
# of unexpected successes	1
# of expected failures		94
# of untested testcases		28
# of unsupported tests		326

Running target unix/-m64
XPASS: gcc.dg/vect/vect-22.c scan-tree-dump-times vectorized 3 loops 1
FAIL: gcc.misc-tests/linkage.c link
FAIL: gcc.target/i386/asm-1.c  (test for errors, line 4)

		=== gcc Summary for unix/-m64 ===

# of expected passes		35241
# of unexpected failures	2
# of unexpected successes	1
# of expected failures		98
# of untested testcases		28
# of unsupported tests		425

		=== gcc Summary ===

# of expected passes		106243
# of unexpected failures	74
# of unexpected successes	3
# of expected failures		286
# of untested testcases		84
# of unsupported tests		1077
/home/packages/gcc/4.0/gcc-4.0-4.0.2/build/gcc/xgcc  version 4.0.3 20060212 (prerelease) (Debian 4.0.2-9)

		=== gfortran tests ===


Running target unix

		=== gfortran Summary for unix ===

# of expected passes		8841
# of expected failures		1
# of unsupported tests		8

Running target unix/-march=i686

		=== gfortran Summary for unix/-march=i686 ===

# of expected passes		8841
# of expected failures		1
# of unsupported tests		8

Running target unix/-m64

		=== gfortran Summary for unix/-m64 ===

# of expected passes		8825
# of expected failures		1
# of unsupported tests		16

		=== gfortran Summary ===

# of expected passes		26507
# of expected failures		3
# of unsupported tests		32
/home/packages/gcc/4.0/gcc-4.0-4.0.2/build/gcc/testsuite/../gfortran  version 4.0.3 20060212 (prerelease) (Debian 4.0.2-9)

		=== objc tests ===


Running target unix

		=== objc Summary for unix ===

# of expected passes		1554
# of unsupported tests		10

Running target unix/-march=i686

		=== objc Summary for unix/-march=i686 ===

# of expected passes		1554
# of unsupported tests		10

Running target unix/-m64

		=== objc Summary for unix/-m64 ===

# of expected passes		1554
# of unsupported tests		10

		=== objc Summary ===

# of expected passes		4662
# of unsupported tests		30
/home/packages/gcc/4.0/gcc-4.0-4.0.2/build/gcc/xgcc  version 4.0.3 20060212 (prerelease) (Debian 4.0.2-9)

		=== libffi tests ===


Running target unix

		=== libffi Summary for unix ===

# of expected passes		219
# of unsupported tests		2

Running target unix/-march=i686

		=== libffi Summary for unix/-march=i686 ===

# of expected passes		219
# of unsupported tests		2

Running target unix/-m64

		=== libffi Summary for unix/-m64 ===

# of expected passes		219
# of unsupported tests		2

		=== libffi Summary ===

# of expected passes		657
# of unsupported tests		6
		=== libmudflap tests ===


Running target unix
FAIL: libmudflap.cth/pass40-frag.c execution test
FAIL: libmudflap.cth/pass40-frag.c output pattern test
FAIL: libmudflap.cth/pass40-frag.c (-O2) execution test
FAIL: libmudflap.cth/pass40-frag.c (-O2) output pattern test
FAIL: libmudflap.cth/pass40-frag.c (-O3) execution test
FAIL: libmudflap.cth/pass40-frag.c (-O3) output pattern test

		=== libmudflap Summary for unix ===

# of expected passes		1282
# of unexpected failures	6

Running target unix/-march=i686
FAIL: libmudflap.cth/pass40-frag.c execution test
FAIL: libmudflap.cth/pass40-frag.c output pattern test
FAIL: libmudflap.cth/pass40-frag.c (-O2) execution test
FAIL: libmudflap.cth/pass40-frag.c (-O2) output pattern test
FAIL: libmudflap.cth/pass40-frag.c (-O3) execution test
FAIL: libmudflap.cth/pass40-frag.c (-O3) output pattern test

		=== libmudflap Summary for unix/-march=i686 ===

# of expected passes		1282
# of unexpected failures	6

Running target unix/-m64

		=== libmudflap Summary for unix/-m64 ===

# of expected passes		1288

		=== libmudflap Summary ===

# of expected passes		3852
# of unexpected failures	12
		=== libstdc++ tests ===


Running target unix
XPASS: 22_locale/locale/cons/12658_thread-1.cc execution test
XPASS: 26_numerics/cmath/c99_classification_macros_c.cc (test for excess errors)

		=== libstdc++ Summary for unix ===

# of expected passes		3713
# of unexpected successes	2
# of expected failures		12

Running target unix/-march=i686
XPASS: 22_locale/locale/cons/12658_thread-1.cc execution test

		=== libstdc++ Summary for unix/-march=i686 ===

# of expected passes		3713
# of unexpected successes	1
# of expected failures		13

Running target unix/-m64
FAIL: 22_locale/codecvt/in/wchar_t/2.cc execution test
FAIL: 22_locale/codecvt/in/wchar_t/3.cc execution test
FAIL: 22_locale/codecvt/length/wchar_t/2.cc execution test
FAIL: 22_locale/codecvt/length/wchar_t/3.cc execution test
FAIL: 22_locale/codecvt/out/wchar_t/2.cc execution test
FAIL: 22_locale/codecvt/out/wchar_t/3.cc execution test
FAIL: 22_locale/ctype/widen/wchar_t/2.cc execution test
XPASS: 22_locale/locale/cons/12658_thread-1.cc execution test
FAIL: 22_locale/messages/members/char/1.cc execution test
FAIL: 22_locale/messages/members/char/2.cc execution test
FAIL: 22_locale/messages_byname/named_equivalence.cc execution test
FAIL: 22_locale/money_get/get/wchar_t/1.cc execution test
FAIL: 22_locale/money_put/put/wchar_t/1.cc execution test
FAIL: 22_locale/money_put/put/wchar_t/3.cc execution test
XPASS: 26_numerics/cmath/c99_classification_macros_c.cc (test for excess errors)
FAIL: 26_numerics/complex/13450.cc execution test
FAIL: 27_io/basic_filebuf/underflow/wchar_t/9520.cc execution test
XPASS: 27_io/fpos/14320-1.cc execution test
FAIL: 27_io/objects/wchar_t/9520.cc execution test

		=== libstdc++ Summary for unix/-m64 ===

# of expected passes		3679
# of unexpected failures	16
# of unexpected successes	3
# of expected failures		11
# of unsupported tests		9

		=== libstdc++ Summary ===

# of expected passes		11105
# of unexpected failures	16
# of unexpected successes	6
# of expected failures		36
# of unsupported tests		9

Compiler version: 4.0.3 20060212 (prerelease) (Debian 4.0.2-9) 
Platform: i486-pc-linux-gnu
configure flags: -v --prefix=/usr --enable-shared --with-system-zlib --libexecdir=/usr/lib --without-included-gettext --enable-threads=posix --enable-nls --program-suffix=-4.0 --enable-__cxa_atexit --enable-clocale=gnu --enable-libstdcxx-debug --enable-java-awt=gtk-default --enable-gtk-cairo --with-java-home=/usr/lib/jvm/java-1.4.2-gcj-4.0-1.4.2.0/jre --enable-mpfr --disable-werror --with-tune=i686 --enable-checking=release i486-linux-gnu --enable-languages=c,ada,c++,f95,java,objc,treelang
BOOT_CFLAGS=-O2


Build Dependencies:
Desired=Unknown/Install/Remove/Purge/Hold
| Status=Not/Installed/Config-files/Unpacked/Failed-config/Half-installed
|/ Err?=(none)/Hold/Reinst-required/X=both-problems (Status,Err: uppercase=bad)
||/ Name           Version             Description
+++-==============-===================-==============================================
ii  binutils       2.16.1cvs20060117-1 The GNU assembler, linker and binary utilities


Patches that Debian applied in this version:

svn-updates:
  CVS updates from the 4.0 branch upto 20060212.

gcc-version:
  Add package identification to the gcc version string

gcc-textdomain:
  Set gettext's domain and textdomain to the versioned package name.

rename-info-files:
  Allow transformations on info file names. Reference the
  transformed info file names in the texinfo files.

libstdc++-pic:
  Build and install libstdc++_pic.a library.

libstdc++-doclink:
  adjust hrefs to point to the local documentation

amd64-specs:
  On x86-64 use 64bits mode assembly except with -m32.

gccbug:
  Use sensible-editor instead of vi as fallback editor

gccbug-posix:
  Make gccbug POSIX compliant (patch by David Weinehall)
  http://www.opengroup.org/onlinepubs/009695399/utilities/test.html

boehm-gc-nocheck:
  Disable running the boehm-gc testsuite. Hangs the buildd at least on hppa.

acats-expect:
  Run the ACATS testsuite using expect

fastjar-version:
  Append GCC version to the fastjar version string.

libstdc++-doxygen:
  libstdc++ doxygen docs: Set SHORT_NAMES to YES

arm-bigendian:

pr19877:
  Proposed patch to fix PR19877 (libgcj configury)

pr25196:
  Proposed patch for PR rtl-optimization/25196

323016:
  Apply proposed patch for http://bugs.debian.org/323016

classpath-20050618:
  - update classpath awt, swing and xml parser for HTML support in swing.
  taken from classpath CVS HEAD 2005-06-18.
  - updates for gnu.xml and javax.swing.text.html.

classmap-path:
  Search classmap.db in /var/lib/gcj-4.0 (omitting the subminor version).

xml-update-20050930:
  classpath xml-update from 20050930

gcc-m68k-update:
  2005-07-24  Andreas Schwab  <schwab@suse.de>
  
  	* config/m68k/m68k.md ("extendqidi2"): When source is an address
  	register use a word move.  Correct operand of ext.w in 68000 code.

libjava-awt-name:
  2005-05-12  Thomas Fitzsimmons  <fitzsim@redhat.com>
  
  	* Makefile.am (cond_gtk_gcjawt_ltlibrary): Rename libjawt.la
  	libgcjawt.la.

libjava-awt-peer-gtk:
  Fix a segfault on architectures where the size of a pointer is
  greater than the size of an integer, such as ia64.

libjava-dlsearch-path:
  Add /usr/lib/gcj-4.0 to the dlsearch path.

libjava-streamserializer:
  Fix Ubuntu #12744, bug in StreamSerializer, seen with eclipse-3.1

libjava-saxdriver-fix:
  Fix bug lin SAXDriver, needeed for eclipse's AntCompletionProcessor

libjava-xml-transform:
  Fix bug in xml transformer, needed to fix eclipse's handling of its configuration files

arm-libffi:
  Add closure support to libffi for arm

arm-gij:
  Enable gij interpreter on arm

pr13212:
  Work around PR 13121
  http://gcc.gnu.org/ml/java-patches/2006-q1/msg00181.html

disable-libgcj:
  Do not build the java runtime (from this source package)

deb-protoize:
  build protoize/unprotoize binaries

ada-link-lib:
  - Install the shared Ada libraries as '.so.1', not '.so' to conform
  to the Debian policy.
  - Don't include a runtime link path (-rpath), when linking binaries.
  - Build the shared libraries on hppa-linux.

ada-gcc-name:
  use gcc-4.0 instead of gcc as the command name.

link-libs:

reporting:
  Add Debian URL for bug reporting isntructions.

cpu-default-i486:
  set default 32bit ix86 architecture to i486

libjava-biarch-awt:
  

biarch-include:
  biarch-include.dpatch
  
  Adds biarch include directories
  /usr/include/c++/<ver>/<arch>-linux-gnu
  /usr/local/include/<arch>-linux-gnu
  /usr/include/<arch>-linux-gnu
  to the system include paths, depending on 32/64 bit mode.

config-ml:
  disable some biarch libraries for biarch builds

i386-biarch:
  biarch patches for i386/x86_64

Counting all warnings,
there are 136 warnings in stage3 of this bootstrap.

Number of warnings per file:
     44 ./auto-host.h
     22 gcc/tsystem.h
     22 gcc/defaults.h
     12 gcc/cppdefault.c
     11 treelang/lex.c
     11 gengtype-lex.c
      4 gcc/config/i386/i386.md
      3 gcc/gcc.c
      2 gcc/objc/lang-specs.h
      1 insn-conditions.c
      1 gcc/treelang/parse.y
      1 gcc/protoize.c
      1 gcc/java/jvspec.c
      1 gcc/ada/tracebak.c

Number of warning types:
     44 this is the location of the previous definition
     22 no previous prototype for `???'
     22 `HAVE_DECL_GETOPT' redefined
     22 `DEFAULT_USE_CXA_ATEXIT' redefined
      7 string length `???' is greater than the length `???' ISO C89 compilers are required to support
      6 missing initializer
      6 (near initialization for `???')
      2 source missing a mode?
      2 operand 1 missing mode?
      1 control may reach end of non-void function `???' being inlined
      1 comparison of unsigned expression < 0 is always false
      1 argument `???' might be clobbered by `???' or `???'


Index Nav: [Date Index] [Subject Index] [Author Index] [Thread Index]
Message Nav: [Date Prev] [Date Next] [Thread Prev] [Thread Next]