This is the mail archive of the gcc-testresults@gcc.gnu.org mailing list for the GCC project.


Index Nav: [Date Index] [Subject Index] [Author Index] [Thread Index]
Message Nav: [Date Prev] [Date Next] [Thread Prev] [Thread Next]
Other format: [Raw text]

Results for 4.1.0 20060213 (Red Hat 4.1.0-0.25) [redhat/gcc-4_1-branch revision 110916 clean] testsuite on ia64-redhat-linux-gnu


LAST_UPDATED: Mon Feb 13 17:08:54 UTC 2006 (revision 110916)

		=== acats tests ===
FAIL:	c36204d

		=== acats Summary ===
# of expected passes		2315
# of unexpected failures	1
Native configuration is ia64-redhat-linux-gnu

		=== gcc tests ===


Running target unix
FAIL: gcc.dg/builtin-apply4.c execution test
FAIL: gcc.dg/ipa/ipa-1.c (test for excess errors)
XPASS: gcc.dg/tree-ssa/loop-1.c scan-assembler-times foo 5
FAIL: gcc.dg/tree-ssa/pr23294.c scan-tree-dump-times a \\* 5 3
FAIL: gcc.dg/tree-ssa/pr23294.c scan-tree-dump \\(a - b \\* 3\\) \\* 2
FAIL: gcc.dg/tree-ssa/pr23294.c scan-tree-dump \\(a \\* 3 - b\\) \\* 2
FAIL: gcc.dg/tree-ssa/vrp22.c scan-tree-dump-times link_error 0
XPASS: gcc.dg/vect/pr16105.c scan-tree-dump-times vectorized 1 loops 1
XPASS: gcc.dg/vect/pr20122.c scan-tree-dump-times vectorized 1 loops 2
XPASS: gcc.dg/vect/vect-105.c scan-tree-dump-times vectorized 1 loops 1
XPASS: gcc.dg/vect/vect-30.c scan-tree-dump-times vectorized 1 loops 2
XPASS: gcc.dg/vect/vect-42.c scan-tree-dump-times vectorized 1 loops 1
XPASS: gcc.dg/vect/vect-43.c scan-tree-dump-times vectorized 1 loops 1
XPASS: gcc.dg/vect/vect-74.c scan-tree-dump-times vectorized 1 loops 1
XPASS: gcc.dg/vect/vect-75.c scan-tree-dump-times vectorized 1 loops 1
XPASS: gcc.dg/vect/vect-8.c scan-tree-dump-times vectorized 1 loops 1

		=== gcc Summary ===

# of expected passes		37273
# of unexpected failures	6
# of unexpected successes	10
# of expected failures		137
# of untested testcases		28
# of unsupported tests		316
/export/build/gnu/gcc-4.1-redhat/build-ia64-redhat-linux/gcc/xgcc  version 4.1.0 20060213 (Red Hat 4.1.0-0.25) [redhat/gcc-4_1-branch revision 110916 clean]

		=== gfortran tests ===


Running target unix
FAIL: gfortran.dg/vect/vect-4.f90  -O  scan-tree-dump-times Alignment of access forced using peeling 1
FAIL: gfortran.dg/vect/vect-4.f90  -O  scan-tree-dump-times Vectorizing an unaligned access 1

		=== gfortran Summary ===

# of expected passes		11757
# of unexpected failures	2
# of expected failures		22
# of unsupported tests		18
/export/build/gnu/gcc-4.1-redhat/build-ia64-redhat-linux/gcc/testsuite/gfortran/../../gfortran  version 4.1.0 20060213 (Red Hat 4.1.0-0.25) [redhat/gcc-4_1-branch revision 110916 clean]

		=== g++ tests ===


Running target unix
XPASS: g++.dg/tree-ssa/pr14814.C scan-tree-dump-times &this 0

		=== g++ Summary ===

# of expected passes		11712
# of unexpected successes	1
# of expected failures		68
# of unsupported tests		103
/export/build/gnu/gcc-4.1-redhat/build-ia64-redhat-linux/gcc/testsuite/g++/../../g++  version 4.1.0 20060213 (Red Hat 4.1.0-0.25) [redhat/gcc-4_1-branch revision 110916 clean]

		=== objc tests ===


Running target unix

		=== objc Summary ===

# of expected passes		1681
# of unsupported tests		24
/export/build/gnu/gcc-4.1-redhat/build-ia64-redhat-linux/gcc/xgcc  version 4.1.0 20060213 (Red Hat 4.1.0-0.25) [redhat/gcc-4_1-branch revision 110916 clean]

		=== libffi tests ===


Running target unix

		=== libffi Summary ===

# of expected passes		228
# of unsupported tests		2
		=== libgomp tests ===


Running target unix

		=== libgomp Summary ===

# of expected passes		1358
		=== libjava tests ===


Running target unix

		=== libjava Summary ===

# of expected passes		4011
# of expected failures		10
# of untested testcases		8
		=== libmudflap tests ===


Running target unix
FAIL: libmudflap.c++/pass41-frag.cxx (test for excess errors)
WARNING: libmudflap.c++/pass41-frag.cxx compilation failed to produce executable
FAIL: libmudflap.c++/pass41-frag.cxx (-O) (test for excess errors)
WARNING: libmudflap.c++/pass41-frag.cxx (-O) compilation failed to produce executable
FAIL: libmudflap.c++/pass41-frag.cxx (-O2) (test for excess errors)
WARNING: libmudflap.c++/pass41-frag.cxx (-O2) compilation failed to produce executable
FAIL: libmudflap.c++/pass41-frag.cxx (-O3) (test for excess errors)
WARNING: libmudflap.c++/pass41-frag.cxx (-O3) compilation failed to produce executable
FAIL: ctors-12 linkage 
FAIL: ctors-21 linkage 
WARNING: program timed out.
FAIL: ctors-12 execution 
WARNING: program timed out.
FAIL: ctors-21 execution 
FAIL: ctors-12 linkage -static
FAIL: ctors-21 linkage -static
WARNING: program timed out.
FAIL: ctors-12 execution -static
WARNING: program timed out.
FAIL: ctors-21 execution -static
FAIL: ctors-12 linkage -O2
FAIL: ctors-21 linkage -O2
WARNING: program timed out.
FAIL: ctors-12 execution -O2
WARNING: program timed out.
FAIL: ctors-21 execution -O2
FAIL: ctors-12 linkage -O3
FAIL: ctors-21 linkage -O3
WARNING: program timed out.
FAIL: ctors-12 execution -O3
WARNING: program timed out.
FAIL: ctors-21 execution -O3

		=== libmudflap Summary ===

# of expected passes		1765
# of unexpected failures	20
		=== libstdc++ tests ===


Running target unix
XPASS: 26_numerics/cmath/c99_classification_macros_c.cc (test for excess errors)
XPASS: 27_io/fpos/14320-1.cc execution test

		=== libstdc++ Summary ===

# of expected passes		4021
# of unexpected successes	2
# of expected failures		11
# of unsupported tests		4

Compiler version: 4.1.0 20060213 (Red Hat 4.1.0-0.25) [redhat/gcc-4_1-branch revision 110916 clean] 
Platform: ia64-redhat-linux-gnu
configure flags: ia64-redhat-linux --enable-clocale=gnu --with-system-zlib --with-demangler-in-ld --enable-shared --enable-threads=posix --enable-haifa --disable-checking --prefix=/usr/gcc-4.1-redhat --with-local-prefix=/usr/local --enable-languages=c,ada,c++,fortran,java,objc


Index Nav: [Date Index] [Subject Index] [Author Index] [Thread Index]
Message Nav: [Date Prev] [Date Next] [Thread Prev] [Thread Next]