This is the mail archive of the gcc-testresults@gcc.gnu.org mailing list for the GCC project.


Index Nav: [Date Index] [Subject Index] [Author Index] [Thread Index]
Message Nav: [Date Prev] [Date Next] [Thread Prev] [Thread Next]
Other format: [Raw text]

Results for 4.0.0 20050210 (experimental) testsuite on x86_64-unknown-linux-gnu


LAST_UPDATED: 
Native configuration is x86_64-unknown-linux-gnu

		=== g++ tests ===


Running target unix
WARNING: program timed out.
FAIL: g++.dg/debug/debug2.C -gdwarf-2 -O2 (test for excess errors)
WARNING: program timed out.
FAIL: g++.dg/debug/debug8.C -gdwarf-2 -O3 (test for excess errors)
WARNING: program timed out.
FAIL: g++.dg/abi/layout2.C (test for excess errors)
WARNING: program timed out.
WARNING: program timed out.
FAIL: g++.old-deja/g++.jason/const.C (test for excess errors)
WARNING: program timed out.
FAIL: g++.old-deja/g++.other/overload10.C (test for excess errors)

		=== g++ Summary ===

# of expected passes		10590
# of unexpected failures	5
# of expected failures		70
# of unsupported tests		90
/opt/toolchain/build/amd64/obj/tco/gcc-3.4/gcc/testsuite/../g++  version 4.0.0 20050210 (experimental)

		=== gcc tests ===


Running target unix
WARNING: program timed out.
FAIL: gcc.c-torture/compile/20000728-1.c  -O2  (test for excess errors)
WARNING: program timed out.
FAIL: gcc.c-torture/compile/20001121-1.c  -O2  (test for excess errors)
WARNING: program timed out.
FAIL: gcc.c-torture/compile/20050202-1.c  -O3 -fomit-frame-pointer  (test for excess errors)
WARNING: program timed out.
FAIL: gcc.c-torture/compile/920625-1.c  -O1  (test for excess errors)
WARNING: program timed out.
FAIL: gcc.c-torture/compile/930411-1.c  -O2  (test for excess errors)
WARNING: program timed out.
FAIL: gcc.c-torture/compile/940611-1.c  -Os  (test for excess errors)
WARNING: program timed out.
FAIL: gcc.c-torture/compile/960319-1.c  -O3 -fomit-frame-pointer  (test for excess errors)
WARNING: program timed out.
FAIL: gcc.c-torture/compile/991026-1.c  -O0  (test for excess errors)
WARNING: program timed out.
FAIL: gcc.c-torture/execute/20000717-2.c compilation,  -O1 
UNRESOLVED: gcc.c-torture/execute/20000717-2.c execution,  -O1 
WARNING: program timed out.
FAIL: gcc.c-torture/execute/20010222-1.c compilation,  -O2 
UNRESOLVED: gcc.c-torture/execute/20010222-1.c execution,  -O2 
WARNING: program timed out.
FAIL: gcc.c-torture/execute/20010403-1.c compilation,  -Os 
UNRESOLVED: gcc.c-torture/execute/20010403-1.c execution,  -Os 
WARNING: program timed out.
FAIL: gcc.c-torture/execute/20030120-2.c compilation,  -Os 
UNRESOLVED: gcc.c-torture/execute/20030120-2.c execution,  -Os 
WARNING: program timed out.
FAIL: gcc.c-torture/execute/20040709-2.c compilation,  -O2 
UNRESOLVED: gcc.c-torture/execute/20040709-2.c execution,  -O2 
WARNING: program timed out.
WARNING: program timed out.
FAIL: gcc.dg/debug/20030605-1.c -gstabs1 -O (test for excess errors)
WARNING: program timed out.
FAIL: gcc.dg/debug/debug-6.c -gdwarf-23 -O (test for excess errors)
FAIL: gcc.dg/setjmp-2.c (test for excess errors)
WARNING: gcc.dg/setjmp-2.c compilation failed to produce executable
FAIL: gcc.dg/short-compare-1.c (test for excess errors)
WARNING: gcc.dg/short-compare-1.c compilation failed to produce executable
FAIL: gcc.dg/short-compare-2.c (test for excess errors)
WARNING: gcc.dg/short-compare-2.c compilation failed to produce executable
WARNING: program timed out.
FAIL: gcc.dg/wint_t-1.c (test for excess errors)
FAIL: ./import-2.h -O0 -g (test for excess errors)
FAIL: ./import-2.h  -O0  (test for excess errors)
FAIL: ./import-2.h  -O1  (test for excess errors)
FAIL: ./import-2.h  -O2  (test for excess errors)
FAIL: ./import-2.h  -O3 -fomit-frame-pointer  (test for excess errors)
FAIL: ./import-2.h  -O3 -g  (test for excess errors)
FAIL: ./import-2.h  -Os  (test for excess errors)
WARNING: program timed out.
FAIL: gcc.dg/pch/inline-1.c -O0 -g (test for excess errors)
WARNING: program timed out.
FAIL: gcc.dg/pch/inline-2.c  -O0  (test for excess errors)
XPASS: gcc.dg/vect/vect-22.c scan-tree-dump-times vectorized 3 loops 1
WARNING: program timed out.
FAIL: gcc.misc-tests/bprob-1.c compilation,  -g  -fbranch-probabilities
UNRESOLVED: gcc.misc-tests/bprob-1.c execution,    -g  -fbranch-probabilities

		=== gcc Summary ===

# of expected passes		32624
# of unexpected failures	29
# of unexpected successes	1
# of expected failures		93
# of unresolved testcases	6
# of untested testcases		42
# of unsupported tests		419
/opt/toolchain/build/amd64/obj/tco/gcc-3.4/gcc/xgcc  version 4.0.0 20050210 (experimental)

		=== libstdc++ tests ===


Running target unix
XPASS: 22_locale/locale/cons/12658_thread-1.cc execution test
XPASS: 26_numerics/cmath/c99_classification_macros_c.cc (test for excess errors)
XPASS: 27_io/fpos/14320-1.cc execution test

		=== libstdc++ Summary ===

# of expected passes		3478
# of unexpected successes	3
# of expected failures		4

Compiler version: 4.0.0 20050210 (experimental) 
Platform: x86_64-unknown-linux-gnu
configure flags: --prefix=/opt/toolchain/tco-20060213 --program-suffix=-3.4 --with-system-zlib --enable-nls --without-included-gettext --disable-multilib --enable-languages=c,c++
Counting all warnings,
there are 0 warnings in stage3 of this bootstrap.

Number of warnings per file:

Number of warning types:


Index Nav: [Date Index] [Subject Index] [Author Index] [Thread Index]
Message Nav: [Date Prev] [Date Next] [Thread Prev] [Thread Next]