This is the mail archive of the gcc-testresults@gcc.gnu.org mailing list for the GCC project.


Index Nav: [Date Index] [Subject Index] [Author Index] [Thread Index]
Message Nav: [Date Prev] [Date Next] [Thread Prev] [Thread Next]
Other format: [Raw text]

Results for 4.0.3 20060213 (prerelease) testsuite on i686-pc-linux-gnu


LAST_UPDATED: Mon Feb 13 04:00:30 UTC 2006 (revision 110905)

Native configuration is i686-pc-linux-gnu

		=== gcc tests ===


Running target unix
XPASS: gcc.dg/vect/vect-22.c scan-tree-dump-times vectorized 3 loops 1

		=== gcc Summary ===

# of expected passes		35539
# of unexpected successes	1
# of expected failures		94
# of untested testcases		28
# of unsupported tests		327
/export/build/gnu/gcc-4.0/build-i686-linux/gcc/xgcc  version 4.0.3 20060213 (prerelease)

		=== gfortran tests ===


Running target unix

		=== gfortran Summary ===

# of expected passes		8858
# of expected failures		1
/export/build/gnu/gcc-4.0/build-i686-linux/gcc/testsuite/gfortran/../../gfortran  version 4.0.3 20060213 (prerelease)

		=== g++ tests ===


Running target unix

		=== g++ Summary ===

# of expected passes		11450
# of expected failures		70
# of unsupported tests		56
/export/build/gnu/gcc-4.0/build-i686-linux/gcc/testsuite/g++/../../g++  version 4.0.3 20060213 (prerelease)

		=== objc tests ===


Running target unix

		=== objc Summary ===

# of expected passes		1554
# of unsupported tests		10
/export/build/gnu/gcc-4.0/build-i686-linux/gcc/xgcc  version 4.0.3 20060213 (prerelease)

		=== libffi tests ===


Running target unix

		=== libffi Summary ===

# of expected passes		219
# of unsupported tests		2
		=== libjava tests ===


Running target unix

		=== libjava Summary ===

# of expected passes		3899
# of expected failures		10
# of untested testcases		8
		=== libmudflap tests ===


Running target unix
WARNING: program timed out.
FAIL: libmudflap.cth/pass39-frag.c (-O2) (rerun 8) execution test
FAIL: libmudflap.cth/pass39-frag.c (-O2) (rerun 8) output pattern test
WARNING: program timed out.
FAIL: libmudflap.cth/pass39-frag.c (-O2) (rerun 17) execution test
FAIL: libmudflap.cth/pass39-frag.c (-O2) (rerun 17) output pattern test
WARNING: program timed out.
FAIL: libmudflap.cth/pass39-frag.c (-O2) (rerun 19) execution test
FAIL: libmudflap.cth/pass39-frag.c (-O2) (rerun 19) output pattern test

		=== libmudflap Summary ===

# of expected passes		1282
# of unexpected failures	6
		=== libstdc++ tests ===


Running target unix
XPASS: 22_locale/locale/cons/12658_thread-1.cc execution test
XPASS: 26_numerics/cmath/c99_classification_macros_c.cc (test for excess errors)

		=== libstdc++ Summary ===

# of expected passes		3713
# of unexpected successes	2
# of expected failures		12

Compiler version: 4.0.3 20060213 (prerelease) 
Platform: i686-pc-linux-gnu
configure flags: --enable-clocale=gnu --with-system-zlib --with-demangler-in-ld --enable-shared --enable-threads=posix --enable-haifa --disable-checking --prefix=/usr/gcc-4.0 --with-local-prefix=/usr/local --enable-languages=c,c++,f95,java,objc


Index Nav: [Date Index] [Subject Index] [Author Index] [Thread Index]
Message Nav: [Date Prev] [Date Next] [Thread Prev] [Thread Next]