This is the mail archive of the gcc-testresults@gcc.gnu.org mailing list for the GCC project.


Index Nav: [Date Index] [Subject Index] [Author Index] [Thread Index]
Message Nav: [Date Prev] [Date Next] [Thread Prev] [Thread Next]
Other format: [Raw text]

Results for 4.2.0 20060213 (experimental) testsuite on powerpc64-unknown-linux-gnu


Linux 2.4.21-17.EL ppc64
GNU C Library stable release version 2.3.2
GNU ld version 2.16.1
GNU assembler 2.16.1
GNU Make version 3.79.1

DejaGnu:
	Expect version is	5.40.0
	Tcl version is		8.4
	Framework version is	1.4.4

32-bit biarch default32

LAST_UPDATED: Mon Feb 13 02:12:53 UTC 2006 (revision 110907)

Native configuration is powerpc64-unknown-linux-gnu

		=== g++ tests ===


Running target unix/-m32
FAIL: g++.dg/init/ctor4.C (test for excess errors)
FAIL: g++.dg/parse/register1.C (test for excess errors)
FAIL: g++.old-deja/g++.brendan/warnings4.C (test for excess errors)
FAIL: g++.old-deja/g++.jason/overload34.C (test for excess errors)
FAIL: g++.old-deja/g++.mike/p11110.C (test for excess errors)
FAIL: g++.old-deja/g++.other/comdat5.C (test for excess errors)

		=== g++ Summary for unix/-m32 ===

# of expected passes		12859
# of unexpected failures	6
# of expected failures		65
# of unsupported tests		92

Running target unix/-m64
FAIL: g++.dg/init/ctor4.C (test for excess errors)
FAIL: g++.dg/parse/register1.C (test for excess errors)
FAIL: g++.old-deja/g++.brendan/warnings4.C (test for excess errors)
FAIL: g++.old-deja/g++.jason/overload34.C (test for excess errors)
FAIL: g++.old-deja/g++.mike/p11110.C (test for excess errors)

		=== g++ Summary for unix/-m64 ===

# of expected passes		12822
# of unexpected failures	5
# of expected failures		65
# of unsupported tests		95

		=== g++ Summary ===

# of expected passes		25681
# of unexpected failures	11
# of expected failures		130
# of unsupported tests		187
/home/gccbuild/build/nightly/build-gcc-trunk/gcc/testsuite/g++/../../g++  version 4.2.0 20060213 (experimental)

		=== gcc tests ===


Running target unix/-m32
FAIL: gcc.dg/20020103-1.c scan-assembler-not LC[0-9]
FAIL: gcc.target/powerpc/pr18096-1.c stack frame too large (test for warnings, line 11)
FAIL: gcc.target/powerpc/pr18096-1.c (test for excess errors)

		=== gcc Summary for unix/-m32 ===

# of expected passes		40105
# of unexpected failures	3
# of expected failures		112
# of untested testcases		28
# of unsupported tests		359

Running target unix/-m64
FAIL: gcc.c-torture/execute/stdarg-3.c compilation,  -O3 -fomit-frame-pointer 
UNRESOLVED: gcc.c-torture/execute/stdarg-3.c execution,  -O3 -fomit-frame-pointer 
FAIL: gcc.c-torture/execute/stdarg-3.c compilation,  -O3 -fomit-frame-pointer -funroll-loops 
UNRESOLVED: gcc.c-torture/execute/stdarg-3.c execution,  -O3 -fomit-frame-pointer -funroll-loops 
FAIL: gcc.c-torture/execute/stdarg-3.c compilation,  -O3 -fomit-frame-pointer -funroll-all-loops -finline-functions 
UNRESOLVED: gcc.c-torture/execute/stdarg-3.c execution,  -O3 -fomit-frame-pointer -funroll-all-loops -finline-functions 
FAIL: gcc.c-torture/execute/stdarg-3.c compilation,  -O3 -g 
UNRESOLVED: gcc.c-torture/execute/stdarg-3.c execution,  -O3 -g 
XPASS: gcc.dg/tree-ssa/sra-2.c scan-tree-dump-times link_error 0

		=== gcc Summary for unix/-m64 ===

# of expected passes		39954
# of unexpected failures	4
# of unexpected successes	1
# of expected failures		113
# of unresolved testcases	4
# of untested testcases		28
# of unsupported tests		424

		=== gcc Summary ===

# of expected passes		80059
# of unexpected failures	7
# of unexpected successes	1
# of expected failures		225
# of unresolved testcases	4
# of untested testcases		56
# of unsupported tests		783
/home/gccbuild/build/nightly/build-gcc-trunk/gcc/xgcc  version 4.2.0 20060213 (experimental)

		=== gfortran tests ===


Running target unix/-m32

		=== gfortran Summary for unix/-m32 ===

# of expected passes		11504
# of expected failures		15
# of unsupported tests		74

Running target unix/-m64
FAIL: gfortran.dg/g77/19990826-3.f  -O  (test for excess errors)

		=== gfortran Summary for unix/-m64 ===

# of expected passes		11532
# of unexpected failures	1
# of expected failures		18
# of unsupported tests		58

		=== gfortran Summary ===

# of expected passes		23036
# of unexpected failures	1
# of expected failures		33
# of unsupported tests		132
/home/gccbuild/build/nightly/build-gcc-trunk/gcc/testsuite/gfortran/../../gfortran  version 4.2.0 20060213 (experimental)

		=== libgomp tests ===


Running target unix/-m32

		=== libgomp Summary for unix/-m32 ===

# of expected passes		131

Running target unix/-m64

		=== libgomp Summary for unix/-m64 ===

# of expected passes		131

		=== libgomp Summary ===

# of expected passes		262
		=== libmudflap tests ===


Running target unix/-m32

		=== libmudflap Summary for unix/-m32 ===

# of expected passes		1789

Running target unix/-m64
FAIL: libmudflap.c/fail27-frag.c output pattern test
FAIL: libmudflap.c/fail27-frag.c (-O2) output pattern test
FAIL: libmudflap.c/fail27-frag.c (-O3) output pattern test

		=== libmudflap Summary for unix/-m64 ===

# of expected passes		1786
# of unexpected failures	3

		=== libmudflap Summary ===

# of expected passes		3575
# of unexpected failures	3
		=== libstdc++ tests ===


Running target unix/-m32
FAIL: abi_check
FAIL: 25_algorithms/prev_permutation/1.cc execution test
XPASS: 26_numerics/cmath/c99_classification_macros_c.cc (test for excess errors)

		=== libstdc++ Summary for unix/-m32 ===

# of expected passes		4133
# of unexpected failures	2
# of unexpected successes	1
# of expected failures		12

Running target unix/-m64
FAIL: abi_check
FAIL: 22_locale/messages/members/char/1.cc execution test
FAIL: 22_locale/messages/members/char/2.cc execution test
FAIL: 22_locale/messages/members/char/wrapped_env.cc execution test
FAIL: 22_locale/messages/members/char/wrapped_locale.cc execution test
FAIL: 22_locale/messages_byname/named_equivalence.cc execution test
FAIL: 25_algorithms/prev_permutation/1.cc execution test
XPASS: 26_numerics/cmath/c99_classification_macros_c.cc (test for excess errors)
FAIL: 26_numerics/complex/13450.cc execution test
XPASS: 27_io/fpos/14320-1.cc execution test

		=== libstdc++ Summary for unix/-m64 ===

# of expected passes		4127
# of unexpected failures	8
# of unexpected successes	2
# of expected failures		11

		=== libstdc++ Summary ===

# of expected passes		8260
# of unexpected failures	10
# of unexpected successes	3
# of expected failures		23

Compiler version: 4.2.0 20060213 (experimental) 
Platform: powerpc64-unknown-linux-gnu
configure flags: --prefix=/opt/gcc-nightly/trunk-20060213 --build=powerpc64-linux --host=powerpc64-linux --target=powerpc64-linux --with-cpu=default32 --with-as=/opt/gcc-nightly/trunk-20060213/bin/as --with-ld=/opt/gcc-nightly/trunk-20060213/bin/ld --enable-threads=posix --enable-shared --enable-__cxa_atexit --enable-checking --with-mpfr=/opt/gcc-nightly/trunk-20060213 --enable-languages=c,c++,fortran

		=== Test Framework Summary ===

# of expected passes		2492


Index Nav: [Date Index] [Subject Index] [Author Index] [Thread Index]
Message Nav: [Date Prev] [Date Next] [Thread Prev] [Thread Next]