This is the mail archive of the gcc-testresults@gcc.gnu.org mailing list for the GCC project.


Index Nav: [Date Index] [Subject Index] [Author Index] [Thread Index]
Message Nav: [Date Prev] [Date Next] [Thread Prev] [Thread Next]
Other format: [Raw text]

RE: Results for 4.1.0 20060211 (prerelease) testsuite on powerpc-apple-darwin8.4.0


Bradley,
    Are you sure your build environment isn't broken? On my MacOS X 10.4.4 
machine with Xcode 2.2 installed, I get the following resulting after building 
the current gcc 4.1 branch with fink which looks much more reasonable.
            Jack

Native configuration is powerpc-apple-darwin8

                === g++ tests ===


Running target unix
XPASS: g++.dg/tree-ssa/pr14814.C scan-tree-dump-times &this 0
FAIL: g++.dg/warn/huge-val1.C (test for excess errors)
FAIL: g++.dg/warn/weak1.C (test for excess errors)
WARNING: g++.dg/warn/weak1.C compilation failed to produce executable
FAIL: g++.dg/special/conpr-3.C execution test

                === g++ Summary ===

# of expected passes            11843
# of unexpected failures        3
# of unexpected successes       1
# of expected failures          67
# of unsupported tests          151
/sw/src/fink.build/gcc4-4.1.0-20060212/darwin_objdir/gcc/testsuite/../g++  version 4.1.0 20060212 (prerelease)

                === gcc tests ===


Running target unix
FAIL: tmpdir-gcc.dg-struct-layout-1/t001 c_compat_x_tst.o-c_compat_y_tst.o execute 
FAIL: tmpdir-gcc.dg-struct-layout-1/t024 c_compat_x_tst.o-c_compat_y_tst.o execute 
FAIL: tmpdir-gcc.dg-struct-layout-1/t025 c_compat_x_tst.o-c_compat_y_tst.o execute 
FAIL: tmpdir-gcc.dg-struct-layout-1/t026 c_compat_x_tst.o-c_compat_y_tst.o execute 
FAIL: tmpdir-gcc.dg-struct-layout-1/t027 c_compat_x_tst.o-c_compat_y_tst.o execute 
FAIL: tmpdir-gcc.dg-struct-layout-1/t028 c_compat_x_tst.o-c_compat_y_tst.o execute 
FAIL: gcc.dg/attr-weakref-1.c (test for excess errors)
WARNING: gcc.dg/attr-weakref-1.c compilation failed to produce executable
FAIL: gcc.target/powerpc/pr18096-1.c stack frame too large (test for warnings, line 11)
FAIL: gcc.target/powerpc/pr18096-1.c (test for excess errors)
FAIL: gcc.target/powerpc/stabs-attrib-vect-darwin.c scan-assembler .stabs.*vi:\\\\(0,16\\\\)=@V

                === gcc Summary ===

# of expected passes            38589
# of unexpected failures        10
# of expected failures          98
# of untested testcases         28
# of unsupported tests          405
/sw/src/fink.build/gcc4-4.1.0-20060212/darwin_objdir/gcc/xgcc  version 4.1.0 20060212 (prerelease)

                === gfortran tests ===


Running target unix
FAIL: gfortran.dg/large_real_kind_2.F90  -O0  execution test
FAIL: gfortran.dg/large_real_kind_2.F90  -O1  execution test
FAIL: gfortran.dg/large_real_kind_2.F90  -O2  execution test
FAIL: gfortran.dg/large_real_kind_2.F90  -O3 -fomit-frame-pointer  execution test
FAIL: gfortran.dg/large_real_kind_2.F90  -O3 -fomit-frame-pointer -funroll-loops  execution test
FAIL: gfortran.dg/large_real_kind_2.F90  -O3 -fomit-frame-pointer -funroll-all-loops -finline-functions  execution test
FAIL: gfortran.dg/large_real_kind_2.F90  -O3 -g  execution test
FAIL: gfortran.dg/large_real_kind_2.F90  -Os  execution test

                === gfortran Summary ===

# of expected passes            11523
# of unexpected failures        8
# of expected failures          7
# of unsupported tests          42
/sw/src/fink.build/gcc4-4.1.0-20060212/darwin_objdir/gcc/testsuite/../gfortran  version 4.1.0 20060212 (prerelease)

                === libstdc++ tests ===


Running target unix
XPASS: 23_containers/vector/resize/1.cc execution test
FAIL: 26_numerics/complex/13450.cc execution test
XPASS: 27_io/ios_base/storage/2.cc execution test
FAIL: 27_io/objects/char/6.cc execution test
FAIL: 27_io/objects/wchar_t/6.cc execution test

                === libstdc++ Summary ===

# of expected passes            3379
# of unexpected failures        3
# of unexpected successes       2
# of expected failures          11
# of unsupported tests          323

Compiler version: 4.1.0 20060212 (prerelease) 
Platform: powerpc-apple-darwin8
configure flags: --prefix=/sw --prefix=/sw/lib/gcc4 '--infodir=\${prefix}/share/info' --with-gmp=/sw --with-included-gettext --host=powerpc-apple-darwin8 --enable-languages=c,c++,fortran
EOF


Index Nav: [Date Index] [Subject Index] [Author Index] [Thread Index]
Message Nav: [Date Prev] [Date Next] [Thread Prev] [Thread Next]