This is the mail archive of the gcc-testresults@gcc.gnu.org mailing list for the GCC project.


Index Nav: [Date Index] [Subject Index] [Author Index] [Thread Index]
Message Nav: [Date Prev] [Date Next] [Thread Prev] [Thread Next]
Other format: [Raw text]

Results for 4.1.0 20060212 (prerelease) testsuite on powerpc64-suse-linux-gnu


Bootstrap and regtesting on powerpc64-suse-linux-gnu.
SVN sources: mainline.
LAST_UPDATED: Sun Feb 12 17:41:44 UTC 2006 (revision 110893)

		=== acats tests ===
FAIL:	c87a05a

		=== acats Summary ===
# of expected passes		2315
# of unexpected failures	1
Native configuration is powerpc64-suse-linux-gnu

		=== gcc tests ===


Running target unix/-m64
FAIL: gcc.dg/cleanup-10.c execution test
FAIL: gcc.dg/cleanup-11.c execution test
FAIL: gcc.dg/cleanup-8.c execution test
FAIL: gcc.dg/cleanup-9.c execution test
XPASS: gcc.dg/tree-ssa/sra-2.c scan-tree-dump-times link_error 0
FAIL: gcc.dg/vect/pr20122.c scan-tree-dump-times vectorized 1 loops 2
FAIL: gcc.dg/vmx/3c-01a.c  -O1  (test for excess errors)

		=== gcc Summary for unix/-m64 ===

# of expected passes		38813
# of unexpected failures	6
# of unexpected successes	1
# of expected failures		100
# of untested testcases		28
# of unsupported tests		332

Running target unix
FAIL: gcc.dg/cleanup-10.c execution test
FAIL: gcc.dg/cleanup-11.c execution test
FAIL: gcc.dg/cleanup-8.c execution test
FAIL: gcc.dg/cleanup-9.c execution test
FAIL: gcc.dg/vect/pr20122.c scan-tree-dump-times vectorized 1 loops 2
FAIL: gcc.dg/vmx/3c-01a.c  -O1  (test for excess errors)

		=== gcc Summary for unix ===

# of expected passes		38805
# of unexpected failures	6
# of expected failures		99
# of untested testcases		28
# of unsupported tests		334

		=== gcc Summary ===

# of expected passes		77618
# of unexpected failures	12
# of unexpected successes	1
# of expected failures		199
# of untested testcases		56
# of unsupported tests		666
/abuild/aj/gcc/gcc/xgcc  version 4.1.0 20060212 (prerelease)

		=== gfortran tests ===


Running target unix/-m64

		=== gfortran Summary for unix/-m64 ===

# of expected passes		11467
# of expected failures		18
# of unsupported tests		50

Running target unix

		=== gfortran Summary for unix ===

# of expected passes		11438
# of expected failures		15
# of unsupported tests		66

		=== gfortran Summary ===

# of expected passes		22905
# of expected failures		33
# of unsupported tests		116
/abuild/aj/gcc/gcc/testsuite/../gfortran  version 4.1.0 20060212 (prerelease)

		=== g++ tests ===


Running target unix/-m64
XPASS: g++.dg/tree-ssa/pr14814.C scan-tree-dump-times &this 0

		=== g++ Summary for unix/-m64 ===

# of expected passes		11985
# of unexpected successes	1
# of expected failures		66
# of unsupported tests		94

Running target unix
XPASS: g++.dg/tree-ssa/pr14814.C scan-tree-dump-times &this 0

		=== g++ Summary for unix ===

# of expected passes		12023
# of unexpected successes	1
# of expected failures		66
# of unsupported tests		91

		=== g++ Summary ===

# of expected passes		24008
# of unexpected successes	2
# of expected failures		132
# of unsupported tests		185
/abuild/aj/gcc/gcc/testsuite/../g++  version 4.1.0 20060212 (prerelease)

		=== objc tests ===


Running target unix/-m64

		=== objc Summary for unix/-m64 ===

# of expected passes		1684
# of unsupported tests		22

Running target unix

		=== objc Summary for unix ===

# of expected passes		1684
# of unsupported tests		22

		=== objc Summary ===

# of expected passes		3368
# of unsupported tests		44
/abuild/aj/gcc/gcc/xgcc  version 4.1.0 20060212 (prerelease)

		=== treelang tests ===


Running target unix/-m64
FAIL: treelang/compile/badreturn.tree  (test for errors, line 13)
FAIL: treelang/compile/badreturn.tree (test for excess errors)
FAIL: treelang/compile/exit.tree (test for excess errors)
FAIL: treelang/compile/extrafunc.tree  (test for warnings, line 14)
FAIL: treelang/compile/extrafunc.tree (test for excess errors)
FAIL: treelang/compile/extravar.tree  (test for warnings, line 5)
FAIL: treelang/compile/extravar.tree (test for excess errors)
FAIL: treelang/compile/extref.tree (test for excess errors)
FAIL: treelang/compile/full_unit.tree (test for excess errors)
ERROR: treelang/compile/full_unit.tree: error executing dg-final: couldn't open "full_unit.s": no such file or directory
UNRESOLVED: treelang/compile/full_unit.tree: error executing dg-final: couldn't open "full_unit.s": no such file or directory
FAIL: treelang/compile/function-1.tree (test for excess errors)
FAIL: treelang/compile/memory.tree (test for excess errors)
FAIL: treelang/compile/tabs.tree (test for excess errors)
FAIL: treelang/compile/unsigned.tree (test for excess errors)
FAIL: treelang/compile/var_defs.tree  (test for warnings, line 17)
FAIL: treelang/compile/var_defs.tree  (test for warnings, line 22)
FAIL: treelang/compile/var_defs.tree (test for excess errors)
FAIL: treelang/execute/funccall-2.tree (test for excess errors)
WARNING: treelang/execute/funccall-2.tree compilation failed to produce executable
FAIL: treelang/execute/funccall.tree (test for excess errors)
WARNING: treelang/execute/funccall.tree compilation failed to produce executable
FAIL: treelang/execute/initial.tree (test for excess errors)
WARNING: treelang/execute/initial.tree compilation failed to produce executable
FAIL: treelang/execute/main.tree (test for excess errors)
WARNING: treelang/execute/main.tree compilation failed to produce executable
FAIL: treelang/execute/static.tree (test for excess errors)
WARNING: treelang/execute/static.tree compilation failed to produce executable
FAIL: treelang/output-1, {}

		=== treelang Summary for unix/-m64 ===

# of expected passes		20
# of unexpected failures	22
# of unresolved testcases	1

Running target unix

		=== treelang Summary for unix ===

# of expected passes		50

		=== treelang Summary ===

# of expected passes		70
# of unexpected failures	22
# of unresolved testcases	1
		=== libffi tests ===


Running target unix/-m64

		=== libffi Summary for unix/-m64 ===

# of expected passes		228
# of unsupported tests		2

Running target unix

		=== libffi Summary for unix ===

# of expected passes		228
# of unsupported tests		2

		=== libffi Summary ===

# of expected passes		456
# of unsupported tests		4
		=== libjava tests ===


Running target unix/-m64

		=== libjava Summary for unix/-m64 ===

# of expected passes		4011
# of expected failures		10
# of untested testcases		8

Running target unix

		=== libjava Summary for unix ===

# of expected passes		4011
# of expected failures		10
# of untested testcases		8

		=== libjava Summary ===

# of expected passes		8022
# of expected failures		20
# of untested testcases		16
		=== libmudflap tests ===


Running target unix/-m64
FAIL: libmudflap.c/fail27-frag.c output pattern test
FAIL: libmudflap.c/fail27-frag.c (-O2) output pattern test
FAIL: libmudflap.c/fail27-frag.c (-O3) output pattern test

		=== libmudflap Summary for unix/-m64 ===

# of expected passes		1786
# of unexpected failures	3

Running target unix

		=== libmudflap Summary for unix ===

# of expected passes		1789

		=== libmudflap Summary ===

# of expected passes		3575
# of unexpected failures	3
		=== libstdc++ tests ===


Running target unix/-m64
FAIL: abi_check
FAIL: 22_locale/messages/members/char/1.cc execution test
FAIL: 22_locale/messages/members/char/2.cc execution test
FAIL: 22_locale/messages/members/char/wrapped_env.cc execution test
FAIL: 22_locale/messages/members/char/wrapped_locale.cc execution test
FAIL: 22_locale/messages_byname/named_equivalence.cc execution test
XPASS: 26_numerics/cmath/c99_classification_macros_c.cc (test for excess errors)
XPASS: 27_io/fpos/14320-1.cc execution test

		=== libstdc++ Summary for unix/-m64 ===

# of expected passes		4023
# of unexpected failures	6
# of unexpected successes	2
# of expected failures		11

Running target unix
FAIL: abi_check
XPASS: 26_numerics/cmath/c99_classification_macros_c.cc (test for excess errors)

		=== libstdc++ Summary for unix ===

# of expected passes		4028
# of unexpected failures	1
# of unexpected successes	1
# of expected failures		12

		=== libstdc++ Summary ===

# of expected passes		8051
# of unexpected failures	7
# of unexpected successes	3
# of expected failures		23

Compiler version: 4.1.0 20060212 (prerelease) 
Platform: powerpc64-suse-linux-gnu
configure flags: --prefix=/opt/gcc/4.1-devel --enable-checking=yes,rtl --enable-threads=posix --enable-clocale=gnu --enable-__cxa_atexit --enable-shared --with-system-zlib --with-cpu=default32 powerpc64-suse-linux-gnu --enable-languages=c,ada,c++,fortran,java,objc,treelang
Version of binutils: GNU ld version 2.16.91.0.5 20051219 (SUSE Linux)
Version of glibc (/lib/libc.so.6): 2.3.5 (20050802)


Index Nav: [Date Index] [Subject Index] [Author Index] [Thread Index]
Message Nav: [Date Prev] [Date Next] [Thread Prev] [Thread Next]