This is the mail archive of the gcc-testresults@gcc.gnu.org mailing list for the GCC project.


Index Nav: [Date Index] [Subject Index] [Author Index] [Thread Index]
Message Nav: [Date Prev] [Date Next] [Thread Prev] [Thread Next]
Other format: [Raw text]

Results for 4.1.0 20060211 (prerelease) [gcc-4_1-branch revision 110873 clean] testsuite on i686-pc-linux-gnu


LAST_UPDATED: Sat Feb 11 20:00:25 UTC 2006 (revision 110873)

Native configuration is i686-pc-linux-gnu

		=== gcc tests ===


Running target unix
FAIL: gcc.c-torture/compile/20000804-1.c (test for excess errors)
FAIL: gcc.c-torture/compile/20000804-1.c (test for excess errors)
FAIL: gcc.c-torture/compile/20000804-1.c (test for excess errors)
FAIL: gcc.c-torture/compile/20000804-1.c (test for excess errors)

		=== gcc Summary ===

# of expected passes		38112
# of unexpected failures	4
# of expected failures		101
# of untested testcases		28
# of unsupported tests		243
/export/build/gnu/gcc-4.1-blended/build-i686-linux/gcc/xgcc  version 4.1.0 20060211 (prerelease) [gcc-4_1-branch revision 110873 clean]

		=== gfortran tests ===


Running target unix

		=== gfortran Summary ===

# of expected passes		11540
# of expected failures		15
# of unsupported tests		16
/export/build/gnu/gcc-4.1-blended/build-i686-linux/gcc/testsuite/gfortran/../../gfortran  version 4.1.0 20060211 (prerelease) [gcc-4_1-branch revision 110873 clean]

		=== g++ tests ===


Running target unix
XPASS: g++.dg/tree-ssa/pr14814.C scan-tree-dump-times &this 0

		=== g++ Summary ===

# of expected passes		12000
# of unexpected successes	1
# of expected failures		67
# of unsupported tests		66
/export/build/gnu/gcc-4.1-blended/build-i686-linux/gcc/testsuite/g++/../../g++  version 4.1.0 20060211 (prerelease) [gcc-4_1-branch revision 110873 clean]

		=== objc tests ===


Running target unix

		=== objc Summary ===

# of expected passes		1684
# of unsupported tests		22
/export/build/gnu/gcc-4.1-blended/build-i686-linux/gcc/xgcc  version 4.1.0 20060211 (prerelease) [gcc-4_1-branch revision 110873 clean]

		=== libffi tests ===


Running target unix

		=== libffi Summary ===

# of expected passes		228
# of unsupported tests		2
		=== libjava tests ===


Running target unix
FAIL: FileHandleGcTest execution - source compiled test
FAIL: FileHandleGcTest execution - bytecode->native test
FAIL: FileHandleGcTest -O3 execution - bytecode->native test

		=== libjava Summary ===

# of expected passes		4005
# of unexpected failures	3
# of expected failures		10
# of untested testcases		11
		=== libmudflap tests ===


Running target unix

		=== libmudflap Summary ===

# of expected passes		1789
		=== libstdc++ tests ===


Running target unix
XPASS: 26_numerics/cmath/c99_classification_macros_c.cc (test for excess errors)

		=== libstdc++ Summary ===

# of expected passes		1621
# of unexpected successes	1
# of expected failures		6
# of unsupported tests		4

Compiler version: 4.1.0 20060211 (prerelease) [gcc-4_1-branch revision 110873 clean] 
Platform: i686-pc-linux-gnu
configure flags: --enable-clocale=gnu --with-system-zlib --with-demangler-in-ld --enable-shared --enable-threads=posix --enable-haifa --disable-checking --prefix=/usr/gcc-4.1-blended --with-local-prefix=/usr/local --enable-languages=c,c++,fortran,java,objc


Index Nav: [Date Index] [Subject Index] [Author Index] [Thread Index]
Message Nav: [Date Prev] [Date Next] [Thread Prev] [Thread Next]