This is the mail archive of the
gcc-testresults@gcc.gnu.org
mailing list for the GCC project.
Results for 4.2.0 20060211 (experimental) testsuite on i686-pc-cygwin
- From: Tim Prince <tprince at myrealbox dot com>
- To: gcc-testresults at gcc dot gnu dot org
- Date: Sun, 12 Feb 2006 03:54:26 -0800
- Subject: Results for 4.2.0 20060211 (experimental) testsuite on i686-pc-cygwin
- Reply-to: tprince at computer dot org
LAST_UPDATED: Obtained from SVN: trunk revision 110873
Native configuration is i686-pc-cygwin
=== gcc tests ===
Running target unix
FAIL: gcc.c-torture/compile/20000804-1.c (test for excess errors)
FAIL: gcc.c-torture/compile/20000804-1.c (test for excess errors)
FAIL: gcc.c-torture/compile/20000804-1.c (test for excess errors)
FAIL: gcc.c-torture/compile/20000804-1.c (test for excess errors)
FAIL: gcc.c-torture/compile/20001226-1.c (test for excess errors)
WARNING: program timed out.
FAIL: gcc.dg/20021018-1.c (test for excess errors)
FAIL: gcc.dg/pr17957.c (test for excess errors)
FAIL: gcc.dg/tree-ssa/loop-1.c scan-assembler-times foo 5
FAIL: compiler driver --coverage option(s) (compiler options)
FAIL: gcc.target/i386/pic-1.c (test for errors, line 10)
FAIL: gcc.target/i386/sselibm-2.c scan-assembler __libm_sse2_sin
FAIL: gcc.target/i386/sselibm-3.c scan-assembler-times __libm_sse2_sin 1
FAIL: gcc.target/i386/sselibm-4.c scan-assembler-times __libm_sse2 20
FAIL: gcc.target/i386/sselibm-5.c scan-assembler-times __libm_sse2 20
=== gcc Summary ===
# of expected passes 40223
# of unexpected failures 14
# of expected failures 108
# of untested testcases 28
# of unsupported tests 321
/cygdrive/c/gnu/gcc-4.2-20060107/xp/gcc/xgcc version 4.2.0 20060211
(experimental)
=== gfortran tests ===
Running target unix
FAIL: gfortran.dg/edit_real_1.f90 execution test
FAIL: gfortran.dg/edit_real_1.f90 execution test
FAIL: gfortran.dg/edit_real_1.f90 execution test
FAIL: gfortran.dg/edit_real_1.f90 execution test
FAIL: gfortran.dg/edit_real_1.f90 execution test
FAIL: gfortran.dg/edit_real_1.f90 execution test
FAIL: gfortran.dg/edit_real_1.f90 execution test
FAIL: gfortran.dg/edit_real_1.f90 execution test
FAIL: gfortran.dg/output_exponents_1.f90 execution test
FAIL: gfortran.dg/output_exponents_1.f90 execution test
FAIL: gfortran.dg/output_exponents_1.f90 execution test
FAIL: gfortran.dg/output_exponents_1.f90 execution test
FAIL: gfortran.dg/output_exponents_1.f90 execution test
FAIL: gfortran.dg/output_exponents_1.f90 execution test
FAIL: gfortran.dg/output_exponents_1.f90 execution test
FAIL: gfortran.dg/output_exponents_1.f90 execution test
=== gfortran Summary ===
# of expected passes 11511
# of unexpected failures 16
# of expected failures 7
# of unsupported tests 56
/cygdrive/c/gnu/gcc-4.2-20060107/xp/gcc/testsuite/gfortran/../../gfortran
version 4.2.0 20060211 (experimental)
=== objc tests ===
Running target unix
FAIL: objc/execute/exceptions/foward-1.m execution, -Os -fgnu-runtime
FAIL: objc/execute/exceptions/foward-1.m execution, -Os -fgnu-runtime
=== objc Summary ===
# of expected passes 1807
# of unexpected failures 2
# of expected failures 7
# of unsupported tests 23
/cygdrive/c/gnu/gcc-4.2-20060107/xp/gcc/xgcc version 4.2.0 20060211
(experimental)
=== treelang tests ===
Running target unix
ERROR: tcl error sourcing
/cygdrive/c/gnu/gcc-4.2-20060107/gcc/testsuite/treelang/output/output.exp.
ERROR: rm: cannot remove \`treelang/output-1': No such file or directory
=== treelang Summary ===
# of expected passes 50
Compiler version: 4.2.0 20060211 (experimental)
Platform: i686-pc-cygwin
configure flags: '--enable-languages=fortran objc treelang c'
--enable-threads=posix --enable-sjlj-exceptions --disable-libmudflap
--disable-shared --enable-maintainer-mode --prefix=/usr/local/gcc42
--enable-bootstrap --disable-libgomp
--enable-languages=c,fortran,objc,treelang
BOOT_CFLAGS=-O2 -march=pentium-m -pipe