This is the mail archive of the gcc-testresults@gcc.gnu.org mailing list for the GCC project.


Index Nav: [Date Index] [Subject Index] [Author Index] [Thread Index]
Message Nav: [Date Prev] [Date Next] [Thread Prev] [Thread Next]
Other format: [Raw text]

Results for 4.2.0 20060212 (experimental) gcc testsuite on avr-unknown-none


LAST_UPDATED: Sun Feb 12 00:27:56 UTC 2006 (revision 110886)

Target is avr-unknown-none
Host   is i686-pc-linux-gnu

		=== gcc tests ===


Running target atmega128-sim
FAIL: gcc.c-torture/compile/20000804-1.c  -O3 -fomit-frame-pointer  (test for excess errors)
FAIL: gcc.c-torture/compile/20000804-1.c  -O3 -fomit-frame-pointer -funroll-loops  (test for excess errors)
FAIL: gcc.c-torture/compile/20000804-1.c  -O3 -fomit-frame-pointer -funroll-all-loops -finline-functions  (test for excess errors)
FAIL: gcc.c-torture/compile/20000804-1.c  -O3 -g  (test for excess errors)
FAIL: gcc.c-torture/compile/20010226-1.c  -O0  (test for excess errors)
FAIL: gcc.c-torture/compile/20010226-1.c  -O1  (test for excess errors)
FAIL: gcc.c-torture/compile/20010226-1.c  -O2  (test for excess errors)
FAIL: gcc.c-torture/compile/20010226-1.c  -O3 -fomit-frame-pointer  (test for excess errors)
FAIL: gcc.c-torture/compile/20010226-1.c  -O3 -g  (test for excess errors)
FAIL: gcc.c-torture/compile/20010226-1.c  -Os  (test for excess errors)
FAIL: gcc.c-torture/compile/20010327-1.c  -O0  (test for excess errors)
FAIL: gcc.c-torture/compile/20010327-1.c  -O1  (test for excess errors)
FAIL: gcc.c-torture/compile/20010327-1.c  -O2  (test for excess errors)
FAIL: gcc.c-torture/compile/20010327-1.c  -O3 -fomit-frame-pointer  (test for excess errors)
FAIL: gcc.c-torture/compile/20010327-1.c  -O3 -g  (test for excess errors)
FAIL: gcc.c-torture/compile/20010327-1.c  -Os  (test for excess errors)
FAIL: gcc.c-torture/compile/20010426-1.c  -Os  (test for excess errors)
UNRESOLVED: gcc.c-torture/compile/20011119-1.c  -O0 
UNRESOLVED: gcc.c-torture/compile/20011119-1.c  -O1 
UNRESOLVED: gcc.c-torture/compile/20011119-1.c  -O2 
UNRESOLVED: gcc.c-torture/compile/20011119-1.c  -O3 -fomit-frame-pointer 
UNRESOLVED: gcc.c-torture/compile/20011119-1.c  -O3 -g 
UNRESOLVED: gcc.c-torture/compile/20011119-1.c  -Os 
UNRESOLVED: gcc.c-torture/compile/20011119-2.c  -O0 
UNRESOLVED: gcc.c-torture/compile/20011119-2.c  -O1 
UNRESOLVED: gcc.c-torture/compile/20011119-2.c  -O2 
UNRESOLVED: gcc.c-torture/compile/20011119-2.c  -O3 -fomit-frame-pointer 
UNRESOLVED: gcc.c-torture/compile/20011119-2.c  -O3 -g 
UNRESOLVED: gcc.c-torture/compile/20011119-2.c  -Os 
FAIL: gcc.c-torture/compile/20020604-1.c  -O0  (test for excess errors)
FAIL: gcc.c-torture/compile/20020604-1.c  -O1  (test for excess errors)
FAIL: gcc.c-torture/compile/20020604-1.c  -O2  (test for excess errors)
FAIL: gcc.c-torture/compile/20020604-1.c  -O3 -fomit-frame-pointer  (test for excess errors)
FAIL: gcc.c-torture/compile/20020604-1.c  -O3 -fomit-frame-pointer -funroll-loops  (test for excess errors)
FAIL: gcc.c-torture/compile/20020604-1.c  -O3 -fomit-frame-pointer -funroll-all-loops -finline-functions  (test for excess errors)
FAIL: gcc.c-torture/compile/20020604-1.c  -O3 -g  (test for excess errors)
FAIL: gcc.c-torture/compile/20020604-1.c  -Os  (test for excess errors)
FAIL: gcc.c-torture/compile/20020807-1.c  -O1  (test for excess errors)
FAIL: gcc.c-torture/compile/20020807-1.c  -O2  (test for excess errors)
FAIL: gcc.c-torture/compile/20020807-1.c  -Os  (test for excess errors)
FAIL: gcc.c-torture/compile/20021212-1.c  -O1  (test for excess errors)
FAIL: gcc.c-torture/compile/20021212-1.c  -O2  (test for excess errors)
FAIL: gcc.c-torture/compile/20021212-1.c  -O3 -fomit-frame-pointer  (test for excess errors)
FAIL: gcc.c-torture/compile/20021212-1.c  -O3 -fomit-frame-pointer -funroll-loops  (test for excess errors)
FAIL: gcc.c-torture/compile/20021212-1.c  -O3 -fomit-frame-pointer -funroll-all-loops -finline-functions  (test for excess errors)
FAIL: gcc.c-torture/compile/20021212-1.c  -O3 -g  (test for excess errors)
FAIL: gcc.c-torture/compile/20030405-1.c  -O1  (test for excess errors)
FAIL: gcc.c-torture/compile/20030405-1.c  -O2  (test for excess errors)
FAIL: gcc.c-torture/compile/20030405-1.c  -Os  (test for excess errors)
FAIL: gcc.c-torture/compile/20040303-1.c  -O1  (test for excess errors)
FAIL: gcc.c-torture/compile/20040303-1.c  -O2  (test for excess errors)
FAIL: gcc.c-torture/compile/20040303-1.c  -Os  (test for excess errors)
UNRESOLVED: gcc.c-torture/compile/20040323-1.c  -O0 
UNRESOLVED: gcc.c-torture/compile/20040323-1.c  -O1 
UNRESOLVED: gcc.c-torture/compile/20040323-1.c  -O2 
UNRESOLVED: gcc.c-torture/compile/20040323-1.c  -O3 -fomit-frame-pointer 
UNRESOLVED: gcc.c-torture/compile/20040323-1.c  -O3 -g 
UNRESOLVED: gcc.c-torture/compile/20040323-1.c  -Os 
FAIL: gcc.c-torture/compile/20050122-2.c  -O0  (test for excess errors)
FAIL: gcc.c-torture/compile/20050122-2.c  -O1  (test for excess errors)
FAIL: gcc.c-torture/compile/20050122-2.c  -O2  (test for excess errors)
FAIL: gcc.c-torture/compile/20050122-2.c  -O3 -fomit-frame-pointer  (test for excess errors)
FAIL: gcc.c-torture/compile/20050122-2.c  -O3 -g  (test for excess errors)
FAIL: gcc.c-torture/compile/20050122-2.c  -Os  (test for excess errors)
FAIL: gcc.c-torture/compile/20050303-1.c  -O0  (test for excess errors)
FAIL: gcc.c-torture/compile/20050303-1.c  -O1  (test for excess errors)
FAIL: gcc.c-torture/compile/20050303-1.c  -O2  (test for excess errors)
FAIL: gcc.c-torture/compile/20050303-1.c  -O3 -fomit-frame-pointer  (test for excess errors)
FAIL: gcc.c-torture/compile/20050303-1.c  -O3 -fomit-frame-pointer -funroll-loops  (test for excess errors)
FAIL: gcc.c-torture/compile/20050303-1.c  -O3 -fomit-frame-pointer -funroll-all-loops -finline-functions  (test for excess errors)
FAIL: gcc.c-torture/compile/20050303-1.c  -O3 -g  (test for excess errors)
FAIL: gcc.c-torture/compile/20050303-1.c  -Os  (test for excess errors)
FAIL: gcc.c-torture/compile/920625-1.c  -O1  (test for excess errors)
FAIL: gcc.c-torture/compile/920625-1.c  -O2  (test for excess errors)
FAIL: gcc.c-torture/compile/920625-1.c  -O3 -fomit-frame-pointer  (test for excess errors)
FAIL: gcc.c-torture/compile/920625-1.c  -O3 -fomit-frame-pointer -funroll-loops  (test for excess errors)
FAIL: gcc.c-torture/compile/920625-1.c  -O3 -fomit-frame-pointer -funroll-all-loops -finline-functions  (test for excess errors)
FAIL: gcc.c-torture/compile/920625-1.c  -O3 -g  (test for excess errors)
FAIL: gcc.c-torture/compile/920625-1.c  -Os  (test for excess errors)
FAIL: gcc.c-torture/compile/920723-1.c  -O1  (test for excess errors)
FAIL: gcc.c-torture/compile/920723-1.c  -O2  (test for excess errors)
FAIL: gcc.c-torture/compile/920723-1.c  -O3 -fomit-frame-pointer  (test for excess errors)
FAIL: gcc.c-torture/compile/920723-1.c  -O3 -fomit-frame-pointer -funroll-loops  (test for excess errors)
FAIL: gcc.c-torture/compile/920723-1.c  -O3 -fomit-frame-pointer -funroll-all-loops -finline-functions  (test for excess errors)
FAIL: gcc.c-torture/compile/920723-1.c  -O3 -g  (test for excess errors)
FAIL: gcc.c-torture/compile/920928-2.c  -O1  (test for excess errors)
FAIL: gcc.c-torture/compile/920928-2.c  -O2  (test for excess errors)
FAIL: gcc.c-torture/compile/920928-2.c  -O3 -fomit-frame-pointer  (test for excess errors)
FAIL: gcc.c-torture/compile/920928-2.c  -O3 -fomit-frame-pointer -funroll-loops  (test for excess errors)
FAIL: gcc.c-torture/compile/920928-2.c  -O3 -fomit-frame-pointer -funroll-all-loops -finline-functions  (test for excess errors)
FAIL: gcc.c-torture/compile/920928-2.c  -O3 -g  (test for excess errors)
FAIL: gcc.c-torture/compile/921202-1.c  -O1  (test for excess errors)
FAIL: gcc.c-torture/compile/921202-1.c  -O2  (test for excess errors)
FAIL: gcc.c-torture/compile/921202-1.c  -O3 -fomit-frame-pointer  (test for excess errors)
FAIL: gcc.c-torture/compile/921202-1.c  -O3 -fomit-frame-pointer -funroll-loops  (test for excess errors)
FAIL: gcc.c-torture/compile/921202-1.c  -O3 -fomit-frame-pointer -funroll-all-loops -finline-functions  (test for excess errors)
FAIL: gcc.c-torture/compile/921202-1.c  -O3 -g  (test for excess errors)
FAIL: gcc.c-torture/compile/921202-1.c  -Os  (test for excess errors)
FAIL: gcc.c-torture/compile/921206-1.c  -O1  (test for excess errors)
FAIL: gcc.c-torture/compile/921206-1.c  -O2  (test for excess errors)
FAIL: gcc.c-torture/compile/921206-1.c  -O3 -fomit-frame-pointer  (test for excess errors)
FAIL: gcc.c-torture/compile/921206-1.c  -O3 -fomit-frame-pointer -funroll-loops  (test for excess errors)
FAIL: gcc.c-torture/compile/921206-1.c  -O3 -fomit-frame-pointer -funroll-all-loops -finline-functions  (test for excess errors)
FAIL: gcc.c-torture/compile/921206-1.c  -O3 -g  (test for excess errors)
FAIL: gcc.c-torture/compile/921206-1.c  -Os  (test for excess errors)
FAIL: gcc.c-torture/compile/930523-1.c  -O1  (test for excess errors)
FAIL: gcc.c-torture/compile/930523-1.c  -O2  (test for excess errors)
FAIL: gcc.c-torture/compile/930523-1.c  -Os  (test for excess errors)
FAIL: gcc.c-torture/compile/931102-1.c  -O1  (test for excess errors)
FAIL: gcc.c-torture/compile/931102-1.c  -O2  (test for excess errors)
FAIL: gcc.c-torture/compile/931102-1.c  -O3 -fomit-frame-pointer  (test for excess errors)
FAIL: gcc.c-torture/compile/931102-1.c  -O3 -fomit-frame-pointer -funroll-loops  (test for excess errors)
FAIL: gcc.c-torture/compile/931102-1.c  -O3 -fomit-frame-pointer -funroll-all-loops -finline-functions  (test for excess errors)
FAIL: gcc.c-torture/compile/931102-1.c  -O3 -g  (test for excess errors)
FAIL: gcc.c-torture/compile/931102-1.c  -Os  (test for excess errors)
FAIL: gcc.c-torture/compile/941014-2.c  -O1  (test for excess errors)
FAIL: gcc.c-torture/compile/941014-2.c  -O2  (test for excess errors)
FAIL: gcc.c-torture/compile/941014-2.c  -Os  (test for excess errors)
FAIL: gcc.c-torture/compile/941014-3.c  -O1  (test for excess errors)
FAIL: gcc.c-torture/compile/941014-3.c  -O2  (test for excess errors)
FAIL: gcc.c-torture/compile/941014-3.c  -O3 -fomit-frame-pointer  (test for excess errors)
FAIL: gcc.c-torture/compile/941014-3.c  -O3 -fomit-frame-pointer -funroll-loops  (test for excess errors)
FAIL: gcc.c-torture/compile/941014-3.c  -O3 -fomit-frame-pointer -funroll-all-loops -finline-functions  (test for excess errors)
FAIL: gcc.c-torture/compile/941014-3.c  -O3 -g  (test for excess errors)
FAIL: gcc.c-torture/compile/941014-3.c  -Os  (test for excess errors)
FAIL: gcc.c-torture/compile/950922-1.c  -O1  (test for excess errors)
FAIL: gcc.c-torture/compile/950922-1.c  -O2  (test for excess errors)
FAIL: gcc.c-torture/compile/950922-1.c  -O3 -fomit-frame-pointer  (test for excess errors)
FAIL: gcc.c-torture/compile/950922-1.c  -O3 -fomit-frame-pointer -funroll-loops  (test for excess errors)
FAIL: gcc.c-torture/compile/950922-1.c  -O3 -fomit-frame-pointer -funroll-all-loops -finline-functions  (test for excess errors)
FAIL: gcc.c-torture/compile/950922-1.c  -O3 -g  (test for excess errors)
FAIL: gcc.c-torture/compile/950922-1.c  -Os  (test for excess errors)
FAIL: gcc.c-torture/compile/980408-1.c  -O2  (test for excess errors)
FAIL: gcc.c-torture/compile/980408-1.c  -O3 -fomit-frame-pointer  (test for excess errors)
FAIL: gcc.c-torture/compile/980408-1.c  -O3 -fomit-frame-pointer -funroll-loops  (test for excess errors)
FAIL: gcc.c-torture/compile/980408-1.c  -O3 -fomit-frame-pointer -funroll-all-loops -finline-functions  (test for excess errors)
FAIL: gcc.c-torture/compile/980408-1.c  -O3 -g  (test for excess errors)
FAIL: gcc.c-torture/compile/980506-1.c  -O0  (test for excess errors)
FAIL: gcc.c-torture/compile/980506-1.c  -O1  (test for excess errors)
FAIL: gcc.c-torture/compile/980506-1.c  -O2  (test for excess errors)
FAIL: gcc.c-torture/compile/980506-1.c  -O3 -fomit-frame-pointer  (test for excess errors)
FAIL: gcc.c-torture/compile/980506-1.c  -O3 -fomit-frame-pointer -funroll-loops  (test for excess errors)
FAIL: gcc.c-torture/compile/980506-1.c  -O3 -fomit-frame-pointer -funroll-all-loops -finline-functions  (test for excess errors)
FAIL: gcc.c-torture/compile/980506-1.c  -O3 -g  (test for excess errors)
FAIL: gcc.c-torture/compile/980506-1.c  -Os  (test for excess errors)
UNRESOLVED: gcc.c-torture/compile/981001-2.c  -O0 
UNRESOLVED: gcc.c-torture/compile/981001-2.c  -O1 
UNRESOLVED: gcc.c-torture/compile/981001-2.c  -O2 
UNRESOLVED: gcc.c-torture/compile/981001-2.c  -O3 -fomit-frame-pointer 
UNRESOLVED: gcc.c-torture/compile/981001-2.c  -O3 -g 
UNRESOLVED: gcc.c-torture/compile/981001-2.c  -Os 
FAIL: gcc.c-torture/compile/nested-1.c  -O0  (test for excess errors)
FAIL: gcc.c-torture/compile/nested-1.c  -O1  (test for excess errors)
FAIL: gcc.c-torture/compile/nested-1.c  -O2  (test for excess errors)
FAIL: gcc.c-torture/compile/nested-1.c  -O3 -fomit-frame-pointer  (test for excess errors)
FAIL: gcc.c-torture/compile/nested-1.c  -O3 -g  (test for excess errors)
FAIL: gcc.c-torture/compile/nested-1.c  -Os  (test for excess errors)
FAIL: gcc.c-torture/compile/pr23929.c  -O1  (test for excess errors)
FAIL: gcc.c-torture/compile/pr23929.c  -O2  (test for excess errors)
FAIL: gcc.c-torture/compile/pr23929.c  -O3 -fomit-frame-pointer  (test for excess errors)
FAIL: gcc.c-torture/compile/pr23929.c  -O3 -fomit-frame-pointer -funroll-loops  (test for excess errors)
FAIL: gcc.c-torture/compile/pr23929.c  -O3 -fomit-frame-pointer -funroll-all-loops -finline-functions  (test for excess errors)
FAIL: gcc.c-torture/compile/pr23929.c  -O3 -g  (test for excess errors)
FAIL: gcc.c-torture/compile/pr23929.c  -Os  (test for excess errors)
FAIL: gcc.c-torture/compile/pr24883.c  -O1  (test for excess errors)
FAIL: gcc.c-torture/compile/pr24883.c  -O2  (test for excess errors)
FAIL: gcc.c-torture/compile/pr24883.c  -O3 -fomit-frame-pointer  (test for excess errors)
FAIL: gcc.c-torture/compile/pr24883.c  -O3 -fomit-frame-pointer -funroll-loops  (test for excess errors)
FAIL: gcc.c-torture/compile/pr24883.c  -O3 -fomit-frame-pointer -funroll-all-loops -finline-functions  (test for excess errors)
FAIL: gcc.c-torture/compile/pr24883.c  -O3 -g  (test for excess errors)
FAIL: gcc.c-torture/compile/pr24883.c  -Os  (test for excess errors)
FAIL: gcc.c-torture/execute/builtins/strspn.c compilation,  -O0 
UNRESOLVED: gcc.c-torture/execute/builtins/strspn.c execution,  -O0 
FAIL: gcc.c-torture/execute/20001101.c compilation,  -O0 
UNRESOLVED: gcc.c-torture/execute/20001101.c execution,  -O0 
FAIL: gcc.c-torture/execute/20001101.c compilation,  -O1 
UNRESOLVED: gcc.c-torture/execute/20001101.c execution,  -O1 
FAIL: gcc.c-torture/execute/20001101.c compilation,  -O2 
UNRESOLVED: gcc.c-torture/execute/20001101.c execution,  -O2 
FAIL: gcc.c-torture/execute/20001101.c compilation,  -O3 -fomit-frame-pointer 
UNRESOLVED: gcc.c-torture/execute/20001101.c execution,  -O3 -fomit-frame-pointer 
FAIL: gcc.c-torture/execute/20001101.c compilation,  -O3 -g 
UNRESOLVED: gcc.c-torture/execute/20001101.c execution,  -O3 -g 
FAIL: gcc.c-torture/execute/20001101.c compilation,  -Os 
UNRESOLVED: gcc.c-torture/execute/20001101.c execution,  -Os 
FAIL: gcc.c-torture/execute/20010122-1.c compilation,  -O0 
UNRESOLVED: gcc.c-torture/execute/20010122-1.c execution,  -O0 
FAIL: gcc.c-torture/execute/20010122-1.c compilation,  -O1 
UNRESOLVED: gcc.c-torture/execute/20010122-1.c execution,  -O1 
FAIL: gcc.c-torture/execute/20010122-1.c compilation,  -O2 
UNRESOLVED: gcc.c-torture/execute/20010122-1.c execution,  -O2 
FAIL: gcc.c-torture/execute/20010122-1.c compilation,  -O3 -g 
UNRESOLVED: gcc.c-torture/execute/20010122-1.c execution,  -O3 -g 
FAIL: gcc.c-torture/execute/20010122-1.c compilation,  -Os 
UNRESOLVED: gcc.c-torture/execute/20010122-1.c execution,  -Os 
FAIL: gcc.c-torture/execute/20020406-1.c compilation,  -O1 
UNRESOLVED: gcc.c-torture/execute/20020406-1.c execution,  -O1 
FAIL: gcc.c-torture/execute/20020406-1.c compilation,  -O2 
UNRESOLVED: gcc.c-torture/execute/20020406-1.c execution,  -O2 
FAIL: gcc.c-torture/execute/20020406-1.c compilation,  -Os 
UNRESOLVED: gcc.c-torture/execute/20020406-1.c execution,  -Os 
FAIL: gcc.c-torture/execute/20040629-1.c compilation,  -O0 
UNRESOLVED: gcc.c-torture/execute/20040629-1.c execution,  -O0 
FAIL: gcc.c-torture/execute/20040629-1.c compilation,  -O1 
UNRESOLVED: gcc.c-torture/execute/20040629-1.c execution,  -O1 
FAIL: gcc.c-torture/execute/20040629-1.c compilation,  -O2 
UNRESOLVED: gcc.c-torture/execute/20040629-1.c execution,  -O2 
FAIL: gcc.c-torture/execute/20040629-1.c compilation,  -O3 -fomit-frame-pointer 
UNRESOLVED: gcc.c-torture/execute/20040629-1.c execution,  -O3 -fomit-frame-pointer 
FAIL: gcc.c-torture/execute/20040629-1.c compilation,  -O3 -g 
UNRESOLVED: gcc.c-torture/execute/20040629-1.c execution,  -O3 -g 
FAIL: gcc.c-torture/execute/20040629-1.c compilation,  -Os 
UNRESOLVED: gcc.c-torture/execute/20040629-1.c execution,  -Os 
FAIL: gcc.c-torture/execute/20040703-1.c execution,  -O0 
FAIL: gcc.c-torture/execute/20040703-1.c execution,  -O1 
FAIL: gcc.c-torture/execute/20040703-1.c execution,  -O2 
FAIL: gcc.c-torture/execute/20040703-1.c execution,  -O3 -fomit-frame-pointer 
FAIL: gcc.c-torture/execute/20040703-1.c execution,  -O3 -g 
FAIL: gcc.c-torture/execute/20040703-1.c execution,  -Os 
FAIL: gcc.c-torture/execute/20040705-1.c compilation,  -O0 
UNRESOLVED: gcc.c-torture/execute/20040705-1.c execution,  -O0 
FAIL: gcc.c-torture/execute/20040705-1.c compilation,  -O1 
UNRESOLVED: gcc.c-torture/execute/20040705-1.c execution,  -O1 
FAIL: gcc.c-torture/execute/20040705-1.c compilation,  -O2 
UNRESOLVED: gcc.c-torture/execute/20040705-1.c execution,  -O2 
FAIL: gcc.c-torture/execute/20040705-1.c compilation,  -O3 -fomit-frame-pointer 
UNRESOLVED: gcc.c-torture/execute/20040705-1.c execution,  -O3 -fomit-frame-pointer 
FAIL: gcc.c-torture/execute/20040705-1.c compilation,  -O3 -g 
UNRESOLVED: gcc.c-torture/execute/20040705-1.c execution,  -O3 -g 
FAIL: gcc.c-torture/execute/20040705-1.c compilation,  -Os 
UNRESOLVED: gcc.c-torture/execute/20040705-1.c execution,  -Os 
FAIL: gcc.c-torture/execute/20040705-2.c compilation,  -O0 
UNRESOLVED: gcc.c-torture/execute/20040705-2.c execution,  -O0 
FAIL: gcc.c-torture/execute/20040705-2.c compilation,  -O1 
UNRESOLVED: gcc.c-torture/execute/20040705-2.c execution,  -O1 
FAIL: gcc.c-torture/execute/20040705-2.c compilation,  -O2 
UNRESOLVED: gcc.c-torture/execute/20040705-2.c execution,  -O2 
FAIL: gcc.c-torture/execute/20040705-2.c compilation,  -O3 -fomit-frame-pointer 
UNRESOLVED: gcc.c-torture/execute/20040705-2.c execution,  -O3 -fomit-frame-pointer 
FAIL: gcc.c-torture/execute/20040705-2.c compilation,  -O3 -g 
UNRESOLVED: gcc.c-torture/execute/20040705-2.c execution,  -O3 -g 
FAIL: gcc.c-torture/execute/20040705-2.c compilation,  -Os 
UNRESOLVED: gcc.c-torture/execute/20040705-2.c execution,  -Os 
FAIL: gcc.c-torture/execute/20050316-1.c compilation,  -O0 
UNRESOLVED: gcc.c-torture/execute/20050316-1.c execution,  -O0 
FAIL: gcc.c-torture/execute/20050316-1.c compilation,  -O1 
UNRESOLVED: gcc.c-torture/execute/20050316-1.c execution,  -O1 
FAIL: gcc.c-torture/execute/20050316-1.c compilation,  -O2 
UNRESOLVED: gcc.c-torture/execute/20050316-1.c execution,  -O2 
FAIL: gcc.c-torture/execute/20050316-1.c compilation,  -O3 -fomit-frame-pointer 
UNRESOLVED: gcc.c-torture/execute/20050316-1.c execution,  -O3 -fomit-frame-pointer 
FAIL: gcc.c-torture/execute/20050316-1.c compilation,  -O3 -g 
UNRESOLVED: gcc.c-torture/execute/20050316-1.c execution,  -O3 -g 
FAIL: gcc.c-torture/execute/20050316-1.c compilation,  -Os 
UNRESOLVED: gcc.c-torture/execute/20050316-1.c execution,  -Os 
FAIL: gcc.c-torture/execute/20060102-1.c execution,  -O0 
FAIL: gcc.c-torture/execute/20060102-1.c execution,  -O1 
FAIL: gcc.c-torture/execute/20060102-1.c execution,  -O2 
FAIL: gcc.c-torture/execute/20060102-1.c execution,  -O3 -fomit-frame-pointer 
FAIL: gcc.c-torture/execute/20060102-1.c execution,  -O3 -g 
FAIL: gcc.c-torture/execute/20060102-1.c execution,  -Os 
FAIL: gcc.c-torture/execute/920501-8.c execution,  -O0 
FAIL: gcc.c-torture/execute/920501-8.c execution,  -O1 
FAIL: gcc.c-torture/execute/920501-8.c execution,  -O2 
FAIL: gcc.c-torture/execute/920501-8.c execution,  -O3 -fomit-frame-pointer 
FAIL: gcc.c-torture/execute/920501-8.c execution,  -O3 -g 
FAIL: gcc.c-torture/execute/920501-8.c execution,  -Os 
FAIL: gcc.c-torture/execute/930513-1.c execution,  -O0 
FAIL: gcc.c-torture/execute/930513-1.c execution,  -O1 
FAIL: gcc.c-torture/execute/930513-1.c execution,  -O2 
FAIL: gcc.c-torture/execute/930513-1.c execution,  -O3 -fomit-frame-pointer 
FAIL: gcc.c-torture/execute/930513-1.c execution,  -O3 -g 
FAIL: gcc.c-torture/execute/930513-1.c execution,  -Os 
FAIL: gcc.c-torture/execute/930628-1.c compilation,  -O1 
UNRESOLVED: gcc.c-torture/execute/930628-1.c execution,  -O1 
FAIL: gcc.c-torture/execute/930628-1.c compilation,  -O2 
UNRESOLVED: gcc.c-torture/execute/930628-1.c execution,  -O2 
FAIL: gcc.c-torture/execute/930628-1.c compilation,  -O3 -fomit-frame-pointer 
UNRESOLVED: gcc.c-torture/execute/930628-1.c execution,  -O3 -fomit-frame-pointer 
FAIL: gcc.c-torture/execute/930628-1.c compilation,  -O3 -fomit-frame-pointer -funroll-loops 
UNRESOLVED: gcc.c-torture/execute/930628-1.c execution,  -O3 -fomit-frame-pointer -funroll-loops 
FAIL: gcc.c-torture/execute/930628-1.c compilation,  -O3 -fomit-frame-pointer -funroll-all-loops -finline-functions 
UNRESOLVED: gcc.c-torture/execute/930628-1.c execution,  -O3 -fomit-frame-pointer -funroll-all-loops -finline-functions 
FAIL: gcc.c-torture/execute/930628-1.c compilation,  -O3 -g 
UNRESOLVED: gcc.c-torture/execute/930628-1.c execution,  -O3 -g 
FAIL: gcc.c-torture/execute/930628-1.c compilation,  -Os 
UNRESOLVED: gcc.c-torture/execute/930628-1.c execution,  -Os 
FAIL: gcc.c-torture/execute/930719-1.c compilation,  -O1 
UNRESOLVED: gcc.c-torture/execute/930719-1.c execution,  -O1 
FAIL: gcc.c-torture/execute/930719-1.c compilation,  -O2 
UNRESOLVED: gcc.c-torture/execute/930719-1.c execution,  -O2 
FAIL: gcc.c-torture/execute/930719-1.c compilation,  -O3 -fomit-frame-pointer 
UNRESOLVED: gcc.c-torture/execute/930719-1.c execution,  -O3 -fomit-frame-pointer 
FAIL: gcc.c-torture/execute/930719-1.c compilation,  -O3 -fomit-frame-pointer -funroll-loops 
UNRESOLVED: gcc.c-torture/execute/930719-1.c execution,  -O3 -fomit-frame-pointer -funroll-loops 
FAIL: gcc.c-torture/execute/930719-1.c compilation,  -O3 -fomit-frame-pointer -funroll-all-loops -finline-functions 
UNRESOLVED: gcc.c-torture/execute/930719-1.c execution,  -O3 -fomit-frame-pointer -funroll-all-loops -finline-functions 
FAIL: gcc.c-torture/execute/930719-1.c compilation,  -O3 -g 
UNRESOLVED: gcc.c-torture/execute/930719-1.c execution,  -O3 -g 
FAIL: gcc.c-torture/execute/930719-1.c compilation,  -Os 
UNRESOLVED: gcc.c-torture/execute/930719-1.c execution,  -Os 
FAIL: gcc.c-torture/execute/931017-1.c compilation,  -O1 
UNRESOLVED: gcc.c-torture/execute/931017-1.c execution,  -O1 
FAIL: gcc.c-torture/execute/931017-1.c compilation,  -O2 
UNRESOLVED: gcc.c-torture/execute/931017-1.c execution,  -O2 
FAIL: gcc.c-torture/execute/960209-1.c compilation,  -O3 -fomit-frame-pointer 
UNRESOLVED: gcc.c-torture/execute/960209-1.c execution,  -O3 -fomit-frame-pointer 
FAIL: gcc.c-torture/execute/960209-1.c compilation,  -O3 -fomit-frame-pointer -funroll-loops 
UNRESOLVED: gcc.c-torture/execute/960209-1.c execution,  -O3 -fomit-frame-pointer -funroll-loops 
FAIL: gcc.c-torture/execute/960209-1.c compilation,  -O3 -fomit-frame-pointer -funroll-all-loops -finline-functions 
UNRESOLVED: gcc.c-torture/execute/960209-1.c execution,  -O3 -fomit-frame-pointer -funroll-all-loops -finline-functions 
FAIL: gcc.c-torture/execute/960209-1.c compilation,  -O3 -g 
UNRESOLVED: gcc.c-torture/execute/960209-1.c execution,  -O3 -g 
FAIL: gcc.c-torture/execute/960405-1.c execution,  -O0 
FAIL: gcc.c-torture/execute/960405-1.c execution,  -O1 
FAIL: gcc.c-torture/execute/960405-1.c execution,  -O2 
FAIL: gcc.c-torture/execute/960405-1.c execution,  -O3 -fomit-frame-pointer 
FAIL: gcc.c-torture/execute/960405-1.c execution,  -O3 -g 
FAIL: gcc.c-torture/execute/960405-1.c execution,  -Os 
FAIL: gcc.c-torture/execute/990130-1.c compilation,  -O0 
UNRESOLVED: gcc.c-torture/execute/990130-1.c execution,  -O0 
FAIL: gcc.c-torture/execute/990130-1.c compilation,  -O1 
UNRESOLVED: gcc.c-torture/execute/990130-1.c execution,  -O1 
FAIL: gcc.c-torture/execute/990130-1.c compilation,  -O2 
UNRESOLVED: gcc.c-torture/execute/990130-1.c execution,  -O2 
FAIL: gcc.c-torture/execute/990130-1.c compilation,  -O3 -fomit-frame-pointer 
UNRESOLVED: gcc.c-torture/execute/990130-1.c execution,  -O3 -fomit-frame-pointer 
FAIL: gcc.c-torture/execute/990130-1.c compilation,  -O3 -g 
UNRESOLVED: gcc.c-torture/execute/990130-1.c execution,  -O3 -g 
FAIL: gcc.c-torture/execute/990130-1.c compilation,  -Os 
UNRESOLVED: gcc.c-torture/execute/990130-1.c execution,  -Os 
FAIL: gcc.c-torture/execute/bitfld-4.c compilation,  -O0 
UNRESOLVED: gcc.c-torture/execute/bitfld-4.c execution,  -O0 
FAIL: gcc.c-torture/execute/bitfld-4.c compilation,  -O1 
UNRESOLVED: gcc.c-torture/execute/bitfld-4.c execution,  -O1 
FAIL: gcc.c-torture/execute/bitfld-4.c compilation,  -O2 
UNRESOLVED: gcc.c-torture/execute/bitfld-4.c execution,  -O2 
FAIL: gcc.c-torture/execute/bitfld-4.c compilation,  -O3 -fomit-frame-pointer 
UNRESOLVED: gcc.c-torture/execute/bitfld-4.c execution,  -O3 -fomit-frame-pointer 
FAIL: gcc.c-torture/execute/bitfld-4.c compilation,  -O3 -g 
UNRESOLVED: gcc.c-torture/execute/bitfld-4.c execution,  -O3 -g 
FAIL: gcc.c-torture/execute/bitfld-4.c compilation,  -Os 
UNRESOLVED: gcc.c-torture/execute/bitfld-4.c execution,  -Os 
FAIL: gcc.c-torture/execute/builtin-bitops-1.c compilation,  -O0 
UNRESOLVED: gcc.c-torture/execute/builtin-bitops-1.c execution,  -O0 
FAIL: gcc.c-torture/execute/builtin-bitops-1.c compilation,  -O1 
UNRESOLVED: gcc.c-torture/execute/builtin-bitops-1.c execution,  -O1 
FAIL: gcc.c-torture/execute/builtin-bitops-1.c compilation,  -O2 
UNRESOLVED: gcc.c-torture/execute/builtin-bitops-1.c execution,  -O2 
FAIL: gcc.c-torture/execute/builtin-bitops-1.c compilation,  -O3 -fomit-frame-pointer 
UNRESOLVED: gcc.c-torture/execute/builtin-bitops-1.c execution,  -O3 -fomit-frame-pointer 
FAIL: gcc.c-torture/execute/builtin-bitops-1.c compilation,  -O3 -fomit-frame-pointer -funroll-loops 
UNRESOLVED: gcc.c-torture/execute/builtin-bitops-1.c execution,  -O3 -fomit-frame-pointer -funroll-loops 
FAIL: gcc.c-torture/execute/builtin-bitops-1.c compilation,  -O3 -fomit-frame-pointer -funroll-all-loops -finline-functions 
UNRESOLVED: gcc.c-torture/execute/builtin-bitops-1.c execution,  -O3 -fomit-frame-pointer -funroll-all-loops -finline-functions 
FAIL: gcc.c-torture/execute/builtin-bitops-1.c compilation,  -O3 -g 
UNRESOLVED: gcc.c-torture/execute/builtin-bitops-1.c execution,  -O3 -g 
FAIL: gcc.c-torture/execute/builtin-bitops-1.c compilation,  -Os 
UNRESOLVED: gcc.c-torture/execute/builtin-bitops-1.c execution,  -Os 
FAIL: gcc.c-torture/execute/cmpsi-1.c compilation,  -O0 
UNRESOLVED: gcc.c-torture/execute/cmpsi-1.c execution,  -O0 
FAIL: gcc.c-torture/execute/cmpsi-1.c compilation,  -O1 
UNRESOLVED: gcc.c-torture/execute/cmpsi-1.c execution,  -O1 
FAIL: gcc.c-torture/execute/cmpsi-1.c compilation,  -O2 
UNRESOLVED: gcc.c-torture/execute/cmpsi-1.c execution,  -O2 
FAIL: gcc.c-torture/execute/cmpsi-1.c compilation,  -O3 -fomit-frame-pointer 
UNRESOLVED: gcc.c-torture/execute/cmpsi-1.c execution,  -O3 -fomit-frame-pointer 
FAIL: gcc.c-torture/execute/cmpsi-1.c compilation,  -O3 -g 
UNRESOLVED: gcc.c-torture/execute/cmpsi-1.c execution,  -O3 -g 
FAIL: gcc.c-torture/execute/cmpsi-1.c compilation,  -Os 
UNRESOLVED: gcc.c-torture/execute/cmpsi-1.c execution,  -Os 
FAIL: gcc.c-torture/execute/float-floor.c execution,  -O0 
FAIL: gcc.c-torture/execute/float-floor.c execution,  -O1 
FAIL: gcc.c-torture/execute/float-floor.c execution,  -O2 
FAIL: gcc.c-torture/execute/float-floor.c execution,  -O3 -fomit-frame-pointer 
FAIL: gcc.c-torture/execute/float-floor.c execution,  -O3 -g 
FAIL: gcc.c-torture/execute/float-floor.c execution,  -Os 
FAIL: gcc.c-torture/execute/fprintf-1.c execution,  -O0 
FAIL: gcc.c-torture/execute/fprintf-chk-1.c execution,  -O0 
FAIL: gcc.c-torture/execute/loop-15.c compilation,  -O1 
UNRESOLVED: gcc.c-torture/execute/loop-15.c execution,  -O1 
FAIL: gcc.c-torture/execute/loop-15.c compilation,  -O2 
UNRESOLVED: gcc.c-torture/execute/loop-15.c execution,  -O2 
FAIL: gcc.c-torture/execute/loop-15.c compilation,  -O3 -fomit-frame-pointer 
UNRESOLVED: gcc.c-torture/execute/loop-15.c execution,  -O3 -fomit-frame-pointer 
FAIL: gcc.c-torture/execute/loop-15.c compilation,  -O3 -fomit-frame-pointer -funroll-loops 
UNRESOLVED: gcc.c-torture/execute/loop-15.c execution,  -O3 -fomit-frame-pointer -funroll-loops 
FAIL: gcc.c-torture/execute/loop-15.c compilation,  -O3 -fomit-frame-pointer -funroll-all-loops -finline-functions 
UNRESOLVED: gcc.c-torture/execute/loop-15.c execution,  -O3 -fomit-frame-pointer -funroll-all-loops -finline-functions 
FAIL: gcc.c-torture/execute/loop-15.c compilation,  -O3 -g 
UNRESOLVED: gcc.c-torture/execute/loop-15.c execution,  -O3 -g 
FAIL: gcc.c-torture/execute/pending-4.c compilation,  -O0 
UNRESOLVED: gcc.c-torture/execute/pending-4.c execution,  -O0 
FAIL: gcc.c-torture/execute/pending-4.c compilation,  -O1 
UNRESOLVED: gcc.c-torture/execute/pending-4.c execution,  -O1 
FAIL: gcc.c-torture/execute/pending-4.c compilation,  -O2 
UNRESOLVED: gcc.c-torture/execute/pending-4.c execution,  -O2 
FAIL: gcc.c-torture/execute/pending-4.c compilation,  -O3 -fomit-frame-pointer 
UNRESOLVED: gcc.c-torture/execute/pending-4.c execution,  -O3 -fomit-frame-pointer 
FAIL: gcc.c-torture/execute/pending-4.c compilation,  -O3 -fomit-frame-pointer -funroll-loops 
UNRESOLVED: gcc.c-torture/execute/pending-4.c execution,  -O3 -fomit-frame-pointer -funroll-loops 
FAIL: gcc.c-torture/execute/pending-4.c compilation,  -O3 -fomit-frame-pointer -funroll-all-loops -finline-functions 
UNRESOLVED: gcc.c-torture/execute/pending-4.c execution,  -O3 -fomit-frame-pointer -funroll-all-loops -finline-functions 
FAIL: gcc.c-torture/execute/pending-4.c compilation,  -O3 -g 
UNRESOLVED: gcc.c-torture/execute/pending-4.c execution,  -O3 -g 
FAIL: gcc.c-torture/execute/pending-4.c compilation,  -Os 
UNRESOLVED: gcc.c-torture/execute/pending-4.c execution,  -Os 
FAIL: gcc.c-torture/execute/pr15296.c compilation,  -Os 
UNRESOLVED: gcc.c-torture/execute/pr15296.c execution,  -Os 
FAIL: gcc.c-torture/execute/pr17133.c compilation,  -O1 
UNRESOLVED: gcc.c-torture/execute/pr17133.c execution,  -O1 
FAIL: gcc.c-torture/execute/pr17133.c compilation,  -O2 
UNRESOLVED: gcc.c-torture/execute/pr17133.c execution,  -O2 
FAIL: gcc.c-torture/execute/pr17377.c execution,  -O0 
FAIL: gcc.c-torture/execute/pr19689.c compilation,  -O0 
UNRESOLVED: gcc.c-torture/execute/pr19689.c execution,  -O0 
FAIL: gcc.c-torture/execute/pr19689.c compilation,  -O1 
UNRESOLVED: gcc.c-torture/execute/pr19689.c execution,  -O1 
FAIL: gcc.c-torture/execute/pr19689.c compilation,  -O2 
UNRESOLVED: gcc.c-torture/execute/pr19689.c execution,  -O2 
FAIL: gcc.c-torture/execute/pr19689.c compilation,  -O3 -fomit-frame-pointer 
UNRESOLVED: gcc.c-torture/execute/pr19689.c execution,  -O3 -fomit-frame-pointer 
FAIL: gcc.c-torture/execute/pr19689.c compilation,  -O3 -g 
UNRESOLVED: gcc.c-torture/execute/pr19689.c execution,  -O3 -g 
FAIL: gcc.c-torture/execute/pr19689.c compilation,  -Os 
UNRESOLVED: gcc.c-torture/execute/pr19689.c execution,  -Os 
FAIL: gcc.c-torture/execute/pr22493-1.c execution,  -O1 
FAIL: gcc.c-torture/execute/pr22493-1.c execution,  -O2 
FAIL: gcc.c-torture/execute/pr22493-1.c execution,  -Os 
FAIL: gcc.c-torture/execute/pr23135.c execution,  -O0 
FAIL: gcc.c-torture/execute/pr23135.c execution,  -O1 
FAIL: gcc.c-torture/execute/pr23135.c execution,  -O2 
FAIL: gcc.c-torture/execute/pr23135.c execution,  -O3 -fomit-frame-pointer 
FAIL: gcc.c-torture/execute/pr23135.c execution,  -O3 -g 
FAIL: gcc.c-torture/execute/pr23135.c execution,  -Os 
FAIL: gcc.c-torture/execute/pr24716.c compilation,  -O1 
UNRESOLVED: gcc.c-torture/execute/pr24716.c execution,  -O1 
FAIL: gcc.c-torture/execute/pr24716.c compilation,  -O2 
UNRESOLVED: gcc.c-torture/execute/pr24716.c execution,  -O2 
FAIL: gcc.c-torture/execute/pr24716.c compilation,  -Os 
UNRESOLVED: gcc.c-torture/execute/pr24716.c execution,  -Os 
FAIL: gcc.c-torture/execute/pr7284-1.c execution,  -O0 
FAIL: gcc.c-torture/execute/pr7284-1.c execution,  -O1 
FAIL: gcc.c-torture/execute/pr7284-1.c execution,  -O2 
FAIL: gcc.c-torture/execute/pr7284-1.c execution,  -O3 -fomit-frame-pointer 
FAIL: gcc.c-torture/execute/pr7284-1.c execution,  -O3 -g 
FAIL: gcc.c-torture/execute/pr7284-1.c execution,  -Os 
FAIL: gcc.c-torture/execute/printf-1.c execution,  -O0 
FAIL: gcc.c-torture/execute/printf-chk-1.c execution,  -O0 
FAIL: gcc.c-torture/execute/simd-1.c execution,  -O0 
FAIL: gcc.c-torture/execute/simd-1.c execution,  -O1 
FAIL: gcc.c-torture/execute/simd-1.c execution,  -O2 
FAIL: gcc.c-torture/execute/simd-1.c execution,  -O3 -fomit-frame-pointer 
FAIL: gcc.c-torture/execute/simd-1.c execution,  -O3 -g 
FAIL: gcc.c-torture/execute/simd-1.c execution,  -Os 
FAIL: gcc.c-torture/execute/simd-5.c compilation,  -O0 
UNRESOLVED: gcc.c-torture/execute/simd-5.c execution,  -O0 
FAIL: gcc.c-torture/execute/simd-5.c compilation,  -O1 
UNRESOLVED: gcc.c-torture/execute/simd-5.c execution,  -O1 
FAIL: gcc.c-torture/execute/simd-5.c compilation,  -O2 
UNRESOLVED: gcc.c-torture/execute/simd-5.c execution,  -O2 
FAIL: gcc.c-torture/execute/simd-5.c compilation,  -O3 -fomit-frame-pointer 
UNRESOLVED: gcc.c-torture/execute/simd-5.c execution,  -O3 -fomit-frame-pointer 
FAIL: gcc.c-torture/execute/simd-5.c compilation,  -O3 -g 
UNRESOLVED: gcc.c-torture/execute/simd-5.c execution,  -O3 -g 
FAIL: gcc.c-torture/execute/simd-5.c compilation,  -Os 
UNRESOLVED: gcc.c-torture/execute/simd-5.c execution,  -Os 
FAIL: gcc.c-torture/execute/usmul.c execution,  -O0 
FAIL: gcc.c-torture/execute/usmul.c execution,  -O1 
FAIL: gcc.c-torture/execute/usmul.c execution,  -O2 
FAIL: gcc.c-torture/execute/usmul.c execution,  -O3 -fomit-frame-pointer 
FAIL: gcc.c-torture/execute/usmul.c execution,  -O3 -g 
FAIL: gcc.c-torture/execute/usmul.c execution,  -Os 
FAIL: gcc.c-torture/execute/va-arg-13.c compilation,  -O0 
UNRESOLVED: gcc.c-torture/execute/va-arg-13.c execution,  -O0 
FAIL: gcc.c-torture/execute/va-arg-13.c compilation,  -O1 
UNRESOLVED: gcc.c-torture/execute/va-arg-13.c execution,  -O1 
FAIL: gcc.c-torture/execute/va-arg-13.c compilation,  -O2 
UNRESOLVED: gcc.c-torture/execute/va-arg-13.c execution,  -O2 
FAIL: gcc.c-torture/execute/va-arg-13.c compilation,  -O3 -fomit-frame-pointer 
UNRESOLVED: gcc.c-torture/execute/va-arg-13.c execution,  -O3 -fomit-frame-pointer 
FAIL: gcc.c-torture/execute/va-arg-13.c compilation,  -O3 -g 
UNRESOLVED: gcc.c-torture/execute/va-arg-13.c execution,  -O3 -g 
FAIL: gcc.c-torture/execute/va-arg-13.c compilation,  -Os 
UNRESOLVED: gcc.c-torture/execute/va-arg-13.c execution,  -Os 
FAIL: gcc.c-torture/execute/vfprintf-1.c execution,  -O0 
FAIL: gcc.c-torture/execute/vfprintf-chk-1.c execution,  -O0 
FAIL: gcc.c-torture/execute/vprintf-1.c execution,  -O0 
FAIL: gcc.c-torture/execute/vprintf-chk-1.c execution,  -O0 
FAIL: gcc.c-torture/execute/vrp-5.c execution,  -O0 
FAIL: gcc.c-torture/execute/vrp-5.c execution,  -O1 
FAIL: gcc.c-torture/execute/vrp-5.c execution,  -O2 
FAIL: gcc.c-torture/execute/vrp-5.c execution,  -O3 -fomit-frame-pointer 
FAIL: gcc.c-torture/execute/vrp-5.c execution,  -O3 -g 
FAIL: gcc.c-torture/execute/vrp-5.c execution,  -Os 
FAIL: gcc.c-torture/execute/vrp-6.c execution,  -O0 
FAIL: gcc.c-torture/execute/vrp-6.c execution,  -O1 
FAIL: gcc.c-torture/execute/vrp-6.c execution,  -O2 
FAIL: gcc.c-torture/execute/vrp-6.c execution,  -O3 -fomit-frame-pointer 
FAIL: gcc.c-torture/execute/vrp-6.c execution,  -O3 -g 
FAIL: gcc.c-torture/execute/vrp-6.c execution,  -Os 
FAIL: gcc.c-torture/execute/ieee/920810-1.c execution,  -O0 
FAIL: gcc.c-torture/execute/ieee/920810-1.c execution,  -O1 
FAIL: gcc.c-torture/execute/ieee/920810-1.c execution,  -O2 
FAIL: gcc.c-torture/execute/ieee/920810-1.c execution,  -O3 -fomit-frame-pointer 
FAIL: gcc.c-torture/execute/ieee/920810-1.c execution,  -O3 -g 
FAIL: gcc.c-torture/execute/ieee/920810-1.c execution,  -Os 
FAIL: gcc.c-torture/execute/ieee/compare-fp-1.c execution,  -O0 
FAIL: gcc.c-torture/execute/ieee/compare-fp-1.c execution,  -O1 
FAIL: gcc.c-torture/execute/ieee/compare-fp-1.c execution,  -O2 
FAIL: gcc.c-torture/execute/ieee/compare-fp-1.c execution,  -O3 -fomit-frame-pointer 
FAIL: gcc.c-torture/execute/ieee/compare-fp-1.c execution,  -O3 -g 
FAIL: gcc.c-torture/execute/ieee/compare-fp-1.c execution,  -Os 
FAIL: gcc.c-torture/execute/ieee/compare-fp-4.c execution,  -O0 
FAIL: gcc.c-torture/execute/ieee/compare-fp-4.c execution,  -O1 
FAIL: gcc.c-torture/execute/ieee/compare-fp-4.c execution,  -O2 
FAIL: gcc.c-torture/execute/ieee/compare-fp-4.c execution,  -Os 
FAIL: gcc.c-torture/execute/ieee/fp-cmp-1.c compilation,  -O0 
UNRESOLVED: gcc.c-torture/execute/ieee/fp-cmp-1.c execution,  -O0 
FAIL: gcc.c-torture/execute/ieee/fp-cmp-1.c compilation,  -O1 
UNRESOLVED: gcc.c-torture/execute/ieee/fp-cmp-1.c execution,  -O1 
FAIL: gcc.c-torture/execute/ieee/fp-cmp-1.c compilation,  -O2 
UNRESOLVED: gcc.c-torture/execute/ieee/fp-cmp-1.c execution,  -O2 
FAIL: gcc.c-torture/execute/ieee/fp-cmp-1.c compilation,  -O3 -fomit-frame-pointer 
UNRESOLVED: gcc.c-torture/execute/ieee/fp-cmp-1.c execution,  -O3 -fomit-frame-pointer 
FAIL: gcc.c-torture/execute/ieee/fp-cmp-1.c compilation,  -O3 -fomit-frame-pointer -funroll-loops 
UNRESOLVED: gcc.c-torture/execute/ieee/fp-cmp-1.c execution,  -O3 -fomit-frame-pointer -funroll-loops 
FAIL: gcc.c-torture/execute/ieee/fp-cmp-1.c compilation,  -O3 -fomit-frame-pointer -funroll-all-loops -finline-functions 
UNRESOLVED: gcc.c-torture/execute/ieee/fp-cmp-1.c execution,  -O3 -fomit-frame-pointer -funroll-all-loops -finline-functions 
FAIL: gcc.c-torture/execute/ieee/fp-cmp-1.c compilation,  -O3 -g 
UNRESOLVED: gcc.c-torture/execute/ieee/fp-cmp-1.c execution,  -O3 -g 
FAIL: gcc.c-torture/execute/ieee/fp-cmp-1.c compilation,  -Os 
UNRESOLVED: gcc.c-torture/execute/ieee/fp-cmp-1.c execution,  -Os 
FAIL: gcc.c-torture/execute/ieee/fp-cmp-2.c compilation,  -O0 
UNRESOLVED: gcc.c-torture/execute/ieee/fp-cmp-2.c execution,  -O0 
FAIL: gcc.c-torture/execute/ieee/fp-cmp-2.c compilation,  -O1 
UNRESOLVED: gcc.c-torture/execute/ieee/fp-cmp-2.c execution,  -O1 
FAIL: gcc.c-torture/execute/ieee/fp-cmp-2.c compilation,  -O2 
UNRESOLVED: gcc.c-torture/execute/ieee/fp-cmp-2.c execution,  -O2 
FAIL: gcc.c-torture/execute/ieee/fp-cmp-2.c compilation,  -O3 -fomit-frame-pointer 
UNRESOLVED: gcc.c-torture/execute/ieee/fp-cmp-2.c execution,  -O3 -fomit-frame-pointer 
FAIL: gcc.c-torture/execute/ieee/fp-cmp-2.c compilation,  -O3 -fomit-frame-pointer -funroll-loops 
UNRESOLVED: gcc.c-torture/execute/ieee/fp-cmp-2.c execution,  -O3 -fomit-frame-pointer -funroll-loops 
FAIL: gcc.c-torture/execute/ieee/fp-cmp-2.c compilation,  -O3 -fomit-frame-pointer -funroll-all-loops -finline-functions 
UNRESOLVED: gcc.c-torture/execute/ieee/fp-cmp-2.c execution,  -O3 -fomit-frame-pointer -funroll-all-loops -finline-functions 
FAIL: gcc.c-torture/execute/ieee/fp-cmp-2.c compilation,  -O3 -g 
UNRESOLVED: gcc.c-torture/execute/ieee/fp-cmp-2.c execution,  -O3 -g 
FAIL: gcc.c-torture/execute/ieee/fp-cmp-2.c compilation,  -Os 
UNRESOLVED: gcc.c-torture/execute/ieee/fp-cmp-2.c execution,  -Os 
FAIL: gcc.c-torture/execute/ieee/fp-cmp-3.c compilation,  -O0 
UNRESOLVED: gcc.c-torture/execute/ieee/fp-cmp-3.c execution,  -O0 
FAIL: gcc.c-torture/execute/ieee/fp-cmp-3.c compilation,  -O1 
UNRESOLVED: gcc.c-torture/execute/ieee/fp-cmp-3.c execution,  -O1 
FAIL: gcc.c-torture/execute/ieee/fp-cmp-3.c compilation,  -O2 
UNRESOLVED: gcc.c-torture/execute/ieee/fp-cmp-3.c execution,  -O2 
FAIL: gcc.c-torture/execute/ieee/fp-cmp-3.c compilation,  -O3 -fomit-frame-pointer 
UNRESOLVED: gcc.c-torture/execute/ieee/fp-cmp-3.c execution,  -O3 -fomit-frame-pointer 
FAIL: gcc.c-torture/execute/ieee/fp-cmp-3.c compilation,  -O3 -fomit-frame-pointer -funroll-loops 
UNRESOLVED: gcc.c-torture/execute/ieee/fp-cmp-3.c execution,  -O3 -fomit-frame-pointer -funroll-loops 
FAIL: gcc.c-torture/execute/ieee/fp-cmp-3.c compilation,  -O3 -fomit-frame-pointer -funroll-all-loops -finline-functions 
UNRESOLVED: gcc.c-torture/execute/ieee/fp-cmp-3.c execution,  -O3 -fomit-frame-pointer -funroll-all-loops -finline-functions 
FAIL: gcc.c-torture/execute/ieee/fp-cmp-3.c compilation,  -O3 -g 
UNRESOLVED: gcc.c-torture/execute/ieee/fp-cmp-3.c execution,  -O3 -g 
FAIL: gcc.c-torture/execute/ieee/fp-cmp-3.c compilation,  -Os 
UNRESOLVED: gcc.c-torture/execute/ieee/fp-cmp-3.c execution,  -Os 
FAIL: gcc.c-torture/execute/ieee/fp-cmp-8.c execution,  -O0 
FAIL: gcc.c-torture/execute/ieee/fp-cmp-8.c execution,  -O1 
FAIL: gcc.c-torture/execute/ieee/fp-cmp-8.c execution,  -O2 
FAIL: gcc.c-torture/execute/ieee/fp-cmp-8.c execution,  -O3 -fomit-frame-pointer 
FAIL: gcc.c-torture/execute/ieee/fp-cmp-8.c execution,  -O3 -fomit-frame-pointer -funroll-loops 
FAIL: gcc.c-torture/execute/ieee/fp-cmp-8.c execution,  -O3 -fomit-frame-pointer -funroll-all-loops -finline-functions 
FAIL: gcc.c-torture/execute/ieee/fp-cmp-8.c execution,  -O3 -g 
FAIL: gcc.c-torture/execute/ieee/fp-cmp-8.c execution,  -Os 
FAIL: gcc.c-torture/execute/ieee/fp-cmp-8f.c execution,  -O0 
FAIL: gcc.c-torture/execute/ieee/fp-cmp-8f.c execution,  -O1 
FAIL: gcc.c-torture/execute/ieee/fp-cmp-8f.c execution,  -O2 
FAIL: gcc.c-torture/execute/ieee/fp-cmp-8f.c execution,  -O3 -fomit-frame-pointer 
FAIL: gcc.c-torture/execute/ieee/fp-cmp-8f.c execution,  -O3 -g 
FAIL: gcc.c-torture/execute/ieee/fp-cmp-8f.c execution,  -Os 
FAIL: gcc.c-torture/execute/ieee/fp-cmp-8l.c execution,  -O0 
FAIL: gcc.c-torture/execute/ieee/fp-cmp-8l.c execution,  -O1 
FAIL: gcc.c-torture/execute/ieee/fp-cmp-8l.c execution,  -O2 
FAIL: gcc.c-torture/execute/ieee/fp-cmp-8l.c execution,  -O3 -fomit-frame-pointer 
FAIL: gcc.c-torture/execute/ieee/fp-cmp-8l.c execution,  -O3 -g 
FAIL: gcc.c-torture/execute/ieee/fp-cmp-8l.c execution,  -Os 
FAIL: gcc.c-torture/execute/ieee/hugeval.c execution,  -O0 
FAIL: gcc.c-torture/execute/ieee/hugeval.c execution,  -O1 
FAIL: gcc.c-torture/execute/ieee/hugeval.c execution,  -O2 
FAIL: gcc.c-torture/execute/ieee/hugeval.c execution,  -O3 -fomit-frame-pointer 
FAIL: gcc.c-torture/execute/ieee/hugeval.c execution,  -O3 -g 
FAIL: gcc.c-torture/execute/ieee/hugeval.c execution,  -Os 
FAIL: gcc.c-torture/execute/ieee/inf-1.c execution,  -O0 
FAIL: gcc.c-torture/execute/ieee/inf-2.c execution,  -O0 
FAIL: gcc.c-torture/execute/ieee/inf-2.c execution,  -O1 
FAIL: gcc.c-torture/execute/ieee/inf-2.c execution,  -O2 
FAIL: gcc.c-torture/execute/ieee/inf-2.c execution,  -O3 -fomit-frame-pointer 
FAIL: gcc.c-torture/execute/ieee/inf-2.c execution,  -O3 -g 
FAIL: gcc.c-torture/execute/ieee/inf-2.c execution,  -Os 
FAIL: gcc.c-torture/execute/ieee/minuszero.c execution,  -O0 
FAIL: gcc.c-torture/execute/ieee/mzero2.c execution,  -O0 
FAIL: gcc.c-torture/execute/ieee/mzero2.c execution,  -O1 
FAIL: gcc.c-torture/execute/ieee/mzero2.c execution,  -O2 
FAIL: gcc.c-torture/execute/ieee/mzero2.c execution,  -O3 -fomit-frame-pointer 
FAIL: gcc.c-torture/execute/ieee/mzero2.c execution,  -O3 -g 
FAIL: gcc.c-torture/execute/ieee/mzero2.c execution,  -Os 
FAIL: gcc.c-torture/execute/ieee/mzero6.c execution,  -O0 
FAIL: gcc.c-torture/execute/ieee/mzero6.c execution,  -O1 
FAIL: gcc.c-torture/execute/ieee/mzero6.c execution,  -O2 
FAIL: gcc.c-torture/execute/ieee/mzero6.c execution,  -O3 -fomit-frame-pointer 
FAIL: gcc.c-torture/execute/ieee/mzero6.c execution,  -O3 -fomit-frame-pointer -funroll-loops 
FAIL: gcc.c-torture/execute/ieee/mzero6.c execution,  -O3 -fomit-frame-pointer -funroll-all-loops -finline-functions 
FAIL: gcc.c-torture/execute/ieee/mzero6.c execution,  -O3 -g 
FAIL: gcc.c-torture/execute/ieee/mzero6.c execution,  -Os 
FAIL: gcc.c-torture/execute/ieee/unsafe-fp-assoc-1.c execution,  -O0 
FAIL: gcc.c-torture/execute/ieee/unsafe-fp-assoc-1.c execution,  -O1 
FAIL: gcc.c-torture/execute/ieee/unsafe-fp-assoc-1.c execution,  -O2 
FAIL: gcc.c-torture/execute/ieee/unsafe-fp-assoc-1.c execution,  -O3 -fomit-frame-pointer 
FAIL: gcc.c-torture/execute/ieee/unsafe-fp-assoc-1.c execution,  -O3 -g 
FAIL: gcc.c-torture/execute/ieee/unsafe-fp-assoc-1.c execution,  -Os 
FAIL: gcc.dg/compat/scalar-by-value-1 c_compat_x_tst.o-c_compat_y_tst.o execute 
UNRESOLVED: gcc.dg/compat/scalar-by-value-3 c_compat_x_tst.o-c_compat_y_tst.o execute 
FAIL: gcc.dg/compat/scalar-return-1 c_compat_x_tst.o-c_compat_y_tst.o execute 
FAIL: gcc.dg/compat/scalar-return-3 c_compat_x_tst.o-c_compat_y_tst.o execute 
UNRESOLVED: gcc.dg/compat/struct-by-value-10 c_compat_x_tst.o-c_compat_y_tst.o execute 
UNRESOLVED: gcc.dg/compat/struct-by-value-11 c_compat_x_tst.o-c_compat_y_tst.o execute 
UNRESOLVED: gcc.dg/compat/struct-by-value-12 c_compat_x_tst.o-c_compat_y_tst.o execute 
UNRESOLVED: gcc.dg/compat/struct-by-value-13 c_compat_x_tst.o-c_compat_y_tst.o execute 
UNRESOLVED: gcc.dg/compat/struct-by-value-14 c_compat_x_tst.o-c_compat_y_tst.o execute 
UNRESOLVED: gcc.dg/compat/struct-by-value-15 c_compat_x_tst.o-c_compat_y_tst.o execute 
UNRESOLVED: gcc.dg/compat/struct-by-value-16 c_compat_x_tst.o-c_compat_y_tst.o execute 
UNRESOLVED: gcc.dg/compat/struct-by-value-17 c_compat_x_tst.o-c_compat_y_tst.o execute 
UNRESOLVED: gcc.dg/compat/struct-by-value-18 c_compat_x_tst.o-c_compat_y_tst.o execute 
UNRESOLVED: gcc.dg/compat/struct-by-value-19 c_compat_x_tst.o-c_compat_y_tst.o execute 
UNRESOLVED: gcc.dg/compat/struct-by-value-2 c_compat_x_tst.o-c_compat_y_tst.o execute 
UNRESOLVED: gcc.dg/compat/struct-by-value-3 c_compat_x_tst.o-c_compat_y_tst.o execute 
UNRESOLVED: gcc.dg/compat/struct-by-value-4 c_compat_x_tst.o-c_compat_y_tst.o execute 
UNRESOLVED: gcc.dg/compat/struct-by-value-5a c_compat_x_tst.o-c_compat_y_tst.o execute 
UNRESOLVED: gcc.dg/compat/struct-by-value-5b c_compat_x_tst.o-c_compat_y_tst.o execute 
UNRESOLVED: gcc.dg/compat/struct-by-value-6a c_compat_x_tst.o-c_compat_y_tst.o execute 
UNRESOLVED: gcc.dg/compat/struct-by-value-6b c_compat_x_tst.o-c_compat_y_tst.o execute 
UNRESOLVED: gcc.dg/compat/struct-by-value-7a c_compat_x_tst.o-c_compat_y_tst.o execute 
UNRESOLVED: gcc.dg/compat/struct-by-value-7b c_compat_x_tst.o-c_compat_y_tst.o execute 
UNRESOLVED: gcc.dg/compat/struct-by-value-8 c_compat_x_tst.o-c_compat_y_tst.o execute 
UNRESOLVED: gcc.dg/compat/struct-by-value-9 c_compat_x_tst.o-c_compat_y_tst.o execute 
FAIL: gcc.dg/compat/struct-layout-1 c_compat_main_tst.o compile
FAIL: gcc.dg/compat/struct-layout-1 c_compat_x_tst.o compile
FAIL: gcc.dg/compat/struct-layout-1 c_compat_y_tst.o compile
UNRESOLVED: gcc.dg/compat/struct-layout-1 c_compat_x_tst.o-c_compat_y_tst.o link 
UNRESOLVED: gcc.dg/compat/struct-layout-1 c_compat_x_tst.o-c_compat_y_tst.o execute 
UNRESOLVED: gcc.dg/compat/struct-return-2 c_compat_x_tst.o-c_compat_y_tst.o execute 
UNRESOLVED: gcc.dg/compat/union-by-value-1 c_compat_x_tst.o-c_compat_y_tst.o execute 
FAIL: gcc.dg/compat/vector-1 c_compat_x_tst.o compile
FAIL: gcc.dg/compat/vector-1 c_compat_y_tst.o compile
UNRESOLVED: gcc.dg/compat/vector-1 c_compat_x_tst.o-c_compat_y_tst.o link 
UNRESOLVED: gcc.dg/compat/vector-1 c_compat_x_tst.o-c_compat_y_tst.o execute 
FAIL: gcc.dg/compat/vector-2 c_compat_x_tst.o compile
FAIL: gcc.dg/compat/vector-2 c_compat_y_tst.o compile
UNRESOLVED: gcc.dg/compat/vector-2 c_compat_x_tst.o-c_compat_y_tst.o link 
UNRESOLVED: gcc.dg/compat/vector-2 c_compat_x_tst.o-c_compat_y_tst.o execute 
FAIL: tmpdir-gcc.dg-struct-layout-1/t001 c_compat_main_tst.o compile
FAIL: tmpdir-gcc.dg-struct-layout-1/t001 c_compat_x_tst.o compile
FAIL: tmpdir-gcc.dg-struct-layout-1/t001 c_compat_y_tst.o compile
UNRESOLVED: tmpdir-gcc.dg-struct-layout-1/t001 c_compat_x_tst.o-c_compat_y_tst.o link 
UNRESOLVED: tmpdir-gcc.dg-struct-layout-1/t001 c_compat_x_tst.o-c_compat_y_tst.o execute 
FAIL: tmpdir-gcc.dg-struct-layout-1/t002 c_compat_main_tst.o compile
FAIL: tmpdir-gcc.dg-struct-layout-1/t002 c_compat_x_tst.o compile
FAIL: tmpdir-gcc.dg-struct-layout-1/t002 c_compat_y_tst.o compile
UNRESOLVED: tmpdir-gcc.dg-struct-layout-1/t002 c_compat_x_tst.o-c_compat_y_tst.o link 
UNRESOLVED: tmpdir-gcc.dg-struct-layout-1/t002 c_compat_x_tst.o-c_compat_y_tst.o execute 
FAIL: tmpdir-gcc.dg-struct-layout-1/t003 c_compat_main_tst.o compile
FAIL: tmpdir-gcc.dg-struct-layout-1/t003 c_compat_x_tst.o compile
FAIL: tmpdir-gcc.dg-struct-layout-1/t003 c_compat_y_tst.o compile
UNRESOLVED: tmpdir-gcc.dg-struct-layout-1/t003 c_compat_x_tst.o-c_compat_y_tst.o link 
UNRESOLVED: tmpdir-gcc.dg-struct-layout-1/t003 c_compat_x_tst.o-c_compat_y_tst.o execute 
FAIL: tmpdir-gcc.dg-struct-layout-1/t004 c_compat_main_tst.o compile
FAIL: tmpdir-gcc.dg-struct-layout-1/t004 c_compat_x_tst.o compile
FAIL: tmpdir-gcc.dg-struct-layout-1/t004 c_compat_y_tst.o compile
UNRESOLVED: tmpdir-gcc.dg-struct-layout-1/t004 c_compat_x_tst.o-c_compat_y_tst.o link 
UNRESOLVED: tmpdir-gcc.dg-struct-layout-1/t004 c_compat_x_tst.o-c_compat_y_tst.o execute 
FAIL: tmpdir-gcc.dg-struct-layout-1/t005 c_compat_main_tst.o compile
FAIL: tmpdir-gcc.dg-struct-layout-1/t005 c_compat_x_tst.o compile
FAIL: tmpdir-gcc.dg-struct-layout-1/t005 c_compat_y_tst.o compile
UNRESOLVED: tmpdir-gcc.dg-struct-layout-1/t005 c_compat_x_tst.o-c_compat_y_tst.o link 
UNRESOLVED: tmpdir-gcc.dg-struct-layout-1/t005 c_compat_x_tst.o-c_compat_y_tst.o execute 
FAIL: tmpdir-gcc.dg-struct-layout-1/t006 c_compat_main_tst.o compile
FAIL: tmpdir-gcc.dg-struct-layout-1/t006 c_compat_x_tst.o compile
FAIL: tmpdir-gcc.dg-struct-layout-1/t006 c_compat_y_tst.o compile
UNRESOLVED: tmpdir-gcc.dg-struct-layout-1/t006 c_compat_x_tst.o-c_compat_y_tst.o link 
UNRESOLVED: tmpdir-gcc.dg-struct-layout-1/t006 c_compat_x_tst.o-c_compat_y_tst.o execute 
FAIL: tmpdir-gcc.dg-struct-layout-1/t007 c_compat_main_tst.o compile
FAIL: tmpdir-gcc.dg-struct-layout-1/t007 c_compat_x_tst.o compile
FAIL: tmpdir-gcc.dg-struct-layout-1/t007 c_compat_y_tst.o compile
UNRESOLVED: tmpdir-gcc.dg-struct-layout-1/t007 c_compat_x_tst.o-c_compat_y_tst.o link 
UNRESOLVED: tmpdir-gcc.dg-struct-layout-1/t007 c_compat_x_tst.o-c_compat_y_tst.o execute 
FAIL: tmpdir-gcc.dg-struct-layout-1/t008 c_compat_main_tst.o compile
FAIL: tmpdir-gcc.dg-struct-layout-1/t008 c_compat_x_tst.o compile
FAIL: tmpdir-gcc.dg-struct-layout-1/t008 c_compat_y_tst.o compile
UNRESOLVED: tmpdir-gcc.dg-struct-layout-1/t008 c_compat_x_tst.o-c_compat_y_tst.o link 
UNRESOLVED: tmpdir-gcc.dg-struct-layout-1/t008 c_compat_x_tst.o-c_compat_y_tst.o execute 
FAIL: tmpdir-gcc.dg-struct-layout-1/t009 c_compat_main_tst.o compile
FAIL: tmpdir-gcc.dg-struct-layout-1/t009 c_compat_x_tst.o compile
FAIL: tmpdir-gcc.dg-struct-layout-1/t009 c_compat_y_tst.o compile
UNRESOLVED: tmpdir-gcc.dg-struct-layout-1/t009 c_compat_x_tst.o-c_compat_y_tst.o link 
UNRESOLVED: tmpdir-gcc.dg-struct-layout-1/t009 c_compat_x_tst.o-c_compat_y_tst.o execute 
FAIL: tmpdir-gcc.dg-struct-layout-1/t010 c_compat_main_tst.o compile
FAIL: tmpdir-gcc.dg-struct-layout-1/t010 c_compat_x_tst.o compile
FAIL: tmpdir-gcc.dg-struct-layout-1/t010 c_compat_y_tst.o compile
UNRESOLVED: tmpdir-gcc.dg-struct-layout-1/t010 c_compat_x_tst.o-c_compat_y_tst.o link 
UNRESOLVED: tmpdir-gcc.dg-struct-layout-1/t010 c_compat_x_tst.o-c_compat_y_tst.o execute 
FAIL: tmpdir-gcc.dg-struct-layout-1/t011 c_compat_main_tst.o compile
FAIL: tmpdir-gcc.dg-struct-layout-1/t011 c_compat_x_tst.o compile
FAIL: tmpdir-gcc.dg-struct-layout-1/t011 c_compat_y_tst.o compile
UNRESOLVED: tmpdir-gcc.dg-struct-layout-1/t011 c_compat_x_tst.o-c_compat_y_tst.o link 
UNRESOLVED: tmpdir-gcc.dg-struct-layout-1/t011 c_compat_x_tst.o-c_compat_y_tst.o execute 
FAIL: tmpdir-gcc.dg-struct-layout-1/t012 c_compat_main_tst.o compile
FAIL: tmpdir-gcc.dg-struct-layout-1/t012 c_compat_x_tst.o compile
FAIL: tmpdir-gcc.dg-struct-layout-1/t012 c_compat_y_tst.o compile
UNRESOLVED: tmpdir-gcc.dg-struct-layout-1/t012 c_compat_x_tst.o-c_compat_y_tst.o link 
UNRESOLVED: tmpdir-gcc.dg-struct-layout-1/t012 c_compat_x_tst.o-c_compat_y_tst.o execute 
FAIL: tmpdir-gcc.dg-struct-layout-1/t013 c_compat_main_tst.o compile
FAIL: tmpdir-gcc.dg-struct-layout-1/t013 c_compat_x_tst.o compile
FAIL: tmpdir-gcc.dg-struct-layout-1/t013 c_compat_y_tst.o compile
UNRESOLVED: tmpdir-gcc.dg-struct-layout-1/t013 c_compat_x_tst.o-c_compat_y_tst.o link 
UNRESOLVED: tmpdir-gcc.dg-struct-layout-1/t013 c_compat_x_tst.o-c_compat_y_tst.o execute 
FAIL: tmpdir-gcc.dg-struct-layout-1/t014 c_compat_main_tst.o compile
FAIL: tmpdir-gcc.dg-struct-layout-1/t014 c_compat_x_tst.o compile
FAIL: tmpdir-gcc.dg-struct-layout-1/t014 c_compat_y_tst.o compile
UNRESOLVED: tmpdir-gcc.dg-struct-layout-1/t014 c_compat_x_tst.o-c_compat_y_tst.o link 
UNRESOLVED: tmpdir-gcc.dg-struct-layout-1/t014 c_compat_x_tst.o-c_compat_y_tst.o execute 
FAIL: tmpdir-gcc.dg-struct-layout-1/t015 c_compat_main_tst.o compile
FAIL: tmpdir-gcc.dg-struct-layout-1/t015 c_compat_x_tst.o compile
FAIL: tmpdir-gcc.dg-struct-layout-1/t015 c_compat_y_tst.o compile
UNRESOLVED: tmpdir-gcc.dg-struct-layout-1/t015 c_compat_x_tst.o-c_compat_y_tst.o link 
UNRESOLVED: tmpdir-gcc.dg-struct-layout-1/t015 c_compat_x_tst.o-c_compat_y_tst.o execute 
FAIL: tmpdir-gcc.dg-struct-layout-1/t016 c_compat_main_tst.o compile
FAIL: tmpdir-gcc.dg-struct-layout-1/t016 c_compat_x_tst.o compile
FAIL: tmpdir-gcc.dg-struct-layout-1/t016 c_compat_y_tst.o compile
UNRESOLVED: tmpdir-gcc.dg-struct-layout-1/t016 c_compat_x_tst.o-c_compat_y_tst.o link 
UNRESOLVED: tmpdir-gcc.dg-struct-layout-1/t016 c_compat_x_tst.o-c_compat_y_tst.o execute 
FAIL: tmpdir-gcc.dg-struct-layout-1/t017 c_compat_main_tst.o compile
FAIL: tmpdir-gcc.dg-struct-layout-1/t017 c_compat_x_tst.o compile
FAIL: tmpdir-gcc.dg-struct-layout-1/t017 c_compat_y_tst.o compile
UNRESOLVED: tmpdir-gcc.dg-struct-layout-1/t017 c_compat_x_tst.o-c_compat_y_tst.o link 
UNRESOLVED: tmpdir-gcc.dg-struct-layout-1/t017 c_compat_x_tst.o-c_compat_y_tst.o execute 
FAIL: tmpdir-gcc.dg-struct-layout-1/t018 c_compat_main_tst.o compile
FAIL: tmpdir-gcc.dg-struct-layout-1/t018 c_compat_x_tst.o compile
FAIL: tmpdir-gcc.dg-struct-layout-1/t018 c_compat_y_tst.o compile
UNRESOLVED: tmpdir-gcc.dg-struct-layout-1/t018 c_compat_x_tst.o-c_compat_y_tst.o link 
UNRESOLVED: tmpdir-gcc.dg-struct-layout-1/t018 c_compat_x_tst.o-c_compat_y_tst.o execute 
FAIL: tmpdir-gcc.dg-struct-layout-1/t019 c_compat_main_tst.o compile
FAIL: tmpdir-gcc.dg-struct-layout-1/t019 c_compat_x_tst.o compile
FAIL: tmpdir-gcc.dg-struct-layout-1/t019 c_compat_y_tst.o compile
UNRESOLVED: tmpdir-gcc.dg-struct-layout-1/t019 c_compat_x_tst.o-c_compat_y_tst.o link 
UNRESOLVED: tmpdir-gcc.dg-struct-layout-1/t019 c_compat_x_tst.o-c_compat_y_tst.o execute 
FAIL: tmpdir-gcc.dg-struct-layout-1/t020 c_compat_main_tst.o compile
FAIL: tmpdir-gcc.dg-struct-layout-1/t020 c_compat_x_tst.o compile
FAIL: tmpdir-gcc.dg-struct-layout-1/t020 c_compat_y_tst.o compile
UNRESOLVED: tmpdir-gcc.dg-struct-layout-1/t020 c_compat_x_tst.o-c_compat_y_tst.o link 
UNRESOLVED: tmpdir-gcc.dg-struct-layout-1/t020 c_compat_x_tst.o-c_compat_y_tst.o execute 
FAIL: tmpdir-gcc.dg-struct-layout-1/t021 c_compat_main_tst.o compile
FAIL: tmpdir-gcc.dg-struct-layout-1/t021 c_compat_x_tst.o compile
FAIL: tmpdir-gcc.dg-struct-layout-1/t021 c_compat_y_tst.o compile
UNRESOLVED: tmpdir-gcc.dg-struct-layout-1/t021 c_compat_x_tst.o-c_compat_y_tst.o link 
UNRESOLVED: tmpdir-gcc.dg-struct-layout-1/t021 c_compat_x_tst.o-c_compat_y_tst.o execute 
FAIL: tmpdir-gcc.dg-struct-layout-1/t022 c_compat_main_tst.o compile
FAIL: tmpdir-gcc.dg-struct-layout-1/t022 c_compat_x_tst.o compile
FAIL: tmpdir-gcc.dg-struct-layout-1/t022 c_compat_y_tst.o compile
UNRESOLVED: tmpdir-gcc.dg-struct-layout-1/t022 c_compat_x_tst.o-c_compat_y_tst.o link 
UNRESOLVED: tmpdir-gcc.dg-struct-layout-1/t022 c_compat_x_tst.o-c_compat_y_tst.o execute 
FAIL: tmpdir-gcc.dg-struct-layout-1/t023 c_compat_main_tst.o compile
FAIL: tmpdir-gcc.dg-struct-layout-1/t023 c_compat_x_tst.o compile
FAIL: tmpdir-gcc.dg-struct-layout-1/t023 c_compat_y_tst.o compile
UNRESOLVED: tmpdir-gcc.dg-struct-layout-1/t023 c_compat_x_tst.o-c_compat_y_tst.o link 
UNRESOLVED: tmpdir-gcc.dg-struct-layout-1/t023 c_compat_x_tst.o-c_compat_y_tst.o execute 
FAIL: tmpdir-gcc.dg-struct-layout-1/t024 c_compat_main_tst.o compile
FAIL: tmpdir-gcc.dg-struct-layout-1/t024 c_compat_x_tst.o compile
FAIL: tmpdir-gcc.dg-struct-layout-1/t024 c_compat_y_tst.o compile
UNRESOLVED: tmpdir-gcc.dg-struct-layout-1/t024 c_compat_x_tst.o-c_compat_y_tst.o link 
UNRESOLVED: tmpdir-gcc.dg-struct-layout-1/t024 c_compat_x_tst.o-c_compat_y_tst.o execute 
FAIL: tmpdir-gcc.dg-struct-layout-1/t025 c_compat_main_tst.o compile
FAIL: tmpdir-gcc.dg-struct-layout-1/t025 c_compat_x_tst.o compile
FAIL: tmpdir-gcc.dg-struct-layout-1/t025 c_compat_y_tst.o compile
UNRESOLVED: tmpdir-gcc.dg-struct-layout-1/t025 c_compat_x_tst.o-c_compat_y_tst.o link 
UNRESOLVED: tmpdir-gcc.dg-struct-layout-1/t025 c_compat_x_tst.o-c_compat_y_tst.o execute 
FAIL: tmpdir-gcc.dg-struct-layout-1/t026 c_compat_main_tst.o compile
FAIL: tmpdir-gcc.dg-struct-layout-1/t026 c_compat_x_tst.o compile
FAIL: tmpdir-gcc.dg-struct-layout-1/t026 c_compat_y_tst.o compile
UNRESOLVED: tmpdir-gcc.dg-struct-layout-1/t026 c_compat_x_tst.o-c_compat_y_tst.o link 
UNRESOLVED: tmpdir-gcc.dg-struct-layout-1/t026 c_compat_x_tst.o-c_compat_y_tst.o execute 
FAIL: tmpdir-gcc.dg-struct-layout-1/t027 c_compat_main_tst.o compile
FAIL: tmpdir-gcc.dg-struct-layout-1/t027 c_compat_x_tst.o compile
FAIL: tmpdir-gcc.dg-struct-layout-1/t027 c_compat_y_tst.o compile
UNRESOLVED: tmpdir-gcc.dg-struct-layout-1/t027 c_compat_x_tst.o-c_compat_y_tst.o link 
UNRESOLVED: tmpdir-gcc.dg-struct-layout-1/t027 c_compat_x_tst.o-c_compat_y_tst.o execute 
FAIL: tmpdir-gcc.dg-struct-layout-1/t028 c_compat_main_tst.o compile
FAIL: tmpdir-gcc.dg-struct-layout-1/t028 c_compat_x_tst.o compile
FAIL: tmpdir-gcc.dg-struct-layout-1/t028 c_compat_y_tst.o compile
UNRESOLVED: tmpdir-gcc.dg-struct-layout-1/t028 c_compat_x_tst.o-c_compat_y_tst.o link 
UNRESOLVED: tmpdir-gcc.dg-struct-layout-1/t028 c_compat_x_tst.o-c_compat_y_tst.o execute 
FAIL: gcc.dg/debug/debug-3.c -gstabs1 (test for excess errors)
FAIL: gcc.dg/debug/debug-3.c -gstabs1 -O (test for excess errors)
FAIL: gcc.dg/debug/debug-3.c -gstabs1 -O3 (test for excess errors)
FAIL: gcc.dg/debug/debug-3.c -gstabs (test for excess errors)
FAIL: gcc.dg/debug/debug-3.c -gstabs -O (test for excess errors)
FAIL: gcc.dg/debug/debug-3.c -gstabs -O3 (test for excess errors)
FAIL: gcc.dg/debug/debug-3.c -gstabs3 (test for excess errors)
FAIL: gcc.dg/debug/debug-3.c -gstabs3 -O (test for excess errors)
FAIL: gcc.dg/debug/debug-3.c -gstabs3 -O3 (test for excess errors)
FAIL: gcc.dg/debug/debug-3.c -gstabs+1 (test for excess errors)
FAIL: gcc.dg/debug/debug-3.c -gstabs+1 -O (test for excess errors)
FAIL: gcc.dg/debug/debug-3.c -gstabs+1 -O3 (test for excess errors)
FAIL: gcc.dg/debug/debug-3.c -gstabs+ (test for excess errors)
FAIL: gcc.dg/debug/debug-3.c -gstabs+ -O (test for excess errors)
FAIL: gcc.dg/debug/debug-3.c -gstabs+ -O3 (test for excess errors)
FAIL: gcc.dg/debug/debug-3.c -gstabs+3 (test for excess errors)
FAIL: gcc.dg/debug/debug-3.c -gstabs+3 -O (test for excess errors)
FAIL: gcc.dg/debug/debug-3.c -gstabs+3 -O3 (test for excess errors)
FAIL: gcc.dg/debug/debug-5.c -gstabs1 (test for excess errors)
FAIL: gcc.dg/debug/debug-5.c -gstabs1 -O (test for excess errors)
FAIL: gcc.dg/debug/debug-5.c -gstabs1 -O3 (test for excess errors)
FAIL: gcc.dg/debug/debug-5.c -gstabs (test for excess errors)
FAIL: gcc.dg/debug/debug-5.c -gstabs -O (test for excess errors)
FAIL: gcc.dg/debug/debug-5.c -gstabs -O3 (test for excess errors)
FAIL: gcc.dg/debug/debug-5.c -gstabs3 (test for excess errors)
FAIL: gcc.dg/debug/debug-5.c -gstabs3 -O (test for excess errors)
FAIL: gcc.dg/debug/debug-5.c -gstabs3 -O3 (test for excess errors)
FAIL: gcc.dg/debug/debug-5.c -gstabs+1 (test for excess errors)
FAIL: gcc.dg/debug/debug-5.c -gstabs+1 -O (test for excess errors)
FAIL: gcc.dg/debug/debug-5.c -gstabs+1 -O3 (test for excess errors)
FAIL: gcc.dg/debug/debug-5.c -gstabs+ (test for excess errors)
FAIL: gcc.dg/debug/debug-5.c -gstabs+ -O (test for excess errors)
FAIL: gcc.dg/debug/debug-5.c -gstabs+ -O3 (test for excess errors)
FAIL: gcc.dg/debug/debug-5.c -gstabs+3 (test for excess errors)
FAIL: gcc.dg/debug/debug-5.c -gstabs+3 -O (test for excess errors)
FAIL: gcc.dg/debug/debug-5.c -gstabs+3 -O3 (test for excess errors)
FAIL: gcc.dg/20020312-2.c (test for excess errors)
WARNING: gcc.dg/20020312-2.c compilation failed to produce executable
FAIL: gcc.dg/20050321-1.c (test for excess errors)
FAIL: gcc.dg/20050321-2.c (test for excess errors)
FAIL: gcc.dg/20050607-1.c (test for excess errors)
FAIL: gcc.dg/20050629-1.c (test for excess errors)
UNRESOLVED: gcc.dg/alias-3.c
UNRESOLVED: gcc.dg/alias-4.c
UNRESOLVED: gcc.dg/alias-5.c
UNRESOLVED: gcc.dg/alias-6.c
UNRESOLVED: gcc.dg/alias-7.c
FAIL: gcc.dg/array-quals-1.c scan-assembler-not \\\\.data(?!\\\\.rel\\\\.ro)
FAIL: gcc.dg/asm-1.c casts make rvalues (test for errors, line 10)
UNRESOLVED: gcc.dg/attr-alias-1.c
UNRESOLVED: gcc.dg/attr-alias-2.c
UNRESOLVED: gcc.dg/attr-alias-3.c
FAIL: gcc.dg/builtin-apply2.c execution test
FAIL: gcc.dg/builtin-stringop-chk-2.c (test for excess errors)
FAIL: gcc.dg/builtins-1.c (test for excess errors)
ERROR: gcc.dg/builtins-1.c: error executing dg-final: couldn't open "builtins-1.s": no such file or directory
UNRESOLVED: gcc.dg/builtins-1.c: error executing dg-final: couldn't open "builtins-1.s": no such file or directory
FAIL: gcc.dg/builtins-18.c (test for excess errors)
FAIL: gcc.dg/builtins-20.c (test for excess errors)
FAIL: gcc.dg/builtins-32.c (test for excess errors)
WARNING: gcc.dg/builtins-32.c compilation failed to produce executable
FAIL: gcc.dg/builtins-53.c (test for excess errors)
FAIL: gcc.dg/fold-mod-1.c scan-tree-dump a % (4294967288|0fffffff8)
FAIL: gcc.dg/fold-overflow-1.c scan-assembler-times 2139095040 2
FAIL: gcc.dg/ftrapv-1.c (test for excess errors)
WARNING: gcc.dg/ftrapv-1.c compilation failed to produce executable
FAIL: gcc.dg/ftrapv-2.c (test for excess errors)
WARNING: gcc.dg/ftrapv-2.c compilation failed to produce executable
FAIL: gcc.dg/init-string-2.c (test for excess errors)
FAIL: gcc.dg/max-1.c (test for excess errors)
FAIL: gcc.dg/nested-func-4.c (test for excess errors)
WARNING: gcc.dg/nested-func-4.c compilation failed to produce executable
FAIL: gcc.dg/pr14796-2.c (test for excess errors)
FAIL: gcc.dg/pr14796-2.c scan-tree-dump-times = 0 2
FAIL: gcc.dg/pr14796-2.c scan-tree-dump b >> 31
FAIL: gcc.dg/pr17055-1.c (test for excess errors)
FAIL: gcc.dg/pr17112-1.c (test for excess errors)
WARNING: gcc.dg/pr17112-1.c compilation failed to produce executable
FAIL: gcc.dg/pr17957.c (test for excess errors)
FAIL: gcc.dg/pr18241-1.c (test for excess errors)
FAIL: gcc.dg/pr18241-2.c (test for excess errors)
FAIL: gcc.dg/pr18928-1.c (test for excess errors)
FAIL: gcc.dg/pr19340.c (test for excess errors)
FAIL: gcc.dg/pr23049.c (test for excess errors)
FAIL: gcc.dg/section1.c scan-assembler-not .bss
FAIL: gcc.dg/simd-3.c (test for excess errors)
FAIL: gcc.dg/trampoline-1.c (test for excess errors)
WARNING: gcc.dg/trampoline-1.c compilation failed to produce executable
FAIL: gcc.dg/typeof-1.c scan-assembler-not foo
FAIL: gcc.dg/ucnid-5.c (test for excess errors)
WARNING: gcc.dg/ucnid-5.c compilation failed to produce executable
FAIL: gcc.dg/wchar_t-1.c (test for excess errors)
FAIL: gcc.dg/wint_t-1.c (test for excess errors)
FAIL: gcc.dg/wtr-conversion-1.c (test for excess errors)
FAIL: gcc.dg/format/bitfld-1.c   (test for excess errors)
FAIL: gcc.dg/format/bitfld-1.c  -DWIDE  (test for excess errors)
FAIL: gcc.dg/noncompile/920923-1.c  -O0  int smaller than 32 bits (test for bogus messages, line 118)
FAIL: gcc.dg/noncompile/920923-1.c  -O1  int smaller than 32 bits (test for bogus messages, line 118)
FAIL: gcc.dg/noncompile/920923-1.c  -O2  int smaller than 32 bits (test for bogus messages, line 118)
FAIL: gcc.dg/noncompile/920923-1.c  -O3 -fomit-frame-pointer  int smaller than 32 bits (test for bogus messages, line 118)
FAIL: gcc.dg/noncompile/920923-1.c  -O3 -fomit-frame-pointer -funroll-loops  int smaller than 32 bits (test for bogus messages, line 118)
FAIL: gcc.dg/noncompile/920923-1.c  -O3 -fomit-frame-pointer -funroll-all-loops -finline-functions  int smaller than 32 bits (test for bogus messages, line 118)
FAIL: gcc.dg/noncompile/920923-1.c  -O3 -g  int smaller than 32 bits (test for bogus messages, line 118)
FAIL: gcc.dg/noncompile/920923-1.c  -Os  int smaller than 32 bits (test for bogus messages, line 118)
FAIL: gcc.dg/pch/save-temps-1.c -O0 -g assembly comparison
FAIL: gcc.dg/pch/save-temps-1.c  -O0  assembly comparison
FAIL: gcc.dg/pch/static-1.c -O0 -g assembly comparison
FAIL: gcc.dg/pch/static-1.c  -O0  assembly comparison
FAIL: gcc.dg/pch/static-2.c -O0 -g assembly comparison
FAIL: gcc.dg/pch/static-2.c  -O0  assembly comparison
FAIL: gcc.dg/pch/static-3.c -O0 -g assembly comparison
FAIL: gcc.dg/pch/static-3.c  -O0  assembly comparison
FAIL: gcc.dg/pch/struct-1.c -O0 -g (test for excess errors)
FAIL: gcc.dg/pch/struct-1.c -O0 -g (test for excess errors)
FAIL: gcc.dg/pch/struct-1.c  -O0  (test for excess errors)
FAIL: gcc.dg/pch/struct-1.c  -O0  (test for excess errors)
FAIL: gcc.dg/pch/struct-1.c  -O1  (test for excess errors)
FAIL: gcc.dg/pch/struct-1.c  -O1  (test for excess errors)
FAIL: gcc.dg/pch/struct-1.c  -O2  (test for excess errors)
FAIL: gcc.dg/pch/struct-1.c  -O2  (test for excess errors)
FAIL: gcc.dg/pch/struct-1.c  -O3 -fomit-frame-pointer  (test for excess errors)
FAIL: gcc.dg/pch/struct-1.c  -O3 -fomit-frame-pointer  (test for excess errors)
FAIL: gcc.dg/pch/struct-1.c  -O3 -g  (test for excess errors)
FAIL: gcc.dg/pch/struct-1.c  -O3 -g  (test for excess errors)
FAIL: gcc.dg/pch/struct-1.c  -Os  (test for excess errors)
FAIL: gcc.dg/pch/struct-1.c  -Os  (test for excess errors)
UNRESOLVED: gcc.dg/special/20000419-2.c
UNRESOLVED: gcc.dg/special/alias-1.c
UNRESOLVED: gcc.dg/special/alias-2.c
UNRESOLVED: gcc.dg/special/wkali-1.c
UNRESOLVED: gcc.dg/special/wkali-2.c
UNRESOLVED: gcc.dg/tls/alias-1.c
FAIL: gcc.dg/torture/builtin-convert-1.c  -O0  (test for excess errors)
FAIL: gcc.dg/torture/builtin-convert-1.c  -O1  (test for excess errors)
FAIL: gcc.dg/torture/builtin-convert-1.c  -O2  (test for excess errors)
FAIL: gcc.dg/torture/builtin-convert-1.c  -O3 -fomit-frame-pointer  (test for excess errors)
FAIL: gcc.dg/torture/builtin-convert-1.c  -O3 -g  (test for excess errors)
FAIL: gcc.dg/torture/builtin-convert-1.c  -Os  (test for excess errors)
FAIL: gcc.dg/torture/builtin-convert-2.c  -O0  (test for excess errors)
FAIL: gcc.dg/torture/builtin-convert-2.c  -O1  (test for excess errors)
FAIL: gcc.dg/torture/builtin-convert-2.c  -O2  (test for excess errors)
FAIL: gcc.dg/torture/builtin-convert-2.c  -O3 -fomit-frame-pointer  (test for excess errors)
FAIL: gcc.dg/torture/builtin-convert-2.c  -O3 -g  (test for excess errors)
FAIL: gcc.dg/torture/builtin-convert-2.c  -Os  (test for excess errors)
FAIL: gcc.dg/torture/builtin-convert-3.c  -O0  (test for excess errors)
FAIL: gcc.dg/torture/builtin-convert-3.c  -O1  (test for excess errors)
FAIL: gcc.dg/torture/builtin-convert-3.c  -O2  (test for excess errors)
FAIL: gcc.dg/torture/builtin-convert-3.c  -O3 -fomit-frame-pointer  (test for excess errors)
FAIL: gcc.dg/torture/builtin-convert-3.c  -O3 -g  (test for excess errors)
FAIL: gcc.dg/torture/builtin-convert-3.c  -Os  (test for excess errors)
FAIL: gcc.dg/torture/builtin-power-1.c  -O0  (test for excess errors)
FAIL: gcc.dg/torture/builtin-power-1.c  -O1  (test for excess errors)
FAIL: gcc.dg/torture/builtin-power-1.c  -O2  (test for excess errors)
FAIL: gcc.dg/torture/builtin-power-1.c  -O3 -fomit-frame-pointer  (test for excess errors)
FAIL: gcc.dg/torture/builtin-power-1.c  -O3 -g  (test for excess errors)
FAIL: gcc.dg/torture/builtin-power-1.c  -Os  (test for excess errors)
FAIL: gcc.dg/torture/fp-int-convert-double.c  -O0  execution test
FAIL: gcc.dg/torture/fp-int-convert-double.c  -O1  execution test
FAIL: gcc.dg/torture/fp-int-convert-double.c  -O2  execution test
FAIL: gcc.dg/torture/fp-int-convert-double.c  -O3 -fomit-frame-pointer  execution test
FAIL: gcc.dg/torture/fp-int-convert-double.c  -O3 -g  execution test
FAIL: gcc.dg/torture/fp-int-convert-double.c  -Os  execution test
FAIL: gcc.dg/torture/fp-int-convert-float.c  -O0  execution test
FAIL: gcc.dg/torture/fp-int-convert-float.c  -O1  execution test
FAIL: gcc.dg/torture/fp-int-convert-float.c  -O2  execution test
FAIL: gcc.dg/torture/fp-int-convert-float.c  -O3 -fomit-frame-pointer  execution test
FAIL: gcc.dg/torture/fp-int-convert-float.c  -O3 -g  execution test
FAIL: gcc.dg/torture/fp-int-convert-float.c  -Os  execution test
FAIL: gcc.dg/torture/fp-int-convert-long-double.c  -O0  execution test
FAIL: gcc.dg/torture/fp-int-convert-long-double.c  -O1  execution test
FAIL: gcc.dg/torture/fp-int-convert-long-double.c  -O2  execution test
FAIL: gcc.dg/torture/fp-int-convert-long-double.c  -O3 -fomit-frame-pointer  execution test
FAIL: gcc.dg/torture/fp-int-convert-long-double.c  -O3 -g  execution test
FAIL: gcc.dg/torture/fp-int-convert-long-double.c  -Os  execution test
FAIL: gcc.dg/torture/nested-fn-1.c  -O0  (test for excess errors)
ERROR: gcc.dg/torture/nested-fn-1.c  -O0 : error executing dg-final: couldn't open "nested-fn-1.s": no such file or directory
UNRESOLVED: gcc.dg/torture/nested-fn-1.c  -O0 : error executing dg-final: couldn't open "nested-fn-1.s": no such file or directory
FAIL: gcc.dg/torture/nested-fn-1.c  -O1  (test for excess errors)
ERROR: gcc.dg/torture/nested-fn-1.c  -O1 : error executing dg-final: couldn't open "nested-fn-1.s": no such file or directory
UNRESOLVED: gcc.dg/torture/nested-fn-1.c  -O1 : error executing dg-final: couldn't open "nested-fn-1.s": no such file or directory
FAIL: gcc.dg/torture/nested-fn-1.c  -O2  (test for excess errors)
ERROR: gcc.dg/torture/nested-fn-1.c  -O2 : error executing dg-final: couldn't open "nested-fn-1.s": no such file or directory
UNRESOLVED: gcc.dg/torture/nested-fn-1.c  -O2 : error executing dg-final: couldn't open "nested-fn-1.s": no such file or directory
FAIL: gcc.dg/torture/nested-fn-1.c  -O3 -fomit-frame-pointer  (test for excess errors)
ERROR: gcc.dg/torture/nested-fn-1.c  -O3 -fomit-frame-pointer : error executing dg-final: couldn't open "nested-fn-1.s": no such file or directory
UNRESOLVED: gcc.dg/torture/nested-fn-1.c  -O3 -fomit-frame-pointer : error executing dg-final: couldn't open "nested-fn-1.s": no such file or directory
FAIL: gcc.dg/torture/nested-fn-1.c  -O3 -g  (test for excess errors)
ERROR: gcc.dg/torture/nested-fn-1.c  -O3 -g : error executing dg-final: couldn't open "nested-fn-1.s": no such file or directory
UNRESOLVED: gcc.dg/torture/nested-fn-1.c  -O3 -g : error executing dg-final: couldn't open "nested-fn-1.s": no such file or directory
FAIL: gcc.dg/torture/nested-fn-1.c  -Os  (test for excess errors)
ERROR: gcc.dg/torture/nested-fn-1.c  -Os : error executing dg-final: couldn't open "nested-fn-1.s": no such file or directory
UNRESOLVED: gcc.dg/torture/nested-fn-1.c  -Os : error executing dg-final: couldn't open "nested-fn-1.s": no such file or directory
FAIL: gcc.dg/torture/pr21817-1.c  -O0  (test for excess errors)
FAIL: gcc.dg/torture/pr21817-1.c  -O1  (test for excess errors)
FAIL: gcc.dg/torture/pr21817-1.c  -O2  (test for excess errors)
FAIL: gcc.dg/torture/pr21817-1.c  -O3 -fomit-frame-pointer  (test for excess errors)
FAIL: gcc.dg/torture/pr21817-1.c  -O3 -fomit-frame-pointer -funroll-loops  (test for excess errors)
FAIL: gcc.dg/torture/pr21817-1.c  -O3 -fomit-frame-pointer -funroll-all-loops -finline-functions  (test for excess errors)
FAIL: gcc.dg/torture/pr21817-1.c  -O3 -g  (test for excess errors)
FAIL: gcc.dg/torture/pr21817-1.c  -Os  (test for excess errors)
FAIL: gcc.dg/torture/pr24750-1.c  -O2  (test for excess errors)
FAIL: gcc.dg/torture/pr24750-1.c  -O3 -fomit-frame-pointer  (test for excess errors)
FAIL: gcc.dg/torture/pr24750-1.c  -O3 -fomit-frame-pointer -funroll-loops  (test for excess errors)
FAIL: gcc.dg/torture/pr24750-1.c  -O3 -fomit-frame-pointer -funroll-all-loops -finline-functions  (test for excess errors)
FAIL: gcc.dg/torture/pr24750-1.c  -O3 -g  (test for excess errors)
FAIL: gcc.dg/tree-prof/inliner-1.c compilation,  -fprofile-generate
UNRESOLVED: gcc.dg/tree-prof/inliner-1.c execution,    -fprofile-generate
UNRESOLVED: gcc.dg/tree-prof/inliner-1.c compilation,  -fprofile-use
UNRESOLVED: gcc.dg/tree-prof/inliner-1.c execution,    -fprofile-use
FAIL: gcc.dg/tree-prof/update-cunroll-2.c execution: file update-cunroll-2.gcda does not exist,  -fprofile-generate
UNRESOLVED: gcc.dg/tree-prof/update-cunroll-2.c compilation,  -fprofile-use
UNRESOLVED: gcc.dg/tree-prof/update-cunroll-2.c execution,    -fprofile-use
FAIL: gcc.dg/tree-prof/update-loopch.c execution: file update-loopch.gcda does not exist,  -fprofile-generate
UNRESOLVED: gcc.dg/tree-prof/update-loopch.c compilation,  -fprofile-use
UNRESOLVED: gcc.dg/tree-prof/update-loopch.c execution,    -fprofile-use
UNRESOLVED: gcc.dg/tree-prof/update-tailcall.c compilation,  -fprofile-use
UNRESOLVED: gcc.dg/tree-prof/update-tailcall.c execution,    -fprofile-use
FAIL: gcc.dg/tree-prof/val-prof-1.c compilation,  -fprofile-generate
UNRESOLVED: gcc.dg/tree-prof/val-prof-1.c execution,    -fprofile-generate
UNRESOLVED: gcc.dg/tree-prof/val-prof-1.c compilation,  -fprofile-use
UNRESOLVED: gcc.dg/tree-prof/val-prof-1.c execution,    -fprofile-use
FAIL: gcc.dg/tree-prof/val-prof-2.c compilation,  -fprofile-generate
UNRESOLVED: gcc.dg/tree-prof/val-prof-2.c execution,    -fprofile-generate
UNRESOLVED: gcc.dg/tree-prof/val-prof-2.c compilation,  -fprofile-use
UNRESOLVED: gcc.dg/tree-prof/val-prof-2.c execution,    -fprofile-use
FAIL: gcc.dg/tree-prof/val-prof-3.c compilation,  -fprofile-generate
UNRESOLVED: gcc.dg/tree-prof/val-prof-3.c execution,    -fprofile-generate
UNRESOLVED: gcc.dg/tree-prof/val-prof-3.c compilation,  -fprofile-use
UNRESOLVED: gcc.dg/tree-prof/val-prof-3.c execution,    -fprofile-use
FAIL: gcc.dg/tree-prof/val-prof-4.c compilation,  -fprofile-generate
UNRESOLVED: gcc.dg/tree-prof/val-prof-4.c execution,    -fprofile-generate
UNRESOLVED: gcc.dg/tree-prof/val-prof-4.c compilation,  -fprofile-use
UNRESOLVED: gcc.dg/tree-prof/val-prof-4.c execution,    -fprofile-use
FAIL: gcc.dg/tree-prof/val-prof-5.c compilation,  -fprofile-generate
UNRESOLVED: gcc.dg/tree-prof/val-prof-5.c execution,    -fprofile-generate
UNRESOLVED: gcc.dg/tree-prof/val-prof-5.c compilation,  -fprofile-use
UNRESOLVED: gcc.dg/tree-prof/val-prof-5.c execution,    -fprofile-use
XPASS: gcc.dg/tree-ssa/20040204-1.c scan-tree-dump-times link_error 0
FAIL: gcc.dg/tree-ssa/foldaddr-1.c (test for excess errors)
FAIL: gcc.dg/tree-ssa/gen-vect-11.c scan-tree-dump-times vectorized 1 loops 1
FAIL: gcc.dg/tree-ssa/gen-vect-11a.c scan-tree-dump-times vectorized 1 loops 1
FAIL: gcc.dg/tree-ssa/gen-vect-2.c scan-tree-dump-times vectorized 1 loops 1
FAIL: gcc.dg/tree-ssa/gen-vect-25.c scan-tree-dump-times vectorized 2 loops 1
FAIL: gcc.dg/tree-ssa/gen-vect-26.c scan-tree-dump-times vectorized 1 loops 1
FAIL: gcc.dg/tree-ssa/gen-vect-26.c scan-tree-dump-times Alignment of access forced using peeling 1
FAIL: gcc.dg/tree-ssa/gen-vect-28.c scan-tree-dump-times vectorized 1 loops 1
FAIL: gcc.dg/tree-ssa/gen-vect-28.c scan-tree-dump-times Alignment of access forced using peeling 1
FAIL: gcc.dg/tree-ssa/gen-vect-32.c scan-tree-dump-times vectorized 1 loops 1
FAIL: gcc.dg/tree-ssa/ifc-20040816-1.c (test for excess errors)
ERROR: gcc.dg/tree-ssa/ifc-20040816-1.c: error executing dg-final: no files matched glob pattern "ifc-20040816-1.c.[0-9][0-9][0-9]t.ifcvt"
UNRESOLVED: gcc.dg/tree-ssa/ifc-20040816-1.c: error executing dg-final: no files matched glob pattern "ifc-20040816-1.c.[0-9][0-9][0-9]t.ifcvt"
FAIL: gcc.dg/tree-ssa/ifc-20040816-2.c (test for excess errors)
FAIL: gcc.dg/tree-ssa/ifc-20040816-2.c scan-tree-dump-times Applying if-conversion 1
FAIL: gcc.dg/tree-ssa/loadpre6.c (test for excess errors)
FAIL: gcc.dg/tree-ssa/loadpre8.c scan-tree-dump-times Eliminated: 1 1
FAIL: gcc.dg/tree-ssa/loop-10.c (test for excess errors)
FAIL: gcc.dg/tree-ssa/loop-10.c scan-tree-dump-times if  3
FAIL: gcc.dg/tree-ssa/loop-10.c scan-tree-dump-times bar  2
FAIL: gcc.dg/tree-ssa/loop-2.c (test for excess errors)
ERROR: gcc.dg/tree-ssa/loop-2.c: error executing dg-final: no files matched glob pattern "loop-2.c.[0-9][0-9][0-9]t.optimized"
UNRESOLVED: gcc.dg/tree-ssa/loop-2.c: error executing dg-final: no files matched glob pattern "loop-2.c.[0-9][0-9][0-9]t.optimized"
FAIL: gcc.dg/tree-ssa/loop-4.c (test for excess errors)
ERROR: gcc.dg/tree-ssa/loop-4.c: error executing dg-final: no files matched glob pattern "loop-4.c.[0-9][0-9][0-9]t.optimized"
UNRESOLVED: gcc.dg/tree-ssa/loop-4.c: error executing dg-final: no files matched glob pattern "loop-4.c.[0-9][0-9][0-9]t.optimized"
FAIL: gcc.dg/tree-ssa/ltrans-1.c (test for excess errors)
ERROR: gcc.dg/tree-ssa/ltrans-1.c: error executing dg-final: no files matched glob pattern "ltrans-1.c.[0-9][0-9][0-9]t.ltrans"
UNRESOLVED: gcc.dg/tree-ssa/ltrans-1.c: error executing dg-final: no files matched glob pattern "ltrans-1.c.[0-9][0-9][0-9]t.ltrans"
FAIL: gcc.dg/tree-ssa/ltrans-2.c (test for excess errors)
FAIL: gcc.dg/tree-ssa/ltrans-3.c (test for excess errors)
ERROR: gcc.dg/tree-ssa/ltrans-3.c: error executing dg-final: no files matched glob pattern "ltrans-3.c.[0-9][0-9][0-9]t.ltrans"
UNRESOLVED: gcc.dg/tree-ssa/ltrans-3.c: error executing dg-final: no files matched glob pattern "ltrans-3.c.[0-9][0-9][0-9]t.ltrans"
FAIL: gcc.dg/tree-ssa/ltrans-4.c (test for excess errors)
ERROR: gcc.dg/tree-ssa/ltrans-4.c: error executing dg-final: no files matched glob pattern "ltrans-4.c.[0-9][0-9][0-9]t.ltrans"
UNRESOLVED: gcc.dg/tree-ssa/ltrans-4.c: error executing dg-final: no files matched glob pattern "ltrans-4.c.[0-9][0-9][0-9]t.ltrans"
FAIL: gcc.dg/tree-ssa/pr14341.c (test for excess errors)
FAIL: gcc.dg/tree-ssa/pr23382.c (test for excess errors)
FAIL: gcc.dg/tree-ssa/pr24627.c (test for excess errors)
FAIL: gcc.dg/tree-ssa/pr25501.c (test for excess errors)
FAIL: gcc.dg/tree-ssa/pr26180.c (test for excess errors)
FAIL: gcc.dg/tree-ssa/vrp14.c (test for excess errors)
WARNING: gcc.dg/tree-ssa/vrp14.c compilation failed to produce executable
FAIL: gcc.dg/tree-ssa/vrp21.c (test for excess errors)
FAIL: gcc.dg/tree-ssa/vrp22.c (test for excess errors)
FAIL: gcc.dg/tree-ssa/vrp24.c (test for excess errors)
UNRESOLVED: gcc.dg/weak/typeof-2.c
UNRESOLVED: gcc.dg/weak/weak-10.c
UNRESOLVED: gcc.dg/weak/weak-11.c
UNRESOLVED: gcc.dg/weak/weak-13.c
UNRESOLVED: gcc.dg/weak/weak-14.c
UNRESOLVED: gcc.dg/weak/weak-3.c
UNRESOLVED: gcc.dg/weak/weak-5.c
UNRESOLVED: gcc.dg/weak/weak-9.c
UNRESOLVED: gcc.misc-tests/bprob-1.c execution,    -fprofile-arcs
UNRESOLVED: gcc.misc-tests/bprob-1.c compilation,  -fbranch-probabilities
UNRESOLVED: gcc.misc-tests/bprob-1.c execution,    -fbranch-probabilities
FAIL: gcc.misc-tests/bprob-2.c execution: file bprob-2.gcda does not exist,  -fprofile-arcs
UNRESOLVED: gcc.misc-tests/bprob-2.c compilation,  -fbranch-probabilities
UNRESOLVED: gcc.misc-tests/bprob-2.c execution,    -fbranch-probabilities
FAIL: compiler driver --coverage option(s) (linker options)

		=== gcc Summary ===

# of expected passes		34857
# of unexpected failures	754
# of unexpected successes	1
# of expected failures		75
# of unresolved testcases	321
# of untested testcases		156
# of unsupported tests		1222
/home/mstein/avr-obj/gcc/xgcc  version 4.2.0 20060212 (experimental)


Compiler version: 4.2.0 20060212 (experimental) gcc 
Platform: avr-unknown-none
configure flags: --target=avr --disable-nls --prefix=/home/mstein/install --with-ld=/usr/bin/avr-ld --with-as=/usr/bin/avr-as --disable-libssp --enable-languages=c


Index Nav: [Date Index] [Subject Index] [Author Index] [Thread Index]
Message Nav: [Date Prev] [Date Next] [Thread Prev] [Thread Next]