This is the mail archive of the gcc-testresults@gcc.gnu.org mailing list for the GCC project.


Index Nav: [Date Index] [Subject Index] [Author Index] [Thread Index]
Message Nav: [Date Prev] [Date Next] [Thread Prev] [Thread Next]
Other format: [Raw text]

Results for 4.2.0 20060210 (experimental) testsuite on powerpc64-suse-linux-gnu


Bootstrap and regtesting on powerpc64-suse-linux-gnu.
SVN sources: mainline.
LAST_UPDATED: Fri Feb 10 17:27:03 UTC 2006 (revision 110836)

		=== acats tests ===
FAIL:	c32001e
FAIL:	c64105b
FAIL:	c95086b

		=== acats Summary ===
# of expected passes		2313
# of unexpected failures	3
Native configuration is powerpc64-suse-linux-gnu

		=== gcc tests ===


Running target unix/-m64
FAIL: gcc.dg/cleanup-10.c execution test
FAIL: gcc.dg/cleanup-11.c execution test
FAIL: gcc.dg/cleanup-8.c execution test
FAIL: gcc.dg/cleanup-9.c execution test
XPASS: gcc.dg/tree-ssa/sra-2.c scan-tree-dump-times link_error 0
FAIL: gcc.dg/vect/pr20122.c scan-tree-dump-times vectorized 1 loops 2
FAIL: gcc.dg/vmx/3c-01a.c  -O1  (test for excess errors)

		=== gcc Summary for unix/-m64 ===

# of expected passes		39614
# of unexpected failures	6
# of unexpected successes	1
# of expected failures		113
# of untested testcases		28
# of unsupported tests		424

Running target unix
FAIL: gcc.dg/20020103-1.c scan-assembler-not LC[0-9]
FAIL: gcc.dg/cleanup-10.c execution test
FAIL: gcc.dg/cleanup-11.c execution test
FAIL: gcc.dg/cleanup-8.c execution test
FAIL: gcc.dg/cleanup-9.c execution test
FAIL: gcc.dg/vect/pr20122.c scan-tree-dump-times vectorized 1 loops 2
FAIL: gcc.dg/vmx/3c-01a.c  -O1  (test for excess errors)
FAIL: gcc.target/powerpc/980827-1.c execution test
FAIL: gcc.target/powerpc/pr18096-1.c stack frame too large (test for warnings, line 11)
FAIL: gcc.target/powerpc/pr18096-1.c (test for excess errors)

		=== gcc Summary for unix ===

# of expected passes		39756
# of unexpected failures	10
# of expected failures		112
# of untested testcases		28
# of unsupported tests		359

		=== gcc Summary ===

# of expected passes		79370
# of unexpected failures	16
# of unexpected successes	1
# of expected failures		225
# of untested testcases		56
# of unsupported tests		783
/abuild/aj/gcc/gcc/xgcc  version 4.2.0 20060210 (experimental)

		=== gfortran tests ===


Running target unix/-m64

		=== gfortran Summary for unix/-m64 ===

# of expected passes		11486
# of expected failures		18
# of unsupported tests		58

Running target unix

		=== gfortran Summary for unix ===

# of expected passes		11457
# of expected failures		15
# of unsupported tests		74

		=== gfortran Summary ===

# of expected passes		22943
# of expected failures		33
# of unsupported tests		132
/abuild/aj/gcc/gcc/testsuite/gfortran/../../gfortran  version 4.2.0 20060210 (experimental)

		=== g++ tests ===


Running target unix/-m64
FAIL: g++.dg/init/ctor4.C (test for excess errors)
FAIL: g++.dg/parse/register1.C (test for excess errors)
FAIL: g++.old-deja/g++.brendan/warnings4.C (test for excess errors)
FAIL: g++.old-deja/g++.jason/overload34.C (test for excess errors)
FAIL: g++.old-deja/g++.mike/p11110.C (test for excess errors)

		=== g++ Summary for unix/-m64 ===

# of expected passes		12031
# of unexpected failures	5
# of expected failures		65
# of unsupported tests		95

Running target unix
FAIL: g++.dg/init/ctor4.C (test for excess errors)
FAIL: g++.dg/parse/register1.C (test for excess errors)
FAIL: g++.old-deja/g++.brendan/warnings4.C (test for excess errors)
FAIL: g++.old-deja/g++.jason/overload34.C (test for excess errors)
FAIL: g++.old-deja/g++.mike/p11110.C (test for excess errors)

		=== g++ Summary for unix ===

# of expected passes		12069
# of unexpected failures	5
# of expected failures		65
# of unsupported tests		92

		=== g++ Summary ===

# of expected passes		24100
# of unexpected failures	10
# of expected failures		130
# of unsupported tests		187
/abuild/aj/gcc/gcc/testsuite/g++/../../g++  version 4.2.0 20060210 (experimental)

		=== objc tests ===


Running target unix/-m64

		=== objc Summary for unix/-m64 ===

# of expected passes		1745
# of expected failures		7
# of unsupported tests		23

Running target unix

		=== objc Summary for unix ===

# of expected passes		1745
# of expected failures		7
# of unsupported tests		23

		=== objc Summary ===

# of expected passes		3490
# of expected failures		14
# of unsupported tests		46
/abuild/aj/gcc/gcc/xgcc  version 4.2.0 20060210 (experimental)

		=== treelang tests ===


Running target unix/-m64
FAIL: treelang/compile/badreturn.tree  (test for errors, line 13)
FAIL: treelang/compile/badreturn.tree (test for excess errors)
FAIL: treelang/compile/exit.tree (test for excess errors)
FAIL: treelang/compile/extrafunc.tree  (test for warnings, line 14)
FAIL: treelang/compile/extrafunc.tree (test for excess errors)
FAIL: treelang/compile/extravar.tree  (test for warnings, line 5)
FAIL: treelang/compile/extravar.tree (test for excess errors)
FAIL: treelang/compile/extref.tree (test for excess errors)
FAIL: treelang/compile/full_unit.tree (test for excess errors)
ERROR: treelang/compile/full_unit.tree: error executing dg-final: couldn't open "full_unit.s": no such file or directory
UNRESOLVED: treelang/compile/full_unit.tree: error executing dg-final: couldn't open "full_unit.s": no such file or directory
FAIL: treelang/compile/function-1.tree (test for excess errors)
FAIL: treelang/compile/memory.tree (test for excess errors)
FAIL: treelang/compile/tabs.tree (test for excess errors)
FAIL: treelang/compile/unsigned.tree (test for excess errors)
FAIL: treelang/compile/var_defs.tree  (test for warnings, line 17)
FAIL: treelang/compile/var_defs.tree  (test for warnings, line 22)
FAIL: treelang/compile/var_defs.tree (test for excess errors)
FAIL: treelang/execute/funccall-2.tree (test for excess errors)
WARNING: treelang/execute/funccall-2.tree compilation failed to produce executable
FAIL: treelang/execute/funccall.tree (test for excess errors)
WARNING: treelang/execute/funccall.tree compilation failed to produce executable
FAIL: treelang/execute/initial.tree (test for excess errors)
WARNING: treelang/execute/initial.tree compilation failed to produce executable
FAIL: treelang/execute/main.tree (test for excess errors)
WARNING: treelang/execute/main.tree compilation failed to produce executable
FAIL: treelang/execute/static.tree (test for excess errors)
WARNING: treelang/execute/static.tree compilation failed to produce executable
FAIL: treelang/output-1, {}

		=== treelang Summary for unix/-m64 ===

# of expected passes		20
# of unexpected failures	22
# of unresolved testcases	1

Running target unix

		=== treelang Summary for unix ===

# of expected passes		50

		=== treelang Summary ===

# of expected passes		70
# of unexpected failures	22
# of unresolved testcases	1
		=== libffi tests ===


Running target unix/-m64

		=== libffi Summary for unix/-m64 ===

# of expected passes		228
# of unsupported tests		2

Running target unix

		=== libffi Summary for unix ===

# of expected passes		228
# of unsupported tests		2

		=== libffi Summary ===

# of expected passes		456
# of unsupported tests		4
		=== libgomp tests ===


Running target unix/-m64

		=== libgomp Summary for unix/-m64 ===

# of expected passes		131

Running target unix

		=== libgomp Summary for unix ===

# of expected passes		131

		=== libgomp Summary ===

# of expected passes		262
		=== libjava tests ===


Running target unix/-m64

		=== libjava Summary for unix/-m64 ===

# of expected passes		4047
# of expected failures		10
# of untested testcases		8

Running target unix

		=== libjava Summary for unix ===

# of expected passes		4047
# of expected failures		10
# of untested testcases		8

		=== libjava Summary ===

# of expected passes		8094
# of expected failures		20
# of untested testcases		16
		=== libmudflap tests ===


Running target unix/-m64
FAIL: libmudflap.c/fail27-frag.c output pattern test
FAIL: libmudflap.c/fail27-frag.c (-O2) output pattern test
FAIL: libmudflap.c/fail27-frag.c (-O3) output pattern test

		=== libmudflap Summary for unix/-m64 ===

# of expected passes		1786
# of unexpected failures	3

Running target unix

		=== libmudflap Summary for unix ===

# of expected passes		1789

		=== libmudflap Summary ===

# of expected passes		3575
# of unexpected failures	3
		=== libstdc++ tests ===


Running target unix/-m64
FAIL: abi_check
FAIL: 22_locale/messages/members/char/1.cc execution test
FAIL: 22_locale/messages/members/char/2.cc execution test
FAIL: 22_locale/messages/members/char/wrapped_env.cc execution test
FAIL: 22_locale/messages/members/char/wrapped_locale.cc execution test
FAIL: 22_locale/messages_byname/named_equivalence.cc execution test
FAIL: 25_algorithms/prev_permutation/1.cc execution test
XPASS: 26_numerics/cmath/c99_classification_macros_c.cc (test for excess errors)
XPASS: 27_io/fpos/14320-1.cc execution test

		=== libstdc++ Summary for unix/-m64 ===

# of expected passes		4116
# of unexpected failures	7
# of unexpected successes	2
# of expected failures		11

Running target unix
FAIL: abi_check
FAIL: 25_algorithms/prev_permutation/1.cc execution test
XPASS: 26_numerics/cmath/c99_classification_macros_c.cc (test for excess errors)

		=== libstdc++ Summary for unix ===

# of expected passes		4121
# of unexpected failures	2
# of unexpected successes	1
# of expected failures		12

		=== libstdc++ Summary ===

# of expected passes		8237
# of unexpected failures	9
# of unexpected successes	3
# of expected failures		23

Compiler version: 4.2.0 20060210 (experimental) 
Platform: powerpc64-suse-linux-gnu
configure flags: --prefix=/opt/gcc/4.2-devel --enable-checking=yes,rtl --enable-threads=posix --enable-clocale=gnu --enable-__cxa_atexit --enable-shared --with-system-zlib --with-cpu=default32 powerpc64-suse-linux-gnu --enable-languages=c,ada,c++,fortran,java,objc,treelang
Version of binutils: GNU ld version 2.16.91.0.5 20051219 (SUSE Linux)
Version of glibc (/lib/libc.so.6): 2.3.5 (20050802)


Index Nav: [Date Index] [Subject Index] [Author Index] [Thread Index]
Message Nav: [Date Prev] [Date Next] [Thread Prev] [Thread Next]